The Swift Package Index logo.Swift Package Index

Build Information

Failed to build KurozoraKit, reference master (497a9d), with Swift 6.1 for Wasm on 16 Oct 2026 17:30:15 UTC.

Build Command

bash -c docker run --pull=always --rm -v "checkouts-54344844-0":/host -w "$PWD" -e JAVA_HOME="/root/.sdkman/candidates/java/current" -e SPI_BUILD="1" -e SPI_PROCESSING="1" registry.gitlab.com/saguaro1/spi-images:wasm-6.1-latest swift build --swift-sdk wasm32-unknown-wasi 2>&1

Build Log

========================================
RunAll
========================================
Builder version: 5.1.3
Interrupt handler set up.
========================================
Checkout
========================================
Clone URL: https://github.com/Kurozora/KurozoraKit.git
Reference: master
Initialized empty Git repository in /host/spi-builder-workspace/.git/
hint: Using 'master' as the name for the initial branch. This default branch name
hint: is subject to change. To configure the initial branch name to use in all
hint: of your new repositories, which will suppress this warning, call:
hint:
hint: 	git config --global init.defaultBranch <name>
hint:
hint: Names commonly chosen instead of 'master' are 'main', 'trunk' and
hint: 'development'. The just-created branch can be renamed via this command:
hint:
hint: 	git branch -m <name>
From https://github.com/Kurozora/KurozoraKit
 * branch            master     -> FETCH_HEAD
 * [new branch]      master     -> origin/master
HEAD is now at 497a9df feat: decode studio and TV rating names on library sync trackables
Cloned https://github.com/Kurozora/KurozoraKit.git
Revision (git rev-parse @):
497a9dfe27f1aeb607f2be029d6c176aa155cab2
SUCCESS checkout https://github.com/Kurozora/KurozoraKit.git at master
========================================
Build
========================================
Selected platform:         wasm
Swift version:             6.1
Building package at path:  $PWD
https://github.com/Kurozora/KurozoraKit.git
https://github.com/Kurozora/KurozoraKit.git
WARNING: environment variable SUPPRESS_SWIFT_6_FLAGS is not set
Running build ...
bash -c docker run --pull=always --rm -v "checkouts-54344844-0":/host -w "$PWD" -e JAVA_HOME="/root/.sdkman/candidates/java/current" -e SPI_BUILD="1" -e SPI_PROCESSING="1" registry.gitlab.com/saguaro1/spi-images:wasm-6.1-latest swift build --swift-sdk wasm32-unknown-wasi -Xswiftc -Xfrontend -Xswiftc -stats-output-dir -Xswiftc -Xfrontend -Xswiftc .stats -Xswiftc -strict-concurrency=complete -Xswiftc -enable-upcoming-feature -Xswiftc StrictConcurrency -Xswiftc -enable-upcoming-feature -Xswiftc DisableOutwardActorInference -Xswiftc -enable-upcoming-feature -Xswiftc GlobalActorIsolatedTypesUsability -Xswiftc -enable-upcoming-feature -Xswiftc InferSendableFromCaptures 2>&1
wasm-6.1-latest: Pulling from saguaro1/spi-images
Digest: sha256:8209621f35c5a12749e7df75bbcb99eccb508d0196da99f6ac3bcf5f4827df31
Status: Image is up to date for registry.gitlab.com/saguaro1/spi-images:wasm-6.1-latest
Fetching https://github.com/kishikawakatsumi/KeychainAccess.git
[1/4388] Fetching keychainaccess
Fetched https://github.com/kishikawakatsumi/KeychainAccess.git from cache (0.56s)
Computing version for https://github.com/kishikawakatsumi/KeychainAccess.git
Computed https://github.com/kishikawakatsumi/KeychainAccess.git at 4.2.2 (1.48s)
Creating working copy for https://github.com/kishikawakatsumi/KeychainAccess.git
Working copy of https://github.com/kishikawakatsumi/KeychainAccess.git resolved at 4.2.2
Building for debugging...
[0/4] Copying PrivacyInfo.xcprivacy
[0/4] Write sources
[3/4] Write swift-version-24593BA9C3E375BF.txt
error: emit-module command failed with exit code 1 (use -v to see invocation)
[5/6] Emitting module KeychainAccess
/host/spi-builder-workspace/.build/checkouts/KeychainAccess/Lib/KeychainAccess/Keychain.swift:27:8: error: no such module 'Security'
  25 |
  26 | import Foundation
  27 | import Security
     |        `- error: no such module 'Security'
  28 | #if os(iOS) || os(OSX)
  29 | import LocalAuthentication
[6/6] Compiling KeychainAccess Keychain.swift
/host/spi-builder-workspace/.build/checkouts/KeychainAccess/Lib/KeychainAccess/Keychain.swift:27:8: error: no such module 'Security'
  25 |
  26 | import Foundation
  27 | import Security
     |        `- error: no such module 'Security'
  28 | #if os(iOS) || os(OSX)
  29 | import LocalAuthentication
Running build ...
bash -c docker run --pull=always --rm -v "checkouts-54344844-0":/host -w "$PWD" -e JAVA_HOME="/root/.sdkman/candidates/java/current" -e SPI_BUILD="1" -e SPI_PROCESSING="1" registry.gitlab.com/saguaro1/spi-images:wasm-6.1-latest swift build --swift-sdk wasm32-unknown-wasi 2>&1
wasm-6.1-latest: Pulling from saguaro1/spi-images
Digest: sha256:8209621f35c5a12749e7df75bbcb99eccb508d0196da99f6ac3bcf5f4827df31
Status: Image is up to date for registry.gitlab.com/saguaro1/spi-images:wasm-6.1-latest
[0/1] Planning build
Building for debugging...
[0/1] Write swift-version-24593BA9C3E375BF.txt
error: emit-module command failed with exit code 1 (use -v to see invocation)
[2/3] Emitting module KeychainAccess
/host/spi-builder-workspace/.build/checkouts/KeychainAccess/Lib/KeychainAccess/Keychain.swift:27:8: error: no such module 'Security'
  25 |
  26 | import Foundation
  27 | import Security
     |        `- error: no such module 'Security'
  28 | #if os(iOS) || os(OSX)
  29 | import LocalAuthentication
[3/3] Compiling KeychainAccess Keychain.swift
/host/spi-builder-workspace/.build/checkouts/KeychainAccess/Lib/KeychainAccess/Keychain.swift:27:8: error: no such module 'Security'
  25 |
  26 | import Foundation
  27 | import Security
     |        `- error: no such module 'Security'
  28 | #if os(iOS) || os(OSX)
  29 | import LocalAuthentication
BUILD FAILURE 6.1 wasm