Build Information
Failed to build AwaitKit, reference 5.2.0 (743fbf), with Swift 6.4 for watchOS using Xcode 27.0 on 16 Sep 2026 16:03:04 UTC.
Build Command
env DEVELOPER_DIR=/Applications/Xcode-27.0.0-Release.Candidate.app xcrun xcodebuild -IDEClonedSourcePackagesDirPathOverride=$PWD/.dependencies -skipMacroValidation -skipPackagePluginValidation -derivedDataPath $PWD/.derivedData build -scheme AwaitKit -destination generic/platform=watchOSBuild Log
========================================
RunAll
========================================
Builder version: 5.1.0
Interrupt handler set up.
========================================
Checkout
========================================
Clone URL: https://github.com/yannickl/AwaitKit.git
Reference: 5.2.0
Initialized empty Git repository in /Users/admin/builder/spi-builder-workspace/.git/
From https://github.com/yannickl/AwaitKit
* tag 5.2.0 -> FETCH_HEAD
HEAD is now at 743fbf2 Bump to v5.2.0
Submodule path 'Carthage/Checkouts/PromiseKit': checked out '2fdb8c64a85e2081388532dbc61eb348a0793b1c'
Submodule path 'Carthage/Checkouts/PromiseKit/Extensions/AVFoundation': checked out '01d017f16af7eba44e2449b82be4edf622a51911'
Submodule path 'Carthage/Checkouts/PromiseKit/Extensions/Accounts': checked out 'd88db0c2879121092d8c0c6e66b7a2b6850d2566'
Submodule path 'Carthage/Checkouts/PromiseKit/Extensions/AddressBook': checked out '3007c291833a5d8da161f517e2b6ae1f913b707c'
Submodule path 'Carthage/Checkouts/PromiseKit/Extensions/Alamofire': checked out '15a5ab2c243b73d875040897c56fa4f3f339808f'
Submodule path 'Carthage/Checkouts/PromiseKit/Extensions/AssetsLibrary': checked out '89c257567c9b348bac420989c41cfba3b7866100'
Submodule path 'Carthage/Checkouts/PromiseKit/Extensions/Bolts': checked out '9c152ff6bc181b6b7c0717064fa5f7b092a61d29'
Submodule path 'Carthage/Checkouts/PromiseKit/Extensions/CloudKit': checked out 'a7f5f069477173bec1764744c67ca480e4dd024d'
Submodule path 'Carthage/Checkouts/PromiseKit/Extensions/CoreBluetooth': checked out '8e0bc957996daad5c49f8809839f8699883ed364'
Submodule path 'Carthage/Checkouts/PromiseKit/Extensions/CoreLocation': checked out 'dd61fa106a62c848217dc7ca0d36736bf37d7b81'
Submodule path 'Carthage/Checkouts/PromiseKit/Extensions/EventKit': checked out '66656636dbd680142c7a7ba6b52288eb5b006509'
Submodule path 'Carthage/Checkouts/PromiseKit/Extensions/Foundation': checked out '0a59b0d89f469979aecacdf9046df14f99d1cc6b'
Submodule path 'Carthage/Checkouts/PromiseKit/Extensions/HealthKit': checked out 'd77186d5024a6e6233371325aadd19ff33ab8def'
Submodule path 'Carthage/Checkouts/PromiseKit/Extensions/HomeKit': checked out 'f5202f792209d659f62d6dccdb7adcb6dbb67343'
Submodule path 'Carthage/Checkouts/PromiseKit/Extensions/MapKit': checked out 'd9bbe29f45cf02e1aa2230fd4a7d1e0faa1f7700'
Submodule path 'Carthage/Checkouts/PromiseKit/Extensions/MessagesUI': checked out '5f4e4cb68dc371863b81ae27f82614161688ee89'
Submodule path 'Carthage/Checkouts/PromiseKit/Extensions/OMGHTTPURLRQ': checked out '5ec40a68f168255dcc339b9620e2dcf62079ae6b'
Submodule path 'Carthage/Checkouts/PromiseKit/Extensions/Photos': checked out '91bcb703d3663ce0064853362f95c14efbacd598'
Submodule path 'Carthage/Checkouts/PromiseKit/Extensions/QuartzCore': checked out '7874df265f7e7333d72ea9245021b38efb0e22cd'
Submodule path 'Carthage/Checkouts/PromiseKit/Extensions/Social': checked out '22c63c97972c887f5274815e7cf7d6c61264a8b4'
Submodule path 'Carthage/Checkouts/PromiseKit/Extensions/StoreKit': checked out 'b9bcc9bf9a17869c2648c1d713e316dcce75be40'
Submodule path 'Carthage/Checkouts/PromiseKit/Extensions/SystemConfiguration': checked out '93a0f1f746325be62de519f029422173f09e5bc3'
Submodule path 'Carthage/Checkouts/PromiseKit/Extensions/UIKit': checked out '98810ca1d49877e81fc54f40afd8bad2df080397'
Submodule path 'Carthage/Checkouts/PromiseKit/Extensions/WatchConnectivity': checked out '80f20fdec347e4f0ead1dc366432b012ef3ae1bc'
Submodule 'Carthage/Checkouts/PromiseKit' (https://github.com/mxcl/PromiseKit.git) registered for path 'Carthage/Checkouts/PromiseKit'
Cloning into '/Users/admin/builder/spi-builder-workspace/Carthage/Checkouts/PromiseKit'...
Submodule 'Extensions/AVFoundation' (https://github.com/PromiseKit/AVFoundation) registered for path 'Carthage/Checkouts/PromiseKit/Extensions/AVFoundation'
Submodule 'Extensions/Accounts' (https://github.com/PromiseKit/Accounts.git) registered for path 'Carthage/Checkouts/PromiseKit/Extensions/Accounts'
Submodule 'Extensions/AddressBook' (https://github.com/PromiseKit/AddressBook.git) registered for path 'Carthage/Checkouts/PromiseKit/Extensions/AddressBook'
Submodule 'Extensions/Alamofire' (https://github.com/PromiseKit/Alamofire) registered for path 'Carthage/Checkouts/PromiseKit/Extensions/Alamofire'
Submodule 'Extensions/AssetsLibrary' (https://github.com/PromiseKit/AssetsLibrary.git) registered for path 'Carthage/Checkouts/PromiseKit/Extensions/AssetsLibrary'
Submodule 'Extensions/Bolts' (https://github.com/PromiseKit/Bolts.git) registered for path 'Carthage/Checkouts/PromiseKit/Extensions/Bolts'
Submodule 'Extensions/CloudKit' (https://github.com/PromiseKit/CloudKit.git) registered for path 'Carthage/Checkouts/PromiseKit/Extensions/CloudKit'
Submodule 'Extensions/CoreBluetooth' (https://github.com/PromiseKit/CoreBluetooth.git) registered for path 'Carthage/Checkouts/PromiseKit/Extensions/CoreBluetooth'
Submodule 'Extensions/CoreLocation' (https://github.com/PromiseKit/CoreLocation.git) registered for path 'Carthage/Checkouts/PromiseKit/Extensions/CoreLocation'
Submodule 'Extensions/EventKit' (https://github.com/PromiseKit/EventKit.git) registered for path 'Carthage/Checkouts/PromiseKit/Extensions/EventKit'
Submodule 'Extensions/Foundation' (https://github.com/PromiseKit/Foundation.git) registered for path 'Carthage/Checkouts/PromiseKit/Extensions/Foundation'
Submodule 'Extensions/HealthKit' (https://github.com/PromiseKit/PMKHealthKit) registered for path 'Carthage/Checkouts/PromiseKit/Extensions/HealthKit'
Submodule 'Extensions/HomeKit' (https://github.com/PromiseKit/HomeKit.git) registered for path 'Carthage/Checkouts/PromiseKit/Extensions/HomeKit'
Submodule 'Extensions/MapKit' (https://github.com/PromiseKit/MapKit.git) registered for path 'Carthage/Checkouts/PromiseKit/Extensions/MapKit'
Submodule 'Extensions/MessagesUI' (https://github.com/PromiseKit/MessagesUI.git) registered for path 'Carthage/Checkouts/PromiseKit/Extensions/MessagesUI'
Submodule 'Extensions/OMGHTTPURLRQ' (https://github.com/PromiseKit/OMGHTTPURLRQ) registered for path 'Carthage/Checkouts/PromiseKit/Extensions/OMGHTTPURLRQ'
Submodule 'Extensions/Photos' (https://github.com/PromiseKit/Photos.git) registered for path 'Carthage/Checkouts/PromiseKit/Extensions/Photos'
Submodule 'Extensions/QuartzCore' (https://github.com/PromiseKit/QuartzCore.git) registered for path 'Carthage/Checkouts/PromiseKit/Extensions/QuartzCore'
Submodule 'Extensions/Social' (https://github.com/PromiseKit/Social.git) registered for path 'Carthage/Checkouts/PromiseKit/Extensions/Social'
Submodule 'Extensions/StoreKit' (https://github.com/PromiseKit/StoreKit.git) registered for path 'Carthage/Checkouts/PromiseKit/Extensions/StoreKit'
Submodule 'Extensions/SystemConfiguration' (https://github.com/PromiseKit/SystemConfiguration) registered for path 'Carthage/Checkouts/PromiseKit/Extensions/SystemConfiguration'
Submodule 'Extensions/UIKit' (https://github.com/PromiseKit/UIKit.git) registered for path 'Carthage/Checkouts/PromiseKit/Extensions/UIKit'
Submodule 'Extensions/WatchConnectivity' (https://github.com/PromiseKit/WatchConnectivity.git) registered for path 'Carthage/Checkouts/PromiseKit/Extensions/WatchConnectivity'
Cloning into '/Users/admin/builder/spi-builder-workspace/Carthage/Checkouts/PromiseKit/Extensions/AVFoundation'...
Cloning into '/Users/admin/builder/spi-builder-workspace/Carthage/Checkouts/PromiseKit/Extensions/Accounts'...
Cloning into '/Users/admin/builder/spi-builder-workspace/Carthage/Checkouts/PromiseKit/Extensions/AddressBook'...
Cloning into '/Users/admin/builder/spi-builder-workspace/Carthage/Checkouts/PromiseKit/Extensions/Alamofire'...
Cloning into '/Users/admin/builder/spi-builder-workspace/Carthage/Checkouts/PromiseKit/Extensions/AssetsLibrary'...
Cloning into '/Users/admin/builder/spi-builder-workspace/Carthage/Checkouts/PromiseKit/Extensions/Bolts'...
Cloning into '/Users/admin/builder/spi-builder-workspace/Carthage/Checkouts/PromiseKit/Extensions/CloudKit'...
Cloning into '/Users/admin/builder/spi-builder-workspace/Carthage/Checkouts/PromiseKit/Extensions/CoreBluetooth'...
Cloning into '/Users/admin/builder/spi-builder-workspace/Carthage/Checkouts/PromiseKit/Extensions/CoreLocation'...
Cloning into '/Users/admin/builder/spi-builder-workspace/Carthage/Checkouts/PromiseKit/Extensions/EventKit'...
Cloning into '/Users/admin/builder/spi-builder-workspace/Carthage/Checkouts/PromiseKit/Extensions/Foundation'...
Cloning into '/Users/admin/builder/spi-builder-workspace/Carthage/Checkouts/PromiseKit/Extensions/HealthKit'...
Cloning into '/Users/admin/builder/spi-builder-workspace/Carthage/Checkouts/PromiseKit/Extensions/HomeKit'...
Cloning into '/Users/admin/builder/spi-builder-workspace/Carthage/Checkouts/PromiseKit/Extensions/MapKit'...
Cloning into '/Users/admin/builder/spi-builder-workspace/Carthage/Checkouts/PromiseKit/Extensions/MessagesUI'...
Cloning into '/Users/admin/builder/spi-builder-workspace/Carthage/Checkouts/PromiseKit/Extensions/OMGHTTPURLRQ'...
Cloning into '/Users/admin/builder/spi-builder-workspace/Carthage/Checkouts/PromiseKit/Extensions/Photos'...
Cloning into '/Users/admin/builder/spi-builder-workspace/Carthage/Checkouts/PromiseKit/Extensions/QuartzCore'...
Cloning into '/Users/admin/builder/spi-builder-workspace/Carthage/Checkouts/PromiseKit/Extensions/Social'...
Cloning into '/Users/admin/builder/spi-builder-workspace/Carthage/Checkouts/PromiseKit/Extensions/StoreKit'...
Cloning into '/Users/admin/builder/spi-builder-workspace/Carthage/Checkouts/PromiseKit/Extensions/SystemConfiguration'...
Cloning into '/Users/admin/builder/spi-builder-workspace/Carthage/Checkouts/PromiseKit/Extensions/UIKit'...
Cloning into '/Users/admin/builder/spi-builder-workspace/Carthage/Checkouts/PromiseKit/Extensions/WatchConnectivity'...
Cloned https://github.com/yannickl/AwaitKit.git
Revision (git rev-parse @):
743fbf22caa2813436e634fd7bf1fb0ff13751b9
SUCCESS checkout https://github.com/yannickl/AwaitKit.git at 5.2.0
========================================
Build
========================================
Selected platform: watchOS
Swift version: 6.4
Building package at path: $PWD
https://github.com/yannickl/AwaitKit.git
Command line invocation:
/Applications/Xcode-27.0.0-Release.Candidate.app/Contents/Developer/usr/bin/xcodebuild -IDEClonedSourcePackagesDirPathOverride=/Users/admin/builder/spi-builder-workspace/.dependencies -resolvePackageDependencies
resolved source packages:
{
"dependencies" : [
{
"identity" : "promisekit",
"requirement" : {
"range" : [
{
"lower_bound" : "6.10.0",
"upper_bound" : "7.0.0"
}
]
},
"type" : "sourceControl",
"url" : "https://github.com/mxcl/PromiseKit.git"
}
],
"manifest_display_name" : "AwaitKit",
"name" : "AwaitKit",
"path" : "/Users/admin/builder/spi-builder-workspace",
"platforms" : [
],
"products" : [
{
"name" : "AwaitKit",
"targets" : [
"AwaitKit"
],
"type" : {
"library" : [
"automatic"
]
}
}
],
"targets" : [
{
"c99name" : "AwaitKitTests",
"module_type" : "SwiftTarget",
"name" : "AwaitKitTests",
"path" : "Tests/AwaitKitTests",
"sources" : [
"AwaitKitAsyncTests.swift",
"AwaitKitAwaitTests.swift",
"AwaitKitTests.swift"
],
"target_dependencies" : [
"AwaitKit"
],
"type" : "test"
},
{
"c99name" : "AwaitKit",
"module_type" : "SwiftTarget",
"name" : "AwaitKit",
"path" : "Sources/AwaitKit",
"product_dependencies" : [
"PromiseKit"
],
"product_memberships" : [
"AwaitKit"
],
"sources" : [
"AwaitKit.swift",
"AwaitKitExtension.swift",
"DispatchQueue+Async.swift",
"DispatchQueue+Await.swift"
],
"type" : "library"
}
],
"tools_version" : "4.2"
}
{
"project" : {
"configurations" : [
"Debug",
"Release"
],
"name" : "AwaitKit",
"schemes" : [
"AwaitKit",
"PromiseKit"
],
"targets" : [
"AwaitKit",
"AwaitKit Tests"
]
}
}
{
"workspace" : {
"name" : "AwaitKit",
"schemes" : [
"AwaitKit"
]
}
}
2026-09-16 12:02:51.965 xcodebuild[914:4937] [MT] IDERunDestination: Supported platforms for the buildables in the current scheme is empty.
Running build ...
env DEVELOPER_DIR=/Applications/Xcode-27.0.0-Release.Candidate.app xcrun xcodebuild -IDEClonedSourcePackagesDirPathOverride=$PWD/.dependencies -skipMacroValidation -skipPackagePluginValidation -derivedDataPath $PWD/.derivedData build -scheme AwaitKit -destination generic/platform=watchOS
Command line invocation:
/Applications/Xcode-27.0.0-Release.Candidate.app/Contents/Developer/usr/bin/xcodebuild -IDEClonedSourcePackagesDirPathOverride=/Users/admin/builder/spi-builder-workspace/.dependencies -skipMacroValidation -skipPackagePluginValidation -derivedDataPath /Users/admin/builder/spi-builder-workspace/.derivedData build -scheme AwaitKit -destination generic/platform=watchOS
Resolve Package Graph
Resolve Package Graph
Resolved source packages:
PromiseKit: https://github.com/mxcl/PromiseKit.git @ 6.22.1
AwaitKit: /Users/admin/builder/spi-builder-workspace
ComputePackagePrebuildTargetDependencyGraph
Prepare packages
CreateBuildRequest
SendProjectDescription
CreateBuildOperation
ComputeTargetDependencyGraph
note: Building targets in dependency order
note: Target dependency graph (4 targets)
Target 'AwaitKit-product' in project 'AwaitKit'
➜ Explicit dependency on target 'AwaitKit' in project 'AwaitKit'
➜ Explicit dependency on target 'PromiseKit-product' in project 'PromiseKit'
Target 'AwaitKit' in project 'AwaitKit'
➜ Explicit dependency on target 'PromiseKit-product' in project 'PromiseKit'
Target 'PromiseKit-product' in project 'PromiseKit'
➜ Explicit dependency on target 'PromiseKit' in project 'PromiseKit'
Target 'PromiseKit' in project 'PromiseKit' (no dependencies)
GatherProvisioningInputs
CreateBuildDescription
ExecuteExternalTool /Applications/Xcode-27.0.0-Release.Candidate.app/Contents/Developer/Toolchains/XcodeDefault.xctoolchain/usr/bin/clang -v -E -dM -isysroot /Applications/Xcode-27.0.0-Release.Candidate.app/Contents/Developer/Platforms/WatchOS.platform/Developer/SDKs/WatchOS27.0.sdk -x c -c /dev/null
ExecuteExternalTool /Applications/Xcode-27.0.0-Release.Candidate.app/Contents/Developer/Toolchains/XcodeDefault.xctoolchain/usr/bin/swiftc --version
ExecuteExternalTool /Applications/Xcode-27.0.0-Release.Candidate.app/Contents/Developer/Toolchains/XcodeDefault.xctoolchain/usr/bin/ld -version_details
Build description signature: 6a3754c43b46edfe39762f30e048f09a
Build description path: /Users/admin/builder/spi-builder-workspace/.derivedData/Build/Intermediates.noindex/XCBuildData/6a3754c43b46edfe39762f30e048f09a.xcbuilddata
CreateBuildDirectory /Users/admin/builder/spi-builder-workspace/.derivedData/ModuleCache.noindex
cd /Users/admin/builder/spi-builder-workspace/.swiftpm/xcode
builtin-create-build-directory /Users/admin/builder/spi-builder-workspace/.derivedData/ModuleCache.noindex
CreateBuildDirectory /Users/admin/builder/spi-builder-workspace/.derivedData/CompilationCache.noindex
cd /Users/admin/builder/spi-builder-workspace/.swiftpm/xcode
builtin-create-build-directory /Users/admin/builder/spi-builder-workspace/.derivedData/CompilationCache.noindex
CreateBuildDirectory /Users/admin/builder/spi-builder-workspace/.derivedData/SDKExplicitPrecompiledModules
cd /Users/admin/builder/spi-builder-workspace/.swiftpm/xcode
builtin-create-build-directory /Users/admin/builder/spi-builder-workspace/.derivedData/SDKExplicitPrecompiledModules
ClangStatCache /Applications/Xcode-27.0.0-Release.Candidate.app/Contents/Developer/Toolchains/XcodeDefault.xctoolchain/usr/bin/clang-stat-cache /Applications/Xcode-27.0.0-Release.Candidate.app/Contents/Developer/Platforms/WatchOS.platform/Developer/SDKs/WatchOS27.0.sdk /Users/admin/builder/spi-builder-workspace/.derivedData/SDKStatCaches.noindex/watchos27.0-24R360-e829b21a6f8c9b70876ba0858053c04477534ef55a1706bf4c1112bbb242f0a2.sdkstatcache
cd /Users/admin/builder/spi-builder-workspace/.swiftpm/xcode
/Applications/Xcode-27.0.0-Release.Candidate.app/Contents/Developer/Toolchains/XcodeDefault.xctoolchain/usr/bin/clang-stat-cache /Applications/Xcode-27.0.0-Release.Candidate.app/Contents/Developer/Platforms/WatchOS.platform/Developer/SDKs/WatchOS27.0.sdk -o /Users/admin/builder/spi-builder-workspace/.derivedData/SDKStatCaches.noindex/watchos27.0-24R360-e829b21a6f8c9b70876ba0858053c04477534ef55a1706bf4c1112bbb242f0a2.sdkstatcache
CreateBuildDirectory /Users/admin/builder/spi-builder-workspace/.derivedData/Build/Intermediates.noindex
cd /Users/admin/builder/spi-builder-workspace/.swiftpm/xcode
builtin-create-build-directory /Users/admin/builder/spi-builder-workspace/.derivedData/Build/Intermediates.noindex
CreateBuildDirectory /Users/admin/builder/spi-builder-workspace/.derivedData/Build/Products
cd /Users/admin/builder/spi-builder-workspace/.swiftpm/xcode
builtin-create-build-directory /Users/admin/builder/spi-builder-workspace/.derivedData/Build/Products
CreateBuildDirectory /Users/admin/builder/spi-builder-workspace/.derivedData/Build/Intermediates.noindex/PrecompiledHeaders
cd /Users/admin/builder/spi-builder-workspace/.swiftpm/xcode
builtin-create-build-directory /Users/admin/builder/spi-builder-workspace/.derivedData/Build/Intermediates.noindex/PrecompiledHeaders
CreateBuildDirectory /Users/admin/builder/spi-builder-workspace/.derivedData/Build/Intermediates.noindex/SwiftExplicitPrecompiledModules
cd /Users/admin/builder/spi-builder-workspace/.swiftpm/xcode
builtin-create-build-directory /Users/admin/builder/spi-builder-workspace/.derivedData/Build/Intermediates.noindex/SwiftExplicitPrecompiledModules
CreateBuildDirectory /Users/admin/builder/spi-builder-workspace/.derivedData/Build/Intermediates.noindex/ExplicitPrecompiledModules
cd /Users/admin/builder/spi-builder-workspace/.swiftpm/xcode
builtin-create-build-directory /Users/admin/builder/spi-builder-workspace/.derivedData/Build/Intermediates.noindex/ExplicitPrecompiledModules
CreateBuildDirectory /Users/admin/builder/spi-builder-workspace/.derivedData/Build/Products/Debug-watchos
cd /Users/admin/builder/spi-builder-workspace/.swiftpm/xcode
builtin-create-build-directory /Users/admin/builder/spi-builder-workspace/.derivedData/Build/Products/Debug-watchos
CreateBuildDirectory /Users/admin/builder/spi-builder-workspace/.derivedData/Build/Intermediates.noindex/EagerLinkingTBDs/Debug-watchos
cd /Users/admin/builder/spi-builder-workspace/.swiftpm/xcode
builtin-create-build-directory /Users/admin/builder/spi-builder-workspace/.derivedData/Build/Intermediates.noindex/EagerLinkingTBDs/Debug-watchos
CreateBuildDirectory /Users/admin/builder/spi-builder-workspace/.derivedData/Build/Products/Debug-watchos/PackageFrameworks
cd /Users/admin/builder/spi-builder-workspace/.swiftpm/xcode
builtin-create-build-directory /Users/admin/builder/spi-builder-workspace/.derivedData/Build/Products/Debug-watchos/PackageFrameworks
WriteAuxiliaryFile /Users/admin/builder/spi-builder-workspace/.derivedData/Build/Intermediates.noindex/PromiseKit.build/Debug-watchos/PromiseKit-t.build/PromiseKit.DependencyStaticMetadataFileList (in target 'PromiseKit' from project 'PromiseKit')
cd /Users/admin/builder/spi-builder-workspace/.dependencies/checkouts/PromiseKit
write-file /Users/admin/builder/spi-builder-workspace/.derivedData/Build/Intermediates.noindex/PromiseKit.build/Debug-watchos/PromiseKit-t.build/PromiseKit.DependencyStaticMetadataFileList
WriteAuxiliaryFile /Users/admin/builder/spi-builder-workspace/.derivedData/Build/Intermediates.noindex/PromiseKit.build/Debug-watchos/PromiseKit-t.build/PromiseKit.modulemap (in target 'PromiseKit' from project 'PromiseKit')
cd /Users/admin/builder/spi-builder-workspace/.dependencies/checkouts/PromiseKit
write-file /Users/admin/builder/spi-builder-workspace/.derivedData/Build/Intermediates.noindex/PromiseKit.build/Debug-watchos/PromiseKit-t.build/PromiseKit.modulemap
WriteAuxiliaryFile /Users/admin/builder/spi-builder-workspace/.derivedData/Build/Intermediates.noindex/PromiseKit.build/Debug-watchos/PromiseKit-t.build/PromiseKit.DependencyMetadataFileList (in target 'PromiseKit' from project 'PromiseKit')
cd /Users/admin/builder/spi-builder-workspace/.dependencies/checkouts/PromiseKit
write-file /Users/admin/builder/spi-builder-workspace/.derivedData/Build/Intermediates.noindex/PromiseKit.build/Debug-watchos/PromiseKit-t.build/PromiseKit.DependencyMetadataFileList
WriteAuxiliaryFile /Users/admin/builder/spi-builder-workspace/.derivedData/Build/Intermediates.noindex/PromiseKit.build/Debug-watchos/PromiseKit-t.build/Objects-normal/arm64_32/PromiseKit_const_extract_protocols.json (in target 'PromiseKit' from project 'PromiseKit')
cd /Users/admin/builder/spi-builder-workspace/.dependencies/checkouts/PromiseKit
write-file /Users/admin/builder/spi-builder-workspace/.derivedData/Build/Intermediates.noindex/PromiseKit.build/Debug-watchos/PromiseKit-t.build/Objects-normal/arm64_32/PromiseKit_const_extract_protocols.json
WriteAuxiliaryFile /Users/admin/builder/spi-builder-workspace/.derivedData/Build/Intermediates.noindex/PromiseKit.build/Debug-watchos/PromiseKit-t.build/Objects-normal/arm64/PromiseKit_const_extract_protocols.json (in target 'PromiseKit' from project 'PromiseKit')
cd /Users/admin/builder/spi-builder-workspace/.dependencies/checkouts/PromiseKit
write-file /Users/admin/builder/spi-builder-workspace/.derivedData/Build/Intermediates.noindex/PromiseKit.build/Debug-watchos/PromiseKit-t.build/Objects-normal/arm64/PromiseKit_const_extract_protocols.json
WriteAuxiliaryFile /Users/admin/builder/spi-builder-workspace/.derivedData/Build/Intermediates.noindex/PromiseKit.build/Debug-watchos/PromiseKit-t.build/Objects-normal/arm64_32/PromiseKit.LinkFileList (in target 'PromiseKit' from project 'PromiseKit')
cd /Users/admin/builder/spi-builder-workspace/.dependencies/checkouts/PromiseKit
write-file /Users/admin/builder/spi-builder-workspace/.derivedData/Build/Intermediates.noindex/PromiseKit.build/Debug-watchos/PromiseKit-t.build/Objects-normal/arm64_32/PromiseKit.LinkFileList
WriteAuxiliaryFile /Users/admin/builder/spi-builder-workspace/.derivedData/Build/Intermediates.noindex/PromiseKit.build/Debug-watchos/PromiseKit-t.build/Objects-normal/arm64_32/PromiseKit-OutputFileMap.json (in target 'PromiseKit' from project 'PromiseKit')
cd /Users/admin/builder/spi-builder-workspace/.dependencies/checkouts/PromiseKit
write-file /Users/admin/builder/spi-builder-workspace/.derivedData/Build/Intermediates.noindex/PromiseKit.build/Debug-watchos/PromiseKit-t.build/Objects-normal/arm64_32/PromiseKit-OutputFileMap.json
WriteAuxiliaryFile /Users/admin/builder/spi-builder-workspace/.derivedData/Build/Intermediates.noindex/PromiseKit.build/Debug-watchos/PromiseKit-t.build/Objects-normal/arm64_32/PromiseKit.SwiftConstValuesFileList (in target 'PromiseKit' from project 'PromiseKit')
cd /Users/admin/builder/spi-builder-workspace/.dependencies/checkouts/PromiseKit
write-file /Users/admin/builder/spi-builder-workspace/.derivedData/Build/Intermediates.noindex/PromiseKit.build/Debug-watchos/PromiseKit-t.build/Objects-normal/arm64_32/PromiseKit.SwiftConstValuesFileList
WriteAuxiliaryFile /Users/admin/builder/spi-builder-workspace/.derivedData/Build/Intermediates.noindex/PromiseKit.build/Debug-watchos/PromiseKit-t.build/Objects-normal/arm64_32/PromiseKit.SwiftFileList (in target 'PromiseKit' from project 'PromiseKit')
cd /Users/admin/builder/spi-builder-workspace/.dependencies/checkouts/PromiseKit
write-file /Users/admin/builder/spi-builder-workspace/.derivedData/Build/Intermediates.noindex/PromiseKit.build/Debug-watchos/PromiseKit-t.build/Objects-normal/arm64_32/PromiseKit.SwiftFileList
WriteAuxiliaryFile /Users/admin/builder/spi-builder-workspace/.derivedData/Build/Intermediates.noindex/PromiseKit.build/Debug-watchos/PromiseKit-t.build/Objects-normal/arm64/PromiseKit.SwiftFileList (in target 'PromiseKit' from project 'PromiseKit')
cd /Users/admin/builder/spi-builder-workspace/.dependencies/checkouts/PromiseKit
write-file /Users/admin/builder/spi-builder-workspace/.derivedData/Build/Intermediates.noindex/PromiseKit.build/Debug-watchos/PromiseKit-t.build/Objects-normal/arm64/PromiseKit.SwiftFileList
WriteAuxiliaryFile /Users/admin/builder/spi-builder-workspace/.derivedData/Build/Intermediates.noindex/PromiseKit.build/Debug-watchos/PromiseKit-t.build/Objects-normal/arm64/PromiseKit.SwiftConstValuesFileList (in target 'PromiseKit' from project 'PromiseKit')
cd /Users/admin/builder/spi-builder-workspace/.dependencies/checkouts/PromiseKit
write-file /Users/admin/builder/spi-builder-workspace/.derivedData/Build/Intermediates.noindex/PromiseKit.build/Debug-watchos/PromiseKit-t.build/Objects-normal/arm64/PromiseKit.SwiftConstValuesFileList
WriteAuxiliaryFile /Users/admin/builder/spi-builder-workspace/.derivedData/Build/Intermediates.noindex/PromiseKit.build/Debug-watchos/PromiseKit-t.build/Objects-normal/arm64/PromiseKit.LinkFileList (in target 'PromiseKit' from project 'PromiseKit')
cd /Users/admin/builder/spi-builder-workspace/.dependencies/checkouts/PromiseKit
write-file /Users/admin/builder/spi-builder-workspace/.derivedData/Build/Intermediates.noindex/PromiseKit.build/Debug-watchos/PromiseKit-t.build/Objects-normal/arm64/PromiseKit.LinkFileList
WriteAuxiliaryFile /Users/admin/builder/spi-builder-workspace/.derivedData/Build/Intermediates.noindex/PromiseKit.build/Debug-watchos/PromiseKit-t.build/Objects-normal/arm64/PromiseKit-OutputFileMap.json (in target 'PromiseKit' from project 'PromiseKit')
cd /Users/admin/builder/spi-builder-workspace/.dependencies/checkouts/PromiseKit
write-file /Users/admin/builder/spi-builder-workspace/.derivedData/Build/Intermediates.noindex/PromiseKit.build/Debug-watchos/PromiseKit-t.build/Objects-normal/arm64/PromiseKit-OutputFileMap.json
Copy /Users/admin/builder/spi-builder-workspace/.derivedData/Build/Intermediates.noindex/GeneratedModuleMaps-watchos/PromiseKit.modulemap /Users/admin/builder/spi-builder-workspace/.derivedData/Build/Intermediates.noindex/PromiseKit.build/Debug-watchos/PromiseKit-t.build/PromiseKit.modulemap (in target 'PromiseKit' from project 'PromiseKit')
cd /Users/admin/builder/spi-builder-workspace/.dependencies/checkouts/PromiseKit
builtin-copy -exclude .DS_Store -exclude CVS -exclude .svn -exclude .git -exclude .hg -resolve-src-symlinks /Users/admin/builder/spi-builder-workspace/.derivedData/Build/Intermediates.noindex/PromiseKit.build/Debug-watchos/PromiseKit-t.build/PromiseKit.modulemap /Users/admin/builder/spi-builder-workspace/.derivedData/Build/Intermediates.noindex/GeneratedModuleMaps-watchos
WriteAuxiliaryFile /Users/admin/builder/spi-builder-workspace/.derivedData/Build/Intermediates.noindex/AwaitKit.build/Debug-watchos/AwaitKit-t.build/Objects-normal/arm64_32/AwaitKit.SwiftFileList (in target 'AwaitKit' from project 'AwaitKit')
cd /Users/admin/builder/spi-builder-workspace
write-file /Users/admin/builder/spi-builder-workspace/.derivedData/Build/Intermediates.noindex/AwaitKit.build/Debug-watchos/AwaitKit-t.build/Objects-normal/arm64_32/AwaitKit.SwiftFileList
WriteAuxiliaryFile /Users/admin/builder/spi-builder-workspace/.derivedData/Build/Intermediates.noindex/AwaitKit.build/Debug-watchos/AwaitKit-t.build/Objects-normal/arm64_32/AwaitKit.SwiftConstValuesFileList (in target 'AwaitKit' from project 'AwaitKit')
cd /Users/admin/builder/spi-builder-workspace
write-file /Users/admin/builder/spi-builder-workspace/.derivedData/Build/Intermediates.noindex/AwaitKit.build/Debug-watchos/AwaitKit-t.build/Objects-normal/arm64_32/AwaitKit.SwiftConstValuesFileList
WriteAuxiliaryFile /Users/admin/builder/spi-builder-workspace/.derivedData/Build/Intermediates.noindex/AwaitKit.build/Debug-watchos/AwaitKit-t.build/Objects-normal/arm64_32/AwaitKit_const_extract_protocols.json (in target 'AwaitKit' from project 'AwaitKit')
cd /Users/admin/builder/spi-builder-workspace
write-file /Users/admin/builder/spi-builder-workspace/.derivedData/Build/Intermediates.noindex/AwaitKit.build/Debug-watchos/AwaitKit-t.build/Objects-normal/arm64_32/AwaitKit_const_extract_protocols.json
WriteAuxiliaryFile /Users/admin/builder/spi-builder-workspace/.derivedData/Build/Intermediates.noindex/AwaitKit.build/Debug-watchos/AwaitKit-t.build/Objects-normal/arm64_32/AwaitKit.LinkFileList (in target 'AwaitKit' from project 'AwaitKit')
cd /Users/admin/builder/spi-builder-workspace
write-file /Users/admin/builder/spi-builder-workspace/.derivedData/Build/Intermediates.noindex/AwaitKit.build/Debug-watchos/AwaitKit-t.build/Objects-normal/arm64_32/AwaitKit.LinkFileList
WriteAuxiliaryFile /Users/admin/builder/spi-builder-workspace/.derivedData/Build/Intermediates.noindex/AwaitKit.build/Debug-watchos/AwaitKit-t.build/Objects-normal/arm64_32/AwaitKit-OutputFileMap.json (in target 'AwaitKit' from project 'AwaitKit')
cd /Users/admin/builder/spi-builder-workspace
write-file /Users/admin/builder/spi-builder-workspace/.derivedData/Build/Intermediates.noindex/AwaitKit.build/Debug-watchos/AwaitKit-t.build/Objects-normal/arm64_32/AwaitKit-OutputFileMap.json
WriteAuxiliaryFile /Users/admin/builder/spi-builder-workspace/.derivedData/Build/Intermediates.noindex/AwaitKit.build/Debug-watchos/AwaitKit-t.build/Objects-normal/arm64/AwaitKit_const_extract_protocols.json (in target 'AwaitKit' from project 'AwaitKit')
cd /Users/admin/builder/spi-builder-workspace
write-file /Users/admin/builder/spi-builder-workspace/.derivedData/Build/Intermediates.noindex/AwaitKit.build/Debug-watchos/AwaitKit-t.build/Objects-normal/arm64/AwaitKit_const_extract_protocols.json
WriteAuxiliaryFile /Users/admin/builder/spi-builder-workspace/.derivedData/Build/Intermediates.noindex/AwaitKit.build/Debug-watchos/AwaitKit-t.build/Objects-normal/arm64/AwaitKit.SwiftFileList (in target 'AwaitKit' from project 'AwaitKit')
cd /Users/admin/builder/spi-builder-workspace
write-file /Users/admin/builder/spi-builder-workspace/.derivedData/Build/Intermediates.noindex/AwaitKit.build/Debug-watchos/AwaitKit-t.build/Objects-normal/arm64/AwaitKit.SwiftFileList
WriteAuxiliaryFile /Users/admin/builder/spi-builder-workspace/.derivedData/Build/Intermediates.noindex/AwaitKit.build/Debug-watchos/AwaitKit-t.build/Objects-normal/arm64/AwaitKit.SwiftConstValuesFileList (in target 'AwaitKit' from project 'AwaitKit')
cd /Users/admin/builder/spi-builder-workspace
write-file /Users/admin/builder/spi-builder-workspace/.derivedData/Build/Intermediates.noindex/AwaitKit.build/Debug-watchos/AwaitKit-t.build/Objects-normal/arm64/AwaitKit.SwiftConstValuesFileList
WriteAuxiliaryFile /Users/admin/builder/spi-builder-workspace/.derivedData/Build/Intermediates.noindex/AwaitKit.build/Debug-watchos/AwaitKit-t.build/Objects-normal/arm64/AwaitKit.LinkFileList (in target 'AwaitKit' from project 'AwaitKit')
cd /Users/admin/builder/spi-builder-workspace
write-file /Users/admin/builder/spi-builder-workspace/.derivedData/Build/Intermediates.noindex/AwaitKit.build/Debug-watchos/AwaitKit-t.build/Objects-normal/arm64/AwaitKit.LinkFileList
WriteAuxiliaryFile /Users/admin/builder/spi-builder-workspace/.derivedData/Build/Intermediates.noindex/AwaitKit.build/Debug-watchos/AwaitKit-t.build/Objects-normal/arm64/AwaitKit-OutputFileMap.json (in target 'AwaitKit' from project 'AwaitKit')
cd /Users/admin/builder/spi-builder-workspace
write-file /Users/admin/builder/spi-builder-workspace/.derivedData/Build/Intermediates.noindex/AwaitKit.build/Debug-watchos/AwaitKit-t.build/Objects-normal/arm64/AwaitKit-OutputFileMap.json
WriteAuxiliaryFile /Users/admin/builder/spi-builder-workspace/.derivedData/Build/Intermediates.noindex/AwaitKit.build/Debug-watchos/AwaitKit-t.build/AwaitKit.modulemap (in target 'AwaitKit' from project 'AwaitKit')
cd /Users/admin/builder/spi-builder-workspace
write-file /Users/admin/builder/spi-builder-workspace/.derivedData/Build/Intermediates.noindex/AwaitKit.build/Debug-watchos/AwaitKit-t.build/AwaitKit.modulemap
WriteAuxiliaryFile /Users/admin/builder/spi-builder-workspace/.derivedData/Build/Intermediates.noindex/AwaitKit.build/Debug-watchos/AwaitKit-t.build/AwaitKit.DependencyStaticMetadataFileList (in target 'AwaitKit' from project 'AwaitKit')
cd /Users/admin/builder/spi-builder-workspace
write-file /Users/admin/builder/spi-builder-workspace/.derivedData/Build/Intermediates.noindex/AwaitKit.build/Debug-watchos/AwaitKit-t.build/AwaitKit.DependencyStaticMetadataFileList
WriteAuxiliaryFile /Users/admin/builder/spi-builder-workspace/.derivedData/Build/Intermediates.noindex/AwaitKit.build/Debug-watchos/AwaitKit-t.build/AwaitKit.DependencyMetadataFileList (in target 'AwaitKit' from project 'AwaitKit')
cd /Users/admin/builder/spi-builder-workspace
write-file /Users/admin/builder/spi-builder-workspace/.derivedData/Build/Intermediates.noindex/AwaitKit.build/Debug-watchos/AwaitKit-t.build/AwaitKit.DependencyMetadataFileList
Copy /Users/admin/builder/spi-builder-workspace/.derivedData/Build/Intermediates.noindex/GeneratedModuleMaps-watchos/AwaitKit.modulemap /Users/admin/builder/spi-builder-workspace/.derivedData/Build/Intermediates.noindex/AwaitKit.build/Debug-watchos/AwaitKit-t.build/AwaitKit.modulemap (in target 'AwaitKit' from project 'AwaitKit')
cd /Users/admin/builder/spi-builder-workspace
builtin-copy -exclude .DS_Store -exclude CVS -exclude .svn -exclude .git -exclude .hg -resolve-src-symlinks /Users/admin/builder/spi-builder-workspace/.derivedData/Build/Intermediates.noindex/AwaitKit.build/Debug-watchos/AwaitKit-t.build/AwaitKit.modulemap /Users/admin/builder/spi-builder-workspace/.derivedData/Build/Intermediates.noindex/GeneratedModuleMaps-watchos
SwiftDriver PromiseKit normal arm64_32 com.apple.xcode.tools.swift.compiler (in target 'PromiseKit' from project 'PromiseKit')
cd /Users/admin/builder/spi-builder-workspace/.swiftpm/xcode
builtin-SwiftDriver -- /Applications/Xcode-27.0.0-Release.Candidate.app/Contents/Developer/Toolchains/XcodeDefault.xctoolchain/usr/bin/swiftc -parse-as-library -module-name PromiseKit -Onone @/Users/admin/builder/spi-builder-workspace/.derivedData/Build/Intermediates.noindex/PromiseKit.build/Debug-watchos/PromiseKit-t.build/Objects-normal/arm64_32/PromiseKit.SwiftFileList -DSWIFT_PACKAGE -DDEBUG -DSWIFT_MODULE_RESOURCE_BUNDLE_UNAVAILABLE -DXcode -plugin-path /Applications/Xcode-27.0.0-Release.Candidate.app/Contents/Developer/Toolchains/XcodeDefault.xctoolchain/usr/lib/swift/host/plugins/testing -enable-experimental-feature DebugDescriptionMacro -sdk /Applications/Xcode-27.0.0-Release.Candidate.app/Contents/Developer/Platforms/WatchOS.platform/Developer/SDKs/WatchOS27.0.sdk -target arm64_32-apple-watchos9.0 -g -module-cache-path /Users/admin/builder/spi-builder-workspace/.derivedData/ModuleCache.noindex -Xfrontend -serialize-debugging-options -profile-coverage-mapping -profile-generate -enable-testing -suppress-warnings -index-store-path /Users/admin/builder/spi-builder-workspace/.derivedData/Index.noindex/DataStore -Xcc -D_LIBCPP_HARDENING_MODE\=_LIBCPP_HARDENING_MODE_DEBUG -swift-version 5 -I /Users/admin/builder/spi-builder-workspace/.derivedData/Build/Products/Debug-watchos -Isystem /Applications/Xcode-27.0.0-Release.Candidate.app/Contents/Developer/Platforms/WatchOS.platform/Developer/usr/lib -F /Users/admin/builder/spi-builder-workspace/.derivedData/Build/Products/Debug-watchos -F /Applications/Xcode-27.0.0-Release.Candidate.app/Contents/Developer/Platforms/WatchOS.platform/Developer/Library/Frameworks -F /Applications/Xcode-27.0.0-Release.Candidate.app/Contents/Developer/Platforms/WatchOS.platform/Developer/SDKs/WatchOS27.0.sdk/Developer/Library/Frameworks -c -j10 -enable-batch-mode -incremental -Xcc -ivfsstatcache -Xcc /Users/admin/builder/spi-builder-workspace/.derivedData/SDKStatCaches.noindex/watchos27.0-24R360-e829b21a6f8c9b70876ba0858053c04477534ef55a1706bf4c1112bbb242f0a2.sdkstatcache -output-file-map /Users/admin/builder/spi-builder-workspace/.derivedData/Build/Intermediates.noindex/PromiseKit.build/Debug-watchos/PromiseKit-t.build/Objects-normal/arm64_32/PromiseKit-OutputFileMap.json -save-temps -no-color-diagnostics -explicit-module-build -module-cache-path /Users/admin/builder/spi-builder-workspace/.derivedData/Build/Intermediates.noindex/SwiftExplicitPrecompiledModules -clang-scanner-module-cache-path /Users/admin/builder/spi-builder-workspace/.derivedData/ModuleCache.noindex -sdk-module-cache-path /Users/admin/builder/spi-builder-workspace/.derivedData/SDKExplicitPrecompiledModules -emit-dependencies -emit-module -emit-module-path /Users/admin/builder/spi-builder-workspace/.derivedData/Build/Intermediates.noindex/PromiseKit.build/Debug-watchos/PromiseKit-t.build/Objects-normal/arm64_32/PromiseKit.swiftmodule -serialize-diagnostics -dependency-scan-serialize-diagnostics-path /Users/admin/builder/spi-builder-workspace/.derivedData/Build/Intermediates.noindex/PromiseKit.build/Debug-watchos/PromiseKit-t.build/Objects-normal/arm64_32/PromiseKit-dependency-scan.dia -validate-clang-modules-once -clang-build-session-file /Users/admin/builder/spi-builder-workspace/.derivedData/ModuleCache.noindex/Session.modulevalidation -Xcc -fmodules-prune-interval\=86400 -Xcc -fmodules-prune-after\=345600 -emit-const-values -const-gather-protocols-list /Users/admin/builder/spi-builder-workspace/.derivedData/Build/Intermediates.noindex/PromiseKit.build/Debug-watchos/PromiseKit-t.build/Objects-normal/arm64_32/PromiseKit_const_extract_protocols.json -Xcc -I/Users/admin/builder/spi-builder-workspace/.derivedData/Build/Products/Debug-watchos/include -Xcc -I/Users/admin/builder/spi-builder-workspace/.derivedData/Build/Intermediates.noindex/PromiseKit.build/Debug-watchos/PromiseKit-t.build/DerivedSources-normal/arm64_32 -Xcc -I/Users/admin/builder/spi-builder-workspace/.derivedData/Build/Intermediates.noindex/PromiseKit.build/Debug-watchos/PromiseKit-t.build/DerivedSources/arm64_32 -Xcc -I/Users/admin/builder/spi-builder-workspace/.derivedData/Build/Intermediates.noindex/PromiseKit.build/Debug-watchos/PromiseKit-t.build/DerivedSources -Xcc -DSWIFT_PACKAGE -Xcc -DDEBUG\=1 -emit-objc-header -emit-objc-header-path /Users/admin/builder/spi-builder-workspace/.derivedData/Build/Intermediates.noindex/PromiseKit.build/Debug-watchos/PromiseKit-t.build/Objects-normal/arm64_32/PromiseKit-Swift.h -working-directory /Users/admin/builder/spi-builder-workspace/.swiftpm/xcode -experimental-emit-module-separately -disable-cmo
SwiftDriver PromiseKit normal arm64 com.apple.xcode.tools.swift.compiler (in target 'PromiseKit' from project 'PromiseKit')
cd /Users/admin/builder/spi-builder-workspace/.swiftpm/xcode
builtin-SwiftDriver -- /Applications/Xcode-27.0.0-Release.Candidate.app/Contents/Developer/Toolchains/XcodeDefault.xctoolchain/usr/bin/swiftc -parse-as-library -module-name PromiseKit -Onone @/Users/admin/builder/spi-builder-workspace/.derivedData/Build/Intermediates.noindex/PromiseKit.build/Debug-watchos/PromiseKit-t.build/Objects-normal/arm64/PromiseKit.SwiftFileList -DSWIFT_PACKAGE -DDEBUG -DSWIFT_MODULE_RESOURCE_BUNDLE_UNAVAILABLE -DXcode -plugin-path /Applications/Xcode-27.0.0-Release.Candidate.app/Contents/Developer/Toolchains/XcodeDefault.xctoolchain/usr/lib/swift/host/plugins/testing -enable-experimental-feature DebugDescriptionMacro -sdk /Applications/Xcode-27.0.0-Release.Candidate.app/Contents/Developer/Platforms/WatchOS.platform/Developer/SDKs/WatchOS27.0.sdk -target arm64-apple-watchos9.0 -g -module-cache-path /Users/admin/builder/spi-builder-workspace/.derivedData/ModuleCache.noindex -Xfrontend -serialize-debugging-options -profile-coverage-mapping -profile-generate -enable-testing -suppress-warnings -index-store-path /Users/admin/builder/spi-builder-workspace/.derivedData/Index.noindex/DataStore -Xcc -D_LIBCPP_HARDENING_MODE\=_LIBCPP_HARDENING_MODE_DEBUG -swift-version 5 -I /Users/admin/builder/spi-builder-workspace/.derivedData/Build/Products/Debug-watchos -Isystem /Applications/Xcode-27.0.0-Release.Candidate.app/Contents/Developer/Platforms/WatchOS.platform/Developer/usr/lib -F /Users/admin/builder/spi-builder-workspace/.derivedData/Build/Products/Debug-watchos -F /Applications/Xcode-27.0.0-Release.Candidate.app/Contents/Developer/Platforms/WatchOS.platform/Developer/Library/Frameworks -F /Applications/Xcode-27.0.0-Release.Candidate.app/Contents/Developer/Platforms/WatchOS.platform/Developer/SDKs/WatchOS27.0.sdk/Developer/Library/Frameworks -c -j10 -enable-batch-mode -incremental -Xcc -ivfsstatcache -Xcc /Users/admin/builder/spi-builder-workspace/.derivedData/SDKStatCaches.noindex/watchos27.0-24R360-e829b21a6f8c9b70876ba0858053c04477534ef55a1706bf4c1112bbb242f0a2.sdkstatcache -output-file-map /Users/admin/builder/spi-builder-workspace/.derivedData/Build/Intermediates.noindex/PromiseKit.build/Debug-watchos/PromiseKit-t.build/Objects-normal/arm64/PromiseKit-OutputFileMap.json -save-temps -no-color-diagnostics -explicit-module-build -module-cache-path /Users/admin/builder/spi-builder-workspace/.derivedData/Build/Intermediates.noindex/SwiftExplicitPrecompiledModules -clang-scanner-module-cache-path /Users/admin/builder/spi-builder-workspace/.derivedData/ModuleCache.noindex -sdk-module-cache-path /Users/admin/builder/spi-builder-workspace/.derivedData/SDKExplicitPrecompiledModules -emit-dependencies -emit-module -emit-module-path /Users/admin/builder/spi-builder-workspace/.derivedData/Build/Intermediates.noindex/PromiseKit.build/Debug-watchos/PromiseKit-t.build/Objects-normal/arm64/PromiseKit.swiftmodule -serialize-diagnostics -dependency-scan-serialize-diagnostics-path /Users/admin/builder/spi-builder-workspace/.derivedData/Build/Intermediates.noindex/PromiseKit.build/Debug-watchos/PromiseKit-t.build/Objects-normal/arm64/PromiseKit-dependency-scan.dia -validate-clang-modules-once -clang-build-session-file /Users/admin/builder/spi-builder-workspace/.derivedData/ModuleCache.noindex/Session.modulevalidation -Xcc -fmodules-prune-interval\=86400 -Xcc -fmodules-prune-after\=345600 -emit-const-values -const-gather-protocols-list /Users/admin/builder/spi-builder-workspace/.derivedData/Build/Intermediates.noindex/PromiseKit.build/Debug-watchos/PromiseKit-t.build/Objects-normal/arm64/PromiseKit_const_extract_protocols.json -Xcc -I/Users/admin/builder/spi-builder-workspace/.derivedData/Build/Products/Debug-watchos/include -Xcc -I/Users/admin/builder/spi-builder-workspace/.derivedData/Build/Intermediates.noindex/PromiseKit.build/Debug-watchos/PromiseKit-t.build/DerivedSources-normal/arm64 -Xcc -I/Users/admin/builder/spi-builder-workspace/.derivedData/Build/Intermediates.noindex/PromiseKit.build/Debug-watchos/PromiseKit-t.build/DerivedSources/arm64 -Xcc -I/Users/admin/builder/spi-builder-workspace/.derivedData/Build/Intermediates.noindex/PromiseKit.build/Debug-watchos/PromiseKit-t.build/DerivedSources -Xcc -DSWIFT_PACKAGE -Xcc -DDEBUG\=1 -emit-objc-header -emit-objc-header-path /Users/admin/builder/spi-builder-workspace/.derivedData/Build/Intermediates.noindex/PromiseKit.build/Debug-watchos/PromiseKit-t.build/Objects-normal/arm64/PromiseKit-Swift.h -working-directory /Users/admin/builder/spi-builder-workspace/.swiftpm/xcode -experimental-emit-module-separately -disable-cmo
SwiftExplicitDependencyGeneratePcm arm64 /Users/admin/builder/spi-builder-workspace/.derivedData/SDKExplicitPrecompiledModules/_Builtin_stdbool-83J96QSOFE9VX04AAS6310UAE.pcm
SwiftExplicitDependencyGeneratePcm arm64 /Users/admin/builder/spi-builder-workspace/.derivedData/SDKExplicitPrecompiledModules/SwiftShims-4MXFZPV6FEB0XBYXCGPWAMQGL.pcm
SwiftExplicitDependencyGeneratePcm arm64 /Users/admin/builder/spi-builder-workspace/.derivedData/SDKExplicitPrecompiledModules/ptrcheck-AIF0NDOYZ8ORBNHQAQR5NNB8M.pcm
SwiftExplicitDependencyGeneratePcm arm64 /Users/admin/builder/spi-builder-workspace/.derivedData/SDKExplicitPrecompiledModules/ptrauth-3TZ9WJCGLYD25HQPWH4968ONX.pcm
SwiftExplicitDependencyGeneratePcm arm64 /Users/admin/builder/spi-builder-workspace/.derivedData/SDKExplicitPrecompiledModules/_AvailabilityInternal-BUNV3UXM65NT37THI4W1AM0SF.pcm
SwiftExplicitDependencyGeneratePcm arm64 /Users/admin/builder/spi-builder-workspace/.derivedData/SDKExplicitPrecompiledModules/_Builtin_stdarg-A7UU8LE6MP85SM26YO7PBZNUQ.pcm
SwiftExplicitDependencyGeneratePcm arm64_32 /Users/admin/builder/spi-builder-workspace/.derivedData/SDKExplicitPrecompiledModules/_AvailabilityInternal-244WAN3Z1QBT7PIA64EZEFY1R.pcm
SwiftExplicitDependencyGeneratePcm arm64 /Users/admin/builder/spi-builder-workspace/.derivedData/SDKExplicitPrecompiledModules/_Builtin_float-C0CW5Q4HGBQYKE77TC42IAFB5.pcm
SwiftExplicitDependencyGeneratePcm arm64 /Users/admin/builder/spi-builder-workspace/.derivedData/SDKExplicitPrecompiledModules/_SwiftConcurrencyShims-659N52XSKR5F0QSB880BH2FJR.pcm
SwiftExplicitDependencyGeneratePcm arm64 /Users/admin/builder/spi-builder-workspace/.derivedData/SDKExplicitPrecompiledModules/_Builtin_stddef-1FU30Y8SWFB7OUUHMJQH5J6FM.pcm
SwiftExplicitDependencyGeneratePcm arm64_32 /Users/admin/builder/spi-builder-workspace/.derivedData/SDKExplicitPrecompiledModules/ptrcheck-7ELIH9BTIGVKX3UBITM9N72WD.pcm
SwiftExplicitDependencyGeneratePcm arm64_32 /Users/admin/builder/spi-builder-workspace/.derivedData/SDKExplicitPrecompiledModules/_SwiftConcurrencyShims-6RTBPQ03V7BM9SPRK8SUE055H.pcm
SwiftExplicitDependencyGeneratePcm arm64_32 /Users/admin/builder/spi-builder-workspace/.derivedData/SDKExplicitPrecompiledModules/SwiftShims-9CQQGWTSNTN9EB5NSHDWUJICH.pcm
SwiftExplicitDependencyGeneratePcm arm64_32 /Users/admin/builder/spi-builder-workspace/.derivedData/SDKExplicitPrecompiledModules/_Builtin_stdbool-A967K8W8YUYEC9SN52KJ7OO88.pcm
SwiftExplicitDependencyGeneratePcm arm64_32 /Users/admin/builder/spi-builder-workspace/.derivedData/SDKExplicitPrecompiledModules/_Builtin_stdarg-D305JG44A2WPI6CJY37X3QJE8.pcm
SwiftExplicitDependencyGeneratePcm arm64_32 /Users/admin/builder/spi-builder-workspace/.derivedData/SDKExplicitPrecompiledModules/_Builtin_stddef-H44EFHQX6XSS5MZ7QP6YJZ76.pcm
SwiftExplicitDependencyGeneratePcm arm64_32 /Users/admin/builder/spi-builder-workspace/.derivedData/SDKExplicitPrecompiledModules/_Builtin_float-6KO8O3PEWRCA4WC6PPLOYO6WJ.pcm
SwiftExplicitDependencyGeneratePcm arm64_32 /Users/admin/builder/spi-builder-workspace/.derivedData/SDKExplicitPrecompiledModules/ptrauth-BFXF358ME5AK535N5A9Z766WU.pcm
SwiftExplicitDependencyGeneratePcm arm64 /Users/admin/builder/spi-builder-workspace/.derivedData/SDKExplicitPrecompiledModules/_DarwinFoundation1-7SPX3MD0HMP55E4OLNCPNDQ53.pcm
SwiftExplicitDependencyGeneratePcm arm64_32 /Users/admin/builder/spi-builder-workspace/.derivedData/SDKExplicitPrecompiledModules/_DarwinFoundation1-2GWF9RFMPLQW4PDHS3NARVI3G.pcm
SwiftExplicitDependencyGeneratePcm arm64 /Users/admin/builder/spi-builder-workspace/.derivedData/SDKExplicitPrecompiledModules/_Builtin_limits-9GWPA2B0H20DYUNYHYCWKABJG.pcm
SwiftExplicitDependencyGeneratePcm arm64 /Users/admin/builder/spi-builder-workspace/.derivedData/SDKExplicitPrecompiledModules/_DarwinFoundation2-D0XAPJU49S5E9XMKYOFGSTB1Q.pcm
SwiftExplicitDependencyGeneratePcm arm64_32 /Users/admin/builder/spi-builder-workspace/.derivedData/SDKExplicitPrecompiledModules/_DarwinFoundation2-9MY8GOSYRO0M9MKNXF6D3MBNK.pcm
SwiftExplicitDependencyGeneratePcm arm64_32 /Users/admin/builder/spi-builder-workspace/.derivedData/SDKExplicitPrecompiledModules/_Builtin_limits-3VKBU2AFTD65PAJZ5CJ3LHFM2.pcm
SwiftExplicitDependencyGeneratePcm arm64 /Users/admin/builder/spi-builder-workspace/.derivedData/SDKExplicitPrecompiledModules/sys_types-2KXQLI78OUCDP779AE68GZJ2.pcm
SwiftExplicitDependencyGeneratePcm arm64 /Users/admin/builder/spi-builder-workspace/.derivedData/SDKExplicitPrecompiledModules/_Builtin_stdint-8XMILLJZEGRN2XG7XZUXZ5RLX.pcm
SwiftExplicitDependencyGeneratePcm arm64 /Users/admin/builder/spi-builder-workspace/.derivedData/SDKExplicitPrecompiledModules/string_h-E6PRXK75PHIPCZFWOFCQ3QBMK.pcm
SwiftExplicitDependencyGeneratePcm arm64_32 /Users/admin/builder/spi-builder-workspace/.derivedData/SDKExplicitPrecompiledModules/_Builtin_stdint-1HMXWI3V0V4TXHRWZOMZGZ80Y.pcm
SwiftExplicitDependencyGeneratePcm arm64_32 /Users/admin/builder/spi-builder-workspace/.derivedData/SDKExplicitPrecompiledModules/string_h-BFVLUQUSBZWYMLCU9QI7VZALW.pcm
SwiftExplicitDependencyGeneratePcm arm64_32 /Users/admin/builder/spi-builder-workspace/.derivedData/SDKExplicitPrecompiledModules/sys_types-8TLLMW08ZJWDGIIPKOYFGHHZW.pcm
SwiftExplicitDependencyGeneratePcm arm64 /Users/admin/builder/spi-builder-workspace/.derivedData/SDKExplicitPrecompiledModules/_DarwinFoundation3-B97LRG0E9GON2NUE65TVG81HU.pcm
SwiftExplicitDependencyGeneratePcm arm64_32 /Users/admin/builder/spi-builder-workspace/.derivedData/SDKExplicitPrecompiledModules/_DarwinFoundation3-3DUTYQDQSD9HUAAVY947NMWOI.pcm
SwiftExplicitDependencyGeneratePcm arm64 /Users/admin/builder/spi-builder-workspace/.derivedData/SDKExplicitPrecompiledModules/_Builtin_inttypes-3UQSCM7WNM9EK4HZML8TY5J3D.pcm
SwiftExplicitDependencyGeneratePcm arm64_32 /Users/admin/builder/spi-builder-workspace/.derivedData/SDKExplicitPrecompiledModules/_Builtin_inttypes-D2KPCR4PEX9AQA33NGLUT5SBR.pcm
SwiftExplicitDependencyGeneratePcm arm64 /Users/admin/builder/spi-builder-workspace/.derivedData/SDKExplicitPrecompiledModules/Darwin-3984OXKFNSPE77NT743WK8SEX.pcm
SwiftExplicitDependencyGeneratePcm arm64_32 /Users/admin/builder/spi-builder-workspace/.derivedData/SDKExplicitPrecompiledModules/Darwin-3FVT1SKLN2ZQ5RVOABMTQBB34.pcm
SwiftExplicitDependencyGeneratePcm arm64 /Users/admin/builder/spi-builder-workspace/.derivedData/SDKExplicitPrecompiledModules/ObjectiveC-72IVD3VS2RS8Q28D9PIMY0KQP.pcm
SwiftExplicitDependencyGeneratePcm arm64_32 /Users/admin/builder/spi-builder-workspace/.derivedData/SDKExplicitPrecompiledModules/ObjectiveC-6IJNELR2E80E7LUKESVCP2KET.pcm
SwiftExplicitDependencyGeneratePcm arm64 /Users/admin/builder/spi-builder-workspace/.derivedData/SDKExplicitPrecompiledModules/os_object-3SDKD7F87FTZ26OON37DRYT6O.pcm
SwiftExplicitDependencyGeneratePcm arm64_32 /Users/admin/builder/spi-builder-workspace/.derivedData/SDKExplicitPrecompiledModules/os_object-5YWTC6L4756IWSTPGXS5NM0D0.pcm
SwiftExplicitDependencyGeneratePcm arm64 /Users/admin/builder/spi-builder-workspace/.derivedData/SDKExplicitPrecompiledModules/os_workgroup-89GG5G7YC2D0ZTK6AZXXQ20DH.pcm
SwiftExplicitDependencyGeneratePcm arm64_32 /Users/admin/builder/spi-builder-workspace/.derivedData/SDKExplicitPrecompiledModules/os_workgroup-5JHTPDMNBUNHLJI8LPHKQK1JK.pcm
SwiftExplicitDependencyGeneratePcm arm64 /Users/admin/builder/spi-builder-workspace/.derivedData/SDKExplicitPrecompiledModules/Dispatch-1NLJOVAK60XP0DUB05XA59EIM.pcm
SwiftExplicitDependencyGeneratePcm arm64_32 /Users/admin/builder/spi-builder-workspace/.derivedData/SDKExplicitPrecompiledModules/Dispatch-2P62F1T4XV63S4P99TUDTOK2Q.pcm
SwiftExplicitDependencyGeneratePcm arm64 /Users/admin/builder/spi-builder-workspace/.derivedData/SDKExplicitPrecompiledModules/XPC-40DR0X1DHKGCV4J1IOLFS8MOU.pcm
SwiftExplicitDependencyGeneratePcm arm64 /Users/admin/builder/spi-builder-workspace/.derivedData/SDKExplicitPrecompiledModules/CoreFoundation-8T2L24YC5NU7WO6WQJWRY7W08.pcm
SwiftExplicitDependencyGeneratePcm arm64_32 /Users/admin/builder/spi-builder-workspace/.derivedData/SDKExplicitPrecompiledModules/CoreFoundation-8E6Y4BA3EXYKUGJ24GT9LGV3N.pcm
SwiftExplicitDependencyGeneratePcm arm64_32 /Users/admin/builder/spi-builder-workspace/.derivedData/SDKExplicitPrecompiledModules/XPC-81Y45QFY96XYYFCW2GT6FY8S4.pcm
SwiftExplicitDependencyGeneratePcm arm64 /Users/admin/builder/spi-builder-workspace/.derivedData/SDKExplicitPrecompiledModules/Security-6RZ6YBRU8WCUHRFFRVUK5WKMM.pcm
SwiftExplicitDependencyGeneratePcm arm64_32 /Users/admin/builder/spi-builder-workspace/.derivedData/SDKExplicitPrecompiledModules/Security-D7TOWF88VWF67TB9HAFP5UWB1.pcm
SwiftExplicitDependencyGeneratePcm arm64 /Users/admin/builder/spi-builder-workspace/.derivedData/SDKExplicitPrecompiledModules/Foundation-DLBKUSGXN8QHAT8W0OARR9S8A.pcm
SwiftExplicitDependencyGeneratePcm arm64_32 /Users/admin/builder/spi-builder-workspace/.derivedData/SDKExplicitPrecompiledModules/Foundation-BJ2VQGI3OGR34500MEQ1VKHPH.pcm
SwiftEmitModule normal arm64 Emitting\ module\ for\ PromiseKit (in target 'PromiseKit' from project 'PromiseKit')
SwiftCompile normal arm64 (in target 'PromiseKit' from project 'PromiseKit')
cd /Users/admin/builder/spi-builder-workspace/.swiftpm/xcode
SwiftCompile normal arm64 Compiling\ when.swift /Users/admin/builder/spi-builder-workspace/.dependencies/checkouts/PromiseKit/Sources/when.swift (in target 'PromiseKit' from project 'PromiseKit')
SwiftCompile normal arm64 /Users/admin/builder/spi-builder-workspace/.dependencies/checkouts/PromiseKit/Sources/when.swift (in target 'PromiseKit' from project 'PromiseKit')
cd /Users/admin/builder/spi-builder-workspace/.swiftpm/xcode
builtin-SwiftPerFileCompile when.swift
SwiftCompile normal arm64 Compiling\ Resolver.swift,\ Thenable.swift /Users/admin/builder/spi-builder-workspace/.dependencies/checkouts/PromiseKit/Sources/Resolver.swift /Users/admin/builder/spi-builder-workspace/.dependencies/checkouts/PromiseKit/Sources/Thenable.swift (in target 'PromiseKit' from project 'PromiseKit')
SwiftCompile normal arm64 /Users/admin/builder/spi-builder-workspace/.dependencies/checkouts/PromiseKit/Sources/Resolver.swift (in target 'PromiseKit' from project 'PromiseKit')
cd /Users/admin/builder/spi-builder-workspace/.swiftpm/xcode
builtin-SwiftPerFileCompile Resolver.swift
SwiftCompile normal arm64 /Users/admin/builder/spi-builder-workspace/.dependencies/checkouts/PromiseKit/Sources/Thenable.swift (in target 'PromiseKit' from project 'PromiseKit')
cd /Users/admin/builder/spi-builder-workspace/.swiftpm/xcode
builtin-SwiftPerFileCompile Thenable.swift
SwiftCompile normal arm64 Compiling\ LogEvent.swift,\ Promise.swift /Users/admin/builder/spi-builder-workspace/.dependencies/checkouts/PromiseKit/Sources/LogEvent.swift /Users/admin/builder/spi-builder-workspace/.dependencies/checkouts/PromiseKit/Sources/Promise.swift (in target 'PromiseKit' from project 'PromiseKit')
SwiftCompile normal arm64 /Users/admin/builder/spi-builder-workspace/.dependencies/checkouts/PromiseKit/Sources/LogEvent.swift (in target 'PromiseKit' from project 'PromiseKit')
cd /Users/admin/builder/spi-builder-workspace/.swiftpm/xcode
builtin-SwiftPerFileCompile LogEvent.swift
SwiftCompile normal arm64 /Users/admin/builder/spi-builder-workspace/.dependencies/checkouts/PromiseKit/Sources/Promise.swift (in target 'PromiseKit' from project 'PromiseKit')
cd /Users/admin/builder/spi-builder-workspace/.swiftpm/xcode
builtin-SwiftPerFileCompile Promise.swift
SwiftCompile normal arm64 Compiling\ Configuration.swift,\ CustomStringConvertible.swift /Users/admin/builder/spi-builder-workspace/.dependencies/checkouts/PromiseKit/Sources/Configuration.swift /Users/admin/builder/spi-builder-workspace/.dependencies/checkouts/PromiseKit/Sources/CustomStringConvertible.swift (in target 'PromiseKit' from project 'PromiseKit')
SwiftCompile normal arm64 /Users/admin/builder/spi-builder-workspace/.dependencies/checkouts/PromiseKit/Sources/Configuration.swift (in target 'PromiseKit' from project 'PromiseKit')
cd /Users/admin/builder/spi-builder-workspace/.swiftpm/xcode
builtin-SwiftPerFileCompile Configuration.swift
SwiftCompile normal arm64 /Users/admin/builder/spi-builder-workspace/.dependencies/checkouts/PromiseKit/Sources/CustomStringConvertible.swift (in target 'PromiseKit' from project 'PromiseKit')
cd /Users/admin/builder/spi-builder-workspace/.swiftpm/xcode
builtin-SwiftPerFileCompile CustomStringConvertible.swift
SwiftCompile normal arm64 Compiling\ Catchable.swift,\ Combine.swift /Users/admin/builder/spi-builder-workspace/.dependencies/checkouts/PromiseKit/Sources/Catchable.swift /Users/admin/builder/spi-builder-workspace/.dependencies/checkouts/PromiseKit/Sources/Combine.swift (in target 'PromiseKit' from project 'PromiseKit')
SwiftCompile normal arm64 /Users/admin/builder/spi-builder-workspace/.dependencies/checkouts/PromiseKit/Sources/Catchable.swift (in target 'PromiseKit' from project 'PromiseKit')
cd /Users/admin/builder/spi-builder-workspace/.swiftpm/xcode
builtin-SwiftPerFileCompile Catchable.swift
SwiftCompile normal arm64 /Users/admin/builder/spi-builder-workspace/.dependencies/checkouts/PromiseKit/Sources/Combine.swift (in target 'PromiseKit' from project 'PromiseKit')
cd /Users/admin/builder/spi-builder-workspace/.swiftpm/xcode
builtin-SwiftPerFileCompile Combine.swift
SwiftCompile normal arm64 Compiling\ Error.swift,\ Guarantee.swift /Users/admin/builder/spi-builder-workspace/.dependencies/checkouts/PromiseKit/Sources/Error.swift /Users/admin/builder/spi-builder-workspace/.dependencies/checkouts/PromiseKit/Sources/Guarantee.swift (in target 'PromiseKit' from project 'PromiseKit')
SwiftCompile normal arm64 /Users/admin/builder/spi-builder-workspace/.dependencies/checkouts/PromiseKit/Sources/Error.swift (in target 'PromiseKit' from project 'PromiseKit')
cd /Users/admin/builder/spi-builder-workspace/.swiftpm/xcode
builtin-SwiftPerFileCompile Error.swift
SwiftCompile normal arm64 /Users/admin/builder/spi-builder-workspace/.dependencies/checkouts/PromiseKit/Sources/Guarantee.swift (in target 'PromiseKit' from project 'PromiseKit')
cd /Users/admin/builder/spi-builder-workspace/.swiftpm/xcode
builtin-SwiftPerFileCompile Guarantee.swift
SwiftCompile normal arm64 Compiling\ hang.swift /Users/admin/builder/spi-builder-workspace/.dependencies/checkouts/PromiseKit/Sources/hang.swift (in target 'PromiseKit' from project 'PromiseKit')
SwiftCompile normal arm64 /Users/admin/builder/spi-builder-workspace/.dependencies/checkouts/PromiseKit/Sources/hang.swift (in target 'PromiseKit' from project 'PromiseKit')
cd /Users/admin/builder/spi-builder-workspace/.swiftpm/xcode
builtin-SwiftPerFileCompile hang.swift
SwiftCompile normal arm64 Compiling\ after.swift,\ firstly.swift /Users/admin/builder/spi-builder-workspace/.dependencies/checkouts/PromiseKit/Sources/after.swift /Users/admin/builder/spi-builder-workspace/.dependencies/checkouts/PromiseKit/Sources/firstly.swift (in target 'PromiseKit' from project 'PromiseKit')
SwiftCompile normal arm64 /Users/admin/builder/spi-builder-workspace/.dependencies/checkouts/PromiseKit/Sources/after.swift (in target 'PromiseKit' from project 'PromiseKit')
cd /Users/admin/builder/spi-builder-workspace/.swiftpm/xcode
builtin-SwiftPerFileCompile after.swift
SwiftCompile normal arm64 /Users/admin/builder/spi-builder-workspace/.dependencies/checkouts/PromiseKit/Sources/firstly.swift (in target 'PromiseKit' from project 'PromiseKit')
cd /Users/admin/builder/spi-builder-workspace/.swiftpm/xcode
builtin-SwiftPerFileCompile firstly.swift
SwiftCompile normal arm64 Compiling\ Async.swift,\ Box.swift /Users/admin/builder/spi-builder-workspace/.dependencies/checkouts/PromiseKit/Sources/Async.swift /Users/admin/builder/spi-builder-workspace/.dependencies/checkouts/PromiseKit/Sources/Box.swift (in target 'PromiseKit' from project 'PromiseKit')
SwiftCompile normal arm64 /Users/admin/builder/spi-builder-workspace/.dependencies/checkouts/PromiseKit/Sources/Async.swift (in target 'PromiseKit' from project 'PromiseKit')
cd /Users/admin/builder/spi-builder-workspace/.swiftpm/xcode
builtin-SwiftPerFileCompile Async.swift
SwiftCompile normal arm64 /Users/admin/builder/spi-builder-workspace/.dependencies/checkouts/PromiseKit/Sources/Box.swift (in target 'PromiseKit' from project 'PromiseKit')
cd /Users/admin/builder/spi-builder-workspace/.swiftpm/xcode
builtin-SwiftPerFileCompile Box.swift
SwiftEmitModule normal arm64_32 Emitting\ module\ for\ PromiseKit (in target 'PromiseKit' from project 'PromiseKit')
SwiftCompile normal arm64_32 (in target 'PromiseKit' from project 'PromiseKit')
cd /Users/admin/builder/spi-builder-workspace/.swiftpm/xcode
SwiftDriverJobDiscovery normal arm64 Emitting module for PromiseKit (in target 'PromiseKit' from project 'PromiseKit')
SwiftDriver\ Compilation\ Requirements PromiseKit normal arm64 com.apple.xcode.tools.swift.compiler (in target 'PromiseKit' from project 'PromiseKit')
cd /Users/admin/builder/spi-builder-workspace/.swiftpm/xcode
builtin-Swift-Compilation-Requirements -- /Applications/Xcode-27.0.0-Release.Candidate.app/Contents/Developer/Toolchains/XcodeDefault.xctoolchain/usr/bin/swiftc -parse-as-library -module-name PromiseKit -Onone @/Users/admin/builder/spi-builder-workspace/.derivedData/Build/Intermediates.noindex/PromiseKit.build/Debug-watchos/PromiseKit-t.build/Objects-normal/arm64/PromiseKit.SwiftFileList -DSWIFT_PACKAGE -DDEBUG -DSWIFT_MODULE_RESOURCE_BUNDLE_UNAVAILABLE -DXcode -plugin-path /Applications/Xcode-27.0.0-Release.Candidate.app/Contents/Developer/Toolchains/XcodeDefault.xctoolchain/usr/lib/swift/host/plugins/testing -enable-experimental-feature DebugDescriptionMacro -sdk /Applications/Xcode-27.0.0-Release.Candidate.app/Contents/Developer/Platforms/WatchOS.platform/Developer/SDKs/WatchOS27.0.sdk -target arm64-apple-watchos9.0 -g -module-cache-path /Users/admin/builder/spi-builder-workspace/.derivedData/ModuleCache.noindex -Xfrontend -serialize-debugging-options -profile-coverage-mapping -profile-generate -enable-testing -suppress-warnings -index-store-path /Users/admin/builder/spi-builder-workspace/.derivedData/Index.noindex/DataStore -Xcc -D_LIBCPP_HARDENING_MODE\=_LIBCPP_HARDENING_MODE_DEBUG -swift-version 5 -I /Users/admin/builder/spi-builder-workspace/.derivedData/Build/Products/Debug-watchos -Isystem /Applications/Xcode-27.0.0-Release.Candidate.app/Contents/Developer/Platforms/WatchOS.platform/Developer/usr/lib -F /Users/admin/builder/spi-builder-workspace/.derivedData/Build/Products/Debug-watchos -F /Applications/Xcode-27.0.0-Release.Candidate.app/Contents/Developer/Platforms/WatchOS.platform/Developer/Library/Frameworks -F /Applications/Xcode-27.0.0-Release.Candidate.app/Contents/Developer/Platforms/WatchOS.platform/Developer/SDKs/WatchOS27.0.sdk/Developer/Library/Frameworks -c -j10 -enable-batch-mode -incremental -Xcc -ivfsstatcache -Xcc /Users/admin/builder/spi-builder-workspace/.derivedData/SDKStatCaches.noindex/watchos27.0-24R360-e829b21a6f8c9b70876ba0858053c04477534ef55a1706bf4c1112bbb242f0a2.sdkstatcache -output-file-map /Users/admin/builder/spi-builder-workspace/.derivedData/Build/Intermediates.noindex/PromiseKit.build/Debug-watchos/PromiseKit-t.build/Objects-normal/arm64/PromiseKit-OutputFileMap.json -save-temps -no-color-diagnostics -explicit-module-build -module-cache-path /Users/admin/builder/spi-builder-workspace/.derivedData/Build/Intermediates.noindex/SwiftExplicitPrecompiledModules -clang-scanner-module-cache-path /Users/admin/builder/spi-builder-workspace/.derivedData/ModuleCache.noindex -sdk-module-cache-path /Users/admin/builder/spi-builder-workspace/.derivedData/SDKExplicitPrecompiledModules -emit-dependencies -emit-module -emit-module-path /Users/admin/builder/spi-builder-workspace/.derivedData/Build/Intermediates.noindex/PromiseKit.build/Debug-watchos/PromiseKit-t.build/Objects-normal/arm64/PromiseKit.swiftmodule -serialize-diagnostics -dependency-scan-serialize-diagnostics-path /Users/admin/builder/spi-builder-workspace/.derivedData/Build/Intermediates.noindex/PromiseKit.build/Debug-watchos/PromiseKit-t.build/Objects-normal/arm64/PromiseKit-dependency-scan.dia -validate-clang-modules-once -clang-build-session-file /Users/admin/builder/spi-builder-workspace/.derivedData/ModuleCache.noindex/Session.modulevalidation -Xcc -fmodules-prune-interval\=86400 -Xcc -fmodules-prune-after\=345600 -emit-const-values -const-gather-protocols-list /Users/admin/builder/spi-builder-workspace/.derivedData/Build/Intermediates.noindex/PromiseKit.build/Debug-watchos/PromiseKit-t.build/Objects-normal/arm64/PromiseKit_const_extract_protocols.json -Xcc -I/Users/admin/builder/spi-builder-workspace/.derivedData/Build/Products/Debug-watchos/include -Xcc -I/Users/admin/builder/spi-builder-workspace/.derivedData/Build/Intermediates.noindex/PromiseKit.build/Debug-watchos/PromiseKit-t.build/DerivedSources-normal/arm64 -Xcc -I/Users/admin/builder/spi-builder-workspace/.derivedData/Build/Intermediates.noindex/PromiseKit.build/Debug-watchos/PromiseKit-t.build/DerivedSources/arm64 -Xcc -I/Users/admin/builder/spi-builder-workspace/.derivedData/Build/Intermediates.noindex/PromiseKit.build/Debug-watchos/PromiseKit-t.build/DerivedSources -Xcc -DSWIFT_PACKAGE -Xcc -DDEBUG\=1 -emit-objc-header -emit-objc-header-path /Users/admin/builder/spi-builder-workspace/.derivedData/Build/Intermediates.noindex/PromiseKit.build/Debug-watchos/PromiseKit-t.build/Objects-normal/arm64/PromiseKit-Swift.h -working-directory /Users/admin/builder/spi-builder-workspace/.swiftpm/xcode -experimental-emit-module-separately -disable-cmo
SwiftDriverJobDiscovery normal arm64_32 Emitting module for PromiseKit (in target 'PromiseKit' from project 'PromiseKit')
SwiftCompile normal arm64_32 Compiling\ Resolver.swift,\ Thenable.swift /Users/admin/builder/spi-builder-workspace/.dependencies/checkouts/PromiseKit/Sources/Resolver.swift /Users/admin/builder/spi-builder-workspace/.dependencies/checkouts/PromiseKit/Sources/Thenable.swift (in target 'PromiseKit' from project 'PromiseKit')
SwiftCompile normal arm64_32 /Users/admin/builder/spi-builder-workspace/.dependencies/checkouts/PromiseKit/Sources/Resolver.swift (in target 'PromiseKit' from project 'PromiseKit')
cd /Users/admin/builder/spi-builder-workspace/.swiftpm/xcode
builtin-SwiftPerFileCompile Resolver.swift
SwiftCompile normal arm64_32 /Users/admin/builder/spi-builder-workspace/.dependencies/checkouts/PromiseKit/Sources/Thenable.swift (in target 'PromiseKit' from project 'PromiseKit')
cd /Users/admin/builder/spi-builder-workspace/.swiftpm/xcode
builtin-SwiftPerFileCompile Thenable.swift
SwiftDriverJobDiscovery normal arm64 Compiling Async.swift, Box.swift (in target 'PromiseKit' from project 'PromiseKit')
SwiftDriver\ Compilation\ Requirements PromiseKit normal arm64_32 com.apple.xcode.tools.swift.compiler (in target 'PromiseKit' from project 'PromiseKit')
cd /Users/admin/builder/spi-builder-workspace/.swiftpm/xcode
builtin-Swift-Compilation-Requirements -- /Applications/Xcode-27.0.0-Release.Candidate.app/Contents/Developer/Toolchains/XcodeDefault.xctoolchain/usr/bin/swiftc -parse-as-library -module-name PromiseKit -Onone @/Users/admin/builder/spi-builder-workspace/.derivedData/Build/Intermediates.noindex/PromiseKit.build/Debug-watchos/PromiseKit-t.build/Objects-normal/arm64_32/PromiseKit.SwiftFileList -DSWIFT_PACKAGE -DDEBUG -DSWIFT_MODULE_RESOURCE_BUNDLE_UNAVAILABLE -DXcode -plugin-path /Applications/Xcode-27.0.0-Release.Candidate.app/Contents/Developer/Toolchains/XcodeDefault.xctoolchain/usr/lib/swift/host/plugins/testing -enable-experimental-feature DebugDescriptionMacro -sdk /Applications/Xcode-27.0.0-Release.Candidate.app/Contents/Developer/Platforms/WatchOS.platform/Developer/SDKs/WatchOS27.0.sdk -target arm64_32-apple-watchos9.0 -g -module-cache-path /Users/admin/builder/spi-builder-workspace/.derivedData/ModuleCache.noindex -Xfrontend -serialize-debugging-options -profile-coverage-mapping -profile-generate -enable-testing -suppress-warnings -index-store-path /Users/admin/builder/spi-builder-workspace/.derivedData/Index.noindex/DataStore -Xcc -D_LIBCPP_HARDENING_MODE\=_LIBCPP_HARDENING_MODE_DEBUG -swift-version 5 -I /Users/admin/builder/spi-builder-workspace/.derivedData/Build/Products/Debug-watchos -Isystem /Applications/Xcode-27.0.0-Release.Candidate.app/Contents/Developer/Platforms/WatchOS.platform/Developer/usr/lib -F /Users/admin/builder/spi-builder-workspace/.derivedData/Build/Products/Debug-watchos -F /Applications/Xcode-27.0.0-Release.Candidate.app/Contents/Developer/Platforms/WatchOS.platform/Developer/Library/Frameworks -F /Applications/Xcode-27.0.0-Release.Candidate.app/Contents/Developer/Platforms/WatchOS.platform/Developer/SDKs/WatchOS27.0.sdk/Developer/Library/Frameworks -c -j10 -enable-batch-mode -incremental -Xcc -ivfsstatcache -Xcc /Users/admin/builder/spi-builder-workspace/.derivedData/SDKStatCaches.noindex/watchos27.0-24R360-e829b21a6f8c9b70876ba0858053c04477534ef55a1706bf4c1112bbb242f0a2.sdkstatcache -output-file-map /Users/admin/builder/spi-builder-workspace/.derivedData/Build/Intermediates.noindex/PromiseKit.build/Debug-watchos/PromiseKit-t.build/Objects-normal/arm64_32/PromiseKit-OutputFileMap.json -save-temps -no-color-diagnostics -explicit-module-build -module-cache-path /Users/admin/builder/spi-builder-workspace/.derivedData/Build/Intermediates.noindex/SwiftExplicitPrecompiledModules -clang-scanner-module-cache-path /Users/admin/builder/spi-builder-workspace/.derivedData/ModuleCache.noindex -sdk-module-cache-path /Users/admin/builder/spi-builder-workspace/.derivedData/SDKExplicitPrecompiledModules -emit-dependencies -emit-module -emit-module-path /Users/admin/builder/spi-builder-workspace/.derivedData/Build/Intermediates.noindex/PromiseKit.build/Debug-watchos/PromiseKit-t.build/Objects-normal/arm64_32/PromiseKit.swiftmodule -serialize-diagnostics -dependency-scan-serialize-diagnostics-path /Users/admin/builder/spi-builder-workspace/.derivedData/Build/Intermediates.noindex/PromiseKit.build/Debug-watchos/PromiseKit-t.build/Objects-normal/arm64_32/PromiseKit-dependency-scan.dia -validate-clang-modules-once -clang-build-session-file /Users/admin/builder/spi-builder-workspace/.derivedData/ModuleCache.noindex/Session.modulevalidation -Xcc -fmodules-prune-interval\=86400 -Xcc -fmodules-prune-after\=345600 -emit-const-values -const-gather-protocols-list /Users/admin/builder/spi-builder-workspace/.derivedData/Build/Intermediates.noindex/PromiseKit.build/Debug-watchos/PromiseKit-t.build/Objects-normal/arm64_32/PromiseKit_const_extract_protocols.json -Xcc -I/Users/admin/builder/spi-builder-workspace/.derivedData/Build/Products/Debug-watchos/include -Xcc -I/Users/admin/builder/spi-builder-workspace/.derivedData/Build/Intermediates.noindex/PromiseKit.build/Debug-watchos/PromiseKit-t.build/DerivedSources-normal/arm64_32 -Xcc -I/Users/admin/builder/spi-builder-workspace/.derivedData/Build/Intermediates.noindex/PromiseKit.build/Debug-watchos/PromiseKit-t.build/DerivedSources/arm64_32 -Xcc -I/Users/admin/builder/spi-builder-workspace/.derivedData/Build/Intermediates.noindex/PromiseKit.build/Debug-watchos/PromiseKit-t.build/DerivedSources -Xcc -DSWIFT_PACKAGE -Xcc -DDEBUG\=1 -emit-objc-header -emit-objc-header-path /Users/admin/builder/spi-builder-workspace/.derivedData/Build/Intermediates.noindex/PromiseKit.build/Debug-watchos/PromiseKit-t.build/Objects-normal/arm64_32/PromiseKit-Swift.h -working-directory /Users/admin/builder/spi-builder-workspace/.swiftpm/xcode -experimental-emit-module-separately -disable-cmo
Copy /Users/admin/builder/spi-builder-workspace/.derivedData/Build/Products/Debug-watchos/PromiseKit.swiftmodule/arm64-apple-watchos.swiftmodule /Users/admin/builder/spi-builder-workspace/.derivedData/Build/Intermediates.noindex/PromiseKit.build/Debug-watchos/PromiseKit-t.build/Objects-normal/arm64/PromiseKit.swiftmodule (in target 'PromiseKit' from project 'PromiseKit')
cd /Users/admin/builder/spi-builder-workspace/.dependencies/checkouts/PromiseKit
builtin-copy -exclude .DS_Store -exclude CVS -exclude .svn -exclude .git -exclude .hg -resolve-src-symlinks -rename /Users/admin/builder/spi-builder-workspace/.derivedData/Build/Intermediates.noindex/PromiseKit.build/Debug-watchos/PromiseKit-t.build/Objects-normal/arm64/PromiseKit.swiftmodule /Users/admin/builder/spi-builder-workspace/.derivedData/Build/Products/Debug-watchos/PromiseKit.swiftmodule/arm64-apple-watchos.swiftmodule
Copy /Users/admin/builder/spi-builder-workspace/.derivedData/Build/Products/Debug-watchos/PromiseKit.swiftmodule/arm64-apple-watchos.swiftdoc /Users/admin/builder/spi-builder-workspace/.derivedData/Build/Intermediates.noindex/PromiseKit.build/Debug-watchos/PromiseKit-t.build/Objects-normal/arm64/PromiseKit.swiftdoc (in target 'PromiseKit' from project 'PromiseKit')
cd /Users/admin/builder/spi-builder-workspace/.dependencies/checkouts/PromiseKit
builtin-copy -exclude .DS_Store -exclude CVS -exclude .svn -exclude .git -exclude .hg -resolve-src-symlinks -rename /Users/admin/builder/spi-builder-workspace/.derivedData/Build/Intermediates.noindex/PromiseKit.build/Debug-watchos/PromiseKit-t.build/Objects-normal/arm64/PromiseKit.swiftdoc /Users/admin/builder/spi-builder-workspace/.derivedData/Build/Products/Debug-watchos/PromiseKit.swiftmodule/arm64-apple-watchos.swiftdoc
SwiftDriverJobDiscovery normal arm64 Compiling Configuration.swift, CustomStringConvertible.swift (in target 'PromiseKit' from project 'PromiseKit')
Copy /Users/admin/builder/spi-builder-workspace/.derivedData/Build/Products/Debug-watchos/PromiseKit.swiftmodule/arm64-apple-watchos.abi.json /Users/admin/builder/spi-builder-workspace/.derivedData/Build/Intermediates.noindex/PromiseKit.build/Debug-watchos/PromiseKit-t.build/Objects-normal/arm64/PromiseKit.abi.json (in target 'PromiseKit' from project 'PromiseKit')
cd /Users/admin/builder/spi-builder-workspace/.dependencies/checkouts/PromiseKit
builtin-copy -exclude .DS_Store -exclude CVS -exclude .svn -exclude .git -exclude .hg -resolve-src-symlinks -rename /Users/admin/builder/spi-builder-workspace/.derivedData/Build/Intermediates.noindex/PromiseKit.build/Debug-watchos/PromiseKit-t.build/Objects-normal/arm64/PromiseKit.abi.json /Users/admin/builder/spi-builder-workspace/.derivedData/Build/Products/Debug-watchos/PromiseKit.swiftmodule/arm64-apple-watchos.abi.json
Copy /Users/admin/builder/spi-builder-workspace/.derivedData/Build/Products/Debug-watchos/PromiseKit.swiftmodule/Project/arm64-apple-watchos.swiftsourceinfo /Users/admin/builder/spi-builder-workspace/.derivedData/Build/Intermediates.noindex/PromiseKit.build/Debug-watchos/PromiseKit-t.build/Objects-normal/arm64/PromiseKit.swiftsourceinfo (in target 'PromiseKit' from project 'PromiseKit')
cd /Users/admin/builder/spi-builder-workspace/.dependencies/checkouts/PromiseKit
builtin-copy -exclude .DS_Store -exclude CVS -exclude .svn -exclude .git -exclude .hg -resolve-src-symlinks -rename /Users/admin/builder/spi-builder-workspace/.derivedData/Build/Intermediates.noindex/PromiseKit.build/Debug-watchos/PromiseKit-t.build/Objects-normal/arm64/PromiseKit.swiftsourceinfo /Users/admin/builder/spi-builder-workspace/.derivedData/Build/Products/Debug-watchos/PromiseKit.swiftmodule/Project/arm64-apple-watchos.swiftsourceinfo
SwiftCompile normal arm64_32 Compiling\ hang.swift /Users/admin/builder/spi-builder-workspace/.dependencies/checkouts/PromiseKit/Sources/hang.swift (in target 'PromiseKit' from project 'PromiseKit')
SwiftCompile normal arm64_32 /Users/admin/builder/spi-builder-workspace/.dependencies/checkouts/PromiseKit/Sources/hang.swift (in target 'PromiseKit' from project 'PromiseKit')
cd /Users/admin/builder/spi-builder-workspace/.swiftpm/xcode
builtin-SwiftPerFileCompile hang.swift
SwiftDriverJobDiscovery normal arm64 Compiling Catchable.swift, Combine.swift (in target 'PromiseKit' from project 'PromiseKit')
SwiftCompile normal arm64_32 Compiling\ Catchable.swift,\ Combine.swift /Users/admin/builder/spi-builder-workspace/.dependencies/checkouts/PromiseKit/Sources/Catchable.swift /Users/admin/builder/spi-builder-workspace/.dependencies/checkouts/PromiseKit/Sources/Combine.swift (in target 'PromiseKit' from project 'PromiseKit')
SwiftCompile normal arm64_32 /Users/admin/builder/spi-builder-workspace/.dependencies/checkouts/PromiseKit/Sources/Catchable.swift (in target 'PromiseKit' from project 'PromiseKit')
cd /Users/admin/builder/spi-builder-workspace/.swiftpm/xcode
builtin-SwiftPerFileCompile Catchable.swift
SwiftCompile normal arm64_32 /Users/admin/builder/spi-builder-workspace/.dependencies/checkouts/PromiseKit/Sources/Combine.swift (in target 'PromiseKit' from project 'PromiseKit')
cd /Users/admin/builder/spi-builder-workspace/.swiftpm/xcode
builtin-SwiftPerFileCompile Combine.swift
SwiftCompile normal arm64_32 Compiling\ Error.swift,\ Guarantee.swift /Users/admin/builder/spi-builder-workspace/.dependencies/checkouts/PromiseKit/Sources/Error.swift /Users/admin/builder/spi-builder-workspace/.dependencies/checkouts/PromiseKit/Sources/Guarantee.swift (in target 'PromiseKit' from project 'PromiseKit')
SwiftCompile normal arm64_32 /Users/admin/builder/spi-builder-workspace/.dependencies/checkouts/PromiseKit/Sources/Error.swift (in target 'PromiseKit' from project 'PromiseKit')
cd /Users/admin/builder/spi-builder-workspace/.swiftpm/xcode
builtin-SwiftPerFileCompile Error.swift
SwiftCompile normal arm64_32 /Users/admin/builder/spi-builder-workspace/.dependencies/checkouts/PromiseKit/Sources/Guarantee.swift (in target 'PromiseKit' from project 'PromiseKit')
cd /Users/admin/builder/spi-builder-workspace/.swiftpm/xcode
builtin-SwiftPerFileCompile Guarantee.swift
SwiftCompile normal arm64_32 Compiling\ LogEvent.swift,\ Promise.swift /Users/admin/builder/spi-builder-workspace/.dependencies/checkouts/PromiseKit/Sources/LogEvent.swift /Users/admin/builder/spi-builder-workspace/.dependencies/checkouts/PromiseKit/Sources/Promise.swift (in target 'PromiseKit' from project 'PromiseKit')
SwiftCompile normal arm64_32 /Users/admin/builder/spi-builder-workspace/.dependencies/checkouts/PromiseKit/Sources/LogEvent.swift (in target 'PromiseKit' from project 'PromiseKit')
cd /Users/admin/builder/spi-builder-workspace/.swiftpm/xcode
builtin-SwiftPerFileCompile LogEvent.swift
SwiftCompile normal arm64_32 /Users/admin/builder/spi-builder-workspace/.dependencies/checkouts/PromiseKit/Sources/Promise.swift (in target 'PromiseKit' from project 'PromiseKit')
cd /Users/admin/builder/spi-builder-workspace/.swiftpm/xcode
builtin-SwiftPerFileCompile Promise.swift
SwiftDriverJobDiscovery normal arm64 Compiling Resolver.swift, Thenable.swift (in target 'PromiseKit' from project 'PromiseKit')
SwiftMergeGeneratedHeaders /Users/admin/builder/spi-builder-workspace/.derivedData/Build/Intermediates.noindex/GeneratedModuleMaps-watchos/PromiseKit-Swift.h /Users/admin/builder/spi-builder-workspace/.derivedData/Build/Intermediates.noindex/PromiseKit.build/Debug-watchos/PromiseKit-t.build/Objects-normal/arm64/PromiseKit-Swift.h /Users/admin/builder/spi-builder-workspace/.derivedData/Build/Intermediates.noindex/PromiseKit.build/Debug-watchos/PromiseKit-t.build/Objects-normal/arm64_32/PromiseKit-Swift.h (in target 'PromiseKit' from project 'PromiseKit')
cd /Users/admin/builder/spi-builder-workspace/.dependencies/checkouts/PromiseKit
builtin-swiftHeaderTool -arch arm64 /Users/admin/builder/spi-builder-workspace/.derivedData/Build/Intermediates.noindex/PromiseKit.build/Debug-watchos/PromiseKit-t.build/Objects-normal/arm64/PromiseKit-Swift.h -arch arm64_32 /Users/admin/builder/spi-builder-workspace/.derivedData/Build/Intermediates.noindex/PromiseKit.build/Debug-watchos/PromiseKit-t.build/Objects-normal/arm64_32/PromiseKit-Swift.h -o /Users/admin/builder/spi-builder-workspace/.derivedData/Build/Intermediates.noindex/GeneratedModuleMaps-watchos/PromiseKit-Swift.h
SwiftDriverJobDiscovery normal arm64 Compiling after.swift, firstly.swift (in target 'PromiseKit' from project 'PromiseKit')
Copy /Users/admin/builder/spi-builder-workspace/.derivedData/Build/Products/Debug-watchos/PromiseKit.swiftmodule/arm64_32-apple-watchos.swiftmodule /Users/admin/builder/spi-builder-workspace/.derivedData/Build/Intermediates.noindex/PromiseKit.build/Debug-watchos/PromiseKit-t.build/Objects-normal/arm64_32/PromiseKit.swiftmodule (in target 'PromiseKit' from project 'PromiseKit')
cd /Users/admin/builder/spi-builder-workspace/.dependencies/checkouts/PromiseKit
builtin-copy -exclude .DS_Store -exclude CVS -exclude .svn -exclude .git -exclude .hg -resolve-src-symlinks -rename /Users/admin/builder/spi-builder-workspace/.derivedData/Build/Intermediates.noindex/PromiseKit.build/Debug-watchos/PromiseKit-t.build/Objects-normal/arm64_32/PromiseKit.swiftmodule /Users/admin/builder/spi-builder-workspace/.derivedData/Build/Products/Debug-watchos/PromiseKit.swiftmodule/arm64_32-apple-watchos.swiftmodule
Copy /Users/admin/builder/spi-builder-workspace/.derivedData/Build/Products/Debug-watchos/PromiseKit.swiftmodule/arm64_32-apple-watchos.swiftdoc /Users/admin/builder/spi-builder-workspace/.derivedData/Build/Intermediates.noindex/PromiseKit.build/Debug-watchos/PromiseKit-t.build/Objects-normal/arm64_32/PromiseKit.swiftdoc (in target 'PromiseKit' from project 'PromiseKit')
cd /Users/admin/builder/spi-builder-workspace/.dependencies/checkouts/PromiseKit
builtin-copy -exclude .DS_Store -exclude CVS -exclude .svn -exclude .git -exclude .hg -resolve-src-symlinks -rename /Users/admin/builder/spi-builder-workspace/.derivedData/Build/Intermediates.noindex/PromiseKit.build/Debug-watchos/PromiseKit-t.build/Objects-normal/arm64_32/PromiseKit.swiftdoc /Users/admin/builder/spi-builder-workspace/.derivedData/Build/Products/Debug-watchos/PromiseKit.swiftmodule/arm64_32-apple-watchos.swiftdoc
SwiftDriverJobDiscovery normal arm64 Compiling LogEvent.swift, Promise.swift (in target 'PromiseKit' from project 'PromiseKit')
Copy /Users/admin/builder/spi-builder-workspace/.derivedData/Build/Products/Debug-watchos/PromiseKit.swiftmodule/arm64_32-apple-watchos.abi.json /Users/admin/builder/spi-builder-workspace/.derivedData/Build/Intermediates.noindex/PromiseKit.build/Debug-watchos/PromiseKit-t.build/Objects-normal/arm64_32/PromiseKit.abi.json (in target 'PromiseKit' from project 'PromiseKit')
cd /Users/admin/builder/spi-builder-workspace/.dependencies/checkouts/PromiseKit
builtin-copy -exclude .DS_Store -exclude CVS -exclude .svn -exclude .git -exclude .hg -resolve-src-symlinks -rename /Users/admin/builder/spi-builder-workspace/.derivedData/Build/Intermediates.noindex/PromiseKit.build/Debug-watchos/PromiseKit-t.build/Objects-normal/arm64_32/PromiseKit.abi.json /Users/admin/builder/spi-builder-workspace/.derivedData/Build/Products/Debug-watchos/PromiseKit.swiftmodule/arm64_32-apple-watchos.abi.json
Copy /Users/admin/builder/spi-builder-workspace/.derivedData/Build/Products/Debug-watchos/PromiseKit.swiftmodule/Project/arm64_32-apple-watchos.swiftsourceinfo /Users/admin/builder/spi-builder-workspace/.derivedData/Build/Intermediates.noindex/PromiseKit.build/Debug-watchos/PromiseKit-t.build/Objects-normal/arm64_32/PromiseKit.swiftsourceinfo (in target 'PromiseKit' from project 'PromiseKit')
cd /Users/admin/builder/spi-builder-workspace/.dependencies/checkouts/PromiseKit
builtin-copy -exclude .DS_Store -exclude CVS -exclude .svn -exclude .git -exclude .hg -resolve-src-symlinks -rename /Users/admin/builder/spi-builder-workspace/.derivedData/Build/Intermediates.noindex/PromiseKit.build/Debug-watchos/PromiseKit-t.build/Objects-normal/arm64_32/PromiseKit.swiftsourceinfo /Users/admin/builder/spi-builder-workspace/.derivedData/Build/Products/Debug-watchos/PromiseKit.swiftmodule/Project/arm64_32-apple-watchos.swiftsourceinfo
SwiftCompile normal arm64_32 Compiling\ after.swift,\ firstly.swift /Users/admin/builder/spi-builder-workspace/.dependencies/checkouts/PromiseKit/Sources/after.swift /Users/admin/builder/spi-builder-workspace/.dependencies/checkouts/PromiseKit/Sources/firstly.swift (in target 'PromiseKit' from project 'PromiseKit')
SwiftCompile normal arm64_32 /Users/admin/builder/spi-builder-workspace/.dependencies/checkouts/PromiseKit/Sources/after.swift (in target 'PromiseKit' from project 'PromiseKit')
cd /Users/admin/builder/spi-builder-workspace/.swiftpm/xcode
builtin-SwiftPerFileCompile after.swift
SwiftCompile normal arm64_32 /Users/admin/builder/spi-builder-workspace/.dependencies/checkouts/PromiseKit/Sources/firstly.swift (in target 'PromiseKit' from project 'PromiseKit')
cd /Users/admin/builder/spi-builder-workspace/.swiftpm/xcode
builtin-SwiftPerFileCompile firstly.swift
SwiftDriverJobDiscovery normal arm64 Compiling hang.swift (in target 'PromiseKit' from project 'PromiseKit')
SwiftCompile normal arm64_32 Compiling\ Async.swift,\ Box.swift /Users/admin/builder/spi-builder-workspace/.dependencies/checkouts/PromiseKit/Sources/Async.swift /Users/admin/builder/spi-builder-workspace/.dependencies/checkouts/PromiseKit/Sources/Box.swift (in target 'PromiseKit' from project 'PromiseKit')
SwiftCompile normal arm64_32 /Users/admin/builder/spi-builder-workspace/.dependencies/checkouts/PromiseKit/Sources/Async.swift (in target 'PromiseKit' from project 'PromiseKit')
cd /Users/admin/builder/spi-builder-workspace/.swiftpm/xcode
builtin-SwiftPerFileCompile Async.swift
SwiftCompile normal arm64_32 /Users/admin/builder/spi-builder-workspace/.dependencies/checkouts/PromiseKit/Sources/Box.swift (in target 'PromiseKit' from project 'PromiseKit')
cd /Users/admin/builder/spi-builder-workspace/.swiftpm/xcode
builtin-SwiftPerFileCompile Box.swift
SwiftCompile normal arm64_32 Compiling\ when.swift /Users/admin/builder/spi-builder-workspace/.dependencies/checkouts/PromiseKit/Sources/when.swift (in target 'PromiseKit' from project 'PromiseKit')
SwiftCompile normal arm64_32 /Users/admin/builder/spi-builder-workspace/.dependencies/checkouts/PromiseKit/Sources/when.swift (in target 'PromiseKit' from project 'PromiseKit')
cd /Users/admin/builder/spi-builder-workspace/.swiftpm/xcode
builtin-SwiftPerFileCompile when.swift
SwiftDriverJobDiscovery normal arm64 Compiling Error.swift, Guarantee.swift (in target 'PromiseKit' from project 'PromiseKit')
SwiftCompile normal arm64_32 Compiling\ race.swift /Users/admin/builder/spi-builder-workspace/.dependencies/checkouts/PromiseKit/Sources/race.swift (in target 'PromiseKit' from project 'PromiseKit')
SwiftCompile normal arm64_32 /Users/admin/builder/spi-builder-workspace/.dependencies/checkouts/PromiseKit/Sources/race.swift (in target 'PromiseKit' from project 'PromiseKit')
cd /Users/admin/builder/spi-builder-workspace/.swiftpm/xcode
builtin-SwiftPerFileCompile race.swift
SwiftDriverJobDiscovery normal arm64 Compiling when.swift (in target 'PromiseKit' from project 'PromiseKit')
SwiftCompile normal arm64 Compiling\ race.swift /Users/admin/builder/spi-builder-workspace/.dependencies/checkouts/PromiseKit/Sources/race.swift (in target 'PromiseKit' from project 'PromiseKit')
SwiftCompile normal arm64 /Users/admin/builder/spi-builder-workspace/.dependencies/checkouts/PromiseKit/Sources/race.swift (in target 'PromiseKit' from project 'PromiseKit')
cd /Users/admin/builder/spi-builder-workspace/.swiftpm/xcode
builtin-SwiftPerFileCompile race.swift
SwiftDriverJobDiscovery normal arm64_32 Compiling Resolver.swift, Thenable.swift (in target 'PromiseKit' from project 'PromiseKit')
SwiftCompile normal arm64_32 Compiling\ Configuration.swift,\ CustomStringConvertible.swift /Users/admin/builder/spi-builder-workspace/.dependencies/checkouts/PromiseKit/Sources/Configuration.swift /Users/admin/builder/spi-builder-workspace/.dependencies/checkouts/PromiseKit/Sources/CustomStringConvertible.swift (in target 'PromiseKit' from project 'PromiseKit')
SwiftCompile normal arm64_32 /Users/admin/builder/spi-builder-workspace/.dependencies/checkouts/PromiseKit/Sources/Configuration.swift (in target 'PromiseKit' from project 'PromiseKit')
cd /Users/admin/builder/spi-builder-workspace/.swiftpm/xcode
builtin-SwiftPerFileCompile Configuration.swift
SwiftCompile normal arm64_32 /Users/admin/builder/spi-builder-workspace/.dependencies/checkouts/PromiseKit/Sources/CustomStringConvertible.swift (in target 'PromiseKit' from project 'PromiseKit')
cd /Users/admin/builder/spi-builder-workspace/.swiftpm/xcode
builtin-SwiftPerFileCompile CustomStringConvertible.swift
SwiftDriverJobDiscovery normal arm64_32 Compiling Catchable.swift, Combine.swift (in target 'PromiseKit' from project 'PromiseKit')
SwiftDriver AwaitKit normal arm64_32 com.apple.xcode.tools.swift.compiler (in target 'AwaitKit' from project 'AwaitKit')
cd /Users/admin/builder/spi-builder-workspace/.swiftpm/xcode
builtin-SwiftDriver -- /Applications/Xcode-27.0.0-Release.Candidate.app/Contents/Developer/Toolchains/XcodeDefault.xctoolchain/usr/bin/swiftc -parse-as-library -module-name AwaitKit -Onone @/Users/admin/builder/spi-builder-workspace/.derivedData/Build/Intermediates.noindex/AwaitKit.build/Debug-watchos/AwaitKit-t.build/Objects-normal/arm64_32/AwaitKit.SwiftFileList -DSWIFT_PACKAGE -DDEBUG -DSWIFT_MODULE_RESOURCE_BUNDLE_UNAVAILABLE -DXcode -plugin-path /Applications/Xcode-27.0.0-Release.Candidate.app/Contents/Developer/Toolchains/XcodeDefault.xctoolchain/usr/lib/swift/host/plugins/testing -enable-experimental-feature DebugDescriptionMacro -sdk /Applications/Xcode-27.0.0-Release.Candidate.app/Contents/Developer/Platforms/WatchOS.platform/Developer/SDKs/WatchOS27.0.sdk -target arm64_32-apple-watchos9.0 -g -module-cache-path /Users/admin/builder/spi-builder-workspace/.derivedData/ModuleCache.noindex -Xfrontend -serialize-debugging-options -profile-coverage-mapping -profile-generate -enable-testing -index-store-path /Users/admin/builder/spi-builder-workspace/.derivedData/Index.noindex/DataStore -Xcc -D_LIBCPP_HARDENING_MODE\=_LIBCPP_HARDENING_MODE_DEBUG -swift-version 4.2 -I /Users/admin/builder/spi-builder-workspace/.derivedData/Build/Products/Debug-watchos -Isystem /Applications/Xcode-27.0.0-Release.Candidate.app/Contents/Developer/Platforms/WatchOS.platform/Developer/usr/lib -F /Users/admin/builder/spi-builder-workspace/.derivedData/Build/Products/Debug-watchos/PackageFrameworks -F /Users/admin/builder/spi-builder-workspace/.derivedData/Build/Products/Debug-watchos -F /Applications/Xcode-27.0.0-Release.Candidate.app/Contents/Developer/Platforms/WatchOS.platform/Developer/Library/Frameworks -F /Applications/Xcode-27.0.0-Release.Candidate.app/Contents/Developer/Platforms/WatchOS.platform/Developer/SDKs/WatchOS27.0.sdk/Developer/Library/Frameworks -c -j10 -enable-batch-mode -incremental -Xcc -ivfsstatcache -Xcc /Users/admin/builder/spi-builder-workspace/.derivedData/SDKStatCaches.noindex/watchos27.0-24R360-e829b21a6f8c9b70876ba0858053c04477534ef55a1706bf4c1112bbb242f0a2.sdkstatcache -output-file-map /Users/admin/builder/spi-builder-workspace/.derivedData/Build/Intermediates.noindex/AwaitKit.build/Debug-watchos/AwaitKit-t.build/Objects-normal/arm64_32/AwaitKit-OutputFileMap.json -save-temps -no-color-diagnostics -emit-dependencies -emit-module -emit-module-path /Users/admin/builder/spi-builder-workspace/.derivedData/Build/Intermediates.noindex/AwaitKit.build/Debug-watchos/AwaitKit-t.build/Objects-normal/arm64_32/AwaitKit.swiftmodule -serialize-diagnostics -validate-clang-modules-once -clang-build-session-file /Users/admin/builder/spi-builder-workspace/.derivedData/ModuleCache.noindex/Session.modulevalidation -Xcc -fmodules-prune-interval\=86400 -Xcc -fmodules-prune-after\=345600 -emit-const-values -const-gather-protocols-list /Users/admin/builder/spi-builder-workspace/.derivedData/Build/Intermediates.noindex/AwaitKit.build/Debug-watchos/AwaitKit-t.build/Objects-normal/arm64_32/AwaitKit_const_extract_protocols.json -Xcc -I/Users/admin/builder/spi-builder-workspace/.derivedData/Build/Products/Debug-watchos/include -Xcc -I/Users/admin/builder/spi-builder-workspace/.derivedData/Build/Intermediates.noindex/AwaitKit.build/Debug-watchos/AwaitKit-t.build/DerivedSources-normal/arm64_32 -Xcc -I/Users/admin/builder/spi-builder-workspace/.derivedData/Build/Intermediates.noindex/AwaitKit.build/Debug-watchos/AwaitKit-t.build/DerivedSources/arm64_32 -Xcc -I/Users/admin/builder/spi-builder-workspace/.derivedData/Build/Intermediates.noindex/AwaitKit.build/Debug-watchos/AwaitKit-t.build/DerivedSources -Xcc -DSWIFT_PACKAGE -Xcc -DDEBUG\=1 -emit-objc-header -emit-objc-header-path /Users/admin/builder/spi-builder-workspace/.derivedData/Build/Intermediates.noindex/AwaitKit.build/Debug-watchos/AwaitKit-t.build/Objects-normal/arm64_32/AwaitKit-Swift.h -working-directory /Users/admin/builder/spi-builder-workspace/.swiftpm/xcode -experimental-emit-module-separately -disable-cmo
SwiftDriver AwaitKit normal arm64 com.apple.xcode.tools.swift.compiler (in target 'AwaitKit' from project 'AwaitKit')
cd /Users/admin/builder/spi-builder-workspace/.swiftpm/xcode
builtin-SwiftDriver -- /Applications/Xcode-27.0.0-Release.Candidate.app/Contents/Developer/Toolchains/XcodeDefault.xctoolchain/usr/bin/swiftc -parse-as-library -module-name AwaitKit -Onone @/Users/admin/builder/spi-builder-workspace/.derivedData/Build/Intermediates.noindex/AwaitKit.build/Debug-watchos/AwaitKit-t.build/Objects-normal/arm64/AwaitKit.SwiftFileList -DSWIFT_PACKAGE -DDEBUG -DSWIFT_MODULE_RESOURCE_BUNDLE_UNAVAILABLE -DXcode -plugin-path /Applications/Xcode-27.0.0-Release.Candidate.app/Contents/Developer/Toolchains/XcodeDefault.xctoolchain/usr/lib/swift/host/plugins/testing -enable-experimental-feature DebugDescriptionMacro -sdk /Applications/Xcode-27.0.0-Release.Candidate.app/Contents/Developer/Platforms/WatchOS.platform/Developer/SDKs/WatchOS27.0.sdk -target arm64-apple-watchos9.0 -g -module-cache-path /Users/admin/builder/spi-builder-workspace/.derivedData/ModuleCache.noindex -Xfrontend -serialize-debugging-options -profile-coverage-mapping -profile-generate -enable-testing -index-store-path /Users/admin/builder/spi-builder-workspace/.derivedData/Index.noindex/DataStore -Xcc -D_LIBCPP_HARDENING_MODE\=_LIBCPP_HARDENING_MODE_DEBUG -swift-version 4.2 -I /Users/admin/builder/spi-builder-workspace/.derivedData/Build/Products/Debug-watchos -Isystem /Applications/Xcode-27.0.0-Release.Candidate.app/Contents/Developer/Platforms/WatchOS.platform/Developer/usr/lib -F /Users/admin/builder/spi-builder-workspace/.derivedData/Build/Products/Debug-watchos/PackageFrameworks -F /Users/admin/builder/spi-builder-workspace/.derivedData/Build/Products/Debug-watchos -F /Applications/Xcode-27.0.0-Release.Candidate.app/Contents/Developer/Platforms/WatchOS.platform/Developer/Library/Frameworks -F /Applications/Xcode-27.0.0-Release.Candidate.app/Contents/Developer/Platforms/WatchOS.platform/Developer/SDKs/WatchOS27.0.sdk/Developer/Library/Frameworks -c -j10 -enable-batch-mode -incremental -Xcc -ivfsstatcache -Xcc /Users/admin/builder/spi-builder-workspace/.derivedData/SDKStatCaches.noindex/watchos27.0-24R360-e829b21a6f8c9b70876ba0858053c04477534ef55a1706bf4c1112bbb242f0a2.sdkstatcache -output-file-map /Users/admin/builder/spi-builder-workspace/.derivedData/Build/Intermediates.noindex/AwaitKit.build/Debug-watchos/AwaitKit-t.build/Objects-normal/arm64/AwaitKit-OutputFileMap.json -save-temps -no-color-diagnostics -emit-dependencies -emit-module -emit-module-path /Users/admin/builder/spi-builder-workspace/.derivedData/Build/Intermediates.noindex/AwaitKit.build/Debug-watchos/AwaitKit-t.build/Objects-normal/arm64/AwaitKit.swiftmodule -serialize-diagnostics -validate-clang-modules-once -clang-build-session-file /Users/admin/builder/spi-builder-workspace/.derivedData/ModuleCache.noindex/Session.modulevalidation -Xcc -fmodules-prune-interval\=86400 -Xcc -fmodules-prune-after\=345600 -emit-const-values -const-gather-protocols-list /Users/admin/builder/spi-builder-workspace/.derivedData/Build/Intermediates.noindex/AwaitKit.build/Debug-watchos/AwaitKit-t.build/Objects-normal/arm64/AwaitKit_const_extract_protocols.json -Xcc -I/Users/admin/builder/spi-builder-workspace/.derivedData/Build/Products/Debug-watchos/include -Xcc -I/Users/admin/builder/spi-builder-workspace/.derivedData/Build/Intermediates.noindex/AwaitKit.build/Debug-watchos/AwaitKit-t.build/DerivedSources-normal/arm64 -Xcc -I/Users/admin/builder/spi-builder-workspace/.derivedData/Build/Intermediates.noindex/AwaitKit.build/Debug-watchos/AwaitKit-t.build/DerivedSources/arm64 -Xcc -I/Users/admin/builder/spi-builder-workspace/.derivedData/Build/Intermediates.noindex/AwaitKit.build/Debug-watchos/AwaitKit-t.build/DerivedSources -Xcc -DSWIFT_PACKAGE -Xcc -DDEBUG\=1 -emit-objc-header -emit-objc-header-path /Users/admin/builder/spi-builder-workspace/.derivedData/Build/Intermediates.noindex/AwaitKit.build/Debug-watchos/AwaitKit-t.build/Objects-normal/arm64/AwaitKit-Swift.h -working-directory /Users/admin/builder/spi-builder-workspace/.swiftpm/xcode -experimental-emit-module-separately -disable-cmo
SwiftEmitModule normal arm64_32 Emitting\ module\ for\ AwaitKit (in target 'AwaitKit' from project 'AwaitKit')
SwiftCompile normal arm64_32 (in target 'AwaitKit' from project 'AwaitKit')
cd /Users/admin/builder/spi-builder-workspace/.swiftpm/xcode
SwiftEmitModule normal arm64 Emitting\ module\ for\ AwaitKit (in target 'AwaitKit' from project 'AwaitKit')
SwiftCompile normal arm64 (in target 'AwaitKit' from project 'AwaitKit')
cd /Users/admin/builder/spi-builder-workspace/.swiftpm/xcode
SwiftDriverJobDiscovery normal arm64_32 Compiling race.swift (in target 'PromiseKit' from project 'PromiseKit')
SwiftCompile normal arm64 Compiling\ AwaitKitExtension.swift /Users/admin/builder/spi-builder-workspace/Sources/AwaitKit/AwaitKitExtension.swift (in target 'AwaitKit' from project 'AwaitKit')
SwiftCompile normal arm64 /Users/admin/builder/spi-builder-workspace/Sources/AwaitKit/AwaitKitExtension.swift (in target 'AwaitKit' from project 'AwaitKit')
cd /Users/admin/builder/spi-builder-workspace/.swiftpm/xcode
builtin-SwiftPerFileCompile AwaitKitExtension.swift
SwiftDriverJobDiscovery normal arm64 Compiling race.swift (in target 'PromiseKit' from project 'PromiseKit')
SwiftDriver\ Compilation PromiseKit normal arm64 com.apple.xcode.tools.swift.compiler (in target 'PromiseKit' from project 'PromiseKit')
cd /Users/admin/builder/spi-builder-workspace/.swiftpm/xcode
builtin-Swift-Compilation -- /Applications/Xcode-27.0.0-Release.Candidate.app/Contents/Developer/Toolchains/XcodeDefault.xctoolchain/usr/bin/swiftc -parse-as-library -module-name PromiseKit -Onone @/Users/admin/builder/spi-builder-workspace/.derivedData/Build/Intermediates.noindex/PromiseKit.build/Debug-watchos/PromiseKit-t.build/Objects-normal/arm64/PromiseKit.SwiftFileList -DSWIFT_PACKAGE -DDEBUG -DSWIFT_MODULE_RESOURCE_BUNDLE_UNAVAILABLE -DXcode -plugin-path /Applications/Xcode-27.0.0-Release.Candidate.app/Contents/Developer/Toolchains/XcodeDefault.xctoolchain/usr/lib/swift/host/plugins/testing -enable-experimental-feature DebugDescriptionMacro -sdk /Applications/Xcode-27.0.0-Release.Candidate.app/Contents/Developer/Platforms/WatchOS.platform/Developer/SDKs/WatchOS27.0.sdk -target arm64-apple-watchos9.0 -g -module-cache-path /Users/admin/builder/spi-builder-workspace/.derivedData/ModuleCache.noindex -Xfrontend -serialize-debugging-options -profile-coverage-mapping -profile-generate -enable-testing -suppress-warnings -index-store-path /Users/admin/builder/spi-builder-workspace/.derivedData/Index.noindex/DataStore -Xcc -D_LIBCPP_HARDENING_MODE\=_LIBCPP_HARDENING_MODE_DEBUG -swift-version 5 -I /Users/admin/builder/spi-builder-workspace/.derivedData/Build/Products/Debug-watchos -Isystem /Applications/Xcode-27.0.0-Release.Candidate.app/Contents/Developer/Platforms/WatchOS.platform/Developer/usr/lib -F /Users/admin/builder/spi-builder-workspace/.derivedData/Build/Products/Debug-watchos -F /Applications/Xcode-27.0.0-Release.Candidate.app/Contents/Developer/Platforms/WatchOS.platform/Developer/Library/Frameworks -F /Applications/Xcode-27.0.0-Release.Candidate.app/Contents/Developer/Platforms/WatchOS.platform/Developer/SDKs/WatchOS27.0.sdk/Developer/Library/Frameworks -c -j10 -enable-batch-mode -incremental -Xcc -ivfsstatcache -Xcc /Users/admin/builder/spi-builder-workspace/.derivedData/SDKStatCaches.noindex/watchos27.0-24R360-e829b21a6f8c9b70876ba0858053c04477534ef55a1706bf4c1112bbb242f0a2.sdkstatcache -output-file-map /Users/admin/builder/spi-builder-workspace/.derivedData/Build/Intermediates.noindex/PromiseKit.build/Debug-watchos/PromiseKit-t.build/Objects-normal/arm64/PromiseKit-OutputFileMap.json -save-temps -no-color-diagnostics -explicit-module-build -module-cache-path /Users/admin/builder/spi-builder-workspace/.derivedData/Build/Intermediates.noindex/SwiftExplicitPrecompiledModules -clang-scanner-module-cache-path /Users/admin/builder/spi-builder-workspace/.derivedData/ModuleCache.noindex -sdk-module-cache-path /Users/admin/builder/spi-builder-workspace/.derivedData/SDKExplicitPrecompiledModules -emit-dependencies -emit-module -emit-module-path /Users/admin/builder/spi-builder-workspace/.derivedData/Build/Intermediates.noindex/PromiseKit.build/Debug-watchos/PromiseKit-t.build/Objects-normal/arm64/PromiseKit.swiftmodule -serialize-diagnostics -dependency-scan-serialize-diagnostics-path /Users/admin/builder/spi-builder-workspace/.derivedData/Build/Intermediates.noindex/PromiseKit.build/Debug-watchos/PromiseKit-t.build/Objects-normal/arm64/PromiseKit-dependency-scan.dia -validate-clang-modules-once -clang-build-session-file /Users/admin/builder/spi-builder-workspace/.derivedData/ModuleCache.noindex/Session.modulevalidation -Xcc -fmodules-prune-interval\=86400 -Xcc -fmodules-prune-after\=345600 -emit-const-values -const-gather-protocols-list /Users/admin/builder/spi-builder-workspace/.derivedData/Build/Intermediates.noindex/PromiseKit.build/Debug-watchos/PromiseKit-t.build/Objects-normal/arm64/PromiseKit_const_extract_protocols.json -Xcc -I/Users/admin/builder/spi-builder-workspace/.derivedData/Build/Products/Debug-watchos/include -Xcc -I/Users/admin/builder/spi-builder-workspace/.derivedData/Build/Intermediates.noindex/PromiseKit.build/Debug-watchos/PromiseKit-t.build/DerivedSources-normal/arm64 -Xcc -I/Users/admin/builder/spi-builder-workspace/.derivedData/Build/Intermediates.noindex/PromiseKit.build/Debug-watchos/PromiseKit-t.build/DerivedSources/arm64 -Xcc -I/Users/admin/builder/spi-builder-workspace/.derivedData/Build/Intermediates.noindex/PromiseKit.build/Debug-watchos/PromiseKit-t.build/DerivedSources -Xcc -DSWIFT_PACKAGE -Xcc -DDEBUG\=1 -emit-objc-header -emit-objc-header-path /Users/admin/builder/spi-builder-workspace/.derivedData/Build/Intermediates.noindex/PromiseKit.build/Debug-watchos/PromiseKit-t.build/Objects-normal/arm64/PromiseKit-Swift.h -working-directory /Users/admin/builder/spi-builder-workspace/.swiftpm/xcode -experimental-emit-module-separately -disable-cmo
SwiftDriverJobDiscovery normal arm64_32 Compiling Async.swift, Box.swift (in target 'PromiseKit' from project 'PromiseKit')
SwiftCompile normal arm64_32 Compiling\ AwaitKitExtension.swift /Users/admin/builder/spi-builder-workspace/Sources/AwaitKit/AwaitKitExtension.swift (in target 'AwaitKit' from project 'AwaitKit')
SwiftCompile normal arm64_32 /Users/admin/builder/spi-builder-workspace/Sources/AwaitKit/AwaitKitExtension.swift (in target 'AwaitKit' from project 'AwaitKit')
cd /Users/admin/builder/spi-builder-workspace/.swiftpm/xcode
builtin-SwiftPerFileCompile AwaitKitExtension.swift
Ld /Users/admin/builder/spi-builder-workspace/.derivedData/Build/Intermediates.noindex/PromiseKit.build/Debug-watchos/PromiseKit-t.build/Objects-normal/arm64/Binary/PromiseKit.o normal arm64 (in target 'PromiseKit' from project 'PromiseKit')
cd /Users/admin/builder/spi-builder-workspace/.dependencies/checkouts/PromiseKit
/Applications/Xcode-27.0.0-Release.Candidate.app/Contents/Developer/Toolchains/XcodeDefault.xctoolchain/usr/bin/clang -Xlinker -reproducible -target arm64-apple-watchos9.0 -r -isysroot /Applications/Xcode-27.0.0-Release.Candidate.app/Contents/Developer/Platforms/WatchOS.platform/Developer/SDKs/WatchOS27.0.sdk -O0 -w -Xlinker -no_warn_duplicate_libraries -F/Users/admin/builder/spi-builder-workspace/.derivedData/Build/Intermediates.noindex/EagerLinkingTBDs/Debug-watchos -F/Users/admin/builder/spi-builder-workspace/.derivedData/Build/Products/Debug-watchos -iframework /Applications/Xcode-27.0.0-Release.Candidate.app/Contents/Developer/Platforms/WatchOS.platform/Developer/Library/Frameworks -iframework /Applications/Xcode-27.0.0-Release.Candidate.app/Contents/Developer/Platforms/WatchOS.platform/Developer/SDKs/WatchOS27.0.sdk/Developer/Library/Frameworks -filelist /Users/admin/builder/spi-builder-workspace/.derivedData/Build/Intermediates.noindex/PromiseKit.build/Debug-watchos/PromiseKit-t.build/Objects-normal/arm64/PromiseKit.LinkFileList -nostdlib -Xlinker -object_path_lto -Xlinker /Users/admin/builder/spi-builder-workspace/.derivedData/Build/Intermediates.noindex/PromiseKit.build/Debug-watchos/PromiseKit-t.build/Objects-normal/arm64/PromiseKit_lto.o -Xlinker -no_deduplicate -Xlinker -debug_variant -Xlinker -dependency_info -Xlinker /Users/admin/builder/spi-builder-workspace/.derivedData/Build/Intermediates.noindex/PromiseKit.build/Debug-watchos/PromiseKit-t.build/Objects-normal/arm64/PromiseKit_dependency_info.dat -fobjc-link-runtime -L/Applications/Xcode-27.0.0-Release.Candidate.app/Contents/Developer/Toolchains/XcodeDefault.xctoolchain/usr/lib/swift/watchos -L/usr/lib/swift -Xlinker -add_ast_path -Xlinker /Users/admin/builder/spi-builder-workspace/.derivedData/Build/Intermediates.noindex/PromiseKit.build/Debug-watchos/PromiseKit-t.build/Objects-normal/arm64/PromiseKit.swiftmodule -o /Users/admin/builder/spi-builder-workspace/.derivedData/Build/Intermediates.noindex/PromiseKit.build/Debug-watchos/PromiseKit-t.build/Objects-normal/arm64/Binary/PromiseKit.o
SwiftDriverJobDiscovery normal arm64_32 Compiling Configuration.swift, CustomStringConvertible.swift (in target 'PromiseKit' from project 'PromiseKit')
SwiftCompile normal arm64 Compiling\ DispatchQueue+Async.swift /Users/admin/builder/spi-builder-workspace/Sources/AwaitKit/DispatchQueue+Async.swift (in target 'AwaitKit' from project 'AwaitKit')
SwiftCompile normal arm64 /Users/admin/builder/spi-builder-workspace/Sources/AwaitKit/DispatchQueue+Async.swift (in target 'AwaitKit' from project 'AwaitKit')
cd /Users/admin/builder/spi-builder-workspace/.swiftpm/xcode
builtin-SwiftPerFileCompile DispatchQueue+Async.swift
SwiftCompile normal arm64_32 Compiling\ AwaitKit.swift /Users/admin/builder/spi-builder-workspace/Sources/AwaitKit/AwaitKit.swift (in target 'AwaitKit' from project 'AwaitKit')
SwiftCompile normal arm64_32 /Users/admin/builder/spi-builder-workspace/Sources/AwaitKit/AwaitKit.swift (in target 'AwaitKit' from project 'AwaitKit')
cd /Users/admin/builder/spi-builder-workspace/.swiftpm/xcode
builtin-SwiftPerFileCompile AwaitKit.swift
SwiftDriverJobDiscovery normal arm64_32 Compiling LogEvent.swift, Promise.swift (in target 'PromiseKit' from project 'PromiseKit')
SwiftCompile normal arm64 Compiling\ DispatchQueue+Await.swift /Users/admin/builder/spi-builder-workspace/Sources/AwaitKit/DispatchQueue+Await.swift (in target 'AwaitKit' from project 'AwaitKit')
/Users/admin/builder/spi-builder-workspace/Sources/AwaitKit/DispatchQueue+Await.swift:44:16: error: cannot convert return expression of type 'Promise<T>' to return type 'T'
42 | let promise = self.base.async(.promise, execute: body)
43 |
44 | return try await(promise)
| `- error: cannot convert return expression of type 'Promise<T>' to return type 'T'
45 | }
46 |
/Users/admin/builder/spi-builder-workspace/Sources/AwaitKit/DispatchQueue+Await.swift:44:16: error: 'await' in a function that does not support concurrency
39 | */
40 | @discardableResult
41 | public final func await<T>(_ body: @escaping () throws -> T) throws -> T {
| `- note: add 'async' to function 'await' to make it asynchronous
42 | let promise = self.base.async(.promise, execute: body)
43 |
44 | return try await(promise)
| `- error: 'await' in a function that does not support concurrency
45 | }
46 |
/Users/admin/builder/spi-builder-workspace/Sources/AwaitKit/DispatchQueue+Await.swift:44:12: warning: no calls to throwing functions occur within 'try' expression [#UnnecessaryEffectMarker]
42 | let promise = self.base.async(.promise, execute: body)
43 |
44 | return try await(promise)
| `- warning: no calls to throwing functions occur within 'try' expression [#UnnecessaryEffectMarker]
45 | }
46 |
[#UnnecessaryEffectMarker]: <https://docs.swift.org/compiler/documentation/diagnostics/unnecessary-effect-marker>
Failed frontend command:
/Applications/Xcode-27.0.0-Release.Candidate.app/Contents/Developer/Toolchains/XcodeDefault.xctoolchain/usr/bin/swift-frontend -frontend -c /Users/admin/builder/spi-builder-workspace/Sources/AwaitKit/AwaitKit.swift /Users/admin/builder/spi-builder-workspace/Sources/AwaitKit/AwaitKitExtension.swift /Users/admin/builder/spi-builder-workspace/Sources/AwaitKit/DispatchQueue+Async.swift -primary-file /Users/admin/builder/spi-builder-workspace/Sources/AwaitKit/DispatchQueue+Await.swift -emit-dependencies-path /Users/admin/builder/spi-builder-workspace/.derivedData/Build/Intermediates.noindex/AwaitKit.build/Debug-watchos/AwaitKit-t.build/Objects-normal/arm64/DispatchQueue+Await.d -emit-const-values-path /Users/admin/builder/spi-builder-workspace/.derivedData/Build/Intermediates.noindex/AwaitKit.build/Debug-watchos/AwaitKit-t.build/Objects-normal/arm64/DispatchQueue+Await.swiftconstvalues -emit-reference-dependencies-path /Users/admin/builder/spi-builder-workspace/.derivedData/Build/Intermediates.noindex/AwaitKit.build/Debug-watchos/AwaitKit-t.build/Objects-normal/arm64/DispatchQueue+Await.swiftdeps -serialize-diagnostics-path /Users/admin/builder/spi-builder-workspace/.derivedData/Build/Intermediates.noindex/AwaitKit.build/Debug-watchos/AwaitKit-t.build/Objects-normal/arm64/DispatchQueue+Await.dia -target arm64-apple-watchos9.0 -Xllvm -aarch64-use-tbi -enable-objc-interop -stack-check -sdk /Applications/Xcode-27.0.0-Release.Candidate.app/Contents/Developer/Platforms/WatchOS.platform/Developer/SDKs/WatchOS27.0.sdk -I /Users/admin/builder/spi-builder-workspace/.derivedData/Build/Products/Debug-watchos -Isystem /Applications/Xcode-27.0.0-Release.Candidate.app/Contents/Developer/Platforms/WatchOS.platform/Developer/usr/lib -F /Users/admin/builder/spi-builder-workspace/.derivedData/Build/Products/Debug-watchos/PackageFrameworks -F /Users/admin/builder/spi-builder-workspace/.derivedData/Build/Products/Debug-watchos -F /Applications/Xcode-27.0.0-Release.Candidate.app/Contents/Developer/Platforms/WatchOS.platform/Developer/Library/Frameworks -F /Applications/Xcode-27.0.0-Release.Candidate.app/Contents/Developer/Platforms/WatchOS.platform/Developer/SDKs/WatchOS27.0.sdk/Developer/Library/Frameworks -module-cache-path /Users/admin/builder/spi-builder-workspace/.derivedData/ModuleCache.noindex -no-color-diagnostics -Xcc -fno-color-diagnostics -enable-testing -g -debug-info-format\=dwarf -dwarf-version\=4 -profile-generate -profile-coverage-mapping -swift-version 4.2 -Onone -D SWIFT_PACKAGE -D DEBUG -D SWIFT_MODULE_RESOURCE_BUNDLE_UNAVAILABLE -D Xcode -serialize-debugging-options -enable-experimental-feature DebugDescriptionMacro -empty-abi-descriptor -plugin-path /Applications/Xcode-27.0.0-Release.Candidate.app/Contents/Developer/Toolchains/XcodeDefault.xctoolchain/usr/lib/swift/host/plugins/testing -validate-clang-modules-once -clang-build-session-file /Users/admin/builder/spi-builder-workspace/.derivedData/ModuleCache.noindex/Session.modulevalidation -Xcc -working-directory -Xcc /Users/admin/builder/spi-builder-workspace/.swiftpm/xcode -enable-anonymous-context-mangled-names -file-compilation-dir /Users/admin/builder/spi-builder-workspace/.swiftpm/xcode -Xcc -D_LIBCPP_HARDENING_MODE\=_LIBCPP_HARDENING_MODE_DEBUG -Xcc -ivfsstatcache -Xcc /Users/admin/builder/spi-builder-workspace/.derivedData/SDKStatCaches.noindex/watchos27.0-24R360-e829b21a6f8c9b70876ba0858053c04477534ef55a1706bf4c1112bbb242f0a2.sdkstatcache -Xcc -fmodules-prune-interval\=86400 -Xcc -fmodules-prune-after\=345600 -Xcc -I/Users/admin/builder/spi-builder-workspace/.derivedData/Build/Products/Debug-watchos/include -Xcc -I/Users/admin/builder/spi-builder-workspace/.derivedData/Build/Intermediates.noindex/AwaitKit.build/Debug-watchos/AwaitKit-t.build/DerivedSources-normal/arm64 -Xcc -I/Users/admin/builder/spi-builder-workspace/.derivedData/Build/Intermediates.noindex/AwaitKit.build/Debug-watchos/AwaitKit-t.build/DerivedSources/arm64 -Xcc -I/Users/admin/builder/spi-builder-workspace/.derivedData/Build/Intermediates.noindex/AwaitKit.build/Debug-watchos/AwaitKit-t.build/DerivedSources -Xcc -DSWIFT_PACKAGE -Xcc -DDEBUG\=1 -no-auto-bridging-header-chaining -module-name AwaitKit -const-gather-protocols-file /Users/admin/builder/spi-builder-workspace/.derivedData/Build/Intermediates.noindex/AwaitKit.build/Debug-watchos/AwaitKit-t.build/Objects-normal/arm64/AwaitKit_const_extract_protocols.json -disable-clang-spi -target-sdk-version 27.0 -target-sdk-name watchos27.0 -external-plugin-path /Applications/Xcode-27.0.0-Release.Candidate.app/Contents/Developer/Platforms/WatchOS.platform/Developer/usr/lib/swift/host/plugins\#/Applications/Xcode-27.0.0-Release.Candidate.app/Contents/Developer/Platforms/WatchOS.platform/Developer/usr/bin/swift-plugin-server -external-plugin-path /Applications/Xcode-27.0.0-Release.Candidate.app/Contents/Developer/Platforms/WatchOS.platform/Developer/usr/local/lib/swift/host/plugins\#/Applications/Xcode-27.0.0-Release.Candidate.app/Contents/Developer/Platforms/WatchOS.platform/Developer/usr/bin/swift-plugin-server -in-process-plugin-server-path /Applications/Xcode-27.0.0-Release.Candidate.app/Contents/Developer/Toolchains/XcodeDefault.xctoolchain/usr/lib/swift/host/libSwiftInProcPluginServer.dylib -plugin-path /Applications/Xcode-27.0.0-Release.Candidate.app/Contents/Developer/Toolchains/XcodeDefault.xctoolchain/usr/lib/swift/host/plugins -plugin-path /Applications/Xcode-27.0.0-Release.Candidate.app/Contents/Developer/Toolchains/XcodeDefault.xctoolchain/usr/local/lib/swift/host/plugins -parse-as-library -o /Users/admin/builder/spi-builder-workspace/.derivedData/Build/Intermediates.noindex/AwaitKit.build/Debug-watchos/AwaitKit-t.build/Objects-normal/arm64/DispatchQueue+Await.o -index-unit-output-path /AwaitKit.build/Debug-watchos/AwaitKit-t.build/Objects-normal/arm64/DispatchQueue+Await.o -index-store-path /Users/admin/builder/spi-builder-workspace/.derivedData/Index.noindex/DataStore -index-system-modules
SwiftCompile normal arm64 /Users/admin/builder/spi-builder-workspace/Sources/AwaitKit/DispatchQueue+Await.swift (in target 'AwaitKit' from project 'AwaitKit')
cd /Users/admin/builder/spi-builder-workspace/.swiftpm/xcode
builtin-SwiftPerFileCompile DispatchQueue+Await.swift
SwiftDriverJobDiscovery normal arm64_32 Compiling hang.swift (in target 'PromiseKit' from project 'PromiseKit')
SwiftCompile normal arm64_32 Compiling\ DispatchQueue+Await.swift /Users/admin/builder/spi-builder-workspace/Sources/AwaitKit/DispatchQueue+Await.swift (in target 'AwaitKit' from project 'AwaitKit')
SwiftCompile normal arm64_32 /Users/admin/builder/spi-builder-workspace/Sources/AwaitKit/DispatchQueue+Await.swift (in target 'AwaitKit' from project 'AwaitKit')
cd /Users/admin/builder/spi-builder-workspace/.swiftpm/xcode
builtin-SwiftPerFileCompile DispatchQueue+Await.swift
SwiftDriverJobDiscovery normal arm64_32 Compiling Error.swift, Guarantee.swift (in target 'PromiseKit' from project 'PromiseKit')
SwiftCompile normal arm64 Compiling\ AwaitKit.swift /Users/admin/builder/spi-builder-workspace/Sources/AwaitKit/AwaitKit.swift (in target 'AwaitKit' from project 'AwaitKit')
SwiftCompile normal arm64 /Users/admin/builder/spi-builder-workspace/Sources/AwaitKit/AwaitKit.swift (in target 'AwaitKit' from project 'AwaitKit')
cd /Users/admin/builder/spi-builder-workspace/.swiftpm/xcode
builtin-SwiftPerFileCompile AwaitKit.swift
SwiftDriverJobDiscovery normal arm64_32 Compiling after.swift, firstly.swift (in target 'PromiseKit' from project 'PromiseKit')
SwiftCompile normal arm64_32 Compiling\ DispatchQueue+Async.swift /Users/admin/builder/spi-builder-workspace/Sources/AwaitKit/DispatchQueue+Async.swift (in target 'AwaitKit' from project 'AwaitKit')
SwiftCompile normal arm64_32 /Users/admin/builder/spi-builder-workspace/Sources/AwaitKit/DispatchQueue+Async.swift (in target 'AwaitKit' from project 'AwaitKit')
cd /Users/admin/builder/spi-builder-workspace/.swiftpm/xcode
builtin-SwiftPerFileCompile DispatchQueue+Async.swift
SwiftDriverJobDiscovery normal arm64_32 Compiling when.swift (in target 'PromiseKit' from project 'PromiseKit')
SwiftDriver\ Compilation PromiseKit normal arm64_32 com.apple.xcode.tools.swift.compiler (in target 'PromiseKit' from project 'PromiseKit')
cd /Users/admin/builder/spi-builder-workspace/.swiftpm/xcode
builtin-Swift-Compilation -- /Applications/Xcode-27.0.0-Release.Candidate.app/Contents/Developer/Toolchains/XcodeDefault.xctoolchain/usr/bin/swiftc -parse-as-library -module-name PromiseKit -Onone @/Users/admin/builder/spi-builder-workspace/.derivedData/Build/Intermediates.noindex/PromiseKit.build/Debug-watchos/PromiseKit-t.build/Objects-normal/arm64_32/PromiseKit.SwiftFileList -DSWIFT_PACKAGE -DDEBUG -DSWIFT_MODULE_RESOURCE_BUNDLE_UNAVAILABLE -DXcode -plugin-path /Applications/Xcode-27.0.0-Release.Candidate.app/Contents/Developer/Toolchains/XcodeDefault.xctoolchain/usr/lib/swift/host/plugins/testing -enable-experimental-feature DebugDescriptionMacro -sdk /Applications/Xcode-27.0.0-Release.Candidate.app/Contents/Developer/Platforms/WatchOS.platform/Developer/SDKs/WatchOS27.0.sdk -target arm64_32-apple-watchos9.0 -g -module-cache-path /Users/admin/builder/spi-builder-workspace/.derivedData/ModuleCache.noindex -Xfrontend -serialize-debugging-options -profile-coverage-mapping -profile-generate -enable-testing -suppress-warnings -index-store-path /Users/admin/builder/spi-builder-workspace/.derivedData/Index.noindex/DataStore -Xcc -D_LIBCPP_HARDENING_MODE\=_LIBCPP_HARDENING_MODE_DEBUG -swift-version 5 -I /Users/admin/builder/spi-builder-workspace/.derivedData/Build/Products/Debug-watchos -Isystem /Applications/Xcode-27.0.0-Release.Candidate.app/Contents/Developer/Platforms/WatchOS.platform/Developer/usr/lib -F /Users/admin/builder/spi-builder-workspace/.derivedData/Build/Products/Debug-watchos -F /Applications/Xcode-27.0.0-Release.Candidate.app/Contents/Developer/Platforms/WatchOS.platform/Developer/Library/Frameworks -F /Applications/Xcode-27.0.0-Release.Candidate.app/Contents/Developer/Platforms/WatchOS.platform/Developer/SDKs/WatchOS27.0.sdk/Developer/Library/Frameworks -c -j10 -enable-batch-mode -incremental -Xcc -ivfsstatcache -Xcc /Users/admin/builder/spi-builder-workspace/.derivedData/SDKStatCaches.noindex/watchos27.0-24R360-e829b21a6f8c9b70876ba0858053c04477534ef55a1706bf4c1112bbb242f0a2.sdkstatcache -output-file-map /Users/admin/builder/spi-builder-workspace/.derivedData/Build/Intermediates.noindex/PromiseKit.build/Debug-watchos/PromiseKit-t.build/Objects-normal/arm64_32/PromiseKit-OutputFileMap.json -save-temps -no-color-diagnostics -explicit-module-build -module-cache-path /Users/admin/builder/spi-builder-workspace/.derivedData/Build/Intermediates.noindex/SwiftExplicitPrecompiledModules -clang-scanner-module-cache-path /Users/admin/builder/spi-builder-workspace/.derivedData/ModuleCache.noindex -sdk-module-cache-path /Users/admin/builder/spi-builder-workspace/.derivedData/SDKExplicitPrecompiledModules -emit-dependencies -emit-module -emit-module-path /Users/admin/builder/spi-builder-workspace/.derivedData/Build/Intermediates.noindex/PromiseKit.build/Debug-watchos/PromiseKit-t.build/Objects-normal/arm64_32/PromiseKit.swiftmodule -serialize-diagnostics -dependency-scan-serialize-diagnostics-path /Users/admin/builder/spi-builder-workspace/.derivedData/Build/Intermediates.noindex/PromiseKit.build/Debug-watchos/PromiseKit-t.build/Objects-normal/arm64_32/PromiseKit-dependency-scan.dia -validate-clang-modules-once -clang-build-session-file /Users/admin/builder/spi-builder-workspace/.derivedData/ModuleCache.noindex/Session.modulevalidation -Xcc -fmodules-prune-interval\=86400 -Xcc -fmodules-prune-after\=345600 -emit-const-values -const-gather-protocols-list /Users/admin/builder/spi-builder-workspace/.derivedData/Build/Intermediates.noindex/PromiseKit.build/Debug-watchos/PromiseKit-t.build/Objects-normal/arm64_32/PromiseKit_const_extract_protocols.json -Xcc -I/Users/admin/builder/spi-builder-workspace/.derivedData/Build/Products/Debug-watchos/include -Xcc -I/Users/admin/builder/spi-builder-workspace/.derivedData/Build/Intermediates.noindex/PromiseKit.build/Debug-watchos/PromiseKit-t.build/DerivedSources-normal/arm64_32 -Xcc -I/Users/admin/builder/spi-builder-workspace/.derivedData/Build/Intermediates.noindex/PromiseKit.build/Debug-watchos/PromiseKit-t.build/DerivedSources/arm64_32 -Xcc -I/Users/admin/builder/spi-builder-workspace/.derivedData/Build/Intermediates.noindex/PromiseKit.build/Debug-watchos/PromiseKit-t.build/DerivedSources -Xcc -DSWIFT_PACKAGE -Xcc -DDEBUG\=1 -emit-objc-header -emit-objc-header-path /Users/admin/builder/spi-builder-workspace/.derivedData/Build/Intermediates.noindex/PromiseKit.build/Debug-watchos/PromiseKit-t.build/Objects-normal/arm64_32/PromiseKit-Swift.h -working-directory /Users/admin/builder/spi-builder-workspace/.swiftpm/xcode -experimental-emit-module-separately -disable-cmo
SwiftDriverJobDiscovery normal arm64 Emitting module for AwaitKit (in target 'AwaitKit' from project 'AwaitKit')
SwiftDriver\ Compilation\ Requirements AwaitKit normal arm64 com.apple.xcode.tools.swift.compiler (in target 'AwaitKit' from project 'AwaitKit')
cd /Users/admin/builder/spi-builder-workspace/.swiftpm/xcode
builtin-Swift-Compilation-Requirements -- /Applications/Xcode-27.0.0-Release.Candidate.app/Contents/Developer/Toolchains/XcodeDefault.xctoolchain/usr/bin/swiftc -parse-as-library -module-name AwaitKit -Onone @/Users/admin/builder/spi-builder-workspace/.derivedData/Build/Intermediates.noindex/AwaitKit.build/Debug-watchos/AwaitKit-t.build/Objects-normal/arm64/AwaitKit.SwiftFileList -DSWIFT_PACKAGE -DDEBUG -DSWIFT_MODULE_RESOURCE_BUNDLE_UNAVAILABLE -DXcode -plugin-path /Applications/Xcode-27.0.0-Release.Candidate.app/Contents/Developer/Toolchains/XcodeDefault.xctoolchain/usr/lib/swift/host/plugins/testing -enable-experimental-feature DebugDescriptionMacro -sdk /Applications/Xcode-27.0.0-Release.Candidate.app/Contents/Developer/Platforms/WatchOS.platform/Developer/SDKs/WatchOS27.0.sdk -target arm64-apple-watchos9.0 -g -module-cache-path /Users/admin/builder/spi-builder-workspace/.derivedData/ModuleCache.noindex -Xfrontend -serialize-debugging-options -profile-coverage-mapping -profile-generate -enable-testing -index-store-path /Users/admin/builder/spi-builder-workspace/.derivedData/Index.noindex/DataStore -Xcc -D_LIBCPP_HARDENING_MODE\=_LIBCPP_HARDENING_MODE_DEBUG -swift-version 4.2 -I /Users/admin/builder/spi-builder-workspace/.derivedData/Build/Products/Debug-watchos -Isystem /Applications/Xcode-27.0.0-Release.Candidate.app/Contents/Developer/Platforms/WatchOS.platform/Developer/usr/lib -F /Users/admin/builder/spi-builder-workspace/.derivedData/Build/Products/Debug-watchos/PackageFrameworks -F /Users/admin/builder/spi-builder-workspace/.derivedData/Build/Products/Debug-watchos -F /Applications/Xcode-27.0.0-Release.Candidate.app/Contents/Developer/Platforms/WatchOS.platform/Developer/Library/Frameworks -F /Applications/Xcode-27.0.0-Release.Candidate.app/Contents/Developer/Platforms/WatchOS.platform/Developer/SDKs/WatchOS27.0.sdk/Developer/Library/Frameworks -c -j10 -enable-batch-mode -incremental -Xcc -ivfsstatcache -Xcc /Users/admin/builder/spi-builder-workspace/.derivedData/SDKStatCaches.noindex/watchos27.0-24R360-e829b21a6f8c9b70876ba0858053c04477534ef55a1706bf4c1112bbb242f0a2.sdkstatcache -output-file-map /Users/admin/builder/spi-builder-workspace/.derivedData/Build/Intermediates.noindex/AwaitKit.build/Debug-watchos/AwaitKit-t.build/Objects-normal/arm64/AwaitKit-OutputFileMap.json -save-temps -no-color-diagnostics -emit-dependencies -emit-module -emit-module-path /Users/admin/builder/spi-builder-workspace/.derivedData/Build/Intermediates.noindex/AwaitKit.build/Debug-watchos/AwaitKit-t.build/Objects-normal/arm64/AwaitKit.swiftmodule -serialize-diagnostics -validate-clang-modules-once -clang-build-session-file /Users/admin/builder/spi-builder-workspace/.derivedData/ModuleCache.noindex/Session.modulevalidation -Xcc -fmodules-prune-interval\=86400 -Xcc -fmodules-prune-after\=345600 -emit-const-values -const-gather-protocols-list /Users/admin/builder/spi-builder-workspace/.derivedData/Build/Intermediates.noindex/AwaitKit.build/Debug-watchos/AwaitKit-t.build/Objects-normal/arm64/AwaitKit_const_extract_protocols.json -Xcc -I/Users/admin/builder/spi-builder-workspace/.derivedData/Build/Products/Debug-watchos/include -Xcc -I/Users/admin/builder/spi-builder-workspace/.derivedData/Build/Intermediates.noindex/AwaitKit.build/Debug-watchos/AwaitKit-t.build/DerivedSources-normal/arm64 -Xcc -I/Users/admin/builder/spi-builder-workspace/.derivedData/Build/Intermediates.noindex/AwaitKit.build/Debug-watchos/AwaitKit-t.build/DerivedSources/arm64 -Xcc -I/Users/admin/builder/spi-builder-workspace/.derivedData/Build/Intermediates.noindex/AwaitKit.build/Debug-watchos/AwaitKit-t.build/DerivedSources -Xcc -DSWIFT_PACKAGE -Xcc -DDEBUG\=1 -emit-objc-header -emit-objc-header-path /Users/admin/builder/spi-builder-workspace/.derivedData/Build/Intermediates.noindex/AwaitKit.build/Debug-watchos/AwaitKit-t.build/Objects-normal/arm64/AwaitKit-Swift.h -working-directory /Users/admin/builder/spi-builder-workspace/.swiftpm/xcode -experimental-emit-module-separately -disable-cmo
Ld /Users/admin/builder/spi-builder-workspace/.derivedData/Build/Intermediates.noindex/PromiseKit.build/Debug-watchos/PromiseKit-t.build/Objects-normal/arm64_32/Binary/PromiseKit.o normal arm64_32 (in target 'PromiseKit' from project 'PromiseKit')
cd /Users/admin/builder/spi-builder-workspace/.dependencies/checkouts/PromiseKit
/Applications/Xcode-27.0.0-Release.Candidate.app/Contents/Developer/Toolchains/XcodeDefault.xctoolchain/usr/bin/clang -Xlinker -reproducible -target arm64_32-apple-watchos9.0 -r -isysroot /Applications/Xcode-27.0.0-Release.Candidate.app/Contents/Developer/Platforms/WatchOS.platform/Developer/SDKs/WatchOS27.0.sdk -O0 -w -Xlinker -no_warn_duplicate_libraries -F/Users/admin/builder/spi-builder-workspace/.derivedData/Build/Intermediates.noindex/EagerLinkingTBDs/Debug-watchos -F/Users/admin/builder/spi-builder-workspace/.derivedData/Build/Products/Debug-watchos -iframework /Applications/Xcode-27.0.0-Release.Candidate.app/Contents/Developer/Platforms/WatchOS.platform/Developer/Library/Frameworks -iframework /Applications/Xcode-27.0.0-Release.Candidate.app/Contents/Developer/Platforms/WatchOS.platform/Developer/SDKs/WatchOS27.0.sdk/Developer/Library/Frameworks -filelist /Users/admin/builder/spi-builder-workspace/.derivedData/Build/Intermediates.noindex/PromiseKit.build/Debug-watchos/PromiseKit-t.build/Objects-normal/arm64_32/PromiseKit.LinkFileList -nostdlib -Xlinker -object_path_lto -Xlinker /Users/admin/builder/spi-builder-workspace/.derivedData/Build/Intermediates.noindex/PromiseKit.build/Debug-watchos/PromiseKit-t.build/Objects-normal/arm64_32/PromiseKit_lto.o -Xlinker -no_deduplicate -Xlinker -debug_variant -Xlinker -dependency_info -Xlinker /Users/admin/builder/spi-builder-workspace/.derivedData/Build/Intermediates.noindex/PromiseKit.build/Debug-watchos/PromiseKit-t.build/Objects-normal/arm64_32/PromiseKit_dependency_info.dat -fobjc-link-runtime -L/Applications/Xcode-27.0.0-Release.Candidate.app/Contents/Developer/Toolchains/XcodeDefault.xctoolchain/usr/lib/swift/watchos -L/usr/lib/swift -Xlinker -add_ast_path -Xlinker /Users/admin/builder/spi-builder-workspace/.derivedData/Build/Intermediates.noindex/PromiseKit.build/Debug-watchos/PromiseKit-t.build/Objects-normal/arm64_32/PromiseKit.swiftmodule -o /Users/admin/builder/spi-builder-workspace/.derivedData/Build/Intermediates.noindex/PromiseKit.build/Debug-watchos/PromiseKit-t.build/Objects-normal/arm64_32/Binary/PromiseKit.o
Copy /Users/admin/builder/spi-builder-workspace/.derivedData/Build/Products/Debug-watchos/AwaitKit.swiftmodule/arm64-apple-watchos.swiftmodule /Users/admin/builder/spi-builder-workspace/.derivedData/Build/Intermediates.noindex/AwaitKit.build/Debug-watchos/AwaitKit-t.build/Objects-normal/arm64/AwaitKit.swiftmodule (in target 'AwaitKit' from project 'AwaitKit')
cd /Users/admin/builder/spi-builder-workspace
builtin-copy -exclude .DS_Store -exclude CVS -exclude .svn -exclude .git -exclude .hg -resolve-src-symlinks -rename /Users/admin/builder/spi-builder-workspace/.derivedData/Build/Intermediates.noindex/AwaitKit.build/Debug-watchos/AwaitKit-t.build/Objects-normal/arm64/AwaitKit.swiftmodule /Users/admin/builder/spi-builder-workspace/.derivedData/Build/Products/Debug-watchos/AwaitKit.swiftmodule/arm64-apple-watchos.swiftmodule
CreateUniversalBinary /Users/admin/builder/spi-builder-workspace/.derivedData/Build/Products/Debug-watchos/PromiseKit.o normal arm64\ arm64_32 (in target 'PromiseKit' from project 'PromiseKit')
cd /Users/admin/builder/spi-builder-workspace/.dependencies/checkouts/PromiseKit
/Applications/Xcode-27.0.0-Release.Candidate.app/Contents/Developer/Toolchains/XcodeDefault.xctoolchain/usr/bin/lipo -create /Users/admin/builder/spi-builder-workspace/.derivedData/Build/Intermediates.noindex/PromiseKit.build/Debug-watchos/PromiseKit-t.build/Objects-normal/arm64/Binary/PromiseKit.o /Users/admin/builder/spi-builder-workspace/.derivedData/Build/Intermediates.noindex/PromiseKit.build/Debug-watchos/PromiseKit-t.build/Objects-normal/arm64_32/Binary/PromiseKit.o -output /Users/admin/builder/spi-builder-workspace/.derivedData/Build/Products/Debug-watchos/PromiseKit.o
Copy /Users/admin/builder/spi-builder-workspace/.derivedData/Build/Products/Debug-watchos/AwaitKit.swiftmodule/arm64-apple-watchos.swiftdoc /Users/admin/builder/spi-builder-workspace/.derivedData/Build/Intermediates.noindex/AwaitKit.build/Debug-watchos/AwaitKit-t.build/Objects-normal/arm64/AwaitKit.swiftdoc (in target 'AwaitKit' from project 'AwaitKit')
cd /Users/admin/builder/spi-builder-workspace
builtin-copy -exclude .DS_Store -exclude CVS -exclude .svn -exclude .git -exclude .hg -resolve-src-symlinks -rename /Users/admin/builder/spi-builder-workspace/.derivedData/Build/Intermediates.noindex/AwaitKit.build/Debug-watchos/AwaitKit-t.build/Objects-normal/arm64/AwaitKit.swiftdoc /Users/admin/builder/spi-builder-workspace/.derivedData/Build/Products/Debug-watchos/AwaitKit.swiftmodule/arm64-apple-watchos.swiftdoc
SwiftDriverJobDiscovery normal arm64_32 Compiling AwaitKitExtension.swift (in target 'AwaitKit' from project 'AwaitKit')
Copy /Users/admin/builder/spi-builder-workspace/.derivedData/Build/Products/Debug-watchos/AwaitKit.swiftmodule/arm64-apple-watchos.abi.json /Users/admin/builder/spi-builder-workspace/.derivedData/Build/Intermediates.noindex/AwaitKit.build/Debug-watchos/AwaitKit-t.build/Objects-normal/arm64/AwaitKit.abi.json (in target 'AwaitKit' from project 'AwaitKit')
cd /Users/admin/builder/spi-builder-workspace
builtin-copy -exclude .DS_Store -exclude CVS -exclude .svn -exclude .git -exclude .hg -resolve-src-symlinks -rename /Users/admin/builder/spi-builder-workspace/.derivedData/Build/Intermediates.noindex/AwaitKit.build/Debug-watchos/AwaitKit-t.build/Objects-normal/arm64/AwaitKit.abi.json /Users/admin/builder/spi-builder-workspace/.derivedData/Build/Products/Debug-watchos/AwaitKit.swiftmodule/arm64-apple-watchos.abi.json
Copy /Users/admin/builder/spi-builder-workspace/.derivedData/Build/Products/Debug-watchos/AwaitKit.swiftmodule/Project/arm64-apple-watchos.swiftsourceinfo /Users/admin/builder/spi-builder-workspace/.derivedData/Build/Intermediates.noindex/AwaitKit.build/Debug-watchos/AwaitKit-t.build/Objects-normal/arm64/AwaitKit.swiftsourceinfo (in target 'AwaitKit' from project 'AwaitKit')
cd /Users/admin/builder/spi-builder-workspace
builtin-copy -exclude .DS_Store -exclude CVS -exclude .svn -exclude .git -exclude .hg -resolve-src-symlinks -rename /Users/admin/builder/spi-builder-workspace/.derivedData/Build/Intermediates.noindex/AwaitKit.build/Debug-watchos/AwaitKit-t.build/Objects-normal/arm64/AwaitKit.swiftsourceinfo /Users/admin/builder/spi-builder-workspace/.derivedData/Build/Products/Debug-watchos/AwaitKit.swiftmodule/Project/arm64-apple-watchos.swiftsourceinfo
PruneExplicitPrecompiledModules /Users/admin/builder/spi-builder-workspace/.derivedData/Build/Intermediates.noindex/SwiftExplicitPrecompiledModules
PruneExplicitPrecompiledModules /Users/admin/builder/spi-builder-workspace/.derivedData/SDKExplicitPrecompiledModules
PruneExplicitPrecompiledModules /Users/admin/builder/spi-builder-workspace/.derivedData/Build/Intermediates.noindex/ExplicitPrecompiledModules
2026-09-16 12:02:54.653 xcodebuild[1272:6178] [MT] IDERunDestination: Supported platforms for the buildables in the current scheme is empty.
** BUILD FAILED **
The following build commands failed:
SwiftCompile normal arm64 Compiling\ DispatchQueue+Await.swift /Users/admin/builder/spi-builder-workspace/Sources/AwaitKit/DispatchQueue+Await.swift (in target 'AwaitKit' from project 'AwaitKit')
SwiftCompile normal arm64 /Users/admin/builder/spi-builder-workspace/Sources/AwaitKit/DispatchQueue+Await.swift (in target 'AwaitKit' from project 'AwaitKit')
Building workspace AwaitKit with scheme AwaitKit
(3 failures)
Command line invocation:
/Applications/Xcode-27.0.0-Release.Candidate.app/Contents/Developer/usr/bin/xcodebuild -IDEClonedSourcePackagesDirPathOverride=/Users/admin/builder/spi-builder-workspace/.dependencies -resolvePackageDependencies
Resolve Package Graph
Resolved source packages:
AwaitKit: /Users/admin/builder/spi-builder-workspace
PromiseKit: https://github.com/mxcl/PromiseKit.git @ 6.22.1
resolved source packages: AwaitKit, PromiseKit
2026-09-16 12:03:01.734 xcodebuild[1432:6826] [MT] IDERunDestination: Supported platforms for the buildables in the current scheme is empty.
{
"dependencies" : [
{
"identity" : "promisekit",
"requirement" : {
"range" : [
{
"lower_bound" : "6.10.0",
"upper_bound" : "7.0.0"
}
]
},
"type" : "sourceControl",
"url" : "https://github.com/mxcl/PromiseKit.git"
}
],
"manifest_display_name" : "AwaitKit",
"name" : "AwaitKit",
"path" : "/Users/admin/builder/spi-builder-workspace",
"platforms" : [
],
"products" : [
{
"name" : "AwaitKit",
"targets" : [
"AwaitKit"
],
"type" : {
"library" : [
"automatic"
]
}
}
],
"targets" : [
{
"c99name" : "AwaitKitTests",
"module_type" : "SwiftTarget",
"name" : "AwaitKitTests",
"path" : "Tests/AwaitKitTests",
"sources" : [
"AwaitKitAsyncTests.swift",
"AwaitKitAwaitTests.swift",
"AwaitKitTests.swift"
],
"target_dependencies" : [
"AwaitKit"
],
"type" : "test"
},
{
"c99name" : "AwaitKit",
"module_type" : "SwiftTarget",
"name" : "AwaitKit",
"path" : "Sources/AwaitKit",
"product_dependencies" : [
"PromiseKit"
],
"product_memberships" : [
"AwaitKit"
],
"sources" : [
"AwaitKit.swift",
"AwaitKitExtension.swift",
"DispatchQueue+Async.swift",
"DispatchQueue+Await.swift"
],
"type" : "library"
}
],
"tools_version" : "4.2"
}
{
"workspace" : {
"name" : "AwaitKit",
"schemes" : [
"AwaitKit"
]
}
}
2026-09-16 12:03:02.998 xcodebuild[1440:6894] [MT] IDERunDestination: Supported platforms for the buildables in the current scheme is empty.
Running build ...
env DEVELOPER_DIR=/Applications/Xcode-27.0.0-Release.Candidate.app xcrun xcodebuild -IDEClonedSourcePackagesDirPathOverride=$PWD/.dependencies -skipMacroValidation -skipPackagePluginValidation -derivedDataPath $PWD/.derivedData build -scheme AwaitKit -destination generic/platform=watchOS
Command line invocation:
/Applications/Xcode-27.0.0-Release.Candidate.app/Contents/Developer/usr/bin/xcodebuild -IDEClonedSourcePackagesDirPathOverride=/Users/admin/builder/spi-builder-workspace/.dependencies -skipMacroValidation -skipPackagePluginValidation -derivedDataPath /Users/admin/builder/spi-builder-workspace/.derivedData build -scheme AwaitKit -destination generic/platform=watchOS
Resolve Package Graph
Resolved source packages:
AwaitKit: /Users/admin/builder/spi-builder-workspace
PromiseKit: https://github.com/mxcl/PromiseKit.git @ 6.22.1
ComputePackagePrebuildTargetDependencyGraph
Prepare packages
CreateBuildRequest
SendProjectDescription
CreateBuildOperation
ComputeTargetDependencyGraph
note: Building targets in dependency order
note: Target dependency graph (4 targets)
Target 'AwaitKit-product' in project 'AwaitKit'
➜ Explicit dependency on target 'AwaitKit' in project 'AwaitKit'
➜ Explicit dependency on target 'PromiseKit-product' in project 'PromiseKit'
Target 'AwaitKit' in project 'AwaitKit'
➜ Explicit dependency on target 'PromiseKit-product' in project 'PromiseKit'
Target 'PromiseKit-product' in project 'PromiseKit'
➜ Explicit dependency on target 'PromiseKit' in project 'PromiseKit'
Target 'PromiseKit' in project 'PromiseKit' (no dependencies)
GatherProvisioningInputs
CreateBuildDescription
ClangStatCache /Applications/Xcode-27.0.0-Release.Candidate.app/Contents/Developer/Toolchains/XcodeDefault.xctoolchain/usr/bin/clang-stat-cache /Applications/Xcode-27.0.0-Release.Candidate.app/Contents/Developer/Platforms/WatchOS.platform/Developer/SDKs/WatchOS27.0.sdk /Users/admin/builder/spi-builder-workspace/.derivedData/SDKStatCaches.noindex/watchos27.0-24R360-e829b21a6f8c9b70876ba0858053c04477534ef55a1706bf4c1112bbb242f0a2.sdkstatcache
cd /Users/admin/builder/spi-builder-workspace/.swiftpm/xcode
/Applications/Xcode-27.0.0-Release.Candidate.app/Contents/Developer/Toolchains/XcodeDefault.xctoolchain/usr/bin/clang-stat-cache /Applications/Xcode-27.0.0-Release.Candidate.app/Contents/Developer/Platforms/WatchOS.platform/Developer/SDKs/WatchOS27.0.sdk -o /Users/admin/builder/spi-builder-workspace/.derivedData/SDKStatCaches.noindex/watchos27.0-24R360-e829b21a6f8c9b70876ba0858053c04477534ef55a1706bf4c1112bbb242f0a2.sdkstatcache
CreateUniversalBinary /Users/admin/builder/spi-builder-workspace/.derivedData/Build/Products/Debug-watchos/PromiseKit.o normal arm64\ arm64_32 (in target 'PromiseKit' from project 'PromiseKit')
cd /Users/admin/builder/spi-builder-workspace/.dependencies/checkouts/PromiseKit
/Applications/Xcode-27.0.0-Release.Candidate.app/Contents/Developer/Toolchains/XcodeDefault.xctoolchain/usr/bin/lipo -create /Users/admin/builder/spi-builder-workspace/.derivedData/Build/Intermediates.noindex/PromiseKit.build/Debug-watchos/PromiseKit-t.build/Objects-normal/arm64/Binary/PromiseKit.o /Users/admin/builder/spi-builder-workspace/.derivedData/Build/Intermediates.noindex/PromiseKit.build/Debug-watchos/PromiseKit-t.build/Objects-normal/arm64_32/Binary/PromiseKit.o -output /Users/admin/builder/spi-builder-workspace/.derivedData/Build/Products/Debug-watchos/PromiseKit.o
SwiftDriver AwaitKit normal arm64_32 com.apple.xcode.tools.swift.compiler (in target 'AwaitKit' from project 'AwaitKit')
cd /Users/admin/builder/spi-builder-workspace/.swiftpm/xcode
builtin-SwiftDriver -- /Applications/Xcode-27.0.0-Release.Candidate.app/Contents/Developer/Toolchains/XcodeDefault.xctoolchain/usr/bin/swiftc -parse-as-library -module-name AwaitKit -Onone @/Users/admin/builder/spi-builder-workspace/.derivedData/Build/Intermediates.noindex/AwaitKit.build/Debug-watchos/AwaitKit-t.build/Objects-normal/arm64_32/AwaitKit.SwiftFileList -DSWIFT_PACKAGE -DDEBUG -DSWIFT_MODULE_RESOURCE_BUNDLE_UNAVAILABLE -DXcode -plugin-path /Applications/Xcode-27.0.0-Release.Candidate.app/Contents/Developer/Toolchains/XcodeDefault.xctoolchain/usr/lib/swift/host/plugins/testing -enable-experimental-feature DebugDescriptionMacro -sdk /Applications/Xcode-27.0.0-Release.Candidate.app/Contents/Developer/Platforms/WatchOS.platform/Developer/SDKs/WatchOS27.0.sdk -target arm64_32-apple-watchos9.0 -g -module-cache-path /Users/admin/builder/spi-builder-workspace/.derivedData/ModuleCache.noindex -Xfrontend -serialize-debugging-options -profile-coverage-mapping -profile-generate -enable-testing -index-store-path /Users/admin/builder/spi-builder-workspace/.derivedData/Index.noindex/DataStore -Xcc -D_LIBCPP_HARDENING_MODE\=_LIBCPP_HARDENING_MODE_DEBUG -swift-version 4.2 -I /Users/admin/builder/spi-builder-workspace/.derivedData/Build/Products/Debug-watchos -Isystem /Applications/Xcode-27.0.0-Release.Candidate.app/Contents/Developer/Platforms/WatchOS.platform/Developer/usr/lib -F /Users/admin/builder/spi-builder-workspace/.derivedData/Build/Products/Debug-watchos/PackageFrameworks -F /Users/admin/builder/spi-builder-workspace/.derivedData/Build/Products/Debug-watchos -F /Applications/Xcode-27.0.0-Release.Candidate.app/Contents/Developer/Platforms/WatchOS.platform/Developer/Library/Frameworks -F /Applications/Xcode-27.0.0-Release.Candidate.app/Contents/Developer/Platforms/WatchOS.platform/Developer/SDKs/WatchOS27.0.sdk/Developer/Library/Frameworks -c -j10 -enable-batch-mode -incremental -Xcc -ivfsstatcache -Xcc /Users/admin/builder/spi-builder-workspace/.derivedData/SDKStatCaches.noindex/watchos27.0-24R360-e829b21a6f8c9b70876ba0858053c04477534ef55a1706bf4c1112bbb242f0a2.sdkstatcache -output-file-map /Users/admin/builder/spi-builder-workspace/.derivedData/Build/Intermediates.noindex/AwaitKit.build/Debug-watchos/AwaitKit-t.build/Objects-normal/arm64_32/AwaitKit-OutputFileMap.json -save-temps -no-color-diagnostics -emit-dependencies -emit-module -emit-module-path /Users/admin/builder/spi-builder-workspace/.derivedData/Build/Intermediates.noindex/AwaitKit.build/Debug-watchos/AwaitKit-t.build/Objects-normal/arm64_32/AwaitKit.swiftmodule -serialize-diagnostics -validate-clang-modules-once -clang-build-session-file /Users/admin/builder/spi-builder-workspace/.derivedData/ModuleCache.noindex/Session.modulevalidation -Xcc -fmodules-prune-interval\=86400 -Xcc -fmodules-prune-after\=345600 -emit-const-values -const-gather-protocols-list /Users/admin/builder/spi-builder-workspace/.derivedData/Build/Intermediates.noindex/AwaitKit.build/Debug-watchos/AwaitKit-t.build/Objects-normal/arm64_32/AwaitKit_const_extract_protocols.json -Xcc -I/Users/admin/builder/spi-builder-workspace/.derivedData/Build/Products/Debug-watchos/include -Xcc -I/Users/admin/builder/spi-builder-workspace/.derivedData/Build/Intermediates.noindex/AwaitKit.build/Debug-watchos/AwaitKit-t.build/DerivedSources-normal/arm64_32 -Xcc -I/Users/admin/builder/spi-builder-workspace/.derivedData/Build/Intermediates.noindex/AwaitKit.build/Debug-watchos/AwaitKit-t.build/DerivedSources/arm64_32 -Xcc -I/Users/admin/builder/spi-builder-workspace/.derivedData/Build/Intermediates.noindex/AwaitKit.build/Debug-watchos/AwaitKit-t.build/DerivedSources -Xcc -DSWIFT_PACKAGE -Xcc -DDEBUG\=1 -emit-objc-header -emit-objc-header-path /Users/admin/builder/spi-builder-workspace/.derivedData/Build/Intermediates.noindex/AwaitKit.build/Debug-watchos/AwaitKit-t.build/Objects-normal/arm64_32/AwaitKit-Swift.h -working-directory /Users/admin/builder/spi-builder-workspace/.swiftpm/xcode -experimental-emit-module-separately -disable-cmo
SwiftDriver AwaitKit normal arm64 com.apple.xcode.tools.swift.compiler (in target 'AwaitKit' from project 'AwaitKit')
cd /Users/admin/builder/spi-builder-workspace/.swiftpm/xcode
builtin-SwiftDriver -- /Applications/Xcode-27.0.0-Release.Candidate.app/Contents/Developer/Toolchains/XcodeDefault.xctoolchain/usr/bin/swiftc -parse-as-library -module-name AwaitKit -Onone @/Users/admin/builder/spi-builder-workspace/.derivedData/Build/Intermediates.noindex/AwaitKit.build/Debug-watchos/AwaitKit-t.build/Objects-normal/arm64/AwaitKit.SwiftFileList -DSWIFT_PACKAGE -DDEBUG -DSWIFT_MODULE_RESOURCE_BUNDLE_UNAVAILABLE -DXcode -plugin-path /Applications/Xcode-27.0.0-Release.Candidate.app/Contents/Developer/Toolchains/XcodeDefault.xctoolchain/usr/lib/swift/host/plugins/testing -enable-experimental-feature DebugDescriptionMacro -sdk /Applications/Xcode-27.0.0-Release.Candidate.app/Contents/Developer/Platforms/WatchOS.platform/Developer/SDKs/WatchOS27.0.sdk -target arm64-apple-watchos9.0 -g -module-cache-path /Users/admin/builder/spi-builder-workspace/.derivedData/ModuleCache.noindex -Xfrontend -serialize-debugging-options -profile-coverage-mapping -profile-generate -enable-testing -index-store-path /Users/admin/builder/spi-builder-workspace/.derivedData/Index.noindex/DataStore -Xcc -D_LIBCPP_HARDENING_MODE\=_LIBCPP_HARDENING_MODE_DEBUG -swift-version 4.2 -I /Users/admin/builder/spi-builder-workspace/.derivedData/Build/Products/Debug-watchos -Isystem /Applications/Xcode-27.0.0-Release.Candidate.app/Contents/Developer/Platforms/WatchOS.platform/Developer/usr/lib -F /Users/admin/builder/spi-builder-workspace/.derivedData/Build/Products/Debug-watchos/PackageFrameworks -F /Users/admin/builder/spi-builder-workspace/.derivedData/Build/Products/Debug-watchos -F /Applications/Xcode-27.0.0-Release.Candidate.app/Contents/Developer/Platforms/WatchOS.platform/Developer/Library/Frameworks -F /Applications/Xcode-27.0.0-Release.Candidate.app/Contents/Developer/Platforms/WatchOS.platform/Developer/SDKs/WatchOS27.0.sdk/Developer/Library/Frameworks -c -j10 -enable-batch-mode -incremental -Xcc -ivfsstatcache -Xcc /Users/admin/builder/spi-builder-workspace/.derivedData/SDKStatCaches.noindex/watchos27.0-24R360-e829b21a6f8c9b70876ba0858053c04477534ef55a1706bf4c1112bbb242f0a2.sdkstatcache -output-file-map /Users/admin/builder/spi-builder-workspace/.derivedData/Build/Intermediates.noindex/AwaitKit.build/Debug-watchos/AwaitKit-t.build/Objects-normal/arm64/AwaitKit-OutputFileMap.json -save-temps -no-color-diagnostics -emit-dependencies -emit-module -emit-module-path /Users/admin/builder/spi-builder-workspace/.derivedData/Build/Intermediates.noindex/AwaitKit.build/Debug-watchos/AwaitKit-t.build/Objects-normal/arm64/AwaitKit.swiftmodule -serialize-diagnostics -validate-clang-modules-once -clang-build-session-file /Users/admin/builder/spi-builder-workspace/.derivedData/ModuleCache.noindex/Session.modulevalidation -Xcc -fmodules-prune-interval\=86400 -Xcc -fmodules-prune-after\=345600 -emit-const-values -const-gather-protocols-list /Users/admin/builder/spi-builder-workspace/.derivedData/Build/Intermediates.noindex/AwaitKit.build/Debug-watchos/AwaitKit-t.build/Objects-normal/arm64/AwaitKit_const_extract_protocols.json -Xcc -I/Users/admin/builder/spi-builder-workspace/.derivedData/Build/Products/Debug-watchos/include -Xcc -I/Users/admin/builder/spi-builder-workspace/.derivedData/Build/Intermediates.noindex/AwaitKit.build/Debug-watchos/AwaitKit-t.build/DerivedSources-normal/arm64 -Xcc -I/Users/admin/builder/spi-builder-workspace/.derivedData/Build/Intermediates.noindex/AwaitKit.build/Debug-watchos/AwaitKit-t.build/DerivedSources/arm64 -Xcc -I/Users/admin/builder/spi-builder-workspace/.derivedData/Build/Intermediates.noindex/AwaitKit.build/Debug-watchos/AwaitKit-t.build/DerivedSources -Xcc -DSWIFT_PACKAGE -Xcc -DDEBUG\=1 -emit-objc-header -emit-objc-header-path /Users/admin/builder/spi-builder-workspace/.derivedData/Build/Intermediates.noindex/AwaitKit.build/Debug-watchos/AwaitKit-t.build/Objects-normal/arm64/AwaitKit-Swift.h -working-directory /Users/admin/builder/spi-builder-workspace/.swiftpm/xcode -experimental-emit-module-separately -disable-cmo
ExtractAppIntentsMetadata (in target 'PromiseKit' from project 'PromiseKit')
cd /Users/admin/builder/spi-builder-workspace/.dependencies/checkouts/PromiseKit
/Applications/Xcode-27.0.0-Release.Candidate.app/Contents/Developer/Toolchains/XcodeDefault.xctoolchain/usr/bin/appintentsmetadataprocessor --toolchain-dir /var/run/com.apple.security.cryptexd/mnt/com.apple.MobileAsset.MetalToolchain-v27.1.266.1.vvpyM5/Metal.xctoolchain --module-name PromiseKit --sdk-root /Applications/Xcode-27.0.0-Release.Candidate.app/Contents/Developer/Platforms/WatchOS.platform/Developer/SDKs/WatchOS27.0.sdk --xcode-version 27A266a --platform-family watchOS --deployment-target 9.0 --bundle-identifier promisekit.PromiseKit --output /Users/admin/builder/spi-builder-workspace/.derivedData/Build/Products/Debug-watchos/PromiseKit.appintents --target-triple arm64-apple-watchos9.0 --target-triple arm64_32-apple-watchos9.0 --binary-file /Users/admin/builder/spi-builder-workspace/.derivedData/Build/Products/Debug-watchos/PromiseKit.o --dependency-file /Users/admin/builder/spi-builder-workspace/.derivedData/Build/Intermediates.noindex/PromiseKit.build/Debug-watchos/PromiseKit-t.build/Objects-normal/arm64/PromiseKit_dependency_info.dat --dependency-file /Users/admin/builder/spi-builder-workspace/.derivedData/Build/Intermediates.noindex/PromiseKit.build/Debug-watchos/PromiseKit-t.build/Objects-normal/arm64_32/PromiseKit_dependency_info.dat --stringsdata-file /Users/admin/builder/spi-builder-workspace/.derivedData/Build/Intermediates.noindex/PromiseKit.build/Debug-watchos/PromiseKit-t.build/Objects-normal/arm64/ExtractedAppShortcutsMetadata.stringsdata --stringsdata-file /Users/admin/builder/spi-builder-workspace/.derivedData/Build/Intermediates.noindex/PromiseKit.build/Debug-watchos/PromiseKit-t.build/Objects-normal/arm64_32/ExtractedAppShortcutsMetadata.stringsdata --source-file-list /Users/admin/builder/spi-builder-workspace/.derivedData/Build/Intermediates.noindex/PromiseKit.build/Debug-watchos/PromiseKit-t.build/Objects-normal/arm64/PromiseKit.SwiftFileList --source-file-list /Users/admin/builder/spi-builder-workspace/.derivedData/Build/Intermediates.noindex/PromiseKit.build/Debug-watchos/PromiseKit-t.build/Objects-normal/arm64_32/PromiseKit.SwiftFileList --metadata-file-list /Users/admin/builder/spi-builder-workspace/.derivedData/Build/Intermediates.noindex/PromiseKit.build/Debug-watchos/PromiseKit-t.build/PromiseKit.DependencyMetadataFileList --static-metadata-file-list /Users/admin/builder/spi-builder-workspace/.derivedData/Build/Intermediates.noindex/PromiseKit.build/Debug-watchos/PromiseKit-t.build/PromiseKit.DependencyStaticMetadataFileList --swift-const-vals-list /Users/admin/builder/spi-builder-workspace/.derivedData/Build/Intermediates.noindex/PromiseKit.build/Debug-watchos/PromiseKit-t.build/Objects-normal/arm64/PromiseKit.SwiftConstValuesFileList --swift-const-vals-list /Users/admin/builder/spi-builder-workspace/.derivedData/Build/Intermediates.noindex/PromiseKit.build/Debug-watchos/PromiseKit-t.build/Objects-normal/arm64_32/PromiseKit.SwiftConstValuesFileList --force --compile-time-extraction --deployment-aware-processing --no-app-shortcuts-localization
2026-09-16 12:03:04.745 appintentsmetadataprocessor[1445:6960] Starting appintentsmetadataprocessor export
2026-09-16 12:03:04.870 appintentsmetadataprocessor[1445:6960] Extracted no relevant App Intents symbols, skipping writing output
SwiftCompile normal arm64 Compiling\ DispatchQueue+Async.swift /Users/admin/builder/spi-builder-workspace/Sources/AwaitKit/DispatchQueue+Async.swift (in target 'AwaitKit' from project 'AwaitKit')
SwiftCompile normal arm64 /Users/admin/builder/spi-builder-workspace/Sources/AwaitKit/DispatchQueue+Async.swift (in target 'AwaitKit' from project 'AwaitKit')
cd /Users/admin/builder/spi-builder-workspace/.swiftpm/xcode
builtin-SwiftPerFileCompile DispatchQueue+Async.swift
SwiftEmitModule normal arm64 Emitting\ module\ for\ AwaitKit (in target 'AwaitKit' from project 'AwaitKit')
SwiftCompile normal arm64 (in target 'AwaitKit' from project 'AwaitKit')
cd /Users/admin/builder/spi-builder-workspace/.swiftpm/xcode
SwiftCompile normal arm64 Compiling\ AwaitKit.swift /Users/admin/builder/spi-builder-workspace/Sources/AwaitKit/AwaitKit.swift (in target 'AwaitKit' from project 'AwaitKit')
SwiftCompile normal arm64 /Users/admin/builder/spi-builder-workspace/Sources/AwaitKit/AwaitKit.swift (in target 'AwaitKit' from project 'AwaitKit')
cd /Users/admin/builder/spi-builder-workspace/.swiftpm/xcode
builtin-SwiftPerFileCompile AwaitKit.swift
SwiftCompile normal arm64 Compiling\ AwaitKitExtension.swift /Users/admin/builder/spi-builder-workspace/Sources/AwaitKit/AwaitKitExtension.swift (in target 'AwaitKit' from project 'AwaitKit')
SwiftCompile normal arm64 /Users/admin/builder/spi-builder-workspace/Sources/AwaitKit/AwaitKitExtension.swift (in target 'AwaitKit' from project 'AwaitKit')
cd /Users/admin/builder/spi-builder-workspace/.swiftpm/xcode
builtin-SwiftPerFileCompile AwaitKitExtension.swift
SwiftEmitModule normal arm64_32 Emitting\ module\ for\ AwaitKit (in target 'AwaitKit' from project 'AwaitKit')
SwiftCompile normal arm64_32 (in target 'AwaitKit' from project 'AwaitKit')
cd /Users/admin/builder/spi-builder-workspace/.swiftpm/xcode
SwiftCompile normal arm64_32 Compiling\ AwaitKit.swift /Users/admin/builder/spi-builder-workspace/Sources/AwaitKit/AwaitKit.swift (in target 'AwaitKit' from project 'AwaitKit')
SwiftCompile normal arm64_32 /Users/admin/builder/spi-builder-workspace/Sources/AwaitKit/AwaitKit.swift (in target 'AwaitKit' from project 'AwaitKit')
cd /Users/admin/builder/spi-builder-workspace/.swiftpm/xcode
builtin-SwiftPerFileCompile AwaitKit.swift
SwiftCompile normal arm64 Compiling\ DispatchQueue+Await.swift /Users/admin/builder/spi-builder-workspace/Sources/AwaitKit/DispatchQueue+Await.swift (in target 'AwaitKit' from project 'AwaitKit')
/Users/admin/builder/spi-builder-workspace/Sources/AwaitKit/DispatchQueue+Await.swift:44:16: error: cannot convert return expression of type 'Promise<T>' to return type 'T'
42 | let promise = self.base.async(.promise, execute: body)
43 |
44 | return try await(promise)
| `- error: cannot convert return expression of type 'Promise<T>' to return type 'T'
45 | }
46 |
/Users/admin/builder/spi-builder-workspace/Sources/AwaitKit/DispatchQueue+Await.swift:44:16: error: 'await' in a function that does not support concurrency
39 | */
40 | @discardableResult
41 | public final func await<T>(_ body: @escaping () throws -> T) throws -> T {
| `- note: add 'async' to function 'await' to make it asynchronous
42 | let promise = self.base.async(.promise, execute: body)
43 |
44 | return try await(promise)
| `- error: 'await' in a function that does not support concurrency
45 | }
46 |
/Users/admin/builder/spi-builder-workspace/Sources/AwaitKit/DispatchQueue+Await.swift:44:12: warning: no calls to throwing functions occur within 'try' expression [#UnnecessaryEffectMarker]
42 | let promise = self.base.async(.promise, execute: body)
43 |
44 | return try await(promise)
| `- warning: no calls to throwing functions occur within 'try' expression [#UnnecessaryEffectMarker]
45 | }
46 |
[#UnnecessaryEffectMarker]: <https://docs.swift.org/compiler/documentation/diagnostics/unnecessary-effect-marker>
Failed frontend command:
/Applications/Xcode-27.0.0-Release.Candidate.app/Contents/Developer/Toolchains/XcodeDefault.xctoolchain/usr/bin/swift-frontend -frontend -c /Users/admin/builder/spi-builder-workspace/Sources/AwaitKit/AwaitKit.swift /Users/admin/builder/spi-builder-workspace/Sources/AwaitKit/AwaitKitExtension.swift /Users/admin/builder/spi-builder-workspace/Sources/AwaitKit/DispatchQueue+Async.swift -primary-file /Users/admin/builder/spi-builder-workspace/Sources/AwaitKit/DispatchQueue+Await.swift -emit-dependencies-path /Users/admin/builder/spi-builder-workspace/.derivedData/Build/Intermediates.noindex/AwaitKit.build/Debug-watchos/AwaitKit-t.build/Objects-normal/arm64/DispatchQueue+Await.d -emit-const-values-path /Users/admin/builder/spi-builder-workspace/.derivedData/Build/Intermediates.noindex/AwaitKit.build/Debug-watchos/AwaitKit-t.build/Objects-normal/arm64/DispatchQueue+Await.swiftconstvalues -emit-reference-dependencies-path /Users/admin/builder/spi-builder-workspace/.derivedData/Build/Intermediates.noindex/AwaitKit.build/Debug-watchos/AwaitKit-t.build/Objects-normal/arm64/DispatchQueue+Await.swiftdeps -serialize-diagnostics-path /Users/admin/builder/spi-builder-workspace/.derivedData/Build/Intermediates.noindex/AwaitKit.build/Debug-watchos/AwaitKit-t.build/Objects-normal/arm64/DispatchQueue+Await.dia -target arm64-apple-watchos9.0 -Xllvm -aarch64-use-tbi -enable-objc-interop -stack-check -sdk /Applications/Xcode-27.0.0-Release.Candidate.app/Contents/Developer/Platforms/WatchOS.platform/Developer/SDKs/WatchOS27.0.sdk -I /Users/admin/builder/spi-builder-workspace/.derivedData/Build/Products/Debug-watchos -Isystem /Applications/Xcode-27.0.0-Release.Candidate.app/Contents/Developer/Platforms/WatchOS.platform/Developer/usr/lib -F /Users/admin/builder/spi-builder-workspace/.derivedData/Build/Products/Debug-watchos/PackageFrameworks -F /Users/admin/builder/spi-builder-workspace/.derivedData/Build/Products/Debug-watchos -F /Applications/Xcode-27.0.0-Release.Candidate.app/Contents/Developer/Platforms/WatchOS.platform/Developer/Library/Frameworks -F /Applications/Xcode-27.0.0-Release.Candidate.app/Contents/Developer/Platforms/WatchOS.platform/Developer/SDKs/WatchOS27.0.sdk/Developer/Library/Frameworks -module-cache-path /Users/admin/builder/spi-builder-workspace/.derivedData/ModuleCache.noindex -no-color-diagnostics -Xcc -fno-color-diagnostics -enable-testing -g -debug-info-format\=dwarf -dwarf-version\=4 -profile-generate -profile-coverage-mapping -swift-version 4.2 -Onone -D SWIFT_PACKAGE -D DEBUG -D SWIFT_MODULE_RESOURCE_BUNDLE_UNAVAILABLE -D Xcode -serialize-debugging-options -enable-experimental-feature DebugDescriptionMacro -empty-abi-descriptor -plugin-path /Applications/Xcode-27.0.0-Release.Candidate.app/Contents/Developer/Toolchains/XcodeDefault.xctoolchain/usr/lib/swift/host/plugins/testing -validate-clang-modules-once -clang-build-session-file /Users/admin/builder/spi-builder-workspace/.derivedData/ModuleCache.noindex/Session.modulevalidation -Xcc -working-directory -Xcc /Users/admin/builder/spi-builder-workspace/.swiftpm/xcode -enable-anonymous-context-mangled-names -file-compilation-dir /Users/admin/builder/spi-builder-workspace/.swiftpm/xcode -Xcc -D_LIBCPP_HARDENING_MODE\=_LIBCPP_HARDENING_MODE_DEBUG -Xcc -ivfsstatcache -Xcc /Users/admin/builder/spi-builder-workspace/.derivedData/SDKStatCaches.noindex/watchos27.0-24R360-e829b21a6f8c9b70876ba0858053c04477534ef55a1706bf4c1112bbb242f0a2.sdkstatcache -Xcc -fmodules-prune-interval\=86400 -Xcc -fmodules-prune-after\=345600 -Xcc -I/Users/admin/builder/spi-builder-workspace/.derivedData/Build/Products/Debug-watchos/include -Xcc -I/Users/admin/builder/spi-builder-workspace/.derivedData/Build/Intermediates.noindex/AwaitKit.build/Debug-watchos/AwaitKit-t.build/DerivedSources-normal/arm64 -Xcc -I/Users/admin/builder/spi-builder-workspace/.derivedData/Build/Intermediates.noindex/AwaitKit.build/Debug-watchos/AwaitKit-t.build/DerivedSources/arm64 -Xcc -I/Users/admin/builder/spi-builder-workspace/.derivedData/Build/Intermediates.noindex/AwaitKit.build/Debug-watchos/AwaitKit-t.build/DerivedSources -Xcc -DSWIFT_PACKAGE -Xcc -DDEBUG\=1 -no-auto-bridging-header-chaining -module-name AwaitKit -const-gather-protocols-file /Users/admin/builder/spi-builder-workspace/.derivedData/Build/Intermediates.noindex/AwaitKit.build/Debug-watchos/AwaitKit-t.build/Objects-normal/arm64/AwaitKit_const_extract_protocols.json -disable-clang-spi -target-sdk-version 27.0 -target-sdk-name watchos27.0 -external-plugin-path /Applications/Xcode-27.0.0-Release.Candidate.app/Contents/Developer/Platforms/WatchOS.platform/Developer/usr/lib/swift/host/plugins\#/Applications/Xcode-27.0.0-Release.Candidate.app/Contents/Developer/Platforms/WatchOS.platform/Developer/usr/bin/swift-plugin-server -external-plugin-path /Applications/Xcode-27.0.0-Release.Candidate.app/Contents/Developer/Platforms/WatchOS.platform/Developer/usr/local/lib/swift/host/plugins\#/Applications/Xcode-27.0.0-Release.Candidate.app/Contents/Developer/Platforms/WatchOS.platform/Developer/usr/bin/swift-plugin-server -in-process-plugin-server-path /Applications/Xcode-27.0.0-Release.Candidate.app/Contents/Developer/Toolchains/XcodeDefault.xctoolchain/usr/lib/swift/host/libSwiftInProcPluginServer.dylib -plugin-path /Applications/Xcode-27.0.0-Release.Candidate.app/Contents/Developer/Toolchains/XcodeDefault.xctoolchain/usr/lib/swift/host/plugins -plugin-path /Applications/Xcode-27.0.0-Release.Candidate.app/Contents/Developer/Toolchains/XcodeDefault.xctoolchain/usr/local/lib/swift/host/plugins -parse-as-library -o /Users/admin/builder/spi-builder-workspace/.derivedData/Build/Intermediates.noindex/AwaitKit.build/Debug-watchos/AwaitKit-t.build/Objects-normal/arm64/DispatchQueue+Await.o -index-unit-output-path /AwaitKit.build/Debug-watchos/AwaitKit-t.build/Objects-normal/arm64/DispatchQueue+Await.o -index-store-path /Users/admin/builder/spi-builder-workspace/.derivedData/Index.noindex/DataStore -index-system-modules
SwiftCompile normal arm64 /Users/admin/builder/spi-builder-workspace/Sources/AwaitKit/DispatchQueue+Await.swift (in target 'AwaitKit' from project 'AwaitKit')
cd /Users/admin/builder/spi-builder-workspace/.swiftpm/xcode
builtin-SwiftPerFileCompile DispatchQueue+Await.swift
SwiftCompile normal arm64_32 Compiling\ DispatchQueue+Await.swift /Users/admin/builder/spi-builder-workspace/Sources/AwaitKit/DispatchQueue+Await.swift (in target 'AwaitKit' from project 'AwaitKit')
/Users/admin/builder/spi-builder-workspace/Sources/AwaitKit/DispatchQueue+Await.swift:44:16: error: cannot convert return expression of type 'Promise<T>' to return type 'T'
42 | let promise = self.base.async(.promise, execute: body)
43 |
44 | return try await(promise)
| `- error: cannot convert return expression of type 'Promise<T>' to return type 'T'
45 | }
46 |
/Users/admin/builder/spi-builder-workspace/Sources/AwaitKit/DispatchQueue+Await.swift:44:16: error: 'await' in a function that does not support concurrency
39 | */
40 | @discardableResult
41 | public final func await<T>(_ body: @escaping () throws -> T) throws -> T {
| `- note: add 'async' to function 'await' to make it asynchronous
42 | let promise = self.base.async(.promise, execute: body)
43 |
44 | return try await(promise)
| `- error: 'await' in a function that does not support concurrency
45 | }
46 |
/Users/admin/builder/spi-builder-workspace/Sources/AwaitKit/DispatchQueue+Await.swift:44:12: warning: no calls to throwing functions occur within 'try' expression [#UnnecessaryEffectMarker]
42 | let promise = self.base.async(.promise, execute: body)
43 |
44 | return try await(promise)
| `- warning: no calls to throwing functions occur within 'try' expression [#UnnecessaryEffectMarker]
45 | }
46 |
[#UnnecessaryEffectMarker]: <https://docs.swift.org/compiler/documentation/diagnostics/unnecessary-effect-marker>
Failed frontend command:
/Applications/Xcode-27.0.0-Release.Candidate.app/Contents/Developer/Toolchains/XcodeDefault.xctoolchain/usr/bin/swift-frontend -frontend -c /Users/admin/builder/spi-builder-workspace/Sources/AwaitKit/AwaitKit.swift /Users/admin/builder/spi-builder-workspace/Sources/AwaitKit/AwaitKitExtension.swift /Users/admin/builder/spi-builder-workspace/Sources/AwaitKit/DispatchQueue+Async.swift -primary-file /Users/admin/builder/spi-builder-workspace/Sources/AwaitKit/DispatchQueue+Await.swift -emit-dependencies-path /Users/admin/builder/spi-builder-workspace/.derivedData/Build/Intermediates.noindex/AwaitKit.build/Debug-watchos/AwaitKit-t.build/Objects-normal/arm64_32/DispatchQueue+Await.d -emit-const-values-path /Users/admin/builder/spi-builder-workspace/.derivedData/Build/Intermediates.noindex/AwaitKit.build/Debug-watchos/AwaitKit-t.build/Objects-normal/arm64_32/DispatchQueue+Await.swiftconstvalues -emit-reference-dependencies-path /Users/admin/builder/spi-builder-workspace/.derivedData/Build/Intermediates.noindex/AwaitKit.build/Debug-watchos/AwaitKit-t.build/Objects-normal/arm64_32/DispatchQueue+Await.swiftdeps -serialize-diagnostics-path /Users/admin/builder/spi-builder-workspace/.derivedData/Build/Intermediates.noindex/AwaitKit.build/Debug-watchos/AwaitKit-t.build/Objects-normal/arm64_32/DispatchQueue+Await.dia -target arm64_32-apple-watchos9.0 -enable-objc-interop -sdk /Applications/Xcode-27.0.0-Release.Candidate.app/Contents/Developer/Platforms/WatchOS.platform/Developer/SDKs/WatchOS27.0.sdk -I /Users/admin/builder/spi-builder-workspace/.derivedData/Build/Products/Debug-watchos -Isystem /Applications/Xcode-27.0.0-Release.Candidate.app/Contents/Developer/Platforms/WatchOS.platform/Developer/usr/lib -F /Users/admin/builder/spi-builder-workspace/.derivedData/Build/Products/Debug-watchos/PackageFrameworks -F /Users/admin/builder/spi-builder-workspace/.derivedData/Build/Products/Debug-watchos -F /Applications/Xcode-27.0.0-Release.Candidate.app/Contents/Developer/Platforms/WatchOS.platform/Developer/Library/Frameworks -F /Applications/Xcode-27.0.0-Release.Candidate.app/Contents/Developer/Platforms/WatchOS.platform/Developer/SDKs/WatchOS27.0.sdk/Developer/Library/Frameworks -module-cache-path /Users/admin/builder/spi-builder-workspace/.derivedData/ModuleCache.noindex -no-color-diagnostics -Xcc -fno-color-diagnostics -enable-testing -g -debug-info-format\=dwarf -dwarf-version\=4 -profile-generate -profile-coverage-mapping -swift-version 4.2 -Onone -D SWIFT_PACKAGE -D DEBUG -D SWIFT_MODULE_RESOURCE_BUNDLE_UNAVAILABLE -D Xcode -serialize-debugging-options -enable-experimental-feature DebugDescriptionMacro -empty-abi-descriptor -plugin-path /Applications/Xcode-27.0.0-Release.Candidate.app/Contents/Developer/Toolchains/XcodeDefault.xctoolchain/usr/lib/swift/host/plugins/testing -validate-clang-modules-once -clang-build-session-file /Users/admin/builder/spi-builder-workspace/.derivedData/ModuleCache.noindex/Session.modulevalidation -Xcc -working-directory -Xcc /Users/admin/builder/spi-builder-workspace/.swiftpm/xcode -enable-anonymous-context-mangled-names -file-compilation-dir /Users/admin/builder/spi-builder-workspace/.swiftpm/xcode -Xcc -D_LIBCPP_HARDENING_MODE\=_LIBCPP_HARDENING_MODE_DEBUG -Xcc -ivfsstatcache -Xcc /Users/admin/builder/spi-builder-workspace/.derivedData/SDKStatCaches.noindex/watchos27.0-24R360-e829b21a6f8c9b70876ba0858053c04477534ef55a1706bf4c1112bbb242f0a2.sdkstatcache -Xcc -fmodules-prune-interval\=86400 -Xcc -fmodules-prune-after\=345600 -Xcc -I/Users/admin/builder/spi-builder-workspace/.derivedData/Build/Products/Debug-watchos/include -Xcc -I/Users/admin/builder/spi-builder-workspace/.derivedData/Build/Intermediates.noindex/AwaitKit.build/Debug-watchos/AwaitKit-t.build/DerivedSources-normal/arm64_32 -Xcc -I/Users/admin/builder/spi-builder-workspace/.derivedData/Build/Intermediates.noindex/AwaitKit.build/Debug-watchos/AwaitKit-t.build/DerivedSources/arm64_32 -Xcc -I/Users/admin/builder/spi-builder-workspace/.derivedData/Build/Intermediates.noindex/AwaitKit.build/Debug-watchos/AwaitKit-t.build/DerivedSources -Xcc -DSWIFT_PACKAGE -Xcc -DDEBUG\=1 -no-auto-bridging-header-chaining -module-name AwaitKit -const-gather-protocols-file /Users/admin/builder/spi-builder-workspace/.derivedData/Build/Intermediates.noindex/AwaitKit.build/Debug-watchos/AwaitKit-t.build/Objects-normal/arm64_32/AwaitKit_const_extract_protocols.json -disable-clang-spi -target-sdk-version 27.0 -target-sdk-name watchos27.0 -external-plugin-path /Applications/Xcode-27.0.0-Release.Candidate.app/Contents/Developer/Platforms/WatchOS.platform/Developer/usr/lib/swift/host/plugins\#/Applications/Xcode-27.0.0-Release.Candidate.app/Contents/Developer/Platforms/WatchOS.platform/Developer/usr/bin/swift-plugin-server -external-plugin-path /Applications/Xcode-27.0.0-Release.Candidate.app/Contents/Developer/Platforms/WatchOS.platform/Developer/usr/local/lib/swift/host/plugins\#/Applications/Xcode-27.0.0-Release.Candidate.app/Contents/Developer/Platforms/WatchOS.platform/Developer/usr/bin/swift-plugin-server -in-process-plugin-server-path /Applications/Xcode-27.0.0-Release.Candidate.app/Contents/Developer/Toolchains/XcodeDefault.xctoolchain/usr/lib/swift/host/libSwiftInProcPluginServer.dylib -plugin-path /Applications/Xcode-27.0.0-Release.Candidate.app/Contents/Developer/Toolchains/XcodeDefault.xctoolchain/usr/lib/swift/host/plugins -plugin-path /Applications/Xcode-27.0.0-Release.Candidate.app/Contents/Developer/Toolchains/XcodeDefault.xctoolchain/usr/local/lib/swift/host/plugins -parse-as-library -o /Users/admin/builder/spi-builder-workspace/.derivedData/Build/Intermediates.noindex/AwaitKit.build/Debug-watchos/AwaitKit-t.build/Objects-normal/arm64_32/DispatchQueue+Await.o -index-unit-output-path /AwaitKit.build/Debug-watchos/AwaitKit-t.build/Objects-normal/arm64_32/DispatchQueue+Await.o -index-store-path /Users/admin/builder/spi-builder-workspace/.derivedData/Index.noindex/DataStore -index-system-modules
SwiftCompile normal arm64_32 /Users/admin/builder/spi-builder-workspace/Sources/AwaitKit/DispatchQueue+Await.swift (in target 'AwaitKit' from project 'AwaitKit')
cd /Users/admin/builder/spi-builder-workspace/.swiftpm/xcode
builtin-SwiftPerFileCompile DispatchQueue+Await.swift
SwiftCompile normal arm64_32 Compiling\ DispatchQueue+Async.swift /Users/admin/builder/spi-builder-workspace/Sources/AwaitKit/DispatchQueue+Async.swift (in target 'AwaitKit' from project 'AwaitKit')
SwiftCompile normal arm64_32 /Users/admin/builder/spi-builder-workspace/Sources/AwaitKit/DispatchQueue+Async.swift (in target 'AwaitKit' from project 'AwaitKit')
cd /Users/admin/builder/spi-builder-workspace/.swiftpm/xcode
builtin-SwiftPerFileCompile DispatchQueue+Async.swift
SwiftDriverJobDiscovery normal arm64_32 Emitting module for AwaitKit (in target 'AwaitKit' from project 'AwaitKit')
SwiftDriverJobDiscovery normal arm64 Compiling AwaitKitExtension.swift (in target 'AwaitKit' from project 'AwaitKit')
SwiftDriver\ Compilation\ Requirements AwaitKit normal arm64_32 com.apple.xcode.tools.swift.compiler (in target 'AwaitKit' from project 'AwaitKit')
cd /Users/admin/builder/spi-builder-workspace/.swiftpm/xcode
builtin-Swift-Compilation-Requirements -- /Applications/Xcode-27.0.0-Release.Candidate.app/Contents/Developer/Toolchains/XcodeDefault.xctoolchain/usr/bin/swiftc -parse-as-library -module-name AwaitKit -Onone @/Users/admin/builder/spi-builder-workspace/.derivedData/Build/Intermediates.noindex/AwaitKit.build/Debug-watchos/AwaitKit-t.build/Objects-normal/arm64_32/AwaitKit.SwiftFileList -DSWIFT_PACKAGE -DDEBUG -DSWIFT_MODULE_RESOURCE_BUNDLE_UNAVAILABLE -DXcode -plugin-path /Applications/Xcode-27.0.0-Release.Candidate.app/Contents/Developer/Toolchains/XcodeDefault.xctoolchain/usr/lib/swift/host/plugins/testing -enable-experimental-feature DebugDescriptionMacro -sdk /Applications/Xcode-27.0.0-Release.Candidate.app/Contents/Developer/Platforms/WatchOS.platform/Developer/SDKs/WatchOS27.0.sdk -target arm64_32-apple-watchos9.0 -g -module-cache-path /Users/admin/builder/spi-builder-workspace/.derivedData/ModuleCache.noindex -Xfrontend -serialize-debugging-options -profile-coverage-mapping -profile-generate -enable-testing -index-store-path /Users/admin/builder/spi-builder-workspace/.derivedData/Index.noindex/DataStore -Xcc -D_LIBCPP_HARDENING_MODE\=_LIBCPP_HARDENING_MODE_DEBUG -swift-version 4.2 -I /Users/admin/builder/spi-builder-workspace/.derivedData/Build/Products/Debug-watchos -Isystem /Applications/Xcode-27.0.0-Release.Candidate.app/Contents/Developer/Platforms/WatchOS.platform/Developer/usr/lib -F /Users/admin/builder/spi-builder-workspace/.derivedData/Build/Products/Debug-watchos/PackageFrameworks -F /Users/admin/builder/spi-builder-workspace/.derivedData/Build/Products/Debug-watchos -F /Applications/Xcode-27.0.0-Release.Candidate.app/Contents/Developer/Platforms/WatchOS.platform/Developer/Library/Frameworks -F /Applications/Xcode-27.0.0-Release.Candidate.app/Contents/Developer/Platforms/WatchOS.platform/Developer/SDKs/WatchOS27.0.sdk/Developer/Library/Frameworks -c -j10 -enable-batch-mode -incremental -Xcc -ivfsstatcache -Xcc /Users/admin/builder/spi-builder-workspace/.derivedData/SDKStatCaches.noindex/watchos27.0-24R360-e829b21a6f8c9b70876ba0858053c04477534ef55a1706bf4c1112bbb242f0a2.sdkstatcache -output-file-map /Users/admin/builder/spi-builder-workspace/.derivedData/Build/Intermediates.noindex/AwaitKit.build/Debug-watchos/AwaitKit-t.build/Objects-normal/arm64_32/AwaitKit-OutputFileMap.json -save-temps -no-color-diagnostics -emit-dependencies -emit-module -emit-module-path /Users/admin/builder/spi-builder-workspace/.derivedData/Build/Intermediates.noindex/AwaitKit.build/Debug-watchos/AwaitKit-t.build/Objects-normal/arm64_32/AwaitKit.swiftmodule -serialize-diagnostics -validate-clang-modules-once -clang-build-session-file /Users/admin/builder/spi-builder-workspace/.derivedData/ModuleCache.noindex/Session.modulevalidation -Xcc -fmodules-prune-interval\=86400 -Xcc -fmodules-prune-after\=345600 -emit-const-values -const-gather-protocols-list /Users/admin/builder/spi-builder-workspace/.derivedData/Build/Intermediates.noindex/AwaitKit.build/Debug-watchos/AwaitKit-t.build/Objects-normal/arm64_32/AwaitKit_const_extract_protocols.json -Xcc -I/Users/admin/builder/spi-builder-workspace/.derivedData/Build/Products/Debug-watchos/include -Xcc -I/Users/admin/builder/spi-builder-workspace/.derivedData/Build/Intermediates.noindex/AwaitKit.build/Debug-watchos/AwaitKit-t.build/DerivedSources-normal/arm64_32 -Xcc -I/Users/admin/builder/spi-builder-workspace/.derivedData/Build/Intermediates.noindex/AwaitKit.build/Debug-watchos/AwaitKit-t.build/DerivedSources/arm64_32 -Xcc -I/Users/admin/builder/spi-builder-workspace/.derivedData/Build/Intermediates.noindex/AwaitKit.build/Debug-watchos/AwaitKit-t.build/DerivedSources -Xcc -DSWIFT_PACKAGE -Xcc -DDEBUG\=1 -emit-objc-header -emit-objc-header-path /Users/admin/builder/spi-builder-workspace/.derivedData/Build/Intermediates.noindex/AwaitKit.build/Debug-watchos/AwaitKit-t.build/Objects-normal/arm64_32/AwaitKit-Swift.h -working-directory /Users/admin/builder/spi-builder-workspace/.swiftpm/xcode -experimental-emit-module-separately -disable-cmo
SwiftMergeGeneratedHeaders /Users/admin/builder/spi-builder-workspace/.derivedData/Build/Intermediates.noindex/GeneratedModuleMaps-watchos/AwaitKit-Swift.h /Users/admin/builder/spi-builder-workspace/.derivedData/Build/Intermediates.noindex/AwaitKit.build/Debug-watchos/AwaitKit-t.build/Objects-normal/arm64/AwaitKit-Swift.h /Users/admin/builder/spi-builder-workspace/.derivedData/Build/Intermediates.noindex/AwaitKit.build/Debug-watchos/AwaitKit-t.build/Objects-normal/arm64_32/AwaitKit-Swift.h (in target 'AwaitKit' from project 'AwaitKit')
cd /Users/admin/builder/spi-builder-workspace
builtin-swiftHeaderTool -arch arm64 /Users/admin/builder/spi-builder-workspace/.derivedData/Build/Intermediates.noindex/AwaitKit.build/Debug-watchos/AwaitKit-t.build/Objects-normal/arm64/AwaitKit-Swift.h -arch arm64_32 /Users/admin/builder/spi-builder-workspace/.derivedData/Build/Intermediates.noindex/AwaitKit.build/Debug-watchos/AwaitKit-t.build/Objects-normal/arm64_32/AwaitKit-Swift.h -o /Users/admin/builder/spi-builder-workspace/.derivedData/Build/Intermediates.noindex/GeneratedModuleMaps-watchos/AwaitKit-Swift.h
Copy /Users/admin/builder/spi-builder-workspace/.derivedData/Build/Products/Debug-watchos/AwaitKit.swiftmodule/arm64_32-apple-watchos.swiftdoc /Users/admin/builder/spi-builder-workspace/.derivedData/Build/Intermediates.noindex/AwaitKit.build/Debug-watchos/AwaitKit-t.build/Objects-normal/arm64_32/AwaitKit.swiftdoc (in target 'AwaitKit' from project 'AwaitKit')
cd /Users/admin/builder/spi-builder-workspace
builtin-copy -exclude .DS_Store -exclude CVS -exclude .svn -exclude .git -exclude .hg -resolve-src-symlinks -rename /Users/admin/builder/spi-builder-workspace/.derivedData/Build/Intermediates.noindex/AwaitKit.build/Debug-watchos/AwaitKit-t.build/Objects-normal/arm64_32/AwaitKit.swiftdoc /Users/admin/builder/spi-builder-workspace/.derivedData/Build/Products/Debug-watchos/AwaitKit.swiftmodule/arm64_32-apple-watchos.swiftdoc
Copy /Users/admin/builder/spi-builder-workspace/.derivedData/Build/Products/Debug-watchos/AwaitKit.swiftmodule/arm64_32-apple-watchos.swiftmodule /Users/admin/builder/spi-builder-workspace/.derivedData/Build/Intermediates.noindex/AwaitKit.build/Debug-watchos/AwaitKit-t.build/Objects-normal/arm64_32/AwaitKit.swiftmodule (in target 'AwaitKit' from project 'AwaitKit')
cd /Users/admin/builder/spi-builder-workspace
builtin-copy -exclude .DS_Store -exclude CVS -exclude .svn -exclude .git -exclude .hg -resolve-src-symlinks -rename /Users/admin/builder/spi-builder-workspace/.derivedData/Build/Intermediates.noindex/AwaitKit.build/Debug-watchos/AwaitKit-t.build/Objects-normal/arm64_32/AwaitKit.swiftmodule /Users/admin/builder/spi-builder-workspace/.derivedData/Build/Products/Debug-watchos/AwaitKit.swiftmodule/arm64_32-apple-watchos.swiftmodule
Copy /Users/admin/builder/spi-builder-workspace/.derivedData/Build/Products/Debug-watchos/AwaitKit.swiftmodule/arm64_32-apple-watchos.abi.json /Users/admin/builder/spi-builder-workspace/.derivedData/Build/Intermediates.noindex/AwaitKit.build/Debug-watchos/AwaitKit-t.build/Objects-normal/arm64_32/AwaitKit.abi.json (in target 'AwaitKit' from project 'AwaitKit')
cd /Users/admin/builder/spi-builder-workspace
builtin-copy -exclude .DS_Store -exclude CVS -exclude .svn -exclude .git -exclude .hg -resolve-src-symlinks -rename /Users/admin/builder/spi-builder-workspace/.derivedData/Build/Intermediates.noindex/AwaitKit.build/Debug-watchos/AwaitKit-t.build/Objects-normal/arm64_32/AwaitKit.abi.json /Users/admin/builder/spi-builder-workspace/.derivedData/Build/Products/Debug-watchos/AwaitKit.swiftmodule/arm64_32-apple-watchos.abi.json
Copy /Users/admin/builder/spi-builder-workspace/.derivedData/Build/Products/Debug-watchos/AwaitKit.swiftmodule/Project/arm64_32-apple-watchos.swiftsourceinfo /Users/admin/builder/spi-builder-workspace/.derivedData/Build/Intermediates.noindex/AwaitKit.build/Debug-watchos/AwaitKit-t.build/Objects-normal/arm64_32/AwaitKit.swiftsourceinfo (in target 'AwaitKit' from project 'AwaitKit')
cd /Users/admin/builder/spi-builder-workspace
builtin-copy -exclude .DS_Store -exclude CVS -exclude .svn -exclude .git -exclude .hg -resolve-src-symlinks -rename /Users/admin/builder/spi-builder-workspace/.derivedData/Build/Intermediates.noindex/AwaitKit.build/Debug-watchos/AwaitKit-t.build/Objects-normal/arm64_32/AwaitKit.swiftsourceinfo /Users/admin/builder/spi-builder-workspace/.derivedData/Build/Products/Debug-watchos/AwaitKit.swiftmodule/Project/arm64_32-apple-watchos.swiftsourceinfo
PruneExplicitPrecompiledModules /Users/admin/builder/spi-builder-workspace/.derivedData/Build/Intermediates.noindex/SwiftExplicitPrecompiledModules
PruneExplicitPrecompiledModules /Users/admin/builder/spi-builder-workspace/.derivedData/SDKExplicitPrecompiledModules
PruneExplicitPrecompiledModules /Users/admin/builder/spi-builder-workspace/.derivedData/Build/Intermediates.noindex/ExplicitPrecompiledModules
2026-09-16 12:03:03.994 xcodebuild[1441:6918] [MT] IDERunDestination: Supported platforms for the buildables in the current scheme is empty.
** BUILD FAILED **
The following build commands failed:
SwiftCompile normal arm64 Compiling\ DispatchQueue+Await.swift /Users/admin/builder/spi-builder-workspace/Sources/AwaitKit/DispatchQueue+Await.swift (in target 'AwaitKit' from project 'AwaitKit')
SwiftCompile normal arm64 /Users/admin/builder/spi-builder-workspace/Sources/AwaitKit/DispatchQueue+Await.swift (in target 'AwaitKit' from project 'AwaitKit')
SwiftCompile normal arm64_32 Compiling\ DispatchQueue+Await.swift /Users/admin/builder/spi-builder-workspace/Sources/AwaitKit/DispatchQueue+Await.swift (in target 'AwaitKit' from project 'AwaitKit')
SwiftCompile normal arm64_32 /Users/admin/builder/spi-builder-workspace/Sources/AwaitKit/DispatchQueue+Await.swift (in target 'AwaitKit' from project 'AwaitKit')
Building workspace AwaitKit with scheme AwaitKit
(5 failures)
BUILD FAILURE 6.4 watchOS