Build Information
Failed to build Swiftlane, reference 0.1.5 (92829e), with Swift 6.4 for watchOS using Xcode 27.0 on 18 Sep 2026 04:34:15 UTC.
Build Command
env DEVELOPER_DIR=/Applications/Xcode-27.0.0-Release.Candidate.app xcrun xcodebuild -IDEClonedSourcePackagesDirPathOverride=$PWD/.dependencies -skipMacroValidation -skipPackagePluginValidation -derivedDataPath $PWD/.derivedData build -scheme Swiftlane -destination generic/platform=watchOSBuild Log
SwiftCompile normal arm64_32 /Users/admin/builder/spi-builder-workspace/.dependencies/checkouts/xcparse/Sources/XCParseCore/ActionTestPerformanceMetricSummary.swift (in target 'XCParseCore' from project 'xcparse')
cd /Users/admin/builder/spi-builder-workspace/.swiftpm/xcode
builtin-SwiftPerFileCompile ActionTestPerformanceMetricSummary.swift
SwiftCompile normal arm64_32 /Users/admin/builder/spi-builder-workspace/.dependencies/checkouts/xcparse/Sources/XCParseCore/ActionTestPlanRunSummaries.swift (in target 'XCParseCore' from project 'xcparse')
cd /Users/admin/builder/spi-builder-workspace/.swiftpm/xcode
builtin-SwiftPerFileCompile ActionTestPlanRunSummaries.swift
SwiftCompile normal arm64_32 /Users/admin/builder/spi-builder-workspace/.dependencies/checkouts/xcparse/Sources/XCParseCore/ActionTestPlanRunSummary.swift (in target 'XCParseCore' from project 'xcparse')
cd /Users/admin/builder/spi-builder-workspace/.swiftpm/xcode
builtin-SwiftPerFileCompile ActionTestPlanRunSummary.swift
SwiftCompile normal arm64_32 /Users/admin/builder/spi-builder-workspace/.dependencies/checkouts/xcparse/Sources/XCParseCore/ActionTestRepetitionPolicySummary.swift (in target 'XCParseCore' from project 'xcparse')
cd /Users/admin/builder/spi-builder-workspace/.swiftpm/xcode
builtin-SwiftPerFileCompile ActionTestRepetitionPolicySummary.swift
SwiftCompile normal arm64_32 /Users/admin/builder/spi-builder-workspace/.dependencies/checkouts/xcparse/Sources/XCParseCore/ActionTestSummary.swift (in target 'XCParseCore' from project 'xcparse')
cd /Users/admin/builder/spi-builder-workspace/.swiftpm/xcode
builtin-SwiftPerFileCompile ActionTestSummary.swift
SwiftCompile normal arm64_32 /Users/admin/builder/spi-builder-workspace/.dependencies/checkouts/xcparse/Sources/XCParseCore/ActionTestSummaryGroup.swift (in target 'XCParseCore' from project 'xcparse')
cd /Users/admin/builder/spi-builder-workspace/.swiftpm/xcode
builtin-SwiftPerFileCompile ActionTestSummaryGroup.swift
SwiftCompile normal arm64_32 /Users/admin/builder/spi-builder-workspace/.dependencies/checkouts/xcparse/Sources/XCParseCore/ActionTestSummaryIdentifiableObject.swift (in target 'XCParseCore' from project 'xcparse')
cd /Users/admin/builder/spi-builder-workspace/.swiftpm/xcode
builtin-SwiftPerFileCompile ActionTestSummaryIdentifiableObject.swift
SwiftCompile normal arm64_32 Compiling\ ActionAbstractTestSummary.swift,\ ActionDeviceRecord.swift,\ ActionPlatformRecord.swift,\ ActionRecord.swift,\ ActionResult.swift,\ ActionRunDestinationRecord.swift,\ ActionSDKRecord.swift /Users/admin/builder/spi-builder-workspace/.dependencies/checkouts/xcparse/Sources/XCParseCore/ActionAbstractTestSummary.swift /Users/admin/builder/spi-builder-workspace/.dependencies/checkouts/xcparse/Sources/XCParseCore/ActionDeviceRecord.swift /Users/admin/builder/spi-builder-workspace/.dependencies/checkouts/xcparse/Sources/XCParseCore/ActionPlatformRecord.swift /Users/admin/builder/spi-builder-workspace/.dependencies/checkouts/xcparse/Sources/XCParseCore/ActionRecord.swift /Users/admin/builder/spi-builder-workspace/.dependencies/checkouts/xcparse/Sources/XCParseCore/ActionResult.swift /Users/admin/builder/spi-builder-workspace/.dependencies/checkouts/xcparse/Sources/XCParseCore/ActionRunDestinationRecord.swift /Users/admin/builder/spi-builder-workspace/.dependencies/checkouts/xcparse/Sources/XCParseCore/ActionSDKRecord.swift (in target 'XCParseCore' from project 'xcparse')
SwiftCompile normal arm64_32 /Users/admin/builder/spi-builder-workspace/.dependencies/checkouts/xcparse/Sources/XCParseCore/ActionAbstractTestSummary.swift (in target 'XCParseCore' from project 'xcparse')
cd /Users/admin/builder/spi-builder-workspace/.swiftpm/xcode
builtin-SwiftPerFileCompile ActionAbstractTestSummary.swift
SwiftCompile normal arm64_32 /Users/admin/builder/spi-builder-workspace/.dependencies/checkouts/xcparse/Sources/XCParseCore/ActionDeviceRecord.swift (in target 'XCParseCore' from project 'xcparse')
cd /Users/admin/builder/spi-builder-workspace/.swiftpm/xcode
builtin-SwiftPerFileCompile ActionDeviceRecord.swift
SwiftCompile normal arm64_32 /Users/admin/builder/spi-builder-workspace/.dependencies/checkouts/xcparse/Sources/XCParseCore/ActionPlatformRecord.swift (in target 'XCParseCore' from project 'xcparse')
cd /Users/admin/builder/spi-builder-workspace/.swiftpm/xcode
builtin-SwiftPerFileCompile ActionPlatformRecord.swift
SwiftCompile normal arm64_32 /Users/admin/builder/spi-builder-workspace/.dependencies/checkouts/xcparse/Sources/XCParseCore/ActionRecord.swift (in target 'XCParseCore' from project 'xcparse')
cd /Users/admin/builder/spi-builder-workspace/.swiftpm/xcode
builtin-SwiftPerFileCompile ActionRecord.swift
SwiftCompile normal arm64_32 /Users/admin/builder/spi-builder-workspace/.dependencies/checkouts/xcparse/Sources/XCParseCore/ActionResult.swift (in target 'XCParseCore' from project 'xcparse')
cd /Users/admin/builder/spi-builder-workspace/.swiftpm/xcode
builtin-SwiftPerFileCompile ActionResult.swift
SwiftCompile normal arm64_32 /Users/admin/builder/spi-builder-workspace/.dependencies/checkouts/xcparse/Sources/XCParseCore/ActionRunDestinationRecord.swift (in target 'XCParseCore' from project 'xcparse')
cd /Users/admin/builder/spi-builder-workspace/.swiftpm/xcode
builtin-SwiftPerFileCompile ActionRunDestinationRecord.swift
SwiftCompile normal arm64_32 /Users/admin/builder/spi-builder-workspace/.dependencies/checkouts/xcparse/Sources/XCParseCore/ActionSDKRecord.swift (in target 'XCParseCore' from project 'xcparse')
cd /Users/admin/builder/spi-builder-workspace/.swiftpm/xcode
builtin-SwiftPerFileCompile ActionSDKRecord.swift
SwiftDriverJobDiscovery normal arm64_32 Compiling ActivityLogAnalyzerStep.swift, ActivityLogAnalyzerWarningMessage.swift, ActivityLogCommandInvocationSection.swift, ActivityLogMajorSection.swift, ActivityLogMessage.swift, ActivityLogMessageAnnotation.swift (in target 'XCParseCore' from project 'xcparse')
SwiftDriverJobDiscovery normal arm64_32 Compiling ConsoleLogItem.swift, ConsoleLogSection.swift, DocumentLocation.swift, EntityIdentifier.swift, String+ASCII.swift, URL+Directory.swift (in target 'XCParseCore' from project 'xcparse')
SwiftCompile normal arm64_32 Compiling\ ActionTestableSummary.swift,\ ActionsInvocationMetadata.swift,\ ActionsInvocationRecord.swift,\ ActivityLogAnalyzerControlFlowStep.swift,\ ActivityLogAnalyzerControlFlowStepEdge.swift,\ ActivityLogAnalyzerEventStep.swift,\ ActivityLogAnalyzerResultMessage.swift /Users/admin/builder/spi-builder-workspace/.dependencies/checkouts/xcparse/Sources/XCParseCore/ActionTestableSummary.swift /Users/admin/builder/spi-builder-workspace/.dependencies/checkouts/xcparse/Sources/XCParseCore/ActionsInvocationMetadata.swift /Users/admin/builder/spi-builder-workspace/.dependencies/checkouts/xcparse/Sources/XCParseCore/ActionsInvocationRecord.swift /Users/admin/builder/spi-builder-workspace/.dependencies/checkouts/xcparse/Sources/XCParseCore/ActivityLogAnalyzerControlFlowStep.swift /Users/admin/builder/spi-builder-workspace/.dependencies/checkouts/xcparse/Sources/XCParseCore/ActivityLogAnalyzerControlFlowStepEdge.swift /Users/admin/builder/spi-builder-workspace/.dependencies/checkouts/xcparse/Sources/XCParseCore/ActivityLogAnalyzerEventStep.swift /Users/admin/builder/spi-builder-workspace/.dependencies/checkouts/xcparse/Sources/XCParseCore/ActivityLogAnalyzerResultMessage.swift (in target 'XCParseCore' from project 'xcparse')
SwiftCompile normal arm64_32 /Users/admin/builder/spi-builder-workspace/.dependencies/checkouts/xcparse/Sources/XCParseCore/ActionTestableSummary.swift (in target 'XCParseCore' from project 'xcparse')
cd /Users/admin/builder/spi-builder-workspace/.swiftpm/xcode
builtin-SwiftPerFileCompile ActionTestableSummary.swift
SwiftCompile normal arm64_32 /Users/admin/builder/spi-builder-workspace/.dependencies/checkouts/xcparse/Sources/XCParseCore/ActionsInvocationMetadata.swift (in target 'XCParseCore' from project 'xcparse')
cd /Users/admin/builder/spi-builder-workspace/.swiftpm/xcode
builtin-SwiftPerFileCompile ActionsInvocationMetadata.swift
SwiftCompile normal arm64_32 /Users/admin/builder/spi-builder-workspace/.dependencies/checkouts/xcparse/Sources/XCParseCore/ActionsInvocationRecord.swift (in target 'XCParseCore' from project 'xcparse')
cd /Users/admin/builder/spi-builder-workspace/.swiftpm/xcode
builtin-SwiftPerFileCompile ActionsInvocationRecord.swift
SwiftCompile normal arm64_32 /Users/admin/builder/spi-builder-workspace/.dependencies/checkouts/xcparse/Sources/XCParseCore/ActivityLogAnalyzerControlFlowStep.swift (in target 'XCParseCore' from project 'xcparse')
cd /Users/admin/builder/spi-builder-workspace/.swiftpm/xcode
builtin-SwiftPerFileCompile ActivityLogAnalyzerControlFlowStep.swift
SwiftCompile normal arm64_32 /Users/admin/builder/spi-builder-workspace/.dependencies/checkouts/xcparse/Sources/XCParseCore/ActivityLogAnalyzerControlFlowStepEdge.swift (in target 'XCParseCore' from project 'xcparse')
cd /Users/admin/builder/spi-builder-workspace/.swiftpm/xcode
builtin-SwiftPerFileCompile ActivityLogAnalyzerControlFlowStepEdge.swift
SwiftCompile normal arm64_32 /Users/admin/builder/spi-builder-workspace/.dependencies/checkouts/xcparse/Sources/XCParseCore/ActivityLogAnalyzerEventStep.swift (in target 'XCParseCore' from project 'xcparse')
cd /Users/admin/builder/spi-builder-workspace/.swiftpm/xcode
builtin-SwiftPerFileCompile ActivityLogAnalyzerEventStep.swift
SwiftCompile normal arm64_32 /Users/admin/builder/spi-builder-workspace/.dependencies/checkouts/xcparse/Sources/XCParseCore/ActivityLogAnalyzerResultMessage.swift (in target 'XCParseCore' from project 'xcparse')
cd /Users/admin/builder/spi-builder-workspace/.swiftpm/xcode
builtin-SwiftPerFileCompile ActivityLogAnalyzerResultMessage.swift
SwiftDriverJobDiscovery normal arm64_32 Compiling ActionTestActivitySummary.swift, ActionTestAttachment.swift, ActionTestConfiguration.swift, ActionTestExpectedFailure.swift, ActionTestFailureSummary.swift, ActionTestMetadata.swift, ActionTestNoticeSummary.swift (in target 'XCParseCore' from project 'xcparse')
SwiftCompile normal arm64 Compiling\ ActionTestableSummary.swift,\ ActionsInvocationMetadata.swift,\ ActionsInvocationRecord.swift,\ ActivityLogAnalyzerControlFlowStep.swift,\ ActivityLogAnalyzerControlFlowStepEdge.swift,\ ActivityLogAnalyzerEventStep.swift,\ ActivityLogAnalyzerResultMessage.swift /Users/admin/builder/spi-builder-workspace/.dependencies/checkouts/xcparse/Sources/XCParseCore/ActionTestableSummary.swift /Users/admin/builder/spi-builder-workspace/.dependencies/checkouts/xcparse/Sources/XCParseCore/ActionsInvocationMetadata.swift /Users/admin/builder/spi-builder-workspace/.dependencies/checkouts/xcparse/Sources/XCParseCore/ActionsInvocationRecord.swift /Users/admin/builder/spi-builder-workspace/.dependencies/checkouts/xcparse/Sources/XCParseCore/ActivityLogAnalyzerControlFlowStep.swift /Users/admin/builder/spi-builder-workspace/.dependencies/checkouts/xcparse/Sources/XCParseCore/ActivityLogAnalyzerControlFlowStepEdge.swift /Users/admin/builder/spi-builder-workspace/.dependencies/checkouts/xcparse/Sources/XCParseCore/ActivityLogAnalyzerEventStep.swift /Users/admin/builder/spi-builder-workspace/.dependencies/checkouts/xcparse/Sources/XCParseCore/ActivityLogAnalyzerResultMessage.swift (in target 'XCParseCore' from project 'xcparse')
SwiftCompile normal arm64 /Users/admin/builder/spi-builder-workspace/.dependencies/checkouts/xcparse/Sources/XCParseCore/ActionTestableSummary.swift (in target 'XCParseCore' from project 'xcparse')
cd /Users/admin/builder/spi-builder-workspace/.swiftpm/xcode
builtin-SwiftPerFileCompile ActionTestableSummary.swift
SwiftCompile normal arm64 /Users/admin/builder/spi-builder-workspace/.dependencies/checkouts/xcparse/Sources/XCParseCore/ActionsInvocationMetadata.swift (in target 'XCParseCore' from project 'xcparse')
cd /Users/admin/builder/spi-builder-workspace/.swiftpm/xcode
builtin-SwiftPerFileCompile ActionsInvocationMetadata.swift
SwiftCompile normal arm64 /Users/admin/builder/spi-builder-workspace/.dependencies/checkouts/xcparse/Sources/XCParseCore/ActionsInvocationRecord.swift (in target 'XCParseCore' from project 'xcparse')
cd /Users/admin/builder/spi-builder-workspace/.swiftpm/xcode
builtin-SwiftPerFileCompile ActionsInvocationRecord.swift
SwiftCompile normal arm64 /Users/admin/builder/spi-builder-workspace/.dependencies/checkouts/xcparse/Sources/XCParseCore/ActivityLogAnalyzerControlFlowStep.swift (in target 'XCParseCore' from project 'xcparse')
cd /Users/admin/builder/spi-builder-workspace/.swiftpm/xcode
builtin-SwiftPerFileCompile ActivityLogAnalyzerControlFlowStep.swift
SwiftCompile normal arm64 /Users/admin/builder/spi-builder-workspace/.dependencies/checkouts/xcparse/Sources/XCParseCore/ActivityLogAnalyzerControlFlowStepEdge.swift (in target 'XCParseCore' from project 'xcparse')
cd /Users/admin/builder/spi-builder-workspace/.swiftpm/xcode
builtin-SwiftPerFileCompile ActivityLogAnalyzerControlFlowStepEdge.swift
SwiftCompile normal arm64 /Users/admin/builder/spi-builder-workspace/.dependencies/checkouts/xcparse/Sources/XCParseCore/ActivityLogAnalyzerEventStep.swift (in target 'XCParseCore' from project 'xcparse')
cd /Users/admin/builder/spi-builder-workspace/.swiftpm/xcode
builtin-SwiftPerFileCompile ActivityLogAnalyzerEventStep.swift
SwiftCompile normal arm64 /Users/admin/builder/spi-builder-workspace/.dependencies/checkouts/xcparse/Sources/XCParseCore/ActivityLogAnalyzerResultMessage.swift (in target 'XCParseCore' from project 'xcparse')
cd /Users/admin/builder/spi-builder-workspace/.swiftpm/xcode
builtin-SwiftPerFileCompile ActivityLogAnalyzerResultMessage.swift
SwiftDriverJobDiscovery normal arm64_32 Compiling ActionTestPerformanceMetricSummary.swift, ActionTestPlanRunSummaries.swift, ActionTestPlanRunSummary.swift, ActionTestRepetitionPolicySummary.swift, ActionTestSummary.swift, ActionTestSummaryGroup.swift, ActionTestSummaryIdentifiableObject.swift (in target 'XCParseCore' from project 'xcparse')
SwiftCompile normal arm64 Compiling\ ActionTestPerformanceMetricSummary.swift,\ ActionTestPlanRunSummaries.swift,\ ActionTestPlanRunSummary.swift,\ ActionTestRepetitionPolicySummary.swift,\ ActionTestSummary.swift,\ ActionTestSummaryGroup.swift,\ ActionTestSummaryIdentifiableObject.swift /Users/admin/builder/spi-builder-workspace/.dependencies/checkouts/xcparse/Sources/XCParseCore/ActionTestPerformanceMetricSummary.swift /Users/admin/builder/spi-builder-workspace/.dependencies/checkouts/xcparse/Sources/XCParseCore/ActionTestPlanRunSummaries.swift /Users/admin/builder/spi-builder-workspace/.dependencies/checkouts/xcparse/Sources/XCParseCore/ActionTestPlanRunSummary.swift /Users/admin/builder/spi-builder-workspace/.dependencies/checkouts/xcparse/Sources/XCParseCore/ActionTestRepetitionPolicySummary.swift /Users/admin/builder/spi-builder-workspace/.dependencies/checkouts/xcparse/Sources/XCParseCore/ActionTestSummary.swift /Users/admin/builder/spi-builder-workspace/.dependencies/checkouts/xcparse/Sources/XCParseCore/ActionTestSummaryGroup.swift /Users/admin/builder/spi-builder-workspace/.dependencies/checkouts/xcparse/Sources/XCParseCore/ActionTestSummaryIdentifiableObject.swift (in target 'XCParseCore' from project 'xcparse')
SwiftCompile normal arm64 /Users/admin/builder/spi-builder-workspace/.dependencies/checkouts/xcparse/Sources/XCParseCore/ActionTestPerformanceMetricSummary.swift (in target 'XCParseCore' from project 'xcparse')
cd /Users/admin/builder/spi-builder-workspace/.swiftpm/xcode
builtin-SwiftPerFileCompile ActionTestPerformanceMetricSummary.swift
SwiftCompile normal arm64 /Users/admin/builder/spi-builder-workspace/.dependencies/checkouts/xcparse/Sources/XCParseCore/ActionTestPlanRunSummaries.swift (in target 'XCParseCore' from project 'xcparse')
cd /Users/admin/builder/spi-builder-workspace/.swiftpm/xcode
builtin-SwiftPerFileCompile ActionTestPlanRunSummaries.swift
SwiftCompile normal arm64 /Users/admin/builder/spi-builder-workspace/.dependencies/checkouts/xcparse/Sources/XCParseCore/ActionTestPlanRunSummary.swift (in target 'XCParseCore' from project 'xcparse')
cd /Users/admin/builder/spi-builder-workspace/.swiftpm/xcode
builtin-SwiftPerFileCompile ActionTestPlanRunSummary.swift
SwiftCompile normal arm64 /Users/admin/builder/spi-builder-workspace/.dependencies/checkouts/xcparse/Sources/XCParseCore/ActionTestRepetitionPolicySummary.swift (in target 'XCParseCore' from project 'xcparse')
cd /Users/admin/builder/spi-builder-workspace/.swiftpm/xcode
builtin-SwiftPerFileCompile ActionTestRepetitionPolicySummary.swift
SwiftCompile normal arm64 /Users/admin/builder/spi-builder-workspace/.dependencies/checkouts/xcparse/Sources/XCParseCore/ActionTestSummary.swift (in target 'XCParseCore' from project 'xcparse')
cd /Users/admin/builder/spi-builder-workspace/.swiftpm/xcode
builtin-SwiftPerFileCompile ActionTestSummary.swift
SwiftCompile normal arm64 /Users/admin/builder/spi-builder-workspace/.dependencies/checkouts/xcparse/Sources/XCParseCore/ActionTestSummaryGroup.swift (in target 'XCParseCore' from project 'xcparse')
cd /Users/admin/builder/spi-builder-workspace/.swiftpm/xcode
builtin-SwiftPerFileCompile ActionTestSummaryGroup.swift
SwiftCompile normal arm64 /Users/admin/builder/spi-builder-workspace/.dependencies/checkouts/xcparse/Sources/XCParseCore/ActionTestSummaryIdentifiableObject.swift (in target 'XCParseCore' from project 'xcparse')
cd /Users/admin/builder/spi-builder-workspace/.swiftpm/xcode
builtin-SwiftPerFileCompile ActionTestSummaryIdentifiableObject.swift
SwiftDriverJobDiscovery normal arm64_32 Compiling ActionTestableSummary.swift, ActionsInvocationMetadata.swift, ActionsInvocationRecord.swift, ActivityLogAnalyzerControlFlowStep.swift, ActivityLogAnalyzerControlFlowStepEdge.swift, ActivityLogAnalyzerEventStep.swift, ActivityLogAnalyzerResultMessage.swift (in target 'XCParseCore' from project 'xcparse')
SwiftCompile normal arm64_32 Compiling\ IssueSummary.swift,\ ObjectID.swift,\ Reference.swift,\ ResultIssueSummaries.swift,\ ResultMetrics.swift,\ SortedKeyValueArray.swift /Users/admin/builder/spi-builder-workspace/.dependencies/checkouts/xcparse/Sources/XCParseCore/IssueSummary.swift /Users/admin/builder/spi-builder-workspace/.dependencies/checkouts/xcparse/Sources/XCParseCore/ObjectID.swift /Users/admin/builder/spi-builder-workspace/.dependencies/checkouts/xcparse/Sources/XCParseCore/Reference.swift /Users/admin/builder/spi-builder-workspace/.dependencies/checkouts/xcparse/Sources/XCParseCore/ResultIssueSummaries.swift /Users/admin/builder/spi-builder-workspace/.dependencies/checkouts/xcparse/Sources/XCParseCore/ResultMetrics.swift /Users/admin/builder/spi-builder-workspace/.dependencies/checkouts/xcparse/Sources/XCParseCore/SortedKeyValueArray.swift (in target 'XCParseCore' from project 'xcparse')
SwiftCompile normal arm64_32 /Users/admin/builder/spi-builder-workspace/.dependencies/checkouts/xcparse/Sources/XCParseCore/IssueSummary.swift (in target 'XCParseCore' from project 'xcparse')
cd /Users/admin/builder/spi-builder-workspace/.swiftpm/xcode
builtin-SwiftPerFileCompile IssueSummary.swift
SwiftCompile normal arm64_32 /Users/admin/builder/spi-builder-workspace/.dependencies/checkouts/xcparse/Sources/XCParseCore/ObjectID.swift (in target 'XCParseCore' from project 'xcparse')
cd /Users/admin/builder/spi-builder-workspace/.swiftpm/xcode
builtin-SwiftPerFileCompile ObjectID.swift
SwiftCompile normal arm64_32 /Users/admin/builder/spi-builder-workspace/.dependencies/checkouts/xcparse/Sources/XCParseCore/Reference.swift (in target 'XCParseCore' from project 'xcparse')
cd /Users/admin/builder/spi-builder-workspace/.swiftpm/xcode
builtin-SwiftPerFileCompile Reference.swift
SwiftCompile normal arm64_32 /Users/admin/builder/spi-builder-workspace/.dependencies/checkouts/xcparse/Sources/XCParseCore/ResultIssueSummaries.swift (in target 'XCParseCore' from project 'xcparse')
cd /Users/admin/builder/spi-builder-workspace/.swiftpm/xcode
builtin-SwiftPerFileCompile ResultIssueSummaries.swift
SwiftCompile normal arm64_32 /Users/admin/builder/spi-builder-workspace/.dependencies/checkouts/xcparse/Sources/XCParseCore/ResultMetrics.swift (in target 'XCParseCore' from project 'xcparse')
cd /Users/admin/builder/spi-builder-workspace/.swiftpm/xcode
builtin-SwiftPerFileCompile ResultMetrics.swift
SwiftCompile normal arm64_32 /Users/admin/builder/spi-builder-workspace/.dependencies/checkouts/xcparse/Sources/XCParseCore/SortedKeyValueArray.swift (in target 'XCParseCore' from project 'xcparse')
cd /Users/admin/builder/spi-builder-workspace/.swiftpm/xcode
builtin-SwiftPerFileCompile SortedKeyValueArray.swift
SwiftCompile normal arm64 Compiling\ SortedKeyValueArrayPair.swift,\ SourceCodeContext.swift,\ SourceCodeFrame.swift,\ SourceCodeLocation.swift,\ SourceCodeSymbolInfo.swift,\ TestAssociatedError.swift /Users/admin/builder/spi-builder-workspace/.dependencies/checkouts/xcparse/Sources/XCParseCore/SortedKeyValueArrayPair.swift /Users/admin/builder/spi-builder-workspace/.dependencies/checkouts/xcparse/Sources/XCParseCore/SourceCode/SourceCodeContext.swift /Users/admin/builder/spi-builder-workspace/.dependencies/checkouts/xcparse/Sources/XCParseCore/SourceCode/SourceCodeFrame.swift /Users/admin/builder/spi-builder-workspace/.dependencies/checkouts/xcparse/Sources/XCParseCore/SourceCode/SourceCodeLocation.swift /Users/admin/builder/spi-builder-workspace/.dependencies/checkouts/xcparse/Sources/XCParseCore/SourceCode/SourceCodeSymbolInfo.swift /Users/admin/builder/spi-builder-workspace/.dependencies/checkouts/xcparse/Sources/XCParseCore/TestAssociatedError.swift (in target 'XCParseCore' from project 'xcparse')
SwiftCompile normal arm64 /Users/admin/builder/spi-builder-workspace/.dependencies/checkouts/xcparse/Sources/XCParseCore/SortedKeyValueArrayPair.swift (in target 'XCParseCore' from project 'xcparse')
cd /Users/admin/builder/spi-builder-workspace/.swiftpm/xcode
builtin-SwiftPerFileCompile SortedKeyValueArrayPair.swift
SwiftCompile normal arm64 /Users/admin/builder/spi-builder-workspace/.dependencies/checkouts/xcparse/Sources/XCParseCore/SourceCode/SourceCodeContext.swift (in target 'XCParseCore' from project 'xcparse')
cd /Users/admin/builder/spi-builder-workspace/.swiftpm/xcode
builtin-SwiftPerFileCompile SourceCodeContext.swift
SwiftCompile normal arm64 /Users/admin/builder/spi-builder-workspace/.dependencies/checkouts/xcparse/Sources/XCParseCore/SourceCode/SourceCodeFrame.swift (in target 'XCParseCore' from project 'xcparse')
cd /Users/admin/builder/spi-builder-workspace/.swiftpm/xcode
builtin-SwiftPerFileCompile SourceCodeFrame.swift
SwiftCompile normal arm64 /Users/admin/builder/spi-builder-workspace/.dependencies/checkouts/xcparse/Sources/XCParseCore/SourceCode/SourceCodeLocation.swift (in target 'XCParseCore' from project 'xcparse')
cd /Users/admin/builder/spi-builder-workspace/.swiftpm/xcode
builtin-SwiftPerFileCompile SourceCodeLocation.swift
SwiftCompile normal arm64 /Users/admin/builder/spi-builder-workspace/.dependencies/checkouts/xcparse/Sources/XCParseCore/SourceCode/SourceCodeSymbolInfo.swift (in target 'XCParseCore' from project 'xcparse')
cd /Users/admin/builder/spi-builder-workspace/.swiftpm/xcode
builtin-SwiftPerFileCompile SourceCodeSymbolInfo.swift
SwiftCompile normal arm64 /Users/admin/builder/spi-builder-workspace/.dependencies/checkouts/xcparse/Sources/XCParseCore/TestAssociatedError.swift (in target 'XCParseCore' from project 'xcparse')
cd /Users/admin/builder/spi-builder-workspace/.swiftpm/xcode
builtin-SwiftPerFileCompile TestAssociatedError.swift
SwiftDriverJobDiscovery normal arm64_32 Compiling ActionAbstractTestSummary.swift, ActionDeviceRecord.swift, ActionPlatformRecord.swift, ActionRecord.swift, ActionResult.swift, ActionRunDestinationRecord.swift, ActionSDKRecord.swift (in target 'XCParseCore' from project 'xcparse')
SwiftCompile normal arm64 Compiling\ ActionTestActivitySummary.swift,\ ActionTestAttachment.swift,\ ActionTestConfiguration.swift,\ ActionTestExpectedFailure.swift,\ ActionTestFailureSummary.swift,\ ActionTestMetadata.swift,\ ActionTestNoticeSummary.swift /Users/admin/builder/spi-builder-workspace/.dependencies/checkouts/xcparse/Sources/XCParseCore/ActionTestActivitySummary.swift /Users/admin/builder/spi-builder-workspace/.dependencies/checkouts/xcparse/Sources/XCParseCore/ActionTestAttachment.swift /Users/admin/builder/spi-builder-workspace/.dependencies/checkouts/xcparse/Sources/XCParseCore/ActionTestConfiguration.swift /Users/admin/builder/spi-builder-workspace/.dependencies/checkouts/xcparse/Sources/XCParseCore/ActionTestExpectedFailure.swift /Users/admin/builder/spi-builder-workspace/.dependencies/checkouts/xcparse/Sources/XCParseCore/ActionTestFailureSummary.swift /Users/admin/builder/spi-builder-workspace/.dependencies/checkouts/xcparse/Sources/XCParseCore/ActionTestMetadata.swift /Users/admin/builder/spi-builder-workspace/.dependencies/checkouts/xcparse/Sources/XCParseCore/ActionTestNoticeSummary.swift (in target 'XCParseCore' from project 'xcparse')
SwiftCompile normal arm64 /Users/admin/builder/spi-builder-workspace/.dependencies/checkouts/xcparse/Sources/XCParseCore/ActionTestActivitySummary.swift (in target 'XCParseCore' from project 'xcparse')
cd /Users/admin/builder/spi-builder-workspace/.swiftpm/xcode
builtin-SwiftPerFileCompile ActionTestActivitySummary.swift
SwiftCompile normal arm64 /Users/admin/builder/spi-builder-workspace/.dependencies/checkouts/xcparse/Sources/XCParseCore/ActionTestAttachment.swift (in target 'XCParseCore' from project 'xcparse')
cd /Users/admin/builder/spi-builder-workspace/.swiftpm/xcode
builtin-SwiftPerFileCompile ActionTestAttachment.swift
SwiftCompile normal arm64 /Users/admin/builder/spi-builder-workspace/.dependencies/checkouts/xcparse/Sources/XCParseCore/ActionTestConfiguration.swift (in target 'XCParseCore' from project 'xcparse')
cd /Users/admin/builder/spi-builder-workspace/.swiftpm/xcode
builtin-SwiftPerFileCompile ActionTestConfiguration.swift
SwiftCompile normal arm64 /Users/admin/builder/spi-builder-workspace/.dependencies/checkouts/xcparse/Sources/XCParseCore/ActionTestExpectedFailure.swift (in target 'XCParseCore' from project 'xcparse')
cd /Users/admin/builder/spi-builder-workspace/.swiftpm/xcode
builtin-SwiftPerFileCompile ActionTestExpectedFailure.swift
SwiftCompile normal arm64 /Users/admin/builder/spi-builder-workspace/.dependencies/checkouts/xcparse/Sources/XCParseCore/ActionTestFailureSummary.swift (in target 'XCParseCore' from project 'xcparse')
cd /Users/admin/builder/spi-builder-workspace/.swiftpm/xcode
builtin-SwiftPerFileCompile ActionTestFailureSummary.swift
SwiftCompile normal arm64 /Users/admin/builder/spi-builder-workspace/.dependencies/checkouts/xcparse/Sources/XCParseCore/ActionTestMetadata.swift (in target 'XCParseCore' from project 'xcparse')
cd /Users/admin/builder/spi-builder-workspace/.swiftpm/xcode
builtin-SwiftPerFileCompile ActionTestMetadata.swift
SwiftCompile normal arm64 /Users/admin/builder/spi-builder-workspace/.dependencies/checkouts/xcparse/Sources/XCParseCore/ActionTestNoticeSummary.swift (in target 'XCParseCore' from project 'xcparse')
cd /Users/admin/builder/spi-builder-workspace/.swiftpm/xcode
builtin-SwiftPerFileCompile ActionTestNoticeSummary.swift
SwiftDriverJobDiscovery normal arm64 Compiling ActionTestPerformanceMetricSummary.swift, ActionTestPlanRunSummaries.swift, ActionTestPlanRunSummary.swift, ActionTestRepetitionPolicySummary.swift, ActionTestSummary.swift, ActionTestSummaryGroup.swift, ActionTestSummaryIdentifiableObject.swift (in target 'XCParseCore' from project 'xcparse')
SwiftCompile normal arm64 Compiling\ TestFailureIssueSummary.swift,\ TypeDefinition.swift,\ Version+XCPTooling.swift,\ XCPResultDecoding.swift,\ XCResult.swift,\ XCResultToolCommand.swift /Users/admin/builder/spi-builder-workspace/.dependencies/checkouts/xcparse/Sources/XCParseCore/TestFailureIssueSummary.swift /Users/admin/builder/spi-builder-workspace/.dependencies/checkouts/xcparse/Sources/XCParseCore/TypeDefinition.swift /Users/admin/builder/spi-builder-workspace/.dependencies/checkouts/xcparse/Sources/XCParseCore/Version+XCPTooling.swift /Users/admin/builder/spi-builder-workspace/.dependencies/checkouts/xcparse/Sources/XCParseCore/XCPResultDecoding.swift /Users/admin/builder/spi-builder-workspace/.dependencies/checkouts/xcparse/Sources/XCParseCore/XCResult.swift /Users/admin/builder/spi-builder-workspace/.dependencies/checkouts/xcparse/Sources/XCParseCore/XCResultToolCommand.swift (in target 'XCParseCore' from project 'xcparse')
SwiftCompile normal arm64 /Users/admin/builder/spi-builder-workspace/.dependencies/checkouts/xcparse/Sources/XCParseCore/TestFailureIssueSummary.swift (in target 'XCParseCore' from project 'xcparse')
cd /Users/admin/builder/spi-builder-workspace/.swiftpm/xcode
builtin-SwiftPerFileCompile TestFailureIssueSummary.swift
SwiftCompile normal arm64 /Users/admin/builder/spi-builder-workspace/.dependencies/checkouts/xcparse/Sources/XCParseCore/TypeDefinition.swift (in target 'XCParseCore' from project 'xcparse')
cd /Users/admin/builder/spi-builder-workspace/.swiftpm/xcode
builtin-SwiftPerFileCompile TypeDefinition.swift
SwiftCompile normal arm64 /Users/admin/builder/spi-builder-workspace/.dependencies/checkouts/xcparse/Sources/XCParseCore/Version+XCPTooling.swift (in target 'XCParseCore' from project 'xcparse')
cd /Users/admin/builder/spi-builder-workspace/.swiftpm/xcode
builtin-SwiftPerFileCompile Version+XCPTooling.swift
SwiftCompile normal arm64 /Users/admin/builder/spi-builder-workspace/.dependencies/checkouts/xcparse/Sources/XCParseCore/XCPResultDecoding.swift (in target 'XCParseCore' from project 'xcparse')
cd /Users/admin/builder/spi-builder-workspace/.swiftpm/xcode
builtin-SwiftPerFileCompile XCPResultDecoding.swift
SwiftCompile normal arm64 /Users/admin/builder/spi-builder-workspace/.dependencies/checkouts/xcparse/Sources/XCParseCore/XCResult.swift (in target 'XCParseCore' from project 'xcparse')
cd /Users/admin/builder/spi-builder-workspace/.swiftpm/xcode
builtin-SwiftPerFileCompile XCResult.swift
SwiftCompile normal arm64 /Users/admin/builder/spi-builder-workspace/.dependencies/checkouts/xcparse/Sources/XCParseCore/XCResultToolCommand.swift (in target 'XCParseCore' from project 'xcparse')
cd /Users/admin/builder/spi-builder-workspace/.swiftpm/xcode
builtin-SwiftPerFileCompile XCResultToolCommand.swift
SwiftDriverJobDiscovery normal arm64 Compiling ActionTestableSummary.swift, ActionsInvocationMetadata.swift, ActionsInvocationRecord.swift, ActivityLogAnalyzerControlFlowStep.swift, ActivityLogAnalyzerControlFlowStepEdge.swift, ActivityLogAnalyzerEventStep.swift, ActivityLogAnalyzerResultMessage.swift (in target 'XCParseCore' from project 'xcparse')
SwiftCompile normal arm64_32 Compiling\ SortedKeyValueArrayPair.swift,\ SourceCodeContext.swift,\ SourceCodeFrame.swift,\ SourceCodeLocation.swift,\ SourceCodeSymbolInfo.swift,\ TestAssociatedError.swift /Users/admin/builder/spi-builder-workspace/.dependencies/checkouts/xcparse/Sources/XCParseCore/SortedKeyValueArrayPair.swift /Users/admin/builder/spi-builder-workspace/.dependencies/checkouts/xcparse/Sources/XCParseCore/SourceCode/SourceCodeContext.swift /Users/admin/builder/spi-builder-workspace/.dependencies/checkouts/xcparse/Sources/XCParseCore/SourceCode/SourceCodeFrame.swift /Users/admin/builder/spi-builder-workspace/.dependencies/checkouts/xcparse/Sources/XCParseCore/SourceCode/SourceCodeLocation.swift /Users/admin/builder/spi-builder-workspace/.dependencies/checkouts/xcparse/Sources/XCParseCore/SourceCode/SourceCodeSymbolInfo.swift /Users/admin/builder/spi-builder-workspace/.dependencies/checkouts/xcparse/Sources/XCParseCore/TestAssociatedError.swift (in target 'XCParseCore' from project 'xcparse')
SwiftCompile normal arm64_32 /Users/admin/builder/spi-builder-workspace/.dependencies/checkouts/xcparse/Sources/XCParseCore/SortedKeyValueArrayPair.swift (in target 'XCParseCore' from project 'xcparse')
cd /Users/admin/builder/spi-builder-workspace/.swiftpm/xcode
builtin-SwiftPerFileCompile SortedKeyValueArrayPair.swift
SwiftCompile normal arm64_32 /Users/admin/builder/spi-builder-workspace/.dependencies/checkouts/xcparse/Sources/XCParseCore/SourceCode/SourceCodeContext.swift (in target 'XCParseCore' from project 'xcparse')
cd /Users/admin/builder/spi-builder-workspace/.swiftpm/xcode
builtin-SwiftPerFileCompile SourceCodeContext.swift
SwiftCompile normal arm64_32 /Users/admin/builder/spi-builder-workspace/.dependencies/checkouts/xcparse/Sources/XCParseCore/SourceCode/SourceCodeFrame.swift (in target 'XCParseCore' from project 'xcparse')
cd /Users/admin/builder/spi-builder-workspace/.swiftpm/xcode
builtin-SwiftPerFileCompile SourceCodeFrame.swift
SwiftCompile normal arm64_32 /Users/admin/builder/spi-builder-workspace/.dependencies/checkouts/xcparse/Sources/XCParseCore/SourceCode/SourceCodeLocation.swift (in target 'XCParseCore' from project 'xcparse')
cd /Users/admin/builder/spi-builder-workspace/.swiftpm/xcode
builtin-SwiftPerFileCompile SourceCodeLocation.swift
SwiftCompile normal arm64_32 /Users/admin/builder/spi-builder-workspace/.dependencies/checkouts/xcparse/Sources/XCParseCore/SourceCode/SourceCodeSymbolInfo.swift (in target 'XCParseCore' from project 'xcparse')
cd /Users/admin/builder/spi-builder-workspace/.swiftpm/xcode
builtin-SwiftPerFileCompile SourceCodeSymbolInfo.swift
SwiftCompile normal arm64_32 /Users/admin/builder/spi-builder-workspace/.dependencies/checkouts/xcparse/Sources/XCParseCore/TestAssociatedError.swift (in target 'XCParseCore' from project 'xcparse')
cd /Users/admin/builder/spi-builder-workspace/.swiftpm/xcode
builtin-SwiftPerFileCompile TestAssociatedError.swift
SwiftDriverJobDiscovery normal arm64 Compiling SortedKeyValueArrayPair.swift, SourceCodeContext.swift, SourceCodeFrame.swift, SourceCodeLocation.swift, SourceCodeSymbolInfo.swift, TestAssociatedError.swift (in target 'XCParseCore' from project 'xcparse')
SwiftCompile normal arm64 Compiling\ ActivityLogSection.swift,\ ActivityLogTargetBuildSection.swift,\ ActivityLogUnitTestSection.swift,\ ArchiveInfo.swift,\ CodeCoverageInfo.swift,\ Console.swift /Users/admin/builder/spi-builder-workspace/.dependencies/checkouts/xcparse/Sources/XCParseCore/ActivityLogSection.swift /Users/admin/builder/spi-builder-workspace/.dependencies/checkouts/xcparse/Sources/XCParseCore/ActivityLogTargetBuildSection.swift /Users/admin/builder/spi-builder-workspace/.dependencies/checkouts/xcparse/Sources/XCParseCore/ActivityLogUnitTestSection.swift /Users/admin/builder/spi-builder-workspace/.dependencies/checkouts/xcparse/Sources/XCParseCore/ArchiveInfo.swift /Users/admin/builder/spi-builder-workspace/.dependencies/checkouts/xcparse/Sources/XCParseCore/CodeCoverageInfo.swift /Users/admin/builder/spi-builder-workspace/.dependencies/checkouts/xcparse/Sources/XCParseCore/Console.swift (in target 'XCParseCore' from project 'xcparse')
SwiftCompile normal arm64 /Users/admin/builder/spi-builder-workspace/.dependencies/checkouts/xcparse/Sources/XCParseCore/ActivityLogSection.swift (in target 'XCParseCore' from project 'xcparse')
cd /Users/admin/builder/spi-builder-workspace/.swiftpm/xcode
builtin-SwiftPerFileCompile ActivityLogSection.swift
SwiftCompile normal arm64 /Users/admin/builder/spi-builder-workspace/.dependencies/checkouts/xcparse/Sources/XCParseCore/ActivityLogTargetBuildSection.swift (in target 'XCParseCore' from project 'xcparse')
cd /Users/admin/builder/spi-builder-workspace/.swiftpm/xcode
builtin-SwiftPerFileCompile ActivityLogTargetBuildSection.swift
SwiftCompile normal arm64 /Users/admin/builder/spi-builder-workspace/.dependencies/checkouts/xcparse/Sources/XCParseCore/ActivityLogUnitTestSection.swift (in target 'XCParseCore' from project 'xcparse')
cd /Users/admin/builder/spi-builder-workspace/.swiftpm/xcode
builtin-SwiftPerFileCompile ActivityLogUnitTestSection.swift
SwiftCompile normal arm64 /Users/admin/builder/spi-builder-workspace/.dependencies/checkouts/xcparse/Sources/XCParseCore/ArchiveInfo.swift (in target 'XCParseCore' from project 'xcparse')
cd /Users/admin/builder/spi-builder-workspace/.swiftpm/xcode
builtin-SwiftPerFileCompile ArchiveInfo.swift
SwiftCompile normal arm64 /Users/admin/builder/spi-builder-workspace/.dependencies/checkouts/xcparse/Sources/XCParseCore/CodeCoverageInfo.swift (in target 'XCParseCore' from project 'xcparse')
cd /Users/admin/builder/spi-builder-workspace/.swiftpm/xcode
builtin-SwiftPerFileCompile CodeCoverageInfo.swift
SwiftCompile normal arm64 /Users/admin/builder/spi-builder-workspace/.dependencies/checkouts/xcparse/Sources/XCParseCore/Console.swift (in target 'XCParseCore' from project 'xcparse')
cd /Users/admin/builder/spi-builder-workspace/.swiftpm/xcode
builtin-SwiftPerFileCompile Console.swift
SwiftDriverJobDiscovery normal arm64_32 Compiling IssueSummary.swift, ObjectID.swift, Reference.swift, ResultIssueSummaries.swift, ResultMetrics.swift, SortedKeyValueArray.swift (in target 'XCParseCore' from project 'xcparse')
SwiftCompile normal arm64_32 Compiling\ ActivityLogSection.swift,\ ActivityLogTargetBuildSection.swift,\ ActivityLogUnitTestSection.swift,\ ArchiveInfo.swift,\ CodeCoverageInfo.swift,\ Console.swift /Users/admin/builder/spi-builder-workspace/.dependencies/checkouts/xcparse/Sources/XCParseCore/ActivityLogSection.swift /Users/admin/builder/spi-builder-workspace/.dependencies/checkouts/xcparse/Sources/XCParseCore/ActivityLogTargetBuildSection.swift /Users/admin/builder/spi-builder-workspace/.dependencies/checkouts/xcparse/Sources/XCParseCore/ActivityLogUnitTestSection.swift /Users/admin/builder/spi-builder-workspace/.dependencies/checkouts/xcparse/Sources/XCParseCore/ArchiveInfo.swift /Users/admin/builder/spi-builder-workspace/.dependencies/checkouts/xcparse/Sources/XCParseCore/CodeCoverageInfo.swift /Users/admin/builder/spi-builder-workspace/.dependencies/checkouts/xcparse/Sources/XCParseCore/Console.swift (in target 'XCParseCore' from project 'xcparse')
SwiftCompile normal arm64_32 /Users/admin/builder/spi-builder-workspace/.dependencies/checkouts/xcparse/Sources/XCParseCore/ActivityLogSection.swift (in target 'XCParseCore' from project 'xcparse')
cd /Users/admin/builder/spi-builder-workspace/.swiftpm/xcode
builtin-SwiftPerFileCompile ActivityLogSection.swift
SwiftCompile normal arm64_32 /Users/admin/builder/spi-builder-workspace/.dependencies/checkouts/xcparse/Sources/XCParseCore/ActivityLogTargetBuildSection.swift (in target 'XCParseCore' from project 'xcparse')
cd /Users/admin/builder/spi-builder-workspace/.swiftpm/xcode
builtin-SwiftPerFileCompile ActivityLogTargetBuildSection.swift
SwiftCompile normal arm64_32 /Users/admin/builder/spi-builder-workspace/.dependencies/checkouts/xcparse/Sources/XCParseCore/ActivityLogUnitTestSection.swift (in target 'XCParseCore' from project 'xcparse')
cd /Users/admin/builder/spi-builder-workspace/.swiftpm/xcode
builtin-SwiftPerFileCompile ActivityLogUnitTestSection.swift
SwiftCompile normal arm64_32 /Users/admin/builder/spi-builder-workspace/.dependencies/checkouts/xcparse/Sources/XCParseCore/ArchiveInfo.swift (in target 'XCParseCore' from project 'xcparse')
cd /Users/admin/builder/spi-builder-workspace/.swiftpm/xcode
builtin-SwiftPerFileCompile ArchiveInfo.swift
SwiftCompile normal arm64_32 /Users/admin/builder/spi-builder-workspace/.dependencies/checkouts/xcparse/Sources/XCParseCore/CodeCoverageInfo.swift (in target 'XCParseCore' from project 'xcparse')
cd /Users/admin/builder/spi-builder-workspace/.swiftpm/xcode
builtin-SwiftPerFileCompile CodeCoverageInfo.swift
SwiftCompile normal arm64_32 /Users/admin/builder/spi-builder-workspace/.dependencies/checkouts/xcparse/Sources/XCParseCore/Console.swift (in target 'XCParseCore' from project 'xcparse')
cd /Users/admin/builder/spi-builder-workspace/.swiftpm/xcode
builtin-SwiftPerFileCompile Console.swift
SwiftDriverJobDiscovery normal arm64 Compiling ActionTestActivitySummary.swift, ActionTestAttachment.swift, ActionTestConfiguration.swift, ActionTestExpectedFailure.swift, ActionTestFailureSummary.swift, ActionTestMetadata.swift, ActionTestNoticeSummary.swift (in target 'XCParseCore' from project 'xcparse')
SwiftCompile normal arm64_32 Compiling\ TestFailureIssueSummary.swift,\ TypeDefinition.swift,\ Version+XCPTooling.swift,\ XCPResultDecoding.swift,\ XCResult.swift,\ XCResultToolCommand.swift /Users/admin/builder/spi-builder-workspace/.dependencies/checkouts/xcparse/Sources/XCParseCore/TestFailureIssueSummary.swift /Users/admin/builder/spi-builder-workspace/.dependencies/checkouts/xcparse/Sources/XCParseCore/TypeDefinition.swift /Users/admin/builder/spi-builder-workspace/.dependencies/checkouts/xcparse/Sources/XCParseCore/Version+XCPTooling.swift /Users/admin/builder/spi-builder-workspace/.dependencies/checkouts/xcparse/Sources/XCParseCore/XCPResultDecoding.swift /Users/admin/builder/spi-builder-workspace/.dependencies/checkouts/xcparse/Sources/XCParseCore/XCResult.swift /Users/admin/builder/spi-builder-workspace/.dependencies/checkouts/xcparse/Sources/XCParseCore/XCResultToolCommand.swift (in target 'XCParseCore' from project 'xcparse')
SwiftCompile normal arm64_32 /Users/admin/builder/spi-builder-workspace/.dependencies/checkouts/xcparse/Sources/XCParseCore/TestFailureIssueSummary.swift (in target 'XCParseCore' from project 'xcparse')
cd /Users/admin/builder/spi-builder-workspace/.swiftpm/xcode
builtin-SwiftPerFileCompile TestFailureIssueSummary.swift
SwiftCompile normal arm64_32 /Users/admin/builder/spi-builder-workspace/.dependencies/checkouts/xcparse/Sources/XCParseCore/TypeDefinition.swift (in target 'XCParseCore' from project 'xcparse')
cd /Users/admin/builder/spi-builder-workspace/.swiftpm/xcode
builtin-SwiftPerFileCompile TypeDefinition.swift
SwiftCompile normal arm64_32 /Users/admin/builder/spi-builder-workspace/.dependencies/checkouts/xcparse/Sources/XCParseCore/Version+XCPTooling.swift (in target 'XCParseCore' from project 'xcparse')
cd /Users/admin/builder/spi-builder-workspace/.swiftpm/xcode
builtin-SwiftPerFileCompile Version+XCPTooling.swift
SwiftCompile normal arm64_32 /Users/admin/builder/spi-builder-workspace/.dependencies/checkouts/xcparse/Sources/XCParseCore/XCPResultDecoding.swift (in target 'XCParseCore' from project 'xcparse')
cd /Users/admin/builder/spi-builder-workspace/.swiftpm/xcode
builtin-SwiftPerFileCompile XCPResultDecoding.swift
SwiftCompile normal arm64_32 /Users/admin/builder/spi-builder-workspace/.dependencies/checkouts/xcparse/Sources/XCParseCore/XCResult.swift (in target 'XCParseCore' from project 'xcparse')
cd /Users/admin/builder/spi-builder-workspace/.swiftpm/xcode
builtin-SwiftPerFileCompile XCResult.swift
SwiftCompile normal arm64_32 /Users/admin/builder/spi-builder-workspace/.dependencies/checkouts/xcparse/Sources/XCParseCore/XCResultToolCommand.swift (in target 'XCParseCore' from project 'xcparse')
cd /Users/admin/builder/spi-builder-workspace/.swiftpm/xcode
builtin-SwiftPerFileCompile XCResultToolCommand.swift
SwiftDriverJobDiscovery normal arm64 Compiling TestFailureIssueSummary.swift, TypeDefinition.swift, Version+XCPTooling.swift, XCPResultDecoding.swift, XCResult.swift, XCResultToolCommand.swift (in target 'XCParseCore' from project 'xcparse')
SwiftCompile normal arm64 Compiling\ ActionAbstractTestSummary.swift,\ ActionDeviceRecord.swift,\ ActionPlatformRecord.swift,\ ActionRecord.swift,\ ActionResult.swift,\ ActionRunDestinationRecord.swift,\ ActionSDKRecord.swift /Users/admin/builder/spi-builder-workspace/.dependencies/checkouts/xcparse/Sources/XCParseCore/ActionAbstractTestSummary.swift /Users/admin/builder/spi-builder-workspace/.dependencies/checkouts/xcparse/Sources/XCParseCore/ActionDeviceRecord.swift /Users/admin/builder/spi-builder-workspace/.dependencies/checkouts/xcparse/Sources/XCParseCore/ActionPlatformRecord.swift /Users/admin/builder/spi-builder-workspace/.dependencies/checkouts/xcparse/Sources/XCParseCore/ActionRecord.swift /Users/admin/builder/spi-builder-workspace/.dependencies/checkouts/xcparse/Sources/XCParseCore/ActionResult.swift /Users/admin/builder/spi-builder-workspace/.dependencies/checkouts/xcparse/Sources/XCParseCore/ActionRunDestinationRecord.swift /Users/admin/builder/spi-builder-workspace/.dependencies/checkouts/xcparse/Sources/XCParseCore/ActionSDKRecord.swift (in target 'XCParseCore' from project 'xcparse')
SwiftCompile normal arm64 /Users/admin/builder/spi-builder-workspace/.dependencies/checkouts/xcparse/Sources/XCParseCore/ActionAbstractTestSummary.swift (in target 'XCParseCore' from project 'xcparse')
cd /Users/admin/builder/spi-builder-workspace/.swiftpm/xcode
builtin-SwiftPerFileCompile ActionAbstractTestSummary.swift
SwiftCompile normal arm64 /Users/admin/builder/spi-builder-workspace/.dependencies/checkouts/xcparse/Sources/XCParseCore/ActionDeviceRecord.swift (in target 'XCParseCore' from project 'xcparse')
cd /Users/admin/builder/spi-builder-workspace/.swiftpm/xcode
builtin-SwiftPerFileCompile ActionDeviceRecord.swift
SwiftCompile normal arm64 /Users/admin/builder/spi-builder-workspace/.dependencies/checkouts/xcparse/Sources/XCParseCore/ActionPlatformRecord.swift (in target 'XCParseCore' from project 'xcparse')
cd /Users/admin/builder/spi-builder-workspace/.swiftpm/xcode
builtin-SwiftPerFileCompile ActionPlatformRecord.swift
SwiftCompile normal arm64 /Users/admin/builder/spi-builder-workspace/.dependencies/checkouts/xcparse/Sources/XCParseCore/ActionRecord.swift (in target 'XCParseCore' from project 'xcparse')
cd /Users/admin/builder/spi-builder-workspace/.swiftpm/xcode
builtin-SwiftPerFileCompile ActionRecord.swift
SwiftCompile normal arm64 /Users/admin/builder/spi-builder-workspace/.dependencies/checkouts/xcparse/Sources/XCParseCore/ActionResult.swift (in target 'XCParseCore' from project 'xcparse')
cd /Users/admin/builder/spi-builder-workspace/.swiftpm/xcode
builtin-SwiftPerFileCompile ActionResult.swift
SwiftCompile normal arm64 /Users/admin/builder/spi-builder-workspace/.dependencies/checkouts/xcparse/Sources/XCParseCore/ActionRunDestinationRecord.swift (in target 'XCParseCore' from project 'xcparse')
cd /Users/admin/builder/spi-builder-workspace/.swiftpm/xcode
builtin-SwiftPerFileCompile ActionRunDestinationRecord.swift
SwiftCompile normal arm64 /Users/admin/builder/spi-builder-workspace/.dependencies/checkouts/xcparse/Sources/XCParseCore/ActionSDKRecord.swift (in target 'XCParseCore' from project 'xcparse')
cd /Users/admin/builder/spi-builder-workspace/.swiftpm/xcode
builtin-SwiftPerFileCompile ActionSDKRecord.swift
SwiftDriverJobDiscovery normal arm64_32 Compiling SortedKeyValueArrayPair.swift, SourceCodeContext.swift, SourceCodeFrame.swift, SourceCodeLocation.swift, SourceCodeSymbolInfo.swift, TestAssociatedError.swift (in target 'XCParseCore' from project 'xcparse')
SwiftCompile normal arm64 Compiling\ ActivityLogAnalyzerStep.swift,\ ActivityLogAnalyzerWarningMessage.swift,\ ActivityLogCommandInvocationSection.swift,\ ActivityLogMajorSection.swift,\ ActivityLogMessage.swift,\ ActivityLogMessageAnnotation.swift /Users/admin/builder/spi-builder-workspace/.dependencies/checkouts/xcparse/Sources/XCParseCore/ActivityLogAnalyzerStep.swift /Users/admin/builder/spi-builder-workspace/.dependencies/checkouts/xcparse/Sources/XCParseCore/ActivityLogAnalyzerWarningMessage.swift /Users/admin/builder/spi-builder-workspace/.dependencies/checkouts/xcparse/Sources/XCParseCore/ActivityLogCommandInvocationSection.swift /Users/admin/builder/spi-builder-workspace/.dependencies/checkouts/xcparse/Sources/XCParseCore/ActivityLogMajorSection.swift /Users/admin/builder/spi-builder-workspace/.dependencies/checkouts/xcparse/Sources/XCParseCore/ActivityLogMessage.swift /Users/admin/builder/spi-builder-workspace/.dependencies/checkouts/xcparse/Sources/XCParseCore/ActivityLogMessageAnnotation.swift (in target 'XCParseCore' from project 'xcparse')
SwiftCompile normal arm64 /Users/admin/builder/spi-builder-workspace/.dependencies/checkouts/xcparse/Sources/XCParseCore/ActivityLogAnalyzerStep.swift (in target 'XCParseCore' from project 'xcparse')
cd /Users/admin/builder/spi-builder-workspace/.swiftpm/xcode
builtin-SwiftPerFileCompile ActivityLogAnalyzerStep.swift
SwiftCompile normal arm64 /Users/admin/builder/spi-builder-workspace/.dependencies/checkouts/xcparse/Sources/XCParseCore/ActivityLogAnalyzerWarningMessage.swift (in target 'XCParseCore' from project 'xcparse')
cd /Users/admin/builder/spi-builder-workspace/.swiftpm/xcode
builtin-SwiftPerFileCompile ActivityLogAnalyzerWarningMessage.swift
SwiftCompile normal arm64 /Users/admin/builder/spi-builder-workspace/.dependencies/checkouts/xcparse/Sources/XCParseCore/ActivityLogCommandInvocationSection.swift (in target 'XCParseCore' from project 'xcparse')
cd /Users/admin/builder/spi-builder-workspace/.swiftpm/xcode
builtin-SwiftPerFileCompile ActivityLogCommandInvocationSection.swift
SwiftCompile normal arm64 /Users/admin/builder/spi-builder-workspace/.dependencies/checkouts/xcparse/Sources/XCParseCore/ActivityLogMajorSection.swift (in target 'XCParseCore' from project 'xcparse')
cd /Users/admin/builder/spi-builder-workspace/.swiftpm/xcode
builtin-SwiftPerFileCompile ActivityLogMajorSection.swift
SwiftCompile normal arm64 /Users/admin/builder/spi-builder-workspace/.dependencies/checkouts/xcparse/Sources/XCParseCore/ActivityLogMessage.swift (in target 'XCParseCore' from project 'xcparse')
cd /Users/admin/builder/spi-builder-workspace/.swiftpm/xcode
builtin-SwiftPerFileCompile ActivityLogMessage.swift
SwiftCompile normal arm64 /Users/admin/builder/spi-builder-workspace/.dependencies/checkouts/xcparse/Sources/XCParseCore/ActivityLogMessageAnnotation.swift (in target 'XCParseCore' from project 'xcparse')
cd /Users/admin/builder/spi-builder-workspace/.swiftpm/xcode
builtin-SwiftPerFileCompile ActivityLogMessageAnnotation.swift
SwiftDriverJobDiscovery normal arm64 Compiling ActivityLogSection.swift, ActivityLogTargetBuildSection.swift, ActivityLogUnitTestSection.swift, ArchiveInfo.swift, CodeCoverageInfo.swift, Console.swift (in target 'XCParseCore' from project 'xcparse')
SwiftDriverJobDiscovery normal arm64_32 Compiling ActivityLogSection.swift, ActivityLogTargetBuildSection.swift, ActivityLogUnitTestSection.swift, ArchiveInfo.swift, CodeCoverageInfo.swift, Console.swift (in target 'XCParseCore' from project 'xcparse')
SwiftDriver\ Compilation TSCUtility normal arm64_32 com.apple.xcode.tools.swift.compiler (in target 'TSCUtility' from project 'swift-tools-support-core')
cd /Users/admin/builder/spi-builder-workspace/.swiftpm/xcode
builtin-Swift-Compilation -- /Applications/Xcode-27.0.0-Release.Candidate.app/Contents/Developer/Toolchains/XcodeDefault.xctoolchain/usr/bin/swiftc -parse-as-library -module-name TSCUtility -Onone @/Users/admin/builder/spi-builder-workspace/.derivedData/Build/Intermediates.noindex/swift-tools-support-core.build/Debug-watchos/TSCUtility-t.build/Objects-normal/arm64_32/TSCUtility.SwiftFileList -DSWIFT_PACKAGE -DDEBUG -DSWIFT_MODULE_RESOURCE_BUNDLE_UNAVAILABLE -Xcc -fmodule-map-file\=/Users/admin/builder/spi-builder-workspace/.dependencies/checkouts/swift-system/Sources/CSystem/include/module.modulemap -Xcc -fmodule-map-file\=/Users/admin/builder/spi-builder-workspace/.dependencies/checkouts/swift-tools-support-core/Sources/TSCclibc/include/module.modulemap -DXcode -plugin-path /Applications/Xcode-27.0.0-Release.Candidate.app/Contents/Developer/Toolchains/XcodeDefault.xctoolchain/usr/lib/swift/host/plugins/testing -enable-experimental-feature DebugDescriptionMacro -sdk /Applications/Xcode-27.0.0-Release.Candidate.app/Contents/Developer/Platforms/WatchOS.platform/Developer/SDKs/WatchOS27.0.sdk -target arm64_32-apple-watchos9.0 -g -module-cache-path /Users/admin/builder/spi-builder-workspace/.derivedData/ModuleCache.noindex -Xfrontend -serialize-debugging-options -profile-coverage-mapping -profile-generate -enable-testing -suppress-warnings -index-store-path /Users/admin/builder/spi-builder-workspace/.derivedData/Index.noindex/DataStore -Xcc -D_LIBCPP_HARDENING_MODE\=_LIBCPP_HARDENING_MODE_DEBUG -swift-version 5 -I /Users/admin/builder/spi-builder-workspace/.derivedData/Build/Products/Debug-watchos -Isystem /Applications/Xcode-27.0.0-Release.Candidate.app/Contents/Developer/Platforms/WatchOS.platform/Developer/usr/lib -F /Users/admin/builder/spi-builder-workspace/.derivedData/Build/Products/Debug-watchos/PackageFrameworks -F /Users/admin/builder/spi-builder-workspace/.derivedData/Build/Products/Debug-watchos -F /Applications/Xcode-27.0.0-Release.Candidate.app/Contents/Developer/Platforms/WatchOS.platform/Developer/Library/Frameworks -F /Applications/Xcode-27.0.0-Release.Candidate.app/Contents/Developer/Platforms/WatchOS.platform/Developer/SDKs/WatchOS27.0.sdk/Developer/Library/Frameworks -c -j10 -enable-batch-mode -incremental -Xcc -ivfsstatcache -Xcc /Users/admin/builder/spi-builder-workspace/.derivedData/SDKStatCaches.noindex/watchos27.0-24R360-e829b21a6f8c9b70876ba0858053c04477534ef55a1706bf4c1112bbb242f0a2.sdkstatcache -output-file-map /Users/admin/builder/spi-builder-workspace/.derivedData/Build/Intermediates.noindex/swift-tools-support-core.build/Debug-watchos/TSCUtility-t.build/Objects-normal/arm64_32/TSCUtility-OutputFileMap.json -save-temps -no-color-diagnostics -explicit-module-build -module-cache-path /Users/admin/builder/spi-builder-workspace/.derivedData/Build/Intermediates.noindex/SwiftExplicitPrecompiledModules -clang-scanner-module-cache-path /Users/admin/builder/spi-builder-workspace/.derivedData/ModuleCache.noindex -sdk-module-cache-path /Users/admin/builder/spi-builder-workspace/.derivedData/SDKExplicitPrecompiledModules -emit-dependencies -emit-module -emit-module-path /Users/admin/builder/spi-builder-workspace/.derivedData/Build/Intermediates.noindex/swift-tools-support-core.build/Debug-watchos/TSCUtility-t.build/Objects-normal/arm64_32/TSCUtility.swiftmodule -serialize-diagnostics -dependency-scan-serialize-diagnostics-path /Users/admin/builder/spi-builder-workspace/.derivedData/Build/Intermediates.noindex/swift-tools-support-core.build/Debug-watchos/TSCUtility-t.build/Objects-normal/arm64_32/TSCUtility-dependency-scan.dia -validate-clang-modules-once -clang-build-session-file /Users/admin/builder/spi-builder-workspace/.derivedData/ModuleCache.noindex/Session.modulevalidation -Xcc -fmodules-prune-interval\=86400 -Xcc -fmodules-prune-after\=345600 -emit-const-values -const-gather-protocols-list /Users/admin/builder/spi-builder-workspace/.derivedData/Build/Intermediates.noindex/swift-tools-support-core.build/Debug-watchos/TSCUtility-t.build/Objects-normal/arm64_32/TSCUtility_const_extract_protocols.json -Xcc -I/Users/admin/builder/spi-builder-workspace/.dependencies/checkouts/swift-system/Sources/CSystem/include -Xcc -I/Users/admin/builder/spi-builder-workspace/.dependencies/checkouts/swift-tools-support-core/Sources/TSCclibc/include -Xcc -I/Users/admin/builder/spi-builder-workspace/.derivedData/Build/Products/Debug-watchos/include -Xcc -I/Users/admin/builder/spi-builder-workspace/.derivedData/Build/Intermediates.noindex/swift-tools-support-core.build/Debug-watchos/TSCUtility-t.build/DerivedSources-normal/arm64_32 -Xcc -I/Users/admin/builder/spi-builder-workspace/.derivedData/Build/Intermediates.noindex/swift-tools-support-core.build/Debug-watchos/TSCUtility-t.build/DerivedSources/arm64_32 -Xcc -I/Users/admin/builder/spi-builder-workspace/.derivedData/Build/Intermediates.noindex/swift-tools-support-core.build/Debug-watchos/TSCUtility-t.build/DerivedSources -Xcc -DSWIFT_PACKAGE -Xcc -DDEBUG\=1 -emit-objc-header -emit-objc-header-path /Users/admin/builder/spi-builder-workspace/.derivedData/Build/Intermediates.noindex/swift-tools-support-core.build/Debug-watchos/TSCUtility-t.build/Objects-normal/arm64_32/TSCUtility-Swift.h -working-directory /Users/admin/builder/spi-builder-workspace/.swiftpm/xcode -experimental-emit-module-separately -disable-cmo
Ld /Users/admin/builder/spi-builder-workspace/.derivedData/Build/Intermediates.noindex/swift-tools-support-core.build/Debug-watchos/TSCUtility-t.build/Objects-normal/arm64_32/Binary/TSCUtility.o normal arm64_32 (in target 'TSCUtility' from project 'swift-tools-support-core')
cd /Users/admin/builder/spi-builder-workspace/.dependencies/checkouts/swift-tools-support-core
/Applications/Xcode-27.0.0-Release.Candidate.app/Contents/Developer/Toolchains/XcodeDefault.xctoolchain/usr/bin/clang -Xlinker -reproducible -target arm64_32-apple-watchos9.0 -r -isysroot /Applications/Xcode-27.0.0-Release.Candidate.app/Contents/Developer/Platforms/WatchOS.platform/Developer/SDKs/WatchOS27.0.sdk -O0 -w -Xlinker -no_warn_duplicate_libraries -F/Users/admin/builder/spi-builder-workspace/.derivedData/Build/Intermediates.noindex/EagerLinkingTBDs/Debug-watchos -F/Users/admin/builder/spi-builder-workspace/.derivedData/Build/Products/Debug-watchos/PackageFrameworks -F/Users/admin/builder/spi-builder-workspace/.derivedData/Build/Products/Debug-watchos -iframework /Applications/Xcode-27.0.0-Release.Candidate.app/Contents/Developer/Platforms/WatchOS.platform/Developer/Library/Frameworks -iframework /Applications/Xcode-27.0.0-Release.Candidate.app/Contents/Developer/Platforms/WatchOS.platform/Developer/SDKs/WatchOS27.0.sdk/Developer/Library/Frameworks -filelist /Users/admin/builder/spi-builder-workspace/.derivedData/Build/Intermediates.noindex/swift-tools-support-core.build/Debug-watchos/TSCUtility-t.build/Objects-normal/arm64_32/TSCUtility.LinkFileList -nostdlib -Xlinker -object_path_lto -Xlinker /Users/admin/builder/spi-builder-workspace/.derivedData/Build/Intermediates.noindex/swift-tools-support-core.build/Debug-watchos/TSCUtility-t.build/Objects-normal/arm64_32/TSCUtility_lto.o -Xlinker -no_deduplicate -Xlinker -debug_variant -Xlinker -dependency_info -Xlinker /Users/admin/builder/spi-builder-workspace/.derivedData/Build/Intermediates.noindex/swift-tools-support-core.build/Debug-watchos/TSCUtility-t.build/Objects-normal/arm64_32/TSCUtility_dependency_info.dat -fobjc-link-runtime -L/Applications/Xcode-27.0.0-Release.Candidate.app/Contents/Developer/Toolchains/XcodeDefault.xctoolchain/usr/lib/swift/watchos -L/usr/lib/swift -Xlinker -add_ast_path -Xlinker /Users/admin/builder/spi-builder-workspace/.derivedData/Build/Intermediates.noindex/swift-tools-support-core.build/Debug-watchos/TSCUtility-t.build/Objects-normal/arm64_32/TSCUtility.swiftmodule -o /Users/admin/builder/spi-builder-workspace/.derivedData/Build/Intermediates.noindex/swift-tools-support-core.build/Debug-watchos/TSCUtility-t.build/Objects-normal/arm64_32/Binary/TSCUtility.o
CreateUniversalBinary /Users/admin/builder/spi-builder-workspace/.derivedData/Build/Products/Debug-watchos/TSCUtility.o normal arm64\ arm64_32 (in target 'TSCUtility' from project 'swift-tools-support-core')
cd /Users/admin/builder/spi-builder-workspace/.dependencies/checkouts/swift-tools-support-core
/Applications/Xcode-27.0.0-Release.Candidate.app/Contents/Developer/Toolchains/XcodeDefault.xctoolchain/usr/bin/lipo -create /Users/admin/builder/spi-builder-workspace/.derivedData/Build/Intermediates.noindex/swift-tools-support-core.build/Debug-watchos/TSCUtility-t.build/Objects-normal/arm64/Binary/TSCUtility.o /Users/admin/builder/spi-builder-workspace/.derivedData/Build/Intermediates.noindex/swift-tools-support-core.build/Debug-watchos/TSCUtility-t.build/Objects-normal/arm64_32/Binary/TSCUtility.o -output /Users/admin/builder/spi-builder-workspace/.derivedData/Build/Products/Debug-watchos/TSCUtility.o
ExtractAppIntentsMetadata (in target 'TSCUtility' from project 'swift-tools-support-core')
cd /Users/admin/builder/spi-builder-workspace/.dependencies/checkouts/swift-tools-support-core
/Applications/Xcode-27.0.0-Release.Candidate.app/Contents/Developer/Toolchains/XcodeDefault.xctoolchain/usr/bin/appintentsmetadataprocessor --toolchain-dir /var/run/com.apple.security.cryptexd/mnt/com.apple.MobileAsset.MetalToolchain-v27.1.266.1.crL7c2/Metal.xctoolchain --module-name TSCUtility --sdk-root /Applications/Xcode-27.0.0-Release.Candidate.app/Contents/Developer/Platforms/WatchOS.platform/Developer/SDKs/WatchOS27.0.sdk --xcode-version 27A266a --platform-family watchOS --deployment-target 9.0 --bundle-identifier swift-tools-support-core.TSCUtility --output /Users/admin/builder/spi-builder-workspace/.derivedData/Build/Products/Debug-watchos/TSCUtility.appintents --target-triple arm64-apple-watchos9.0 --target-triple arm64_32-apple-watchos9.0 --binary-file /Users/admin/builder/spi-builder-workspace/.derivedData/Build/Products/Debug-watchos/TSCUtility.o --dependency-file /Users/admin/builder/spi-builder-workspace/.derivedData/Build/Intermediates.noindex/swift-tools-support-core.build/Debug-watchos/TSCUtility-t.build/Objects-normal/arm64/TSCUtility_dependency_info.dat --dependency-file /Users/admin/builder/spi-builder-workspace/.derivedData/Build/Intermediates.noindex/swift-tools-support-core.build/Debug-watchos/TSCUtility-t.build/Objects-normal/arm64_32/TSCUtility_dependency_info.dat --stringsdata-file /Users/admin/builder/spi-builder-workspace/.derivedData/Build/Intermediates.noindex/swift-tools-support-core.build/Debug-watchos/TSCUtility-t.build/Objects-normal/arm64/ExtractedAppShortcutsMetadata.stringsdata --stringsdata-file /Users/admin/builder/spi-builder-workspace/.derivedData/Build/Intermediates.noindex/swift-tools-support-core.build/Debug-watchos/TSCUtility-t.build/Objects-normal/arm64_32/ExtractedAppShortcutsMetadata.stringsdata --source-file-list /Users/admin/builder/spi-builder-workspace/.derivedData/Build/Intermediates.noindex/swift-tools-support-core.build/Debug-watchos/TSCUtility-t.build/Objects-normal/arm64/TSCUtility.SwiftFileList --source-file-list /Users/admin/builder/spi-builder-workspace/.derivedData/Build/Intermediates.noindex/swift-tools-support-core.build/Debug-watchos/TSCUtility-t.build/Objects-normal/arm64_32/TSCUtility.SwiftFileList --metadata-file-list /Users/admin/builder/spi-builder-workspace/.derivedData/Build/Intermediates.noindex/swift-tools-support-core.build/Debug-watchos/TSCUtility-t.build/TSCUtility.DependencyMetadataFileList --static-metadata-file-list /Users/admin/builder/spi-builder-workspace/.derivedData/Build/Intermediates.noindex/swift-tools-support-core.build/Debug-watchos/TSCUtility-t.build/TSCUtility.DependencyStaticMetadataFileList --swift-const-vals-list /Users/admin/builder/spi-builder-workspace/.derivedData/Build/Intermediates.noindex/swift-tools-support-core.build/Debug-watchos/TSCUtility-t.build/Objects-normal/arm64/TSCUtility.SwiftConstValuesFileList --swift-const-vals-list /Users/admin/builder/spi-builder-workspace/.derivedData/Build/Intermediates.noindex/swift-tools-support-core.build/Debug-watchos/TSCUtility-t.build/Objects-normal/arm64_32/TSCUtility.SwiftConstValuesFileList --force --compile-time-extraction --deployment-aware-processing --no-app-shortcuts-localization
2026-09-18 00:33:59.330 appintentsmetadataprocessor[3197:12743] Starting appintentsmetadataprocessor export
2026-09-18 00:33:59.397 appintentsmetadataprocessor[3197:12743] Extracted no relevant App Intents symbols, skipping writing output
SwiftDriverJobDiscovery normal arm64 Compiling ActivityLogAnalyzerStep.swift, ActivityLogAnalyzerWarningMessage.swift, ActivityLogCommandInvocationSection.swift, ActivityLogMajorSection.swift, ActivityLogMessage.swift, ActivityLogMessageAnnotation.swift (in target 'XCParseCore' from project 'xcparse')
SwiftDriverJobDiscovery normal arm64 Compiling ActionAbstractTestSummary.swift, ActionDeviceRecord.swift, ActionPlatformRecord.swift, ActionRecord.swift, ActionResult.swift, ActionRunDestinationRecord.swift, ActionSDKRecord.swift (in target 'XCParseCore' from project 'xcparse')
SwiftDriver\ Compilation XCParseCore normal arm64 com.apple.xcode.tools.swift.compiler (in target 'XCParseCore' from project 'xcparse')
cd /Users/admin/builder/spi-builder-workspace/.swiftpm/xcode
builtin-Swift-Compilation -- /Applications/Xcode-27.0.0-Release.Candidate.app/Contents/Developer/Toolchains/XcodeDefault.xctoolchain/usr/bin/swiftc -parse-as-library -module-name XCParseCore -Onone @/Users/admin/builder/spi-builder-workspace/.derivedData/Build/Intermediates.noindex/xcparse.build/Debug-watchos/XCParseCore-t.build/Objects-normal/arm64/XCParseCore.SwiftFileList -DSWIFT_PACKAGE -DDEBUG -DSWIFT_MODULE_RESOURCE_BUNDLE_UNAVAILABLE -Xcc -fmodule-map-file\=/Users/admin/builder/spi-builder-workspace/.dependencies/checkouts/swift-system/Sources/CSystem/include/module.modulemap -Xcc -fmodule-map-file\=/Users/admin/builder/spi-builder-workspace/.dependencies/checkouts/swift-tools-support-core/Sources/TSCclibc/include/module.modulemap -DXcode -plugin-path /Applications/Xcode-27.0.0-Release.Candidate.app/Contents/Developer/Toolchains/XcodeDefault.xctoolchain/usr/lib/swift/host/plugins/testing -enable-experimental-feature DebugDescriptionMacro -sdk /Applications/Xcode-27.0.0-Release.Candidate.app/Contents/Developer/Platforms/WatchOS.platform/Developer/SDKs/WatchOS27.0.sdk -target arm64-apple-watchos9.0 -g -module-cache-path /Users/admin/builder/spi-builder-workspace/.derivedData/ModuleCache.noindex -Xfrontend -serialize-debugging-options -profile-coverage-mapping -profile-generate -enable-testing -suppress-warnings -index-store-path /Users/admin/builder/spi-builder-workspace/.derivedData/Index.noindex/DataStore -Xcc -D_LIBCPP_HARDENING_MODE\=_LIBCPP_HARDENING_MODE_DEBUG -swift-version 5 -I /Users/admin/builder/spi-builder-workspace/.derivedData/Build/Products/Debug-watchos -Isystem /Applications/Xcode-27.0.0-Release.Candidate.app/Contents/Developer/Platforms/WatchOS.platform/Developer/usr/lib -F /Users/admin/builder/spi-builder-workspace/.derivedData/Build/Products/Debug-watchos/PackageFrameworks -F /Users/admin/builder/spi-builder-workspace/.derivedData/Build/Products/Debug-watchos -F /Applications/Xcode-27.0.0-Release.Candidate.app/Contents/Developer/Platforms/WatchOS.platform/Developer/Library/Frameworks -F /Applications/Xcode-27.0.0-Release.Candidate.app/Contents/Developer/Platforms/WatchOS.platform/Developer/SDKs/WatchOS27.0.sdk/Developer/Library/Frameworks -c -j10 -enable-batch-mode -incremental -Xcc -ivfsstatcache -Xcc /Users/admin/builder/spi-builder-workspace/.derivedData/SDKStatCaches.noindex/watchos27.0-24R360-e829b21a6f8c9b70876ba0858053c04477534ef55a1706bf4c1112bbb242f0a2.sdkstatcache -output-file-map /Users/admin/builder/spi-builder-workspace/.derivedData/Build/Intermediates.noindex/xcparse.build/Debug-watchos/XCParseCore-t.build/Objects-normal/arm64/XCParseCore-OutputFileMap.json -save-temps -no-color-diagnostics -explicit-module-build -module-cache-path /Users/admin/builder/spi-builder-workspace/.derivedData/Build/Intermediates.noindex/SwiftExplicitPrecompiledModules -clang-scanner-module-cache-path /Users/admin/builder/spi-builder-workspace/.derivedData/ModuleCache.noindex -sdk-module-cache-path /Users/admin/builder/spi-builder-workspace/.derivedData/SDKExplicitPrecompiledModules -emit-dependencies -emit-module -emit-module-path /Users/admin/builder/spi-builder-workspace/.derivedData/Build/Intermediates.noindex/xcparse.build/Debug-watchos/XCParseCore-t.build/Objects-normal/arm64/XCParseCore.swiftmodule -serialize-diagnostics -dependency-scan-serialize-diagnostics-path /Users/admin/builder/spi-builder-workspace/.derivedData/Build/Intermediates.noindex/xcparse.build/Debug-watchos/XCParseCore-t.build/Objects-normal/arm64/XCParseCore-dependency-scan.dia -validate-clang-modules-once -clang-build-session-file /Users/admin/builder/spi-builder-workspace/.derivedData/ModuleCache.noindex/Session.modulevalidation -Xcc -fmodules-prune-interval\=86400 -Xcc -fmodules-prune-after\=345600 -emit-const-values -const-gather-protocols-list /Users/admin/builder/spi-builder-workspace/.derivedData/Build/Intermediates.noindex/xcparse.build/Debug-watchos/XCParseCore-t.build/Objects-normal/arm64/XCParseCore_const_extract_protocols.json -Xcc -I/Users/admin/builder/spi-builder-workspace/.dependencies/checkouts/swift-system/Sources/CSystem/include -Xcc -I/Users/admin/builder/spi-builder-workspace/.dependencies/checkouts/swift-tools-support-core/Sources/TSCclibc/include -Xcc -I/Users/admin/builder/spi-builder-workspace/.derivedData/Build/Products/Debug-watchos/include -Xcc -I/Users/admin/builder/spi-builder-workspace/.derivedData/Build/Intermediates.noindex/xcparse.build/Debug-watchos/XCParseCore-t.build/DerivedSources-normal/arm64 -Xcc -I/Users/admin/builder/spi-builder-workspace/.derivedData/Build/Intermediates.noindex/xcparse.build/Debug-watchos/XCParseCore-t.build/DerivedSources/arm64 -Xcc -I/Users/admin/builder/spi-builder-workspace/.derivedData/Build/Intermediates.noindex/xcparse.build/Debug-watchos/XCParseCore-t.build/DerivedSources -Xcc -DSWIFT_PACKAGE -Xcc -DDEBUG\=1 -emit-objc-header -emit-objc-header-path /Users/admin/builder/spi-builder-workspace/.derivedData/Build/Intermediates.noindex/xcparse.build/Debug-watchos/XCParseCore-t.build/Objects-normal/arm64/XCParseCore-Swift.h -working-directory /Users/admin/builder/spi-builder-workspace/.swiftpm/xcode -experimental-emit-module-separately -disable-cmo
Ld /Users/admin/builder/spi-builder-workspace/.derivedData/Build/Intermediates.noindex/xcparse.build/Debug-watchos/XCParseCore-t.build/Objects-normal/arm64/Binary/XCParseCore.o normal arm64 (in target 'XCParseCore' from project 'xcparse')
cd /Users/admin/builder/spi-builder-workspace/.dependencies/checkouts/xcparse
/Applications/Xcode-27.0.0-Release.Candidate.app/Contents/Developer/Toolchains/XcodeDefault.xctoolchain/usr/bin/clang -Xlinker -reproducible -target arm64-apple-watchos9.0 -r -isysroot /Applications/Xcode-27.0.0-Release.Candidate.app/Contents/Developer/Platforms/WatchOS.platform/Developer/SDKs/WatchOS27.0.sdk -O0 -w -Xlinker -no_warn_duplicate_libraries -F/Users/admin/builder/spi-builder-workspace/.derivedData/Build/Intermediates.noindex/EagerLinkingTBDs/Debug-watchos -F/Users/admin/builder/spi-builder-workspace/.derivedData/Build/Products/Debug-watchos/PackageFrameworks -F/Users/admin/builder/spi-builder-workspace/.derivedData/Build/Products/Debug-watchos -iframework /Applications/Xcode-27.0.0-Release.Candidate.app/Contents/Developer/Platforms/WatchOS.platform/Developer/Library/Frameworks -iframework /Applications/Xcode-27.0.0-Release.Candidate.app/Contents/Developer/Platforms/WatchOS.platform/Developer/SDKs/WatchOS27.0.sdk/Developer/Library/Frameworks -filelist /Users/admin/builder/spi-builder-workspace/.derivedData/Build/Intermediates.noindex/xcparse.build/Debug-watchos/XCParseCore-t.build/Objects-normal/arm64/XCParseCore.LinkFileList -nostdlib -Xlinker -object_path_lto -Xlinker /Users/admin/builder/spi-builder-workspace/.derivedData/Build/Intermediates.noindex/xcparse.build/Debug-watchos/XCParseCore-t.build/Objects-normal/arm64/XCParseCore_lto.o -Xlinker -no_deduplicate -Xlinker -debug_variant -Xlinker -dependency_info -Xlinker /Users/admin/builder/spi-builder-workspace/.derivedData/Build/Intermediates.noindex/xcparse.build/Debug-watchos/XCParseCore-t.build/Objects-normal/arm64/XCParseCore_dependency_info.dat -fobjc-link-runtime -L/Applications/Xcode-27.0.0-Release.Candidate.app/Contents/Developer/Toolchains/XcodeDefault.xctoolchain/usr/lib/swift/watchos -L/usr/lib/swift -Xlinker -add_ast_path -Xlinker /Users/admin/builder/spi-builder-workspace/.derivedData/Build/Intermediates.noindex/xcparse.build/Debug-watchos/XCParseCore-t.build/Objects-normal/arm64/XCParseCore.swiftmodule -o /Users/admin/builder/spi-builder-workspace/.derivedData/Build/Intermediates.noindex/xcparse.build/Debug-watchos/XCParseCore-t.build/Objects-normal/arm64/Binary/XCParseCore.o
SwiftDriverJobDiscovery normal arm64_32 Compiling TestFailureIssueSummary.swift, TypeDefinition.swift, Version+XCPTooling.swift, XCPResultDecoding.swift, XCResult.swift, XCResultToolCommand.swift (in target 'XCParseCore' from project 'xcparse')
SwiftDriver\ Compilation XCParseCore normal arm64_32 com.apple.xcode.tools.swift.compiler (in target 'XCParseCore' from project 'xcparse')
cd /Users/admin/builder/spi-builder-workspace/.swiftpm/xcode
builtin-Swift-Compilation -- /Applications/Xcode-27.0.0-Release.Candidate.app/Contents/Developer/Toolchains/XcodeDefault.xctoolchain/usr/bin/swiftc -parse-as-library -module-name XCParseCore -Onone @/Users/admin/builder/spi-builder-workspace/.derivedData/Build/Intermediates.noindex/xcparse.build/Debug-watchos/XCParseCore-t.build/Objects-normal/arm64_32/XCParseCore.SwiftFileList -DSWIFT_PACKAGE -DDEBUG -DSWIFT_MODULE_RESOURCE_BUNDLE_UNAVAILABLE -Xcc -fmodule-map-file\=/Users/admin/builder/spi-builder-workspace/.dependencies/checkouts/swift-system/Sources/CSystem/include/module.modulemap -Xcc -fmodule-map-file\=/Users/admin/builder/spi-builder-workspace/.dependencies/checkouts/swift-tools-support-core/Sources/TSCclibc/include/module.modulemap -DXcode -plugin-path /Applications/Xcode-27.0.0-Release.Candidate.app/Contents/Developer/Toolchains/XcodeDefault.xctoolchain/usr/lib/swift/host/plugins/testing -enable-experimental-feature DebugDescriptionMacro -sdk /Applications/Xcode-27.0.0-Release.Candidate.app/Contents/Developer/Platforms/WatchOS.platform/Developer/SDKs/WatchOS27.0.sdk -target arm64_32-apple-watchos9.0 -g -module-cache-path /Users/admin/builder/spi-builder-workspace/.derivedData/ModuleCache.noindex -Xfrontend -serialize-debugging-options -profile-coverage-mapping -profile-generate -enable-testing -suppress-warnings -index-store-path /Users/admin/builder/spi-builder-workspace/.derivedData/Index.noindex/DataStore -Xcc -D_LIBCPP_HARDENING_MODE\=_LIBCPP_HARDENING_MODE_DEBUG -swift-version 5 -I /Users/admin/builder/spi-builder-workspace/.derivedData/Build/Products/Debug-watchos -Isystem /Applications/Xcode-27.0.0-Release.Candidate.app/Contents/Developer/Platforms/WatchOS.platform/Developer/usr/lib -F /Users/admin/builder/spi-builder-workspace/.derivedData/Build/Products/Debug-watchos/PackageFrameworks -F /Users/admin/builder/spi-builder-workspace/.derivedData/Build/Products/Debug-watchos -F /Applications/Xcode-27.0.0-Release.Candidate.app/Contents/Developer/Platforms/WatchOS.platform/Developer/Library/Frameworks -F /Applications/Xcode-27.0.0-Release.Candidate.app/Contents/Developer/Platforms/WatchOS.platform/Developer/SDKs/WatchOS27.0.sdk/Developer/Library/Frameworks -c -j10 -enable-batch-mode -incremental -Xcc -ivfsstatcache -Xcc /Users/admin/builder/spi-builder-workspace/.derivedData/SDKStatCaches.noindex/watchos27.0-24R360-e829b21a6f8c9b70876ba0858053c04477534ef55a1706bf4c1112bbb242f0a2.sdkstatcache -output-file-map /Users/admin/builder/spi-builder-workspace/.derivedData/Build/Intermediates.noindex/xcparse.build/Debug-watchos/XCParseCore-t.build/Objects-normal/arm64_32/XCParseCore-OutputFileMap.json -save-temps -no-color-diagnostics -explicit-module-build -module-cache-path /Users/admin/builder/spi-builder-workspace/.derivedData/Build/Intermediates.noindex/SwiftExplicitPrecompiledModules -clang-scanner-module-cache-path /Users/admin/builder/spi-builder-workspace/.derivedData/ModuleCache.noindex -sdk-module-cache-path /Users/admin/builder/spi-builder-workspace/.derivedData/SDKExplicitPrecompiledModules -emit-dependencies -emit-module -emit-module-path /Users/admin/builder/spi-builder-workspace/.derivedData/Build/Intermediates.noindex/xcparse.build/Debug-watchos/XCParseCore-t.build/Objects-normal/arm64_32/XCParseCore.swiftmodule -serialize-diagnostics -dependency-scan-serialize-diagnostics-path /Users/admin/builder/spi-builder-workspace/.derivedData/Build/Intermediates.noindex/xcparse.build/Debug-watchos/XCParseCore-t.build/Objects-normal/arm64_32/XCParseCore-dependency-scan.dia -validate-clang-modules-once -clang-build-session-file /Users/admin/builder/spi-builder-workspace/.derivedData/ModuleCache.noindex/Session.modulevalidation -Xcc -fmodules-prune-interval\=86400 -Xcc -fmodules-prune-after\=345600 -emit-const-values -const-gather-protocols-list /Users/admin/builder/spi-builder-workspace/.derivedData/Build/Intermediates.noindex/xcparse.build/Debug-watchos/XCParseCore-t.build/Objects-normal/arm64_32/XCParseCore_const_extract_protocols.json -Xcc -I/Users/admin/builder/spi-builder-workspace/.dependencies/checkouts/swift-system/Sources/CSystem/include -Xcc -I/Users/admin/builder/spi-builder-workspace/.dependencies/checkouts/swift-tools-support-core/Sources/TSCclibc/include -Xcc -I/Users/admin/builder/spi-builder-workspace/.derivedData/Build/Products/Debug-watchos/include -Xcc -I/Users/admin/builder/spi-builder-workspace/.derivedData/Build/Intermediates.noindex/xcparse.build/Debug-watchos/XCParseCore-t.build/DerivedSources-normal/arm64_32 -Xcc -I/Users/admin/builder/spi-builder-workspace/.derivedData/Build/Intermediates.noindex/xcparse.build/Debug-watchos/XCParseCore-t.build/DerivedSources/arm64_32 -Xcc -I/Users/admin/builder/spi-builder-workspace/.derivedData/Build/Intermediates.noindex/xcparse.build/Debug-watchos/XCParseCore-t.build/DerivedSources -Xcc -DSWIFT_PACKAGE -Xcc -DDEBUG\=1 -emit-objc-header -emit-objc-header-path /Users/admin/builder/spi-builder-workspace/.derivedData/Build/Intermediates.noindex/xcparse.build/Debug-watchos/XCParseCore-t.build/Objects-normal/arm64_32/XCParseCore-Swift.h -working-directory /Users/admin/builder/spi-builder-workspace/.swiftpm/xcode -experimental-emit-module-separately -disable-cmo
Ld /Users/admin/builder/spi-builder-workspace/.derivedData/Build/Intermediates.noindex/xcparse.build/Debug-watchos/XCParseCore-t.build/Objects-normal/arm64_32/Binary/XCParseCore.o normal arm64_32 (in target 'XCParseCore' from project 'xcparse')
cd /Users/admin/builder/spi-builder-workspace/.dependencies/checkouts/xcparse
/Applications/Xcode-27.0.0-Release.Candidate.app/Contents/Developer/Toolchains/XcodeDefault.xctoolchain/usr/bin/clang -Xlinker -reproducible -target arm64_32-apple-watchos9.0 -r -isysroot /Applications/Xcode-27.0.0-Release.Candidate.app/Contents/Developer/Platforms/WatchOS.platform/Developer/SDKs/WatchOS27.0.sdk -O0 -w -Xlinker -no_warn_duplicate_libraries -F/Users/admin/builder/spi-builder-workspace/.derivedData/Build/Intermediates.noindex/EagerLinkingTBDs/Debug-watchos -F/Users/admin/builder/spi-builder-workspace/.derivedData/Build/Products/Debug-watchos/PackageFrameworks -F/Users/admin/builder/spi-builder-workspace/.derivedData/Build/Products/Debug-watchos -iframework /Applications/Xcode-27.0.0-Release.Candidate.app/Contents/Developer/Platforms/WatchOS.platform/Developer/Library/Frameworks -iframework /Applications/Xcode-27.0.0-Release.Candidate.app/Contents/Developer/Platforms/WatchOS.platform/Developer/SDKs/WatchOS27.0.sdk/Developer/Library/Frameworks -filelist /Users/admin/builder/spi-builder-workspace/.derivedData/Build/Intermediates.noindex/xcparse.build/Debug-watchos/XCParseCore-t.build/Objects-normal/arm64_32/XCParseCore.LinkFileList -nostdlib -Xlinker -object_path_lto -Xlinker /Users/admin/builder/spi-builder-workspace/.derivedData/Build/Intermediates.noindex/xcparse.build/Debug-watchos/XCParseCore-t.build/Objects-normal/arm64_32/XCParseCore_lto.o -Xlinker -no_deduplicate -Xlinker -debug_variant -Xlinker -dependency_info -Xlinker /Users/admin/builder/spi-builder-workspace/.derivedData/Build/Intermediates.noindex/xcparse.build/Debug-watchos/XCParseCore-t.build/Objects-normal/arm64_32/XCParseCore_dependency_info.dat -fobjc-link-runtime -L/Applications/Xcode-27.0.0-Release.Candidate.app/Contents/Developer/Toolchains/XcodeDefault.xctoolchain/usr/lib/swift/watchos -L/usr/lib/swift -Xlinker -add_ast_path -Xlinker /Users/admin/builder/spi-builder-workspace/.derivedData/Build/Intermediates.noindex/xcparse.build/Debug-watchos/XCParseCore-t.build/Objects-normal/arm64_32/XCParseCore.swiftmodule -o /Users/admin/builder/spi-builder-workspace/.derivedData/Build/Intermediates.noindex/xcparse.build/Debug-watchos/XCParseCore-t.build/Objects-normal/arm64_32/Binary/XCParseCore.o
CreateUniversalBinary /Users/admin/builder/spi-builder-workspace/.derivedData/Build/Products/Debug-watchos/XCParseCore.o normal arm64\ arm64_32 (in target 'XCParseCore' from project 'xcparse')
cd /Users/admin/builder/spi-builder-workspace/.dependencies/checkouts/xcparse
/Applications/Xcode-27.0.0-Release.Candidate.app/Contents/Developer/Toolchains/XcodeDefault.xctoolchain/usr/bin/lipo -create /Users/admin/builder/spi-builder-workspace/.derivedData/Build/Intermediates.noindex/xcparse.build/Debug-watchos/XCParseCore-t.build/Objects-normal/arm64/Binary/XCParseCore.o /Users/admin/builder/spi-builder-workspace/.derivedData/Build/Intermediates.noindex/xcparse.build/Debug-watchos/XCParseCore-t.build/Objects-normal/arm64_32/Binary/XCParseCore.o -output /Users/admin/builder/spi-builder-workspace/.derivedData/Build/Products/Debug-watchos/XCParseCore.o
ExtractAppIntentsMetadata (in target 'XCParseCore' from project 'xcparse')
cd /Users/admin/builder/spi-builder-workspace/.dependencies/checkouts/xcparse
/Applications/Xcode-27.0.0-Release.Candidate.app/Contents/Developer/Toolchains/XcodeDefault.xctoolchain/usr/bin/appintentsmetadataprocessor --toolchain-dir /var/run/com.apple.security.cryptexd/mnt/com.apple.MobileAsset.MetalToolchain-v27.1.266.1.crL7c2/Metal.xctoolchain --module-name XCParseCore --sdk-root /Applications/Xcode-27.0.0-Release.Candidate.app/Contents/Developer/Platforms/WatchOS.platform/Developer/SDKs/WatchOS27.0.sdk --xcode-version 27A266a --platform-family watchOS --deployment-target 9.0 --bundle-identifier xcparse.XCParseCore --output /Users/admin/builder/spi-builder-workspace/.derivedData/Build/Products/Debug-watchos/XCParseCore.appintents --target-triple arm64-apple-watchos9.0 --target-triple arm64_32-apple-watchos9.0 --binary-file /Users/admin/builder/spi-builder-workspace/.derivedData/Build/Products/Debug-watchos/XCParseCore.o --dependency-file /Users/admin/builder/spi-builder-workspace/.derivedData/Build/Intermediates.noindex/xcparse.build/Debug-watchos/XCParseCore-t.build/Objects-normal/arm64/XCParseCore_dependency_info.dat --dependency-file /Users/admin/builder/spi-builder-workspace/.derivedData/Build/Intermediates.noindex/xcparse.build/Debug-watchos/XCParseCore-t.build/Objects-normal/arm64_32/XCParseCore_dependency_info.dat --stringsdata-file /Users/admin/builder/spi-builder-workspace/.derivedData/Build/Intermediates.noindex/xcparse.build/Debug-watchos/XCParseCore-t.build/Objects-normal/arm64/ExtractedAppShortcutsMetadata.stringsdata --stringsdata-file /Users/admin/builder/spi-builder-workspace/.derivedData/Build/Intermediates.noindex/xcparse.build/Debug-watchos/XCParseCore-t.build/Objects-normal/arm64_32/ExtractedAppShortcutsMetadata.stringsdata --source-file-list /Users/admin/builder/spi-builder-workspace/.derivedData/Build/Intermediates.noindex/xcparse.build/Debug-watchos/XCParseCore-t.build/Objects-normal/arm64/XCParseCore.SwiftFileList --source-file-list /Users/admin/builder/spi-builder-workspace/.derivedData/Build/Intermediates.noindex/xcparse.build/Debug-watchos/XCParseCore-t.build/Objects-normal/arm64_32/XCParseCore.SwiftFileList --metadata-file-list /Users/admin/builder/spi-builder-workspace/.derivedData/Build/Intermediates.noindex/xcparse.build/Debug-watchos/XCParseCore-t.build/XCParseCore.DependencyMetadataFileList --static-metadata-file-list /Users/admin/builder/spi-builder-workspace/.derivedData/Build/Intermediates.noindex/xcparse.build/Debug-watchos/XCParseCore-t.build/XCParseCore.DependencyStaticMetadataFileList --swift-const-vals-list /Users/admin/builder/spi-builder-workspace/.derivedData/Build/Intermediates.noindex/xcparse.build/Debug-watchos/XCParseCore-t.build/Objects-normal/arm64/XCParseCore.SwiftConstValuesFileList --swift-const-vals-list /Users/admin/builder/spi-builder-workspace/.derivedData/Build/Intermediates.noindex/xcparse.build/Debug-watchos/XCParseCore-t.build/Objects-normal/arm64_32/XCParseCore.SwiftConstValuesFileList --force --compile-time-extraction --deployment-aware-processing --no-app-shortcuts-localization
2026-09-18 00:33:59.695 appintentsmetadataprocessor[3203:12781] Starting appintentsmetadataprocessor export
2026-09-18 00:33:59.761 appintentsmetadataprocessor[3203:12781] Extracted no relevant App Intents symbols, skipping writing output
SwiftDriverJobDiscovery normal arm64_32 Emitting module for AppStoreConnect (in target 'AppStoreConnect' from project 'AppStoreConnect')
SwiftDriver\ Compilation\ Requirements AppStoreConnect normal arm64_32 com.apple.xcode.tools.swift.compiler (in target 'AppStoreConnect' from project 'AppStoreConnect')
cd /Users/admin/builder/spi-builder-workspace/.swiftpm/xcode
builtin-Swift-Compilation-Requirements -- /Applications/Xcode-27.0.0-Release.Candidate.app/Contents/Developer/Toolchains/XcodeDefault.xctoolchain/usr/bin/swiftc -parse-as-library -module-name AppStoreConnect -Onone @/Users/admin/builder/spi-builder-workspace/.derivedData/Build/Intermediates.noindex/AppStoreConnect.build/Debug-watchos/AppStoreConnect-t.build/Objects-normal/arm64_32/AppStoreConnect.SwiftFileList -DSWIFT_PACKAGE -DDEBUG -DSWIFT_MODULE_RESOURCE_BUNDLE_UNAVAILABLE -Xcc -fmodule-map-file\=/Users/admin/builder/spi-builder-workspace/.dependencies/checkouts/jwt-kit/Sources/CJWTKitBoringSSL/include/module.modulemap -DXcode -plugin-path /Applications/Xcode-27.0.0-Release.Candidate.app/Contents/Developer/Toolchains/XcodeDefault.xctoolchain/usr/lib/swift/host/plugins/testing -enable-experimental-feature DebugDescriptionMacro -sdk /Applications/Xcode-27.0.0-Release.Candidate.app/Contents/Developer/Platforms/WatchOS.platform/Developer/SDKs/WatchOS27.0.sdk -target arm64_32-apple-watchos9.0 -g -module-cache-path /Users/admin/builder/spi-builder-workspace/.derivedData/ModuleCache.noindex -Xfrontend -serialize-debugging-options -profile-coverage-mapping -profile-generate -enable-testing -suppress-warnings -index-store-path /Users/admin/builder/spi-builder-workspace/.derivedData/Index.noindex/DataStore -Xcc -D_LIBCPP_HARDENING_MODE\=_LIBCPP_HARDENING_MODE_DEBUG -swift-version 5 -I /Users/admin/builder/spi-builder-workspace/.derivedData/Build/Products/Debug-watchos -Isystem /Applications/Xcode-27.0.0-Release.Candidate.app/Contents/Developer/Platforms/WatchOS.platform/Developer/usr/lib -F /Users/admin/builder/spi-builder-workspace/.derivedData/Build/Products/Debug-watchos/PackageFrameworks -F /Users/admin/builder/spi-builder-workspace/.derivedData/Build/Products/Debug-watchos -F /Applications/Xcode-27.0.0-Release.Candidate.app/Contents/Developer/Platforms/WatchOS.platform/Developer/Library/Frameworks -F /Applications/Xcode-27.0.0-Release.Candidate.app/Contents/Developer/Platforms/WatchOS.platform/Developer/SDKs/WatchOS27.0.sdk/Developer/Library/Frameworks -c -j10 -enable-batch-mode -incremental -Xcc -ivfsstatcache -Xcc /Users/admin/builder/spi-builder-workspace/.derivedData/SDKStatCaches.noindex/watchos27.0-24R360-e829b21a6f8c9b70876ba0858053c04477534ef55a1706bf4c1112bbb242f0a2.sdkstatcache -output-file-map /Users/admin/builder/spi-builder-workspace/.derivedData/Build/Intermediates.noindex/AppStoreConnect.build/Debug-watchos/AppStoreConnect-t.build/Objects-normal/arm64_32/AppStoreConnect-OutputFileMap.json -save-temps -no-color-diagnostics -explicit-module-build -module-cache-path /Users/admin/builder/spi-builder-workspace/.derivedData/Build/Intermediates.noindex/SwiftExplicitPrecompiledModules -clang-scanner-module-cache-path /Users/admin/builder/spi-builder-workspace/.derivedData/ModuleCache.noindex -sdk-module-cache-path /Users/admin/builder/spi-builder-workspace/.derivedData/SDKExplicitPrecompiledModules -emit-dependencies -emit-module -emit-module-path /Users/admin/builder/spi-builder-workspace/.derivedData/Build/Intermediates.noindex/AppStoreConnect.build/Debug-watchos/AppStoreConnect-t.build/Objects-normal/arm64_32/AppStoreConnect.swiftmodule -serialize-diagnostics -dependency-scan-serialize-diagnostics-path /Users/admin/builder/spi-builder-workspace/.derivedData/Build/Intermediates.noindex/AppStoreConnect.build/Debug-watchos/AppStoreConnect-t.build/Objects-normal/arm64_32/AppStoreConnect-dependency-scan.dia -validate-clang-modules-once -clang-build-session-file /Users/admin/builder/spi-builder-workspace/.derivedData/ModuleCache.noindex/Session.modulevalidation -Xcc -fmodules-prune-interval\=86400 -Xcc -fmodules-prune-after\=345600 -emit-const-values -const-gather-protocols-list /Users/admin/builder/spi-builder-workspace/.derivedData/Build/Intermediates.noindex/AppStoreConnect.build/Debug-watchos/AppStoreConnect-t.build/Objects-normal/arm64_32/AppStoreConnect_const_extract_protocols.json -Xcc -I/Users/admin/builder/spi-builder-workspace/.dependencies/checkouts/jwt-kit/Sources/CJWTKitBoringSSL/include -Xcc -I/Users/admin/builder/spi-builder-workspace/.derivedData/Build/Products/Debug-watchos/include -Xcc -I/Users/admin/builder/spi-builder-workspace/.derivedData/Build/Intermediates.noindex/AppStoreConnect.build/Debug-watchos/AppStoreConnect-t.build/DerivedSources-normal/arm64_32 -Xcc -I/Users/admin/builder/spi-builder-workspace/.derivedData/Build/Intermediates.noindex/AppStoreConnect.build/Debug-watchos/AppStoreConnect-t.build/DerivedSources/arm64_32 -Xcc -I/Users/admin/builder/spi-builder-workspace/.derivedData/Build/Intermediates.noindex/AppStoreConnect.build/Debug-watchos/AppStoreConnect-t.build/DerivedSources -Xcc -DSWIFT_PACKAGE -Xcc -DDEBUG\=1 -emit-objc-header -emit-objc-header-path /Users/admin/builder/spi-builder-workspace/.derivedData/Build/Intermediates.noindex/AppStoreConnect.build/Debug-watchos/AppStoreConnect-t.build/Objects-normal/arm64_32/AppStoreConnect-Swift.h -working-directory /Users/admin/builder/spi-builder-workspace/.swiftpm/xcode -experimental-emit-module-separately -disable-cmo
Copy /Users/admin/builder/spi-builder-workspace/.derivedData/Build/Products/Debug-watchos/AppStoreConnect.swiftmodule/arm64_32-apple-watchos.abi.json /Users/admin/builder/spi-builder-workspace/.derivedData/Build/Intermediates.noindex/AppStoreConnect.build/Debug-watchos/AppStoreConnect-t.build/Objects-normal/arm64_32/AppStoreConnect.abi.json (in target 'AppStoreConnect' from project 'AppStoreConnect')
cd /Users/admin/builder/spi-builder-workspace/.dependencies/checkouts/AppStoreConnect
builtin-copy -exclude .DS_Store -exclude CVS -exclude .svn -exclude .git -exclude .hg -resolve-src-symlinks -rename /Users/admin/builder/spi-builder-workspace/.derivedData/Build/Intermediates.noindex/AppStoreConnect.build/Debug-watchos/AppStoreConnect-t.build/Objects-normal/arm64_32/AppStoreConnect.abi.json /Users/admin/builder/spi-builder-workspace/.derivedData/Build/Products/Debug-watchos/AppStoreConnect.swiftmodule/arm64_32-apple-watchos.abi.json
Copy /Users/admin/builder/spi-builder-workspace/.derivedData/Build/Products/Debug-watchos/AppStoreConnect.swiftmodule/arm64_32-apple-watchos.swiftmodule /Users/admin/builder/spi-builder-workspace/.derivedData/Build/Intermediates.noindex/AppStoreConnect.build/Debug-watchos/AppStoreConnect-t.build/Objects-normal/arm64_32/AppStoreConnect.swiftmodule (in target 'AppStoreConnect' from project 'AppStoreConnect')
cd /Users/admin/builder/spi-builder-workspace/.dependencies/checkouts/AppStoreConnect
builtin-copy -exclude .DS_Store -exclude CVS -exclude .svn -exclude .git -exclude .hg -resolve-src-symlinks -rename /Users/admin/builder/spi-builder-workspace/.derivedData/Build/Intermediates.noindex/AppStoreConnect.build/Debug-watchos/AppStoreConnect-t.build/Objects-normal/arm64_32/AppStoreConnect.swiftmodule /Users/admin/builder/spi-builder-workspace/.derivedData/Build/Products/Debug-watchos/AppStoreConnect.swiftmodule/arm64_32-apple-watchos.swiftmodule
Copy /Users/admin/builder/spi-builder-workspace/.derivedData/Build/Products/Debug-watchos/AppStoreConnect.swiftmodule/Project/arm64_32-apple-watchos.swiftsourceinfo /Users/admin/builder/spi-builder-workspace/.derivedData/Build/Intermediates.noindex/AppStoreConnect.build/Debug-watchos/AppStoreConnect-t.build/Objects-normal/arm64_32/AppStoreConnect.swiftsourceinfo (in target 'AppStoreConnect' from project 'AppStoreConnect')
cd /Users/admin/builder/spi-builder-workspace/.dependencies/checkouts/AppStoreConnect
builtin-copy -exclude .DS_Store -exclude CVS -exclude .svn -exclude .git -exclude .hg -resolve-src-symlinks -rename /Users/admin/builder/spi-builder-workspace/.derivedData/Build/Intermediates.noindex/AppStoreConnect.build/Debug-watchos/AppStoreConnect-t.build/Objects-normal/arm64_32/AppStoreConnect.swiftsourceinfo /Users/admin/builder/spi-builder-workspace/.derivedData/Build/Products/Debug-watchos/AppStoreConnect.swiftmodule/Project/arm64_32-apple-watchos.swiftsourceinfo
Copy /Users/admin/builder/spi-builder-workspace/.derivedData/Build/Products/Debug-watchos/AppStoreConnect.swiftmodule/arm64_32-apple-watchos.swiftdoc /Users/admin/builder/spi-builder-workspace/.derivedData/Build/Intermediates.noindex/AppStoreConnect.build/Debug-watchos/AppStoreConnect-t.build/Objects-normal/arm64_32/AppStoreConnect.swiftdoc (in target 'AppStoreConnect' from project 'AppStoreConnect')
cd /Users/admin/builder/spi-builder-workspace/.dependencies/checkouts/AppStoreConnect
builtin-copy -exclude .DS_Store -exclude CVS -exclude .svn -exclude .git -exclude .hg -resolve-src-symlinks -rename /Users/admin/builder/spi-builder-workspace/.derivedData/Build/Intermediates.noindex/AppStoreConnect.build/Debug-watchos/AppStoreConnect-t.build/Objects-normal/arm64_32/AppStoreConnect.swiftdoc /Users/admin/builder/spi-builder-workspace/.derivedData/Build/Products/Debug-watchos/AppStoreConnect.swiftmodule/arm64_32-apple-watchos.swiftdoc
SwiftDriverJobDiscovery normal arm64 Emitting module for AppStoreConnect (in target 'AppStoreConnect' from project 'AppStoreConnect')
SwiftDriver\ Compilation\ Requirements AppStoreConnect normal arm64 com.apple.xcode.tools.swift.compiler (in target 'AppStoreConnect' from project 'AppStoreConnect')
cd /Users/admin/builder/spi-builder-workspace/.swiftpm/xcode
builtin-Swift-Compilation-Requirements -- /Applications/Xcode-27.0.0-Release.Candidate.app/Contents/Developer/Toolchains/XcodeDefault.xctoolchain/usr/bin/swiftc -parse-as-library -module-name AppStoreConnect -Onone @/Users/admin/builder/spi-builder-workspace/.derivedData/Build/Intermediates.noindex/AppStoreConnect.build/Debug-watchos/AppStoreConnect-t.build/Objects-normal/arm64/AppStoreConnect.SwiftFileList -DSWIFT_PACKAGE -DDEBUG -DSWIFT_MODULE_RESOURCE_BUNDLE_UNAVAILABLE -Xcc -fmodule-map-file\=/Users/admin/builder/spi-builder-workspace/.dependencies/checkouts/jwt-kit/Sources/CJWTKitBoringSSL/include/module.modulemap -DXcode -plugin-path /Applications/Xcode-27.0.0-Release.Candidate.app/Contents/Developer/Toolchains/XcodeDefault.xctoolchain/usr/lib/swift/host/plugins/testing -enable-experimental-feature DebugDescriptionMacro -sdk /Applications/Xcode-27.0.0-Release.Candidate.app/Contents/Developer/Platforms/WatchOS.platform/Developer/SDKs/WatchOS27.0.sdk -target arm64-apple-watchos9.0 -g -module-cache-path /Users/admin/builder/spi-builder-workspace/.derivedData/ModuleCache.noindex -Xfrontend -serialize-debugging-options -profile-coverage-mapping -profile-generate -enable-testing -suppress-warnings -index-store-path /Users/admin/builder/spi-builder-workspace/.derivedData/Index.noindex/DataStore -Xcc -D_LIBCPP_HARDENING_MODE\=_LIBCPP_HARDENING_MODE_DEBUG -swift-version 5 -I /Users/admin/builder/spi-builder-workspace/.derivedData/Build/Products/Debug-watchos -Isystem /Applications/Xcode-27.0.0-Release.Candidate.app/Contents/Developer/Platforms/WatchOS.platform/Developer/usr/lib -F /Users/admin/builder/spi-builder-workspace/.derivedData/Build/Products/Debug-watchos/PackageFrameworks -F /Users/admin/builder/spi-builder-workspace/.derivedData/Build/Products/Debug-watchos -F /Applications/Xcode-27.0.0-Release.Candidate.app/Contents/Developer/Platforms/WatchOS.platform/Developer/Library/Frameworks -F /Applications/Xcode-27.0.0-Release.Candidate.app/Contents/Developer/Platforms/WatchOS.platform/Developer/SDKs/WatchOS27.0.sdk/Developer/Library/Frameworks -c -j10 -enable-batch-mode -incremental -Xcc -ivfsstatcache -Xcc /Users/admin/builder/spi-builder-workspace/.derivedData/SDKStatCaches.noindex/watchos27.0-24R360-e829b21a6f8c9b70876ba0858053c04477534ef55a1706bf4c1112bbb242f0a2.sdkstatcache -output-file-map /Users/admin/builder/spi-builder-workspace/.derivedData/Build/Intermediates.noindex/AppStoreConnect.build/Debug-watchos/AppStoreConnect-t.build/Objects-normal/arm64/AppStoreConnect-OutputFileMap.json -save-temps -no-color-diagnostics -explicit-module-build -module-cache-path /Users/admin/builder/spi-builder-workspace/.derivedData/Build/Intermediates.noindex/SwiftExplicitPrecompiledModules -clang-scanner-module-cache-path /Users/admin/builder/spi-builder-workspace/.derivedData/ModuleCache.noindex -sdk-module-cache-path /Users/admin/builder/spi-builder-workspace/.derivedData/SDKExplicitPrecompiledModules -emit-dependencies -emit-module -emit-module-path /Users/admin/builder/spi-builder-workspace/.derivedData/Build/Intermediates.noindex/AppStoreConnect.build/Debug-watchos/AppStoreConnect-t.build/Objects-normal/arm64/AppStoreConnect.swiftmodule -serialize-diagnostics -dependency-scan-serialize-diagnostics-path /Users/admin/builder/spi-builder-workspace/.derivedData/Build/Intermediates.noindex/AppStoreConnect.build/Debug-watchos/AppStoreConnect-t.build/Objects-normal/arm64/AppStoreConnect-dependency-scan.dia -validate-clang-modules-once -clang-build-session-file /Users/admin/builder/spi-builder-workspace/.derivedData/ModuleCache.noindex/Session.modulevalidation -Xcc -fmodules-prune-interval\=86400 -Xcc -fmodules-prune-after\=345600 -emit-const-values -const-gather-protocols-list /Users/admin/builder/spi-builder-workspace/.derivedData/Build/Intermediates.noindex/AppStoreConnect.build/Debug-watchos/AppStoreConnect-t.build/Objects-normal/arm64/AppStoreConnect_const_extract_protocols.json -Xcc -I/Users/admin/builder/spi-builder-workspace/.dependencies/checkouts/jwt-kit/Sources/CJWTKitBoringSSL/include -Xcc -I/Users/admin/builder/spi-builder-workspace/.derivedData/Build/Products/Debug-watchos/include -Xcc -I/Users/admin/builder/spi-builder-workspace/.derivedData/Build/Intermediates.noindex/AppStoreConnect.build/Debug-watchos/AppStoreConnect-t.build/DerivedSources-normal/arm64 -Xcc -I/Users/admin/builder/spi-builder-workspace/.derivedData/Build/Intermediates.noindex/AppStoreConnect.build/Debug-watchos/AppStoreConnect-t.build/DerivedSources/arm64 -Xcc -I/Users/admin/builder/spi-builder-workspace/.derivedData/Build/Intermediates.noindex/AppStoreConnect.build/Debug-watchos/AppStoreConnect-t.build/DerivedSources -Xcc -DSWIFT_PACKAGE -Xcc -DDEBUG\=1 -emit-objc-header -emit-objc-header-path /Users/admin/builder/spi-builder-workspace/.derivedData/Build/Intermediates.noindex/AppStoreConnect.build/Debug-watchos/AppStoreConnect-t.build/Objects-normal/arm64/AppStoreConnect-Swift.h -working-directory /Users/admin/builder/spi-builder-workspace/.swiftpm/xcode -experimental-emit-module-separately -disable-cmo
SwiftMergeGeneratedHeaders /Users/admin/builder/spi-builder-workspace/.derivedData/Build/Intermediates.noindex/GeneratedModuleMaps-watchos/AppStoreConnect-Swift.h /Users/admin/builder/spi-builder-workspace/.derivedData/Build/Intermediates.noindex/AppStoreConnect.build/Debug-watchos/AppStoreConnect-t.build/Objects-normal/arm64/AppStoreConnect-Swift.h /Users/admin/builder/spi-builder-workspace/.derivedData/Build/Intermediates.noindex/AppStoreConnect.build/Debug-watchos/AppStoreConnect-t.build/Objects-normal/arm64_32/AppStoreConnect-Swift.h (in target 'AppStoreConnect' from project 'AppStoreConnect')
cd /Users/admin/builder/spi-builder-workspace/.dependencies/checkouts/AppStoreConnect
builtin-swiftHeaderTool -arch arm64 /Users/admin/builder/spi-builder-workspace/.derivedData/Build/Intermediates.noindex/AppStoreConnect.build/Debug-watchos/AppStoreConnect-t.build/Objects-normal/arm64/AppStoreConnect-Swift.h -arch arm64_32 /Users/admin/builder/spi-builder-workspace/.derivedData/Build/Intermediates.noindex/AppStoreConnect.build/Debug-watchos/AppStoreConnect-t.build/Objects-normal/arm64_32/AppStoreConnect-Swift.h -o /Users/admin/builder/spi-builder-workspace/.derivedData/Build/Intermediates.noindex/GeneratedModuleMaps-watchos/AppStoreConnect-Swift.h
Copy /Users/admin/builder/spi-builder-workspace/.derivedData/Build/Products/Debug-watchos/AppStoreConnect.swiftmodule/arm64-apple-watchos.swiftdoc /Users/admin/builder/spi-builder-workspace/.derivedData/Build/Intermediates.noindex/AppStoreConnect.build/Debug-watchos/AppStoreConnect-t.build/Objects-normal/arm64/AppStoreConnect.swiftdoc (in target 'AppStoreConnect' from project 'AppStoreConnect')
cd /Users/admin/builder/spi-builder-workspace/.dependencies/checkouts/AppStoreConnect
builtin-copy -exclude .DS_Store -exclude CVS -exclude .svn -exclude .git -exclude .hg -resolve-src-symlinks -rename /Users/admin/builder/spi-builder-workspace/.derivedData/Build/Intermediates.noindex/AppStoreConnect.build/Debug-watchos/AppStoreConnect-t.build/Objects-normal/arm64/AppStoreConnect.swiftdoc /Users/admin/builder/spi-builder-workspace/.derivedData/Build/Products/Debug-watchos/AppStoreConnect.swiftmodule/arm64-apple-watchos.swiftdoc
Copy /Users/admin/builder/spi-builder-workspace/.derivedData/Build/Products/Debug-watchos/AppStoreConnect.swiftmodule/arm64-apple-watchos.swiftmodule /Users/admin/builder/spi-builder-workspace/.derivedData/Build/Intermediates.noindex/AppStoreConnect.build/Debug-watchos/AppStoreConnect-t.build/Objects-normal/arm64/AppStoreConnect.swiftmodule (in target 'AppStoreConnect' from project 'AppStoreConnect')
cd /Users/admin/builder/spi-builder-workspace/.dependencies/checkouts/AppStoreConnect
builtin-copy -exclude .DS_Store -exclude CVS -exclude .svn -exclude .git -exclude .hg -resolve-src-symlinks -rename /Users/admin/builder/spi-builder-workspace/.derivedData/Build/Intermediates.noindex/AppStoreConnect.build/Debug-watchos/AppStoreConnect-t.build/Objects-normal/arm64/AppStoreConnect.swiftmodule /Users/admin/builder/spi-builder-workspace/.derivedData/Build/Products/Debug-watchos/AppStoreConnect.swiftmodule/arm64-apple-watchos.swiftmodule
Copy /Users/admin/builder/spi-builder-workspace/.derivedData/Build/Products/Debug-watchos/AppStoreConnect.swiftmodule/arm64-apple-watchos.abi.json /Users/admin/builder/spi-builder-workspace/.derivedData/Build/Intermediates.noindex/AppStoreConnect.build/Debug-watchos/AppStoreConnect-t.build/Objects-normal/arm64/AppStoreConnect.abi.json (in target 'AppStoreConnect' from project 'AppStoreConnect')
cd /Users/admin/builder/spi-builder-workspace/.dependencies/checkouts/AppStoreConnect
builtin-copy -exclude .DS_Store -exclude CVS -exclude .svn -exclude .git -exclude .hg -resolve-src-symlinks -rename /Users/admin/builder/spi-builder-workspace/.derivedData/Build/Intermediates.noindex/AppStoreConnect.build/Debug-watchos/AppStoreConnect-t.build/Objects-normal/arm64/AppStoreConnect.abi.json /Users/admin/builder/spi-builder-workspace/.derivedData/Build/Products/Debug-watchos/AppStoreConnect.swiftmodule/arm64-apple-watchos.abi.json
Copy /Users/admin/builder/spi-builder-workspace/.derivedData/Build/Products/Debug-watchos/AppStoreConnect.swiftmodule/Project/arm64-apple-watchos.swiftsourceinfo /Users/admin/builder/spi-builder-workspace/.derivedData/Build/Intermediates.noindex/AppStoreConnect.build/Debug-watchos/AppStoreConnect-t.build/Objects-normal/arm64/AppStoreConnect.swiftsourceinfo (in target 'AppStoreConnect' from project 'AppStoreConnect')
cd /Users/admin/builder/spi-builder-workspace/.dependencies/checkouts/AppStoreConnect
builtin-copy -exclude .DS_Store -exclude CVS -exclude .svn -exclude .git -exclude .hg -resolve-src-symlinks -rename /Users/admin/builder/spi-builder-workspace/.derivedData/Build/Intermediates.noindex/AppStoreConnect.build/Debug-watchos/AppStoreConnect-t.build/Objects-normal/arm64/AppStoreConnect.swiftsourceinfo /Users/admin/builder/spi-builder-workspace/.derivedData/Build/Products/Debug-watchos/AppStoreConnect.swiftmodule/Project/arm64-apple-watchos.swiftsourceinfo
SwiftDriver Swiftlane normal arm64_32 com.apple.xcode.tools.swift.compiler (in target 'Swiftlane' from project 'Swiftlane')
cd /Users/admin/builder/spi-builder-workspace/.swiftpm/xcode
builtin-SwiftDriver -- /Applications/Xcode-27.0.0-Release.Candidate.app/Contents/Developer/Toolchains/XcodeDefault.xctoolchain/usr/bin/swiftc -parse-as-library -module-name Swiftlane -Onone @/Users/admin/builder/spi-builder-workspace/.derivedData/Build/Intermediates.noindex/Swiftlane.build/Debug-watchos/Swiftlane-t.build/Objects-normal/arm64_32/Swiftlane.SwiftFileList -DSWIFT_PACKAGE -DDEBUG -DSWIFT_MODULE_RESOURCE_BUNDLE_UNAVAILABLE -Xcc -fmodule-map-file\=/Users/admin/builder/spi-builder-workspace/.dependencies/checkouts/swift-system/Sources/CSystem/include/module.modulemap -Xcc -fmodule-map-file\=/Users/admin/builder/spi-builder-workspace/.dependencies/checkouts/swift-tools-support-core/Sources/TSCclibc/include/module.modulemap -Xcc -fmodule-map-file\=/Users/admin/builder/spi-builder-workspace/.dependencies/checkouts/jwt-kit/Sources/CJWTKitBoringSSL/include/module.modulemap -DXcode -plugin-path /Applications/Xcode-27.0.0-Release.Candidate.app/Contents/Developer/Toolchains/XcodeDefault.xctoolchain/usr/lib/swift/host/plugins/testing -enable-experimental-feature DebugDescriptionMacro -sdk /Applications/Xcode-27.0.0-Release.Candidate.app/Contents/Developer/Platforms/WatchOS.platform/Developer/SDKs/WatchOS27.0.sdk -target arm64_32-apple-watchos9.0 -g -module-cache-path /Users/admin/builder/spi-builder-workspace/.derivedData/ModuleCache.noindex -Xfrontend -serialize-debugging-options -profile-coverage-mapping -profile-generate -enable-testing -index-store-path /Users/admin/builder/spi-builder-workspace/.derivedData/Index.noindex/DataStore -Xcc -D_LIBCPP_HARDENING_MODE\=_LIBCPP_HARDENING_MODE_DEBUG -swift-version 5 -I /Users/admin/builder/spi-builder-workspace/.derivedData/Build/Products/Debug-watchos -Isystem /Applications/Xcode-27.0.0-Release.Candidate.app/Contents/Developer/Platforms/WatchOS.platform/Developer/usr/lib -F /Users/admin/builder/spi-builder-workspace/.derivedData/Build/Products/Debug-watchos/PackageFrameworks -F /Users/admin/builder/spi-builder-workspace/.derivedData/Build/Products/Debug-watchos -F /Applications/Xcode-27.0.0-Release.Candidate.app/Contents/Developer/Platforms/WatchOS.platform/Developer/Library/Frameworks -F /Applications/Xcode-27.0.0-Release.Candidate.app/Contents/Developer/Platforms/WatchOS.platform/Developer/SDKs/WatchOS27.0.sdk/Developer/Library/Frameworks -c -j10 -enable-batch-mode -incremental -Xcc -ivfsstatcache -Xcc /Users/admin/builder/spi-builder-workspace/.derivedData/SDKStatCaches.noindex/watchos27.0-24R360-e829b21a6f8c9b70876ba0858053c04477534ef55a1706bf4c1112bbb242f0a2.sdkstatcache -output-file-map /Users/admin/builder/spi-builder-workspace/.derivedData/Build/Intermediates.noindex/Swiftlane.build/Debug-watchos/Swiftlane-t.build/Objects-normal/arm64_32/Swiftlane-OutputFileMap.json -save-temps -no-color-diagnostics -explicit-module-build -module-cache-path /Users/admin/builder/spi-builder-workspace/.derivedData/Build/Intermediates.noindex/SwiftExplicitPrecompiledModules -clang-scanner-module-cache-path /Users/admin/builder/spi-builder-workspace/.derivedData/ModuleCache.noindex -sdk-module-cache-path /Users/admin/builder/spi-builder-workspace/.derivedData/SDKExplicitPrecompiledModules -emit-dependencies -emit-module -emit-module-path /Users/admin/builder/spi-builder-workspace/.derivedData/Build/Intermediates.noindex/Swiftlane.build/Debug-watchos/Swiftlane-t.build/Objects-normal/arm64_32/Swiftlane.swiftmodule -serialize-diagnostics -dependency-scan-serialize-diagnostics-path /Users/admin/builder/spi-builder-workspace/.derivedData/Build/Intermediates.noindex/Swiftlane.build/Debug-watchos/Swiftlane-t.build/Objects-normal/arm64_32/Swiftlane-dependency-scan.dia -validate-clang-modules-once -clang-build-session-file /Users/admin/builder/spi-builder-workspace/.derivedData/ModuleCache.noindex/Session.modulevalidation -Xcc -fmodules-prune-interval\=86400 -Xcc -fmodules-prune-after\=345600 -emit-const-values -const-gather-protocols-list /Users/admin/builder/spi-builder-workspace/.derivedData/Build/Intermediates.noindex/Swiftlane.build/Debug-watchos/Swiftlane-t.build/Objects-normal/arm64_32/Swiftlane_const_extract_protocols.json -Xcc -I/Users/admin/builder/spi-builder-workspace/.dependencies/checkouts/swift-system/Sources/CSystem/include -Xcc -I/Users/admin/builder/spi-builder-workspace/.dependencies/checkouts/swift-tools-support-core/Sources/TSCclibc/include -Xcc -I/Users/admin/builder/spi-builder-workspace/.dependencies/checkouts/jwt-kit/Sources/CJWTKitBoringSSL/include -Xcc -I/Users/admin/builder/spi-builder-workspace/.derivedData/Build/Products/Debug-watchos/include -Xcc -I/Users/admin/builder/spi-builder-workspace/.derivedData/Build/Intermediates.noindex/Swiftlane.build/Debug-watchos/Swiftlane-t.build/DerivedSources-normal/arm64_32 -Xcc -I/Users/admin/builder/spi-builder-workspace/.derivedData/Build/Intermediates.noindex/Swiftlane.build/Debug-watchos/Swiftlane-t.build/DerivedSources/arm64_32 -Xcc -I/Users/admin/builder/spi-builder-workspace/.derivedData/Build/Intermediates.noindex/Swiftlane.build/Debug-watchos/Swiftlane-t.build/DerivedSources -Xcc -DSWIFT_PACKAGE -Xcc -DDEBUG\=1 -emit-objc-header -emit-objc-header-path /Users/admin/builder/spi-builder-workspace/.derivedData/Build/Intermediates.noindex/Swiftlane.build/Debug-watchos/Swiftlane-t.build/Objects-normal/arm64_32/Swiftlane-Swift.h -working-directory /Users/admin/builder/spi-builder-workspace/.swiftpm/xcode -experimental-emit-module-separately -disable-cmo
SwiftDriver Swiftlane normal arm64 com.apple.xcode.tools.swift.compiler (in target 'Swiftlane' from project 'Swiftlane')
cd /Users/admin/builder/spi-builder-workspace/.swiftpm/xcode
builtin-SwiftDriver -- /Applications/Xcode-27.0.0-Release.Candidate.app/Contents/Developer/Toolchains/XcodeDefault.xctoolchain/usr/bin/swiftc -parse-as-library -module-name Swiftlane -Onone @/Users/admin/builder/spi-builder-workspace/.derivedData/Build/Intermediates.noindex/Swiftlane.build/Debug-watchos/Swiftlane-t.build/Objects-normal/arm64/Swiftlane.SwiftFileList -DSWIFT_PACKAGE -DDEBUG -DSWIFT_MODULE_RESOURCE_BUNDLE_UNAVAILABLE -Xcc -fmodule-map-file\=/Users/admin/builder/spi-builder-workspace/.dependencies/checkouts/swift-system/Sources/CSystem/include/module.modulemap -Xcc -fmodule-map-file\=/Users/admin/builder/spi-builder-workspace/.dependencies/checkouts/swift-tools-support-core/Sources/TSCclibc/include/module.modulemap -Xcc -fmodule-map-file\=/Users/admin/builder/spi-builder-workspace/.dependencies/checkouts/jwt-kit/Sources/CJWTKitBoringSSL/include/module.modulemap -DXcode -plugin-path /Applications/Xcode-27.0.0-Release.Candidate.app/Contents/Developer/Toolchains/XcodeDefault.xctoolchain/usr/lib/swift/host/plugins/testing -enable-experimental-feature DebugDescriptionMacro -sdk /Applications/Xcode-27.0.0-Release.Candidate.app/Contents/Developer/Platforms/WatchOS.platform/Developer/SDKs/WatchOS27.0.sdk -target arm64-apple-watchos9.0 -g -module-cache-path /Users/admin/builder/spi-builder-workspace/.derivedData/ModuleCache.noindex -Xfrontend -serialize-debugging-options -profile-coverage-mapping -profile-generate -enable-testing -index-store-path /Users/admin/builder/spi-builder-workspace/.derivedData/Index.noindex/DataStore -Xcc -D_LIBCPP_HARDENING_MODE\=_LIBCPP_HARDENING_MODE_DEBUG -swift-version 5 -I /Users/admin/builder/spi-builder-workspace/.derivedData/Build/Products/Debug-watchos -Isystem /Applications/Xcode-27.0.0-Release.Candidate.app/Contents/Developer/Platforms/WatchOS.platform/Developer/usr/lib -F /Users/admin/builder/spi-builder-workspace/.derivedData/Build/Products/Debug-watchos/PackageFrameworks -F /Users/admin/builder/spi-builder-workspace/.derivedData/Build/Products/Debug-watchos -F /Applications/Xcode-27.0.0-Release.Candidate.app/Contents/Developer/Platforms/WatchOS.platform/Developer/Library/Frameworks -F /Applications/Xcode-27.0.0-Release.Candidate.app/Contents/Developer/Platforms/WatchOS.platform/Developer/SDKs/WatchOS27.0.sdk/Developer/Library/Frameworks -c -j10 -enable-batch-mode -incremental -Xcc -ivfsstatcache -Xcc /Users/admin/builder/spi-builder-workspace/.derivedData/SDKStatCaches.noindex/watchos27.0-24R360-e829b21a6f8c9b70876ba0858053c04477534ef55a1706bf4c1112bbb242f0a2.sdkstatcache -output-file-map /Users/admin/builder/spi-builder-workspace/.derivedData/Build/Intermediates.noindex/Swiftlane.build/Debug-watchos/Swiftlane-t.build/Objects-normal/arm64/Swiftlane-OutputFileMap.json -save-temps -no-color-diagnostics -explicit-module-build -module-cache-path /Users/admin/builder/spi-builder-workspace/.derivedData/Build/Intermediates.noindex/SwiftExplicitPrecompiledModules -clang-scanner-module-cache-path /Users/admin/builder/spi-builder-workspace/.derivedData/ModuleCache.noindex -sdk-module-cache-path /Users/admin/builder/spi-builder-workspace/.derivedData/SDKExplicitPrecompiledModules -emit-dependencies -emit-module -emit-module-path /Users/admin/builder/spi-builder-workspace/.derivedData/Build/Intermediates.noindex/Swiftlane.build/Debug-watchos/Swiftlane-t.build/Objects-normal/arm64/Swiftlane.swiftmodule -serialize-diagnostics -dependency-scan-serialize-diagnostics-path /Users/admin/builder/spi-builder-workspace/.derivedData/Build/Intermediates.noindex/Swiftlane.build/Debug-watchos/Swiftlane-t.build/Objects-normal/arm64/Swiftlane-dependency-scan.dia -validate-clang-modules-once -clang-build-session-file /Users/admin/builder/spi-builder-workspace/.derivedData/ModuleCache.noindex/Session.modulevalidation -Xcc -fmodules-prune-interval\=86400 -Xcc -fmodules-prune-after\=345600 -emit-const-values -const-gather-protocols-list /Users/admin/builder/spi-builder-workspace/.derivedData/Build/Intermediates.noindex/Swiftlane.build/Debug-watchos/Swiftlane-t.build/Objects-normal/arm64/Swiftlane_const_extract_protocols.json -Xcc -I/Users/admin/builder/spi-builder-workspace/.dependencies/checkouts/swift-system/Sources/CSystem/include -Xcc -I/Users/admin/builder/spi-builder-workspace/.dependencies/checkouts/swift-tools-support-core/Sources/TSCclibc/include -Xcc -I/Users/admin/builder/spi-builder-workspace/.dependencies/checkouts/jwt-kit/Sources/CJWTKitBoringSSL/include -Xcc -I/Users/admin/builder/spi-builder-workspace/.derivedData/Build/Products/Debug-watchos/include -Xcc -I/Users/admin/builder/spi-builder-workspace/.derivedData/Build/Intermediates.noindex/Swiftlane.build/Debug-watchos/Swiftlane-t.build/DerivedSources-normal/arm64 -Xcc -I/Users/admin/builder/spi-builder-workspace/.derivedData/Build/Intermediates.noindex/Swiftlane.build/Debug-watchos/Swiftlane-t.build/DerivedSources/arm64 -Xcc -I/Users/admin/builder/spi-builder-workspace/.derivedData/Build/Intermediates.noindex/Swiftlane.build/Debug-watchos/Swiftlane-t.build/DerivedSources -Xcc -DSWIFT_PACKAGE -Xcc -DDEBUG\=1 -emit-objc-header -emit-objc-header-path /Users/admin/builder/spi-builder-workspace/.derivedData/Build/Intermediates.noindex/Swiftlane.build/Debug-watchos/Swiftlane-t.build/Objects-normal/arm64/Swiftlane-Swift.h -working-directory /Users/admin/builder/spi-builder-workspace/.swiftpm/xcode -experimental-emit-module-separately -disable-cmo
SwiftEmitModule normal arm64_32 Emitting\ module\ for\ Swiftlane (in target 'Swiftlane' from project 'Swiftlane')
SwiftCompile normal arm64_32 (in target 'Swiftlane' from project 'Swiftlane')
cd /Users/admin/builder/spi-builder-workspace/.swiftpm/xcode
SwiftCompile normal arm64_32 Compiling\ Project.swift,\ Screenshot.swift,\ Test.swift,\ UploadASC.swift /Users/admin/builder/spi-builder-workspace/Sources/Swiftlane/Actions/iOS/Project.swift /Users/admin/builder/spi-builder-workspace/Sources/Swiftlane/Actions/iOS/Screenshot.swift /Users/admin/builder/spi-builder-workspace/Sources/Swiftlane/Actions/iOS/Test.swift /Users/admin/builder/spi-builder-workspace/Sources/Swiftlane/Actions/iOS/UploadASC.swift (in target 'Swiftlane' from project 'Swiftlane')
SwiftCompile normal arm64_32 /Users/admin/builder/spi-builder-workspace/Sources/Swiftlane/Actions/iOS/Project.swift (in target 'Swiftlane' from project 'Swiftlane')
cd /Users/admin/builder/spi-builder-workspace/.swiftpm/xcode
builtin-SwiftPerFileCompile Project.swift
SwiftCompile normal arm64_32 /Users/admin/builder/spi-builder-workspace/Sources/Swiftlane/Actions/iOS/Screenshot.swift (in target 'Swiftlane' from project 'Swiftlane')
cd /Users/admin/builder/spi-builder-workspace/.swiftpm/xcode
builtin-SwiftPerFileCompile Screenshot.swift
SwiftCompile normal arm64_32 /Users/admin/builder/spi-builder-workspace/Sources/Swiftlane/Actions/iOS/Test.swift (in target 'Swiftlane' from project 'Swiftlane')
cd /Users/admin/builder/spi-builder-workspace/.swiftpm/xcode
builtin-SwiftPerFileCompile Test.swift
SwiftCompile normal arm64_32 /Users/admin/builder/spi-builder-workspace/Sources/Swiftlane/Actions/iOS/UploadASC.swift (in target 'Swiftlane' from project 'Swiftlane')
cd /Users/admin/builder/spi-builder-workspace/.swiftpm/xcode
builtin-SwiftPerFileCompile UploadASC.swift
SwiftCompile normal arm64_32 Compiling\ Download.swift,\ MoveFile.swift,\ AppCenter.swift,\ PrintWorkingDirectory.swift /Users/admin/builder/spi-builder-workspace/Sources/Swiftlane/Actions/File/Download.swift /Users/admin/builder/spi-builder-workspace/Sources/Swiftlane/Actions/File/MoveFile.swift /Users/admin/builder/spi-builder-workspace/Sources/Swiftlane/Actions/Standard/AppCenter.swift /Users/admin/builder/spi-builder-workspace/Sources/Swiftlane/Actions/Standard/PrintWorkingDirectory.swift (in target 'Swiftlane' from project 'Swiftlane')
/Users/admin/builder/spi-builder-workspace/Sources/Swiftlane/Library/Core/CommandLine/CommandLine.swift:47:18: error: cannot find type 'Process' in scope
45 | @discardableResult
46 | func run(
47 | process: Process,
| `- error: cannot find type 'Process' in scope
48 | processHandler: ProcessHandler = NoProcessHandler()
49 | ) throws -> String {
/Users/admin/builder/spi-builder-workspace/Sources/Swiftlane/Actions/Standard/PrintWorkingDirectory.swift:18:23: error: cannot find 'Process' in scope
16 | Settings.cs.action("Print working directory")
17 |
18 | let process = Process()
| `- error: cannot find 'Process' in scope
19 | process.launchPath = "/bin/pwd"
20 |
/Users/admin/builder/spi-builder-workspace/Sources/Swiftlane/Actions/Standard/PrintWorkingDirectory.swift:21:39: error: extra argument 'process' in call
19 | process.launchPath = "/bin/pwd"
20 |
21 | try Settings.cli.run(process: process)
| `- error: extra argument 'process' in call
22 | }
23 | }
/Users/admin/builder/spi-builder-workspace/Sources/Swiftlane/Actions/Standard/PrintWorkingDirectory.swift:21:29: error: missing arguments for parameters 'program', 'argument' in call
19 | process.launchPath = "/bin/pwd"
20 |
21 | try Settings.cli.run(process: process)
| `- error: missing arguments for parameters 'program', 'argument' in call
22 | }
23 | }
/Users/admin/builder/spi-builder-workspace/Sources/Swiftlane/Library/Core/CommandLine/CommandLine.swift:25:10: note: 'run(program:argument:currentDirectoryURL:processHandler:)' declared here
23 |
24 | @discardableResult
25 | func run(
| `- note: 'run(program:argument:currentDirectoryURL:processHandler:)' declared here
26 | program: String,
27 | argument: String,
Failed frontend command:
/Applications/Xcode-27.0.0-Release.Candidate.app/Contents/Developer/Toolchains/XcodeDefault.xctoolchain/usr/bin/swift-frontend -frontend -c -primary-file /Users/admin/builder/spi-builder-workspace/Sources/Swiftlane/Actions/File/Download.swift -primary-file /Users/admin/builder/spi-builder-workspace/Sources/Swiftlane/Actions/File/MoveFile.swift -primary-file /Users/admin/builder/spi-builder-workspace/Sources/Swiftlane/Actions/Standard/AppCenter.swift -primary-file /Users/admin/builder/spi-builder-workspace/Sources/Swiftlane/Actions/Standard/PrintWorkingDirectory.swift /Users/admin/builder/spi-builder-workspace/Sources/Swiftlane/Actions/Standard/RunScript.swift /Users/admin/builder/spi-builder-workspace/Sources/Swiftlane/Actions/Standard/Slack.swift /Users/admin/builder/spi-builder-workspace/Sources/Swiftlane/Actions/iOS/ASC.swift /Users/admin/builder/spi-builder-workspace/Sources/Swiftlane/Actions/iOS/Archive.swift /Users/admin/builder/spi-builder-workspace/Sources/Swiftlane/Actions/iOS/Build.swift /Users/admin/builder/spi-builder-workspace/Sources/Swiftlane/Actions/iOS/ExportArchive.swift /Users/admin/builder/spi-builder-workspace/Sources/Swiftlane/Actions/iOS/GetBuildSettings.swift /Users/admin/builder/spi-builder-workspace/Sources/Swiftlane/Actions/iOS/Keychain.swift /Users/admin/builder/spi-builder-workspace/Sources/Swiftlane/Actions/iOS/Project.swift /Users/admin/builder/spi-builder-workspace/Sources/Swiftlane/Actions/iOS/Screenshot.swift /Users/admin/builder/spi-builder-workspace/Sources/Swiftlane/Actions/iOS/Test.swift /Users/admin/builder/spi-builder-workspace/Sources/Swiftlane/Actions/iOS/UploadASC.swift /Users/admin/builder/spi-builder-workspace/Sources/Swiftlane/Actions/iOS/Xcode.swift /Users/admin/builder/spi-builder-workspace/Sources/Swiftlane/Actions/macOS/Notarize.swift /Users/admin/builder/spi-builder-workspace/Sources/Swiftlane/Library/Core/Args.swift /Users/admin/builder/spi-builder-workspace/Sources/Swiftlane/Library/Core/CommandLine/CommandLine.swift /Users/admin/builder/spi-builder-workspace/Sources/Swiftlane/Library/Core/CommandLine/ProcessHandler.swift /Users/admin/builder/spi-builder-workspace/Sources/Swiftlane/Library/Core/CommandLine/XcodebuildProcessHandler.swift /Users/admin/builder/spi-builder-workspace/Sources/Swiftlane/Library/Core/Console.swift /Users/admin/builder/spi-builder-workspace/Sources/Swiftlane/Library/Core/Environment.swift /Users/admin/builder/spi-builder-workspace/Sources/Swiftlane/Library/Core/FileSystem.swift /Users/admin/builder/spi-builder-workspace/Sources/Swiftlane/Library/Core/PlistBuilder.swift /Users/admin/builder/spi-builder-workspace/Sources/Swiftlane/Library/Core/Settings.swift /Users/admin/builder/spi-builder-workspace/Sources/Swiftlane/Library/Core/SwiftlaneError.swift /Users/admin/builder/spi-builder-workspace/Sources/Swiftlane/Library/Core/Workflow.swift /Users/admin/builder/spi-builder-workspace/Sources/Swiftlane/Library/Extensions/Bool+extensions.swift /Users/admin/builder/spi-builder-workspace/Sources/Swiftlane/Library/Extensions/Data+extensions.swift /Users/admin/builder/spi-builder-workspace/Sources/Swiftlane/Library/Extensions/String+extensions.swift /Users/admin/builder/spi-builder-workspace/Sources/Swiftlane/Library/Extensions/URL+extension.swift /Users/admin/builder/spi-builder-workspace/Sources/Swiftlane/Library/Tools/ALTool.swift /Users/admin/builder/spi-builder-workspace/Sources/Swiftlane/Library/Tools/Xcodebuild.swift /Users/admin/builder/spi-builder-workspace/Sources/Swiftlane/Library/Vendor/XCParser.swift -supplementary-output-file-map /Users/admin/builder/spi-builder-workspace/.derivedData/Build/Intermediates.noindex/Swiftlane.build/Debug-watchos/Swiftlane-t.build/Objects-normal/arm64_32/supplementaryOutputs-125 -target arm64_32-apple-watchos9.0 -disable-cross-import-overlay-search -load-resolved-plugin /Applications/Xcode-27.0.0-Release.Candidate.app/Contents/Developer/Platforms/WatchOS.platform/Developer/usr/lib/swift/host/plugins/libFoundationMacros.dylib\#/Applications/Xcode-27.0.0-Release.Candidate.app/Contents/Developer/Platforms/WatchOS.platform/Developer/usr/bin/swift-plugin-server\#FoundationMacros -load-resolved-plugin /Applications/Xcode-27.0.0-Release.Candidate.app/Contents/Developer/Platforms/WatchOS.platform/Developer/usr/lib/swift/host/plugins/libObservationMacros.dylib\#/Applications/Xcode-27.0.0-Release.Candidate.app/Contents/Developer/Platforms/WatchOS.platform/Developer/usr/bin/swift-plugin-server\#ObservationMacros -load-resolved-plugin /Applications/Xcode-27.0.0-Release.Candidate.app/Contents/Developer/Platforms/WatchOS.platform/Developer/usr/lib/swift/host/plugins/libSwiftMacros.dylib\#/Applications/Xcode-27.0.0-Release.Candidate.app/Contents/Developer/Platforms/WatchOS.platform/Developer/usr/bin/swift-plugin-server\#SwiftMacros -disable-implicit-swift-modules -Xcc -fno-implicit-modules -Xcc -fno-implicit-module-maps -explicit-swift-module-map-file /Users/admin/builder/spi-builder-workspace/.derivedData/Build/Intermediates.noindex/Swiftlane.build/Debug-watchos/Swiftlane-t.build/Objects-normal/arm64_32/Swiftlane-dependencies-1.json -enable-objc-interop -sdk /Applications/Xcode-27.0.0-Release.Candidate.app/Contents/Developer/Platforms/WatchOS.platform/Developer/SDKs/WatchOS27.0.sdk -I /Users/admin/builder/spi-builder-workspace/.derivedData/Build/Products/Debug-watchos -Isystem /Applications/Xcode-27.0.0-Release.Candidate.app/Contents/Developer/Platforms/WatchOS.platform/Developer/usr/lib -F /Users/admin/builder/spi-builder-workspace/.derivedData/Build/Products/Debug-watchos/PackageFrameworks -F /Users/admin/builder/spi-builder-workspace/.derivedData/Build/Products/Debug-watchos -F /Applications/Xcode-27.0.0-Release.Candidate.app/Contents/Developer/Platforms/WatchOS.platform/Developer/Library/Frameworks -F /Applications/Xcode-27.0.0-Release.Candidate.app/Contents/Developer/Platforms/WatchOS.platform/Developer/SDKs/WatchOS27.0.sdk/Developer/Library/Frameworks -module-cache-path /Users/admin/builder/spi-builder-workspace/.derivedData/Build/Intermediates.noindex/SwiftExplicitPrecompiledModules -no-color-diagnostics -Xcc -fno-color-diagnostics -enable-testing -g -debug-info-format\=dwarf -dwarf-version\=4 -profile-generate -profile-coverage-mapping -swift-version 5 -Onone -D SWIFT_PACKAGE -D DEBUG -D SWIFT_MODULE_RESOURCE_BUNDLE_UNAVAILABLE -D Xcode -serialize-debugging-options -enable-experimental-feature DebugDescriptionMacro -empty-abi-descriptor -validate-clang-modules-once -clang-build-session-file /Users/admin/builder/spi-builder-workspace/.derivedData/ModuleCache.noindex/Session.modulevalidation -Xcc -working-directory -Xcc /Users/admin/builder/spi-builder-workspace/.swiftpm/xcode -enable-anonymous-context-mangled-names -file-compilation-dir /Users/admin/builder/spi-builder-workspace/.swiftpm/xcode -Xcc -fmodule-map-file\=/Users/admin/builder/spi-builder-workspace/.dependencies/checkouts/swift-system/Sources/CSystem/include/module.modulemap -Xcc -fmodule-map-file\=/Users/admin/builder/spi-builder-workspace/.dependencies/checkouts/swift-tools-support-core/Sources/TSCclibc/include/module.modulemap -Xcc -fmodule-map-file\=/Users/admin/builder/spi-builder-workspace/.dependencies/checkouts/jwt-kit/Sources/CJWTKitBoringSSL/include/module.modulemap -Xcc -D_LIBCPP_HARDENING_MODE\=_LIBCPP_HARDENING_MODE_DEBUG -Xcc -ivfsstatcache -Xcc /Users/admin/builder/spi-builder-workspace/.derivedData/SDKStatCaches.noindex/watchos27.0-24R360-e829b21a6f8c9b70876ba0858053c04477534ef55a1706bf4c1112bbb242f0a2.sdkstatcache -Xcc -fmodules-prune-interval\=86400 -Xcc -fmodules-prune-after\=345600 -Xcc -I/Users/admin/builder/spi-builder-workspace/.dependencies/checkouts/swift-system/Sources/CSystem/include -Xcc -I/Users/admin/builder/spi-builder-workspace/.dependencies/checkouts/swift-tools-support-core/Sources/TSCclibc/include -Xcc -I/Users/admin/builder/spi-builder-workspace/.dependencies/checkouts/jwt-kit/Sources/CJWTKitBoringSSL/include -Xcc -I/Users/admin/builder/spi-builder-workspace/.derivedData/Build/Products/Debug-watchos/include -Xcc -I/Users/admin/builder/spi-builder-workspace/.derivedData/Build/Intermediates.noindex/Swiftlane.build/Debug-watchos/Swiftlane-t.build/DerivedSources-normal/arm64_32 -Xcc -I/Users/admin/builder/spi-builder-workspace/.derivedData/Build/Intermediates.noindex/Swiftlane.build/Debug-watchos/Swiftlane-t.build/DerivedSources/arm64_32 -Xcc -I/Users/admin/builder/spi-builder-workspace/.derivedData/Build/Intermediates.noindex/Swiftlane.build/Debug-watchos/Swiftlane-t.build/DerivedSources -Xcc -DSWIFT_PACKAGE -Xcc -DDEBUG\=1 -no-auto-bridging-header-chaining -module-name Swiftlane -const-gather-protocols-file /Users/admin/builder/spi-builder-workspace/.derivedData/Build/Intermediates.noindex/Swiftlane.build/Debug-watchos/Swiftlane-t.build/Objects-normal/arm64_32/Swiftlane_const_extract_protocols.json -disable-clang-spi -clang-target arm64_32-apple-watchos27.0 -target-sdk-version 27.0 -target-sdk-name watchos27.0 -in-process-plugin-server-path /Applications/Xcode-27.0.0-Release.Candidate.app/Contents/Developer/Toolchains/XcodeDefault.xctoolchain/usr/lib/swift/host/libSwiftInProcPluginServer.dylib -parse-as-library -o /Users/admin/builder/spi-builder-workspace/.derivedData/Build/Intermediates.noindex/Swiftlane.build/Debug-watchos/Swiftlane-t.build/Objects-normal/arm64_32/Download.o -o /Users/admin/builder/spi-builder-workspace/.derivedData/Build/Intermediates.noindex/Swiftlane.build/Debug-watchos/Swiftlane-t.build/Objects-normal/arm64_32/MoveFile.o -o /Users/admin/builder/spi-builder-workspace/.derivedData/Build/Intermediates.noindex/Swiftlane.build/Debug-watchos/Swiftlane-t.build/Objects-normal/arm64_32/AppCenter.o -o /Users/admin/builder/spi-builder-workspace/.derivedData/Build/Intermediates.noindex/Swiftlane.build/Debug-watchos/Swiftlane-t.build/Objects-normal/arm64_32/PrintWorkingDirectory.o -debug-module-path /Users/admin/builder/spi-builder-workspace/.derivedData/Build/Intermediates.noindex/Swiftlane.build/Debug-watchos/Swiftlane-t.build/Objects-normal/arm64_32/Swiftlane.swiftmodule -index-unit-output-path /Swiftlane.build/Debug-watchos/Swiftlane-t.build/Objects-normal/arm64_32/Download.o -index-unit-output-path /Swiftlane.build/Debug-watchos/Swiftlane-t.build/Objects-normal/arm64_32/MoveFile.o -index-unit-output-path /Swiftlane.build/Debug-watchos/Swiftlane-t.build/Objects-normal/arm64_32/AppCenter.o -index-unit-output-path /Swiftlane.build/Debug-watchos/Swiftlane-t.build/Objects-normal/arm64_32/PrintWorkingDirectory.o -index-store-path /Users/admin/builder/spi-builder-workspace/.derivedData/Index.noindex/DataStore -index-system-modules
SwiftCompile normal arm64_32 /Users/admin/builder/spi-builder-workspace/Sources/Swiftlane/Actions/File/Download.swift (in target 'Swiftlane' from project 'Swiftlane')
cd /Users/admin/builder/spi-builder-workspace/.swiftpm/xcode
builtin-SwiftPerFileCompile Download.swift
SwiftCompile normal arm64_32 /Users/admin/builder/spi-builder-workspace/Sources/Swiftlane/Actions/File/MoveFile.swift (in target 'Swiftlane' from project 'Swiftlane')
cd /Users/admin/builder/spi-builder-workspace/.swiftpm/xcode
builtin-SwiftPerFileCompile MoveFile.swift
SwiftCompile normal arm64_32 /Users/admin/builder/spi-builder-workspace/Sources/Swiftlane/Actions/Standard/AppCenter.swift (in target 'Swiftlane' from project 'Swiftlane')
cd /Users/admin/builder/spi-builder-workspace/.swiftpm/xcode
builtin-SwiftPerFileCompile AppCenter.swift
SwiftCompile normal arm64_32 /Users/admin/builder/spi-builder-workspace/Sources/Swiftlane/Actions/Standard/PrintWorkingDirectory.swift (in target 'Swiftlane' from project 'Swiftlane')
cd /Users/admin/builder/spi-builder-workspace/.swiftpm/xcode
builtin-SwiftPerFileCompile PrintWorkingDirectory.swift
SwiftCompile normal arm64_32 Compiling\ Build.swift,\ ExportArchive.swift,\ GetBuildSettings.swift,\ Keychain.swift /Users/admin/builder/spi-builder-workspace/Sources/Swiftlane/Actions/iOS/Build.swift /Users/admin/builder/spi-builder-workspace/Sources/Swiftlane/Actions/iOS/ExportArchive.swift /Users/admin/builder/spi-builder-workspace/Sources/Swiftlane/Actions/iOS/GetBuildSettings.swift /Users/admin/builder/spi-builder-workspace/Sources/Swiftlane/Actions/iOS/Keychain.swift (in target 'Swiftlane' from project 'Swiftlane')
SwiftCompile normal arm64_32 /Users/admin/builder/spi-builder-workspace/Sources/Swiftlane/Actions/iOS/Build.swift (in target 'Swiftlane' from project 'Swiftlane')
cd /Users/admin/builder/spi-builder-workspace/.swiftpm/xcode
builtin-SwiftPerFileCompile Build.swift
SwiftCompile normal arm64_32 /Users/admin/builder/spi-builder-workspace/Sources/Swiftlane/Actions/iOS/ExportArchive.swift (in target 'Swiftlane' from project 'Swiftlane')
cd /Users/admin/builder/spi-builder-workspace/.swiftpm/xcode
builtin-SwiftPerFileCompile ExportArchive.swift
SwiftCompile normal arm64_32 /Users/admin/builder/spi-builder-workspace/Sources/Swiftlane/Actions/iOS/GetBuildSettings.swift (in target 'Swiftlane' from project 'Swiftlane')
cd /Users/admin/builder/spi-builder-workspace/.swiftpm/xcode
builtin-SwiftPerFileCompile GetBuildSettings.swift
SwiftCompile normal arm64_32 /Users/admin/builder/spi-builder-workspace/Sources/Swiftlane/Actions/iOS/Keychain.swift (in target 'Swiftlane' from project 'Swiftlane')
cd /Users/admin/builder/spi-builder-workspace/.swiftpm/xcode
builtin-SwiftPerFileCompile Keychain.swift
SwiftCompile normal arm64_32 Compiling\ ALTool.swift,\ Xcodebuild.swift,\ XCParser.swift /Users/admin/builder/spi-builder-workspace/Sources/Swiftlane/Library/Tools/ALTool.swift /Users/admin/builder/spi-builder-workspace/Sources/Swiftlane/Library/Tools/Xcodebuild.swift /Users/admin/builder/spi-builder-workspace/Sources/Swiftlane/Library/Vendor/XCParser.swift (in target 'Swiftlane' from project 'Swiftlane')
SwiftCompile normal arm64_32 /Users/admin/builder/spi-builder-workspace/Sources/Swiftlane/Library/Tools/ALTool.swift (in target 'Swiftlane' from project 'Swiftlane')
cd /Users/admin/builder/spi-builder-workspace/.swiftpm/xcode
builtin-SwiftPerFileCompile ALTool.swift
SwiftCompile normal arm64_32 /Users/admin/builder/spi-builder-workspace/Sources/Swiftlane/Library/Tools/Xcodebuild.swift (in target 'Swiftlane' from project 'Swiftlane')
cd /Users/admin/builder/spi-builder-workspace/.swiftpm/xcode
builtin-SwiftPerFileCompile Xcodebuild.swift
SwiftCompile normal arm64_32 /Users/admin/builder/spi-builder-workspace/Sources/Swiftlane/Library/Vendor/XCParser.swift (in target 'Swiftlane' from project 'Swiftlane')
cd /Users/admin/builder/spi-builder-workspace/.swiftpm/xcode
builtin-SwiftPerFileCompile XCParser.swift
SwiftCompile normal arm64_32 Compiling\ SwiftlaneError.swift,\ Workflow.swift,\ Bool+extensions.swift /Users/admin/builder/spi-builder-workspace/Sources/Swiftlane/Library/Core/SwiftlaneError.swift /Users/admin/builder/spi-builder-workspace/Sources/Swiftlane/Library/Core/Workflow.swift /Users/admin/builder/spi-builder-workspace/Sources/Swiftlane/Library/Extensions/Bool+extensions.swift (in target 'Swiftlane' from project 'Swiftlane')
SwiftCompile normal arm64_32 /Users/admin/builder/spi-builder-workspace/Sources/Swiftlane/Library/Core/SwiftlaneError.swift (in target 'Swiftlane' from project 'Swiftlane')
cd /Users/admin/builder/spi-builder-workspace/.swiftpm/xcode
builtin-SwiftPerFileCompile SwiftlaneError.swift
SwiftCompile normal arm64_32 /Users/admin/builder/spi-builder-workspace/Sources/Swiftlane/Library/Core/Workflow.swift (in target 'Swiftlane' from project 'Swiftlane')
cd /Users/admin/builder/spi-builder-workspace/.swiftpm/xcode
builtin-SwiftPerFileCompile Workflow.swift
SwiftCompile normal arm64_32 /Users/admin/builder/spi-builder-workspace/Sources/Swiftlane/Library/Extensions/Bool+extensions.swift (in target 'Swiftlane' from project 'Swiftlane')
cd /Users/admin/builder/spi-builder-workspace/.swiftpm/xcode
builtin-SwiftPerFileCompile Bool+extensions.swift
SwiftEmitModule normal arm64 Emitting\ module\ for\ Swiftlane (in target 'Swiftlane' from project 'Swiftlane')
SwiftCompile normal arm64 (in target 'Swiftlane' from project 'Swiftlane')
cd /Users/admin/builder/spi-builder-workspace/.swiftpm/xcode
PruneExplicitPrecompiledModules /Users/admin/builder/spi-builder-workspace/.derivedData/Build/Intermediates.noindex/ExplicitPrecompiledModules
PruneExplicitPrecompiledModules /Users/admin/builder/spi-builder-workspace/.derivedData/Build/Intermediates.noindex/SwiftExplicitPrecompiledModules
PruneExplicitPrecompiledModules /Users/admin/builder/spi-builder-workspace/.derivedData/SDKExplicitPrecompiledModules
2026-09-18 00:33:30.922 xcodebuild[1257:6826] [MT] IDERunDestination: Supported platforms for the buildables in the current scheme is empty.
** BUILD FAILED **
The following build commands failed:
SwiftCompile normal arm64_32 Compiling\ Download.swift,\ MoveFile.swift,\ AppCenter.swift,\ PrintWorkingDirectory.swift /Users/admin/builder/spi-builder-workspace/Sources/Swiftlane/Actions/File/Download.swift /Users/admin/builder/spi-builder-workspace/Sources/Swiftlane/Actions/File/MoveFile.swift /Users/admin/builder/spi-builder-workspace/Sources/Swiftlane/Actions/Standard/AppCenter.swift /Users/admin/builder/spi-builder-workspace/Sources/Swiftlane/Actions/Standard/PrintWorkingDirectory.swift (in target 'Swiftlane' from project 'Swiftlane')
SwiftCompile normal arm64_32 /Users/admin/builder/spi-builder-workspace/Sources/Swiftlane/Actions/Standard/AppCenter.swift (in target 'Swiftlane' from project 'Swiftlane')
SwiftCompile normal arm64_32 /Users/admin/builder/spi-builder-workspace/Sources/Swiftlane/Actions/Standard/PrintWorkingDirectory.swift (in target 'Swiftlane' from project 'Swiftlane')
Building workspace Swiftlane with scheme Swiftlane
(4 failures)
Command line invocation:
/Applications/Xcode-27.0.0-Release.Candidate.app/Contents/Developer/usr/bin/xcodebuild -IDEClonedSourcePackagesDirPathOverride=/Users/admin/builder/spi-builder-workspace/.dependencies -resolvePackageDependencies
Resolve Package Graph
Resolved source packages:
jwt-kit: https://github.com/vapor/jwt-kit @ 4.13.5
SwiftyXMLParser: https://github.com/yahoojapan/SwiftyXMLParser @ 5.6.0
Files: https://github.com/JohnSundell/Files.git @ 4.3.0
swift-system: https://github.com/apple/swift-system.git @ 1.1.1
AppStoreConnect: https://github.com/onmyway133/AppStoreConnect @ 0.0.8
swift-asn1: https://github.com/apple/swift-asn1.git @ 1.7.3
swift-crypto: https://github.com/apple/swift-crypto.git @ 3.15.1
swift-tools-support-core: https://github.com/apple/swift-tools-support-core.git @ 0.3.0
URLQueryEncoder: https://github.com/kean/URLQueryEncoder @ 0.2.1
xcbeautify: https://github.com/tuist/xcbeautify @ 0.21.1
Swiftlane: /Users/admin/builder/spi-builder-workspace
Get: https://github.com/kean/Get @ 0.8.0
xcparse: https://github.com/ChargePoint/xcparse @ 2.3.2
Colorizer: https://github.com/getGuaka/Colorizer.git @ 0.2.1
swift-argument-parser: https://github.com/apple/swift-argument-parser.git @ 1.2.3
NaiveDate: https://github.com/kean/NaiveDate @ 1.1.0
XMLCoder: https://github.com/MaxDesiatov/XMLCoder.git @ 0.17.1
resolved source packages: jwt-kit, SwiftyXMLParser, Files, swift-system, AppStoreConnect, swift-asn1, swift-crypto, swift-tools-support-core, URLQueryEncoder, xcbeautify, Swiftlane, Get, xcparse, Colorizer, swift-argument-parser, NaiveDate, XMLCoder
2026-09-18 00:34:08.394 xcodebuild[3210:12934] [MT] IDERunDestination: Supported platforms for the buildables in the current scheme is empty.
{
"dependencies" : [
{
"identity" : "xcbeautify",
"requirement" : {
"range" : [
{
"lower_bound" : "0.11.0",
"upper_bound" : "1.0.0"
}
]
},
"type" : "sourceControl",
"url" : "https://github.com/tuist/xcbeautify"
},
{
"identity" : "files",
"requirement" : {
"range" : [
{
"lower_bound" : "4.2.0",
"upper_bound" : "5.0.0"
}
]
},
"type" : "sourceControl",
"url" : "https://github.com/JohnSundell/Files.git"
},
{
"identity" : "xcparse",
"requirement" : {
"range" : [
{
"lower_bound" : "2.2.1",
"upper_bound" : "3.0.0"
}
]
},
"type" : "sourceControl",
"url" : "https://github.com/ChargePoint/xcparse"
},
{
"identity" : "swiftyxmlparser",
"requirement" : {
"range" : [
{
"lower_bound" : "5.6.0",
"upper_bound" : "6.0.0"
}
]
},
"type" : "sourceControl",
"url" : "https://github.com/yahoojapan/SwiftyXMLParser"
},
{
"identity" : "appstoreconnect",
"requirement" : {
"range" : [
{
"lower_bound" : "0.0.8",
"upper_bound" : "1.0.0"
}
]
},
"type" : "sourceControl",
"url" : "https://github.com/onmyway133/AppStoreConnect"
}
],
"manifest_display_name" : "Swiftlane",
"name" : "Swiftlane",
"path" : "/Users/admin/builder/spi-builder-workspace",
"platforms" : [
{
"name" : "macos",
"version" : "12.0"
}
],
"products" : [
{
"name" : "Swiftlane",
"targets" : [
"Swiftlane"
],
"type" : {
"library" : [
"automatic"
]
}
}
],
"targets" : [
{
"c99name" : "SwiftlaneTests",
"module_type" : "SwiftTarget",
"name" : "SwiftlaneTests",
"path" : "Tests/SwiftlaneTests",
"sources" : [
"SwiftlaneTests.swift"
],
"target_dependencies" : [
"Swiftlane"
],
"type" : "test"
},
{
"c99name" : "Swiftlane",
"module_type" : "SwiftTarget",
"name" : "Swiftlane",
"path" : "Sources",
"product_dependencies" : [
"XCParseCore",
"XcbeautifyLib",
"Files",
"AppStoreConnect",
"SwiftyXMLParser"
],
"product_memberships" : [
"Swiftlane"
],
"sources" : [
"Swiftlane/Actions/File/Download.swift",
"Swiftlane/Actions/File/MoveFile.swift",
"Swiftlane/Actions/Standard/AppCenter.swift",
"Swiftlane/Actions/Standard/PrintWorkingDirectory.swift",
"Swiftlane/Actions/Standard/RunScript.swift",
"Swiftlane/Actions/Standard/Slack.swift",
"Swiftlane/Actions/iOS/ASC.swift",
"Swiftlane/Actions/iOS/Archive.swift",
"Swiftlane/Actions/iOS/Build.swift",
"Swiftlane/Actions/iOS/ExportArchive.swift",
"Swiftlane/Actions/iOS/GetBuildSettings.swift",
"Swiftlane/Actions/iOS/Keychain.swift",
"Swiftlane/Actions/iOS/Project.swift",
"Swiftlane/Actions/iOS/Screenshot.swift",
"Swiftlane/Actions/iOS/Test.swift",
"Swiftlane/Actions/iOS/UploadASC.swift",
"Swiftlane/Actions/iOS/Xcode.swift",
"Swiftlane/Actions/macOS/Notarize.swift",
"Swiftlane/Library/Core/Args.swift",
"Swiftlane/Library/Core/CommandLine/CommandLine.swift",
"Swiftlane/Library/Core/CommandLine/ProcessHandler.swift",
"Swiftlane/Library/Core/CommandLine/XcodebuildProcessHandler.swift",
"Swiftlane/Library/Core/Console.swift",
"Swiftlane/Library/Core/Environment.swift",
"Swiftlane/Library/Core/FileSystem.swift",
"Swiftlane/Library/Core/PlistBuilder.swift",
"Swiftlane/Library/Core/Settings.swift",
"Swiftlane/Library/Core/SwiftlaneError.swift",
"Swiftlane/Library/Core/Workflow.swift",
"Swiftlane/Library/Extensions/Bool+extensions.swift",
"Swiftlane/Library/Extensions/Data+extensions.swift",
"Swiftlane/Library/Extensions/String+extensions.swift",
"Swiftlane/Library/Extensions/URL+extension.swift",
"Swiftlane/Library/Tools/ALTool.swift",
"Swiftlane/Library/Tools/Xcodebuild.swift",
"Swiftlane/Library/Vendor/XCParser.swift"
],
"type" : "library"
}
],
"tools_version" : "5.5"
}
{
"workspace" : {
"name" : "Swiftlane",
"schemes" : [
"Swiftlane"
]
}
}
2026-09-18 00:34:10.571 xcodebuild[3221:13024] [MT] IDERunDestination: Supported platforms for the buildables in the current scheme is empty.
Running build ...
env DEVELOPER_DIR=/Applications/Xcode-27.0.0-Release.Candidate.app xcrun xcodebuild -IDEClonedSourcePackagesDirPathOverride=$PWD/.dependencies -skipMacroValidation -skipPackagePluginValidation -derivedDataPath $PWD/.derivedData build -scheme Swiftlane -destination generic/platform=watchOS
Command line invocation:
/Applications/Xcode-27.0.0-Release.Candidate.app/Contents/Developer/usr/bin/xcodebuild -IDEClonedSourcePackagesDirPathOverride=/Users/admin/builder/spi-builder-workspace/.dependencies -skipMacroValidation -skipPackagePluginValidation -derivedDataPath /Users/admin/builder/spi-builder-workspace/.derivedData build -scheme Swiftlane -destination generic/platform=watchOS
Resolve Package Graph
Resolved source packages:
swift-tools-support-core: https://github.com/apple/swift-tools-support-core.git @ 0.3.0
jwt-kit: https://github.com/vapor/jwt-kit @ 4.13.5
NaiveDate: https://github.com/kean/NaiveDate @ 1.1.0
AppStoreConnect: https://github.com/onmyway133/AppStoreConnect @ 0.0.8
Get: https://github.com/kean/Get @ 0.8.0
Files: https://github.com/JohnSundell/Files.git @ 4.3.0
Swiftlane: /Users/admin/builder/spi-builder-workspace
xcparse: https://github.com/ChargePoint/xcparse @ 2.3.2
Colorizer: https://github.com/getGuaka/Colorizer.git @ 0.2.1
swift-system: https://github.com/apple/swift-system.git @ 1.1.1
SwiftyXMLParser: https://github.com/yahoojapan/SwiftyXMLParser @ 5.6.0
URLQueryEncoder: https://github.com/kean/URLQueryEncoder @ 0.2.1
swift-asn1: https://github.com/apple/swift-asn1.git @ 1.7.3
XMLCoder: https://github.com/MaxDesiatov/XMLCoder.git @ 0.17.1
swift-crypto: https://github.com/apple/swift-crypto.git @ 3.15.1
swift-argument-parser: https://github.com/apple/swift-argument-parser.git @ 1.2.3
xcbeautify: https://github.com/tuist/xcbeautify @ 0.21.1
ComputePackagePrebuildTargetDependencyGraph
Prepare packages
CreateBuildRequest
SendProjectDescription
CreateBuildOperation
ComputeTargetDependencyGraph
note: Building targets in dependency order
note: Target dependency graph (36 targets)
Target 'Swiftlane-product' in project 'Swiftlane'
➜ Explicit dependency on target 'Swiftlane' in project 'Swiftlane'
➜ Explicit dependency on target 'XCParseCore-product' in project 'xcparse'
➜ Explicit dependency on target 'XcbeautifyLib-product' in project 'xcbeautify'
➜ Explicit dependency on target 'Files-product' in project 'Files'
➜ Explicit dependency on target 'AppStoreConnect-product' in project 'AppStoreConnect'
➜ Explicit dependency on target 'SwiftyXMLParser-product' in project 'SwiftyXMLParser'
Target 'Swiftlane' in project 'Swiftlane'
➜ Explicit dependency on target 'XCParseCore-product' in project 'xcparse'
➜ Explicit dependency on target 'XcbeautifyLib-product' in project 'xcbeautify'
➜ Explicit dependency on target 'Files-product' in project 'Files'
➜ Explicit dependency on target 'AppStoreConnect-product' in project 'AppStoreConnect'
➜ Explicit dependency on target 'SwiftyXMLParser-product' in project 'SwiftyXMLParser'
Target 'SwiftyXMLParser-product' in project 'SwiftyXMLParser'
➜ Explicit dependency on target 'SwiftyXMLParser' in project 'SwiftyXMLParser'
Target 'SwiftyXMLParser' in project 'SwiftyXMLParser' (no dependencies)
Target 'AppStoreConnect-product' in project 'AppStoreConnect'
➜ Explicit dependency on target 'AppStoreConnect' in project 'AppStoreConnect'
➜ Explicit dependency on target 'Get-product' in project 'Get'
➜ Explicit dependency on target 'NaiveDate-product' in project 'NaiveDate'
➜ Explicit dependency on target 'URLQueryEncoder-product' in project 'URLQueryEncoder'
➜ Explicit dependency on target 'JWTKit-product' in project 'jwt-kit'
Target 'AppStoreConnect' in project 'AppStoreConnect'
➜ Explicit dependency on target 'Get-product' in project 'Get'
➜ Explicit dependency on target 'NaiveDate-product' in project 'NaiveDate'
➜ Explicit dependency on target 'URLQueryEncoder-product' in project 'URLQueryEncoder'
➜ Explicit dependency on target 'JWTKit-product' in project 'jwt-kit'
Target 'JWTKit-product' in project 'jwt-kit'
➜ Explicit dependency on target 'JWTKit' in project 'jwt-kit'
➜ Explicit dependency on target 'CJWTKitBoringSSL' in project 'jwt-kit'
➜ Explicit dependency on target 'Crypto-product' in project 'swift-crypto'
Target 'JWTKit' in project 'jwt-kit'
➜ Explicit dependency on target 'CJWTKitBoringSSL' in project 'jwt-kit'
➜ Explicit dependency on target 'Crypto-product' in project 'swift-crypto'
Target 'Crypto-product' in project 'swift-crypto'
➜ Explicit dependency on target 'Crypto' in project 'swift-crypto'
➜ Explicit dependency on target 'swift-crypto_Crypto' in project 'swift-crypto'
Target 'Crypto' in project 'swift-crypto'
➜ Explicit dependency on target 'swift-crypto_Crypto' in project 'swift-crypto'
Target 'swift-crypto_Crypto' in project 'swift-crypto' (no dependencies)
Target 'CJWTKitBoringSSL' in project 'jwt-kit' (no dependencies)
Target 'URLQueryEncoder-product' in project 'URLQueryEncoder'
➜ Explicit dependency on target 'URLQueryEncoder' in project 'URLQueryEncoder'
Target 'URLQueryEncoder' in project 'URLQueryEncoder' (no dependencies)
Target 'NaiveDate-product' in project 'NaiveDate'
➜ Explicit dependency on target 'NaiveDate' in project 'NaiveDate'
Target 'NaiveDate' in project 'NaiveDate' (no dependencies)
Target 'Get-product' in project 'Get'
➜ Explicit dependency on target 'Get' in project 'Get'
Target 'Get' in project 'Get' (no dependencies)
Target 'Files-product' in project 'Files'
➜ Explicit dependency on target 'Files' in project 'Files'
Target 'Files' in project 'Files' (no dependencies)
Target 'XcbeautifyLib-product' in project 'xcbeautify'
➜ Explicit dependency on target 'XcbeautifyLib' in project 'xcbeautify'
➜ Explicit dependency on target 'Colorizer-product' in project 'Colorizer'
➜ Explicit dependency on target 'XMLCoder-product' in project 'XMLCoder'
Target 'XcbeautifyLib' in project 'xcbeautify'
➜ Explicit dependency on target 'Colorizer-product' in project 'Colorizer'
➜ Explicit dependency on target 'XMLCoder-product' in project 'XMLCoder'
Target 'XMLCoder-product' in project 'XMLCoder'
➜ Explicit dependency on target 'XMLCoder' in project 'XMLCoder'
Target 'XMLCoder' in project 'XMLCoder' (no dependencies)
Target 'Colorizer-product' in project 'Colorizer'
➜ Explicit dependency on target 'Colorizer' in project 'Colorizer'
Target 'Colorizer' in project 'Colorizer' (no dependencies)
Target 'XCParseCore-product' in project 'xcparse'
➜ Explicit dependency on target 'XCParseCore' in project 'xcparse'
➜ Explicit dependency on target 'SwiftToolsSupport-auto-product' in project 'swift-tools-support-core'
Target 'XCParseCore' in project 'xcparse'
➜ Explicit dependency on target 'SwiftToolsSupport-auto-product' in project 'swift-tools-support-core'
Target 'SwiftToolsSupport-auto-product' in project 'swift-tools-support-core'
➜ Explicit dependency on target 'TSCBasic' in project 'swift-tools-support-core'
➜ Explicit dependency on target 'TSCUtility' in project 'swift-tools-support-core'
➜ Explicit dependency on target 'TSCLibc' in project 'swift-tools-support-core'
➜ Explicit dependency on target 'TSCclibc' in project 'swift-tools-support-core'
➜ Explicit dependency on target 'SystemPackage-product' in project 'swift-system'
Target 'TSCUtility' in project 'swift-tools-support-core'
➜ Explicit dependency on target 'TSCLibc' in project 'swift-tools-support-core'
➜ Explicit dependency on target 'TSCclibc' in project 'swift-tools-support-core'
➜ Explicit dependency on target 'TSCBasic' in project 'swift-tools-support-core'
➜ Explicit dependency on target 'SystemPackage-product' in project 'swift-system'
Target 'TSCBasic' in project 'swift-tools-support-core'
➜ Explicit dependency on target 'TSCLibc' in project 'swift-tools-support-core'
➜ Explicit dependency on target 'TSCclibc' in project 'swift-tools-support-core'
➜ Explicit dependency on target 'SystemPackage-product' in project 'swift-system'
Target 'SystemPackage-product' in project 'swift-system'
➜ Explicit dependency on target 'SystemPackage' in project 'swift-system'
➜ Explicit dependency on target 'CSystem' in project 'swift-system'
Target 'SystemPackage' in project 'swift-system'
➜ Explicit dependency on target 'CSystem' in project 'swift-system'
Target 'CSystem' in project 'swift-system' (no dependencies)
Target 'TSCclibc' in project 'swift-tools-support-core' (no dependencies)
Target 'TSCLibc' in project 'swift-tools-support-core' (no dependencies)
GatherProvisioningInputs
CreateBuildDescription
ClangStatCache /Applications/Xcode-27.0.0-Release.Candidate.app/Contents/Developer/Toolchains/XcodeDefault.xctoolchain/usr/bin/clang-stat-cache /Applications/Xcode-27.0.0-Release.Candidate.app/Contents/Developer/Platforms/WatchOS.platform/Developer/SDKs/WatchOS27.0.sdk /Users/admin/builder/spi-builder-workspace/.derivedData/SDKStatCaches.noindex/watchos27.0-24R360-e829b21a6f8c9b70876ba0858053c04477534ef55a1706bf4c1112bbb242f0a2.sdkstatcache
cd /Users/admin/builder/spi-builder-workspace/.swiftpm/xcode
/Applications/Xcode-27.0.0-Release.Candidate.app/Contents/Developer/Toolchains/XcodeDefault.xctoolchain/usr/bin/clang-stat-cache /Applications/Xcode-27.0.0-Release.Candidate.app/Contents/Developer/Platforms/WatchOS.platform/Developer/SDKs/WatchOS27.0.sdk -o /Users/admin/builder/spi-builder-workspace/.derivedData/SDKStatCaches.noindex/watchos27.0-24R360-e829b21a6f8c9b70876ba0858053c04477534ef55a1706bf4c1112bbb242f0a2.sdkstatcache
SwiftDriver Swiftlane normal arm64_32 com.apple.xcode.tools.swift.compiler (in target 'Swiftlane' from project 'Swiftlane')
cd /Users/admin/builder/spi-builder-workspace/.swiftpm/xcode
builtin-SwiftDriver -- /Applications/Xcode-27.0.0-Release.Candidate.app/Contents/Developer/Toolchains/XcodeDefault.xctoolchain/usr/bin/swiftc -parse-as-library -module-name Swiftlane -Onone @/Users/admin/builder/spi-builder-workspace/.derivedData/Build/Intermediates.noindex/Swiftlane.build/Debug-watchos/Swiftlane-t.build/Objects-normal/arm64_32/Swiftlane.SwiftFileList -DSWIFT_PACKAGE -DDEBUG -DSWIFT_MODULE_RESOURCE_BUNDLE_UNAVAILABLE -Xcc -fmodule-map-file\=/Users/admin/builder/spi-builder-workspace/.dependencies/checkouts/swift-system/Sources/CSystem/include/module.modulemap -Xcc -fmodule-map-file\=/Users/admin/builder/spi-builder-workspace/.dependencies/checkouts/swift-tools-support-core/Sources/TSCclibc/include/module.modulemap -Xcc -fmodule-map-file\=/Users/admin/builder/spi-builder-workspace/.dependencies/checkouts/jwt-kit/Sources/CJWTKitBoringSSL/include/module.modulemap -DXcode -plugin-path /Applications/Xcode-27.0.0-Release.Candidate.app/Contents/Developer/Toolchains/XcodeDefault.xctoolchain/usr/lib/swift/host/plugins/testing -enable-experimental-feature DebugDescriptionMacro -sdk /Applications/Xcode-27.0.0-Release.Candidate.app/Contents/Developer/Platforms/WatchOS.platform/Developer/SDKs/WatchOS27.0.sdk -target arm64_32-apple-watchos9.0 -g -module-cache-path /Users/admin/builder/spi-builder-workspace/.derivedData/ModuleCache.noindex -Xfrontend -serialize-debugging-options -profile-coverage-mapping -profile-generate -enable-testing -index-store-path /Users/admin/builder/spi-builder-workspace/.derivedData/Index.noindex/DataStore -Xcc -D_LIBCPP_HARDENING_MODE\=_LIBCPP_HARDENING_MODE_DEBUG -swift-version 5 -I /Users/admin/builder/spi-builder-workspace/.derivedData/Build/Products/Debug-watchos -Isystem /Applications/Xcode-27.0.0-Release.Candidate.app/Contents/Developer/Platforms/WatchOS.platform/Developer/usr/lib -F /Users/admin/builder/spi-builder-workspace/.derivedData/Build/Products/Debug-watchos/PackageFrameworks -F /Users/admin/builder/spi-builder-workspace/.derivedData/Build/Products/Debug-watchos -F /Applications/Xcode-27.0.0-Release.Candidate.app/Contents/Developer/Platforms/WatchOS.platform/Developer/Library/Frameworks -F /Applications/Xcode-27.0.0-Release.Candidate.app/Contents/Developer/Platforms/WatchOS.platform/Developer/SDKs/WatchOS27.0.sdk/Developer/Library/Frameworks -c -j10 -enable-batch-mode -incremental -Xcc -ivfsstatcache -Xcc /Users/admin/builder/spi-builder-workspace/.derivedData/SDKStatCaches.noindex/watchos27.0-24R360-e829b21a6f8c9b70876ba0858053c04477534ef55a1706bf4c1112bbb242f0a2.sdkstatcache -output-file-map /Users/admin/builder/spi-builder-workspace/.derivedData/Build/Intermediates.noindex/Swiftlane.build/Debug-watchos/Swiftlane-t.build/Objects-normal/arm64_32/Swiftlane-OutputFileMap.json -save-temps -no-color-diagnostics -explicit-module-build -module-cache-path /Users/admin/builder/spi-builder-workspace/.derivedData/Build/Intermediates.noindex/SwiftExplicitPrecompiledModules -clang-scanner-module-cache-path /Users/admin/builder/spi-builder-workspace/.derivedData/ModuleCache.noindex -sdk-module-cache-path /Users/admin/builder/spi-builder-workspace/.derivedData/SDKExplicitPrecompiledModules -emit-dependencies -emit-module -emit-module-path /Users/admin/builder/spi-builder-workspace/.derivedData/Build/Intermediates.noindex/Swiftlane.build/Debug-watchos/Swiftlane-t.build/Objects-normal/arm64_32/Swiftlane.swiftmodule -serialize-diagnostics -dependency-scan-serialize-diagnostics-path /Users/admin/builder/spi-builder-workspace/.derivedData/Build/Intermediates.noindex/Swiftlane.build/Debug-watchos/Swiftlane-t.build/Objects-normal/arm64_32/Swiftlane-dependency-scan.dia -validate-clang-modules-once -clang-build-session-file /Users/admin/builder/spi-builder-workspace/.derivedData/ModuleCache.noindex/Session.modulevalidation -Xcc -fmodules-prune-interval\=86400 -Xcc -fmodules-prune-after\=345600 -emit-const-values -const-gather-protocols-list /Users/admin/builder/spi-builder-workspace/.derivedData/Build/Intermediates.noindex/Swiftlane.build/Debug-watchos/Swiftlane-t.build/Objects-normal/arm64_32/Swiftlane_const_extract_protocols.json -Xcc -I/Users/admin/builder/spi-builder-workspace/.dependencies/checkouts/swift-system/Sources/CSystem/include -Xcc -I/Users/admin/builder/spi-builder-workspace/.dependencies/checkouts/swift-tools-support-core/Sources/TSCclibc/include -Xcc -I/Users/admin/builder/spi-builder-workspace/.dependencies/checkouts/jwt-kit/Sources/CJWTKitBoringSSL/include -Xcc -I/Users/admin/builder/spi-builder-workspace/.derivedData/Build/Products/Debug-watchos/include -Xcc -I/Users/admin/builder/spi-builder-workspace/.derivedData/Build/Intermediates.noindex/Swiftlane.build/Debug-watchos/Swiftlane-t.build/DerivedSources-normal/arm64_32 -Xcc -I/Users/admin/builder/spi-builder-workspace/.derivedData/Build/Intermediates.noindex/Swiftlane.build/Debug-watchos/Swiftlane-t.build/DerivedSources/arm64_32 -Xcc -I/Users/admin/builder/spi-builder-workspace/.derivedData/Build/Intermediates.noindex/Swiftlane.build/Debug-watchos/Swiftlane-t.build/DerivedSources -Xcc -DSWIFT_PACKAGE -Xcc -DDEBUG\=1 -emit-objc-header -emit-objc-header-path /Users/admin/builder/spi-builder-workspace/.derivedData/Build/Intermediates.noindex/Swiftlane.build/Debug-watchos/Swiftlane-t.build/Objects-normal/arm64_32/Swiftlane-Swift.h -working-directory /Users/admin/builder/spi-builder-workspace/.swiftpm/xcode -experimental-emit-module-separately -disable-cmo
SwiftDriver Swiftlane normal arm64 com.apple.xcode.tools.swift.compiler (in target 'Swiftlane' from project 'Swiftlane')
cd /Users/admin/builder/spi-builder-workspace/.swiftpm/xcode
builtin-SwiftDriver -- /Applications/Xcode-27.0.0-Release.Candidate.app/Contents/Developer/Toolchains/XcodeDefault.xctoolchain/usr/bin/swiftc -parse-as-library -module-name Swiftlane -Onone @/Users/admin/builder/spi-builder-workspace/.derivedData/Build/Intermediates.noindex/Swiftlane.build/Debug-watchos/Swiftlane-t.build/Objects-normal/arm64/Swiftlane.SwiftFileList -DSWIFT_PACKAGE -DDEBUG -DSWIFT_MODULE_RESOURCE_BUNDLE_UNAVAILABLE -Xcc -fmodule-map-file\=/Users/admin/builder/spi-builder-workspace/.dependencies/checkouts/swift-system/Sources/CSystem/include/module.modulemap -Xcc -fmodule-map-file\=/Users/admin/builder/spi-builder-workspace/.dependencies/checkouts/swift-tools-support-core/Sources/TSCclibc/include/module.modulemap -Xcc -fmodule-map-file\=/Users/admin/builder/spi-builder-workspace/.dependencies/checkouts/jwt-kit/Sources/CJWTKitBoringSSL/include/module.modulemap -DXcode -plugin-path /Applications/Xcode-27.0.0-Release.Candidate.app/Contents/Developer/Toolchains/XcodeDefault.xctoolchain/usr/lib/swift/host/plugins/testing -enable-experimental-feature DebugDescriptionMacro -sdk /Applications/Xcode-27.0.0-Release.Candidate.app/Contents/Developer/Platforms/WatchOS.platform/Developer/SDKs/WatchOS27.0.sdk -target arm64-apple-watchos9.0 -g -module-cache-path /Users/admin/builder/spi-builder-workspace/.derivedData/ModuleCache.noindex -Xfrontend -serialize-debugging-options -profile-coverage-mapping -profile-generate -enable-testing -index-store-path /Users/admin/builder/spi-builder-workspace/.derivedData/Index.noindex/DataStore -Xcc -D_LIBCPP_HARDENING_MODE\=_LIBCPP_HARDENING_MODE_DEBUG -swift-version 5 -I /Users/admin/builder/spi-builder-workspace/.derivedData/Build/Products/Debug-watchos -Isystem /Applications/Xcode-27.0.0-Release.Candidate.app/Contents/Developer/Platforms/WatchOS.platform/Developer/usr/lib -F /Users/admin/builder/spi-builder-workspace/.derivedData/Build/Products/Debug-watchos/PackageFrameworks -F /Users/admin/builder/spi-builder-workspace/.derivedData/Build/Products/Debug-watchos -F /Applications/Xcode-27.0.0-Release.Candidate.app/Contents/Developer/Platforms/WatchOS.platform/Developer/Library/Frameworks -F /Applications/Xcode-27.0.0-Release.Candidate.app/Contents/Developer/Platforms/WatchOS.platform/Developer/SDKs/WatchOS27.0.sdk/Developer/Library/Frameworks -c -j10 -enable-batch-mode -incremental -Xcc -ivfsstatcache -Xcc /Users/admin/builder/spi-builder-workspace/.derivedData/SDKStatCaches.noindex/watchos27.0-24R360-e829b21a6f8c9b70876ba0858053c04477534ef55a1706bf4c1112bbb242f0a2.sdkstatcache -output-file-map /Users/admin/builder/spi-builder-workspace/.derivedData/Build/Intermediates.noindex/Swiftlane.build/Debug-watchos/Swiftlane-t.build/Objects-normal/arm64/Swiftlane-OutputFileMap.json -save-temps -no-color-diagnostics -explicit-module-build -module-cache-path /Users/admin/builder/spi-builder-workspace/.derivedData/Build/Intermediates.noindex/SwiftExplicitPrecompiledModules -clang-scanner-module-cache-path /Users/admin/builder/spi-builder-workspace/.derivedData/ModuleCache.noindex -sdk-module-cache-path /Users/admin/builder/spi-builder-workspace/.derivedData/SDKExplicitPrecompiledModules -emit-dependencies -emit-module -emit-module-path /Users/admin/builder/spi-builder-workspace/.derivedData/Build/Intermediates.noindex/Swiftlane.build/Debug-watchos/Swiftlane-t.build/Objects-normal/arm64/Swiftlane.swiftmodule -serialize-diagnostics -dependency-scan-serialize-diagnostics-path /Users/admin/builder/spi-builder-workspace/.derivedData/Build/Intermediates.noindex/Swiftlane.build/Debug-watchos/Swiftlane-t.build/Objects-normal/arm64/Swiftlane-dependency-scan.dia -validate-clang-modules-once -clang-build-session-file /Users/admin/builder/spi-builder-workspace/.derivedData/ModuleCache.noindex/Session.modulevalidation -Xcc -fmodules-prune-interval\=86400 -Xcc -fmodules-prune-after\=345600 -emit-const-values -const-gather-protocols-list /Users/admin/builder/spi-builder-workspace/.derivedData/Build/Intermediates.noindex/Swiftlane.build/Debug-watchos/Swiftlane-t.build/Objects-normal/arm64/Swiftlane_const_extract_protocols.json -Xcc -I/Users/admin/builder/spi-builder-workspace/.dependencies/checkouts/swift-system/Sources/CSystem/include -Xcc -I/Users/admin/builder/spi-builder-workspace/.dependencies/checkouts/swift-tools-support-core/Sources/TSCclibc/include -Xcc -I/Users/admin/builder/spi-builder-workspace/.dependencies/checkouts/jwt-kit/Sources/CJWTKitBoringSSL/include -Xcc -I/Users/admin/builder/spi-builder-workspace/.derivedData/Build/Products/Debug-watchos/include -Xcc -I/Users/admin/builder/spi-builder-workspace/.derivedData/Build/Intermediates.noindex/Swiftlane.build/Debug-watchos/Swiftlane-t.build/DerivedSources-normal/arm64 -Xcc -I/Users/admin/builder/spi-builder-workspace/.derivedData/Build/Intermediates.noindex/Swiftlane.build/Debug-watchos/Swiftlane-t.build/DerivedSources/arm64 -Xcc -I/Users/admin/builder/spi-builder-workspace/.derivedData/Build/Intermediates.noindex/Swiftlane.build/Debug-watchos/Swiftlane-t.build/DerivedSources -Xcc -DSWIFT_PACKAGE -Xcc -DDEBUG\=1 -emit-objc-header -emit-objc-header-path /Users/admin/builder/spi-builder-workspace/.derivedData/Build/Intermediates.noindex/Swiftlane.build/Debug-watchos/Swiftlane-t.build/Objects-normal/arm64/Swiftlane-Swift.h -working-directory /Users/admin/builder/spi-builder-workspace/.swiftpm/xcode -experimental-emit-module-separately -disable-cmo
SwiftDriver AppStoreConnect normal arm64_32 com.apple.xcode.tools.swift.compiler (in target 'AppStoreConnect' from project 'AppStoreConnect')
cd /Users/admin/builder/spi-builder-workspace/.swiftpm/xcode
builtin-SwiftDriver -- /Applications/Xcode-27.0.0-Release.Candidate.app/Contents/Developer/Toolchains/XcodeDefault.xctoolchain/usr/bin/swiftc -parse-as-library -module-name AppStoreConnect -Onone @/Users/admin/builder/spi-builder-workspace/.derivedData/Build/Intermediates.noindex/AppStoreConnect.build/Debug-watchos/AppStoreConnect-t.build/Objects-normal/arm64_32/AppStoreConnect.SwiftFileList -DSWIFT_PACKAGE -DDEBUG -DSWIFT_MODULE_RESOURCE_BUNDLE_UNAVAILABLE -Xcc -fmodule-map-file\=/Users/admin/builder/spi-builder-workspace/.dependencies/checkouts/jwt-kit/Sources/CJWTKitBoringSSL/include/module.modulemap -DXcode -plugin-path /Applications/Xcode-27.0.0-Release.Candidate.app/Contents/Developer/Toolchains/XcodeDefault.xctoolchain/usr/lib/swift/host/plugins/testing -enable-experimental-feature DebugDescriptionMacro -sdk /Applications/Xcode-27.0.0-Release.Candidate.app/Contents/Developer/Platforms/WatchOS.platform/Developer/SDKs/WatchOS27.0.sdk -target arm64_32-apple-watchos9.0 -g -module-cache-path /Users/admin/builder/spi-builder-workspace/.derivedData/ModuleCache.noindex -Xfrontend -serialize-debugging-options -profile-coverage-mapping -profile-generate -enable-testing -suppress-warnings -index-store-path /Users/admin/builder/spi-builder-workspace/.derivedData/Index.noindex/DataStore -Xcc -D_LIBCPP_HARDENING_MODE\=_LIBCPP_HARDENING_MODE_DEBUG -swift-version 5 -I /Users/admin/builder/spi-builder-workspace/.derivedData/Build/Products/Debug-watchos -Isystem /Applications/Xcode-27.0.0-Release.Candidate.app/Contents/Developer/Platforms/WatchOS.platform/Developer/usr/lib -F /Users/admin/builder/spi-builder-workspace/.derivedData/Build/Products/Debug-watchos/PackageFrameworks -F /Users/admin/builder/spi-builder-workspace/.derivedData/Build/Products/Debug-watchos -F /Applications/Xcode-27.0.0-Release.Candidate.app/Contents/Developer/Platforms/WatchOS.platform/Developer/Library/Frameworks -F /Applications/Xcode-27.0.0-Release.Candidate.app/Contents/Developer/Platforms/WatchOS.platform/Developer/SDKs/WatchOS27.0.sdk/Developer/Library/Frameworks -c -j10 -enable-batch-mode -incremental -Xcc -ivfsstatcache -Xcc /Users/admin/builder/spi-builder-workspace/.derivedData/SDKStatCaches.noindex/watchos27.0-24R360-e829b21a6f8c9b70876ba0858053c04477534ef55a1706bf4c1112bbb242f0a2.sdkstatcache -output-file-map /Users/admin/builder/spi-builder-workspace/.derivedData/Build/Intermediates.noindex/AppStoreConnect.build/Debug-watchos/AppStoreConnect-t.build/Objects-normal/arm64_32/AppStoreConnect-OutputFileMap.json -save-temps -no-color-diagnostics -explicit-module-build -module-cache-path /Users/admin/builder/spi-builder-workspace/.derivedData/Build/Intermediates.noindex/SwiftExplicitPrecompiledModules -clang-scanner-module-cache-path /Users/admin/builder/spi-builder-workspace/.derivedData/ModuleCache.noindex -sdk-module-cache-path /Users/admin/builder/spi-builder-workspace/.derivedData/SDKExplicitPrecompiledModules -emit-dependencies -emit-module -emit-module-path /Users/admin/builder/spi-builder-workspace/.derivedData/Build/Intermediates.noindex/AppStoreConnect.build/Debug-watchos/AppStoreConnect-t.build/Objects-normal/arm64_32/AppStoreConnect.swiftmodule -serialize-diagnostics -dependency-scan-serialize-diagnostics-path /Users/admin/builder/spi-builder-workspace/.derivedData/Build/Intermediates.noindex/AppStoreConnect.build/Debug-watchos/AppStoreConnect-t.build/Objects-normal/arm64_32/AppStoreConnect-dependency-scan.dia -validate-clang-modules-once -clang-build-session-file /Users/admin/builder/spi-builder-workspace/.derivedData/ModuleCache.noindex/Session.modulevalidation -Xcc -fmodules-prune-interval\=86400 -Xcc -fmodules-prune-after\=345600 -emit-const-values -const-gather-protocols-list /Users/admin/builder/spi-builder-workspace/.derivedData/Build/Intermediates.noindex/AppStoreConnect.build/Debug-watchos/AppStoreConnect-t.build/Objects-normal/arm64_32/AppStoreConnect_const_extract_protocols.json -Xcc -I/Users/admin/builder/spi-builder-workspace/.dependencies/checkouts/jwt-kit/Sources/CJWTKitBoringSSL/include -Xcc -I/Users/admin/builder/spi-builder-workspace/.derivedData/Build/Products/Debug-watchos/include -Xcc -I/Users/admin/builder/spi-builder-workspace/.derivedData/Build/Intermediates.noindex/AppStoreConnect.build/Debug-watchos/AppStoreConnect-t.build/DerivedSources-normal/arm64_32 -Xcc -I/Users/admin/builder/spi-builder-workspace/.derivedData/Build/Intermediates.noindex/AppStoreConnect.build/Debug-watchos/AppStoreConnect-t.build/DerivedSources/arm64_32 -Xcc -I/Users/admin/builder/spi-builder-workspace/.derivedData/Build/Intermediates.noindex/AppStoreConnect.build/Debug-watchos/AppStoreConnect-t.build/DerivedSources -Xcc -DSWIFT_PACKAGE -Xcc -DDEBUG\=1 -emit-objc-header -emit-objc-header-path /Users/admin/builder/spi-builder-workspace/.derivedData/Build/Intermediates.noindex/AppStoreConnect.build/Debug-watchos/AppStoreConnect-t.build/Objects-normal/arm64_32/AppStoreConnect-Swift.h -working-directory /Users/admin/builder/spi-builder-workspace/.swiftpm/xcode -experimental-emit-module-separately -disable-cmo
SwiftDriver AppStoreConnect normal arm64 com.apple.xcode.tools.swift.compiler (in target 'AppStoreConnect' from project 'AppStoreConnect')
cd /Users/admin/builder/spi-builder-workspace/.swiftpm/xcode
builtin-SwiftDriver -- /Applications/Xcode-27.0.0-Release.Candidate.app/Contents/Developer/Toolchains/XcodeDefault.xctoolchain/usr/bin/swiftc -parse-as-library -module-name AppStoreConnect -Onone @/Users/admin/builder/spi-builder-workspace/.derivedData/Build/Intermediates.noindex/AppStoreConnect.build/Debug-watchos/AppStoreConnect-t.build/Objects-normal/arm64/AppStoreConnect.SwiftFileList -DSWIFT_PACKAGE -DDEBUG -DSWIFT_MODULE_RESOURCE_BUNDLE_UNAVAILABLE -Xcc -fmodule-map-file\=/Users/admin/builder/spi-builder-workspace/.dependencies/checkouts/jwt-kit/Sources/CJWTKitBoringSSL/include/module.modulemap -DXcode -plugin-path /Applications/Xcode-27.0.0-Release.Candidate.app/Contents/Developer/Toolchains/XcodeDefault.xctoolchain/usr/lib/swift/host/plugins/testing -enable-experimental-feature DebugDescriptionMacro -sdk /Applications/Xcode-27.0.0-Release.Candidate.app/Contents/Developer/Platforms/WatchOS.platform/Developer/SDKs/WatchOS27.0.sdk -target arm64-apple-watchos9.0 -g -module-cache-path /Users/admin/builder/spi-builder-workspace/.derivedData/ModuleCache.noindex -Xfrontend -serialize-debugging-options -profile-coverage-mapping -profile-generate -enable-testing -suppress-warnings -index-store-path /Users/admin/builder/spi-builder-workspace/.derivedData/Index.noindex/DataStore -Xcc -D_LIBCPP_HARDENING_MODE\=_LIBCPP_HARDENING_MODE_DEBUG -swift-version 5 -I /Users/admin/builder/spi-builder-workspace/.derivedData/Build/Products/Debug-watchos -Isystem /Applications/Xcode-27.0.0-Release.Candidate.app/Contents/Developer/Platforms/WatchOS.platform/Developer/usr/lib -F /Users/admin/builder/spi-builder-workspace/.derivedData/Build/Products/Debug-watchos/PackageFrameworks -F /Users/admin/builder/spi-builder-workspace/.derivedData/Build/Products/Debug-watchos -F /Applications/Xcode-27.0.0-Release.Candidate.app/Contents/Developer/Platforms/WatchOS.platform/Developer/Library/Frameworks -F /Applications/Xcode-27.0.0-Release.Candidate.app/Contents/Developer/Platforms/WatchOS.platform/Developer/SDKs/WatchOS27.0.sdk/Developer/Library/Frameworks -c -j10 -enable-batch-mode -incremental -Xcc -ivfsstatcache -Xcc /Users/admin/builder/spi-builder-workspace/.derivedData/SDKStatCaches.noindex/watchos27.0-24R360-e829b21a6f8c9b70876ba0858053c04477534ef55a1706bf4c1112bbb242f0a2.sdkstatcache -output-file-map /Users/admin/builder/spi-builder-workspace/.derivedData/Build/Intermediates.noindex/AppStoreConnect.build/Debug-watchos/AppStoreConnect-t.build/Objects-normal/arm64/AppStoreConnect-OutputFileMap.json -save-temps -no-color-diagnostics -explicit-module-build -module-cache-path /Users/admin/builder/spi-builder-workspace/.derivedData/Build/Intermediates.noindex/SwiftExplicitPrecompiledModules -clang-scanner-module-cache-path /Users/admin/builder/spi-builder-workspace/.derivedData/ModuleCache.noindex -sdk-module-cache-path /Users/admin/builder/spi-builder-workspace/.derivedData/SDKExplicitPrecompiledModules -emit-dependencies -emit-module -emit-module-path /Users/admin/builder/spi-builder-workspace/.derivedData/Build/Intermediates.noindex/AppStoreConnect.build/Debug-watchos/AppStoreConnect-t.build/Objects-normal/arm64/AppStoreConnect.swiftmodule -serialize-diagnostics -dependency-scan-serialize-diagnostics-path /Users/admin/builder/spi-builder-workspace/.derivedData/Build/Intermediates.noindex/AppStoreConnect.build/Debug-watchos/AppStoreConnect-t.build/Objects-normal/arm64/AppStoreConnect-dependency-scan.dia -validate-clang-modules-once -clang-build-session-file /Users/admin/builder/spi-builder-workspace/.derivedData/ModuleCache.noindex/Session.modulevalidation -Xcc -fmodules-prune-interval\=86400 -Xcc -fmodules-prune-after\=345600 -emit-const-values -const-gather-protocols-list /Users/admin/builder/spi-builder-workspace/.derivedData/Build/Intermediates.noindex/AppStoreConnect.build/Debug-watchos/AppStoreConnect-t.build/Objects-normal/arm64/AppStoreConnect_const_extract_protocols.json -Xcc -I/Users/admin/builder/spi-builder-workspace/.dependencies/checkouts/jwt-kit/Sources/CJWTKitBoringSSL/include -Xcc -I/Users/admin/builder/spi-builder-workspace/.derivedData/Build/Products/Debug-watchos/include -Xcc -I/Users/admin/builder/spi-builder-workspace/.derivedData/Build/Intermediates.noindex/AppStoreConnect.build/Debug-watchos/AppStoreConnect-t.build/DerivedSources-normal/arm64 -Xcc -I/Users/admin/builder/spi-builder-workspace/.derivedData/Build/Intermediates.noindex/AppStoreConnect.build/Debug-watchos/AppStoreConnect-t.build/DerivedSources/arm64 -Xcc -I/Users/admin/builder/spi-builder-workspace/.derivedData/Build/Intermediates.noindex/AppStoreConnect.build/Debug-watchos/AppStoreConnect-t.build/DerivedSources -Xcc -DSWIFT_PACKAGE -Xcc -DDEBUG\=1 -emit-objc-header -emit-objc-header-path /Users/admin/builder/spi-builder-workspace/.derivedData/Build/Intermediates.noindex/AppStoreConnect.build/Debug-watchos/AppStoreConnect-t.build/Objects-normal/arm64/AppStoreConnect-Swift.h -working-directory /Users/admin/builder/spi-builder-workspace/.swiftpm/xcode -experimental-emit-module-separately -disable-cmo
SwiftEmitModule normal arm64_32 Emitting\ module\ for\ AppStoreConnect (in target 'AppStoreConnect' from project 'AppStoreConnect')
SwiftCompile normal arm64_32 (in target 'AppStoreConnect' from project 'AppStoreConnect')
cd /Users/admin/builder/spi-builder-workspace/.swiftpm/xcode
SwiftCompile normal arm64_32 Compiling\ Entities.swift /Users/admin/builder/spi-builder-workspace/.dependencies/checkouts/AppStoreConnect/Sources/CreateAPI/Entities.swift (in target 'AppStoreConnect' from project 'AppStoreConnect')
SwiftCompile normal arm64_32 /Users/admin/builder/spi-builder-workspace/.dependencies/checkouts/AppStoreConnect/Sources/CreateAPI/Entities.swift (in target 'AppStoreConnect' from project 'AppStoreConnect')
cd /Users/admin/builder/spi-builder-workspace/.swiftpm/xcode
builtin-SwiftPerFileCompile Entities.swift
SwiftEmitModule normal arm64 Emitting\ module\ for\ AppStoreConnect (in target 'AppStoreConnect' from project 'AppStoreConnect')
SwiftCompile normal arm64 (in target 'AppStoreConnect' from project 'AppStoreConnect')
cd /Users/admin/builder/spi-builder-workspace/.swiftpm/xcode
SwiftCompile normal arm64 Compiling\ Entities.swift /Users/admin/builder/spi-builder-workspace/.dependencies/checkouts/AppStoreConnect/Sources/CreateAPI/Entities.swift (in target 'AppStoreConnect' from project 'AppStoreConnect')
SwiftCompile normal arm64 /Users/admin/builder/spi-builder-workspace/.dependencies/checkouts/AppStoreConnect/Sources/CreateAPI/Entities.swift (in target 'AppStoreConnect' from project 'AppStoreConnect')
cd /Users/admin/builder/spi-builder-workspace/.swiftpm/xcode
builtin-SwiftPerFileCompile Entities.swift
SwiftCompile normal arm64_32 Compiling\ Paths.swift /Users/admin/builder/spi-builder-workspace/.dependencies/checkouts/AppStoreConnect/Sources/CreateAPI/Paths.swift (in target 'AppStoreConnect' from project 'AppStoreConnect')
SwiftCompile normal arm64_32 /Users/admin/builder/spi-builder-workspace/.dependencies/checkouts/AppStoreConnect/Sources/CreateAPI/Paths.swift (in target 'AppStoreConnect' from project 'AppStoreConnect')
cd /Users/admin/builder/spi-builder-workspace/.swiftpm/xcode
builtin-SwiftPerFileCompile Paths.swift
SwiftCompile normal arm64 Compiling\ Paths.swift /Users/admin/builder/spi-builder-workspace/.dependencies/checkouts/AppStoreConnect/Sources/CreateAPI/Paths.swift (in target 'AppStoreConnect' from project 'AppStoreConnect')
SwiftCompile normal arm64 /Users/admin/builder/spi-builder-workspace/.dependencies/checkouts/AppStoreConnect/Sources/CreateAPI/Paths.swift (in target 'AppStoreConnect' from project 'AppStoreConnect')
cd /Users/admin/builder/spi-builder-workspace/.swiftpm/xcode
builtin-SwiftPerFileCompile Paths.swift
SwiftEmitModule normal arm64_32 Emitting\ module\ for\ Swiftlane (in target 'Swiftlane' from project 'Swiftlane')
SwiftCompile normal arm64_32 (in target 'Swiftlane' from project 'Swiftlane')
cd /Users/admin/builder/spi-builder-workspace/.swiftpm/xcode
SwiftCompile normal arm64_32 Compiling\ FileSystem.swift,\ PlistBuilder.swift,\ Settings.swift /Users/admin/builder/spi-builder-workspace/Sources/Swiftlane/Library/Core/FileSystem.swift /Users/admin/builder/spi-builder-workspace/Sources/Swiftlane/Library/Core/PlistBuilder.swift /Users/admin/builder/spi-builder-workspace/Sources/Swiftlane/Library/Core/Settings.swift (in target 'Swiftlane' from project 'Swiftlane')
/Users/admin/builder/spi-builder-workspace/Sources/Swiftlane/Library/Core/FileSystem.swift:30:23: error: cannot find 'Process' in scope
28 |
29 | public func currentDirectory() async throws -> URL {
30 | let process = Process()
| `- error: cannot find 'Process' in scope
31 | process.launchPath = "/bin/pwd"
32 |
/Users/admin/builder/spi-builder-workspace/Sources/Swiftlane/Library/Core/CommandLine/CommandLine.swift:47:18: error: cannot find type 'Process' in scope
45 | @discardableResult
46 | func run(
47 | process: Process,
| `- error: cannot find type 'Process' in scope
48 | processHandler: ProcessHandler = NoProcessHandler()
49 | ) throws -> String {
/Users/admin/builder/spi-builder-workspace/Sources/Swiftlane/Library/Core/FileSystem.swift:33:52: error: extra argument 'process' in call
31 | process.launchPath = "/bin/pwd"
32 |
33 | let string = try Settings.cli.run(process: process)
| `- error: extra argument 'process' in call
34 | guard let url = URL(string: string) else {
35 | throw SwiftlaneError.invalid("url")
/Users/admin/builder/spi-builder-workspace/Sources/Swiftlane/Library/Core/FileSystem.swift:33:42: error: missing arguments for parameters 'program', 'argument' in call
31 | process.launchPath = "/bin/pwd"
32 |
33 | let string = try Settings.cli.run(process: process)
| `- error: missing arguments for parameters 'program', 'argument' in call
34 | guard let url = URL(string: string) else {
35 | throw SwiftlaneError.invalid("url")
/Users/admin/builder/spi-builder-workspace/Sources/Swiftlane/Library/Core/CommandLine/CommandLine.swift:25:10: note: 'run(program:argument:currentDirectoryURL:processHandler:)' declared here
23 |
24 | @discardableResult
25 | func run(
| `- note: 'run(program:argument:currentDirectoryURL:processHandler:)' declared here
26 | program: String,
27 | argument: String,
SwiftCompile normal arm64_32 /Users/admin/builder/spi-builder-workspace/Sources/Swiftlane/Library/Core/FileSystem.swift (in target 'Swiftlane' from project 'Swiftlane')
cd /Users/admin/builder/spi-builder-workspace/.swiftpm/xcode
builtin-SwiftPerFileCompile FileSystem.swift
SwiftCompile normal arm64_32 /Users/admin/builder/spi-builder-workspace/Sources/Swiftlane/Library/Core/PlistBuilder.swift (in target 'Swiftlane' from project 'Swiftlane')
cd /Users/admin/builder/spi-builder-workspace/.swiftpm/xcode
builtin-SwiftPerFileCompile PlistBuilder.swift
SwiftCompile normal arm64_32 /Users/admin/builder/spi-builder-workspace/Sources/Swiftlane/Library/Core/Settings.swift (in target 'Swiftlane' from project 'Swiftlane')
cd /Users/admin/builder/spi-builder-workspace/.swiftpm/xcode
builtin-SwiftPerFileCompile Settings.swift
SwiftCompile normal arm64_32 Compiling\ RunScript.swift,\ Slack.swift,\ ASC.swift,\ Archive.swift /Users/admin/builder/spi-builder-workspace/Sources/Swiftlane/Actions/Standard/RunScript.swift /Users/admin/builder/spi-builder-workspace/Sources/Swiftlane/Actions/Standard/Slack.swift /Users/admin/builder/spi-builder-workspace/Sources/Swiftlane/Actions/iOS/ASC.swift /Users/admin/builder/spi-builder-workspace/Sources/Swiftlane/Actions/iOS/Archive.swift (in target 'Swiftlane' from project 'Swiftlane')
/Users/admin/builder/spi-builder-workspace/Sources/Swiftlane/Actions/Standard/RunScript.swift:19:23: error: cannot find 'Process' in scope
17 |
18 | func run() async throws -> String {
19 | let process = Process()
| `- error: cannot find 'Process' in scope
20 | process.launchPath = "/bin/bash"
21 | process.arguments = [script]
/Users/admin/builder/spi-builder-workspace/Sources/Swiftlane/Library/Core/CommandLine/CommandLine.swift:47:18: error: cannot find type 'Process' in scope
45 | @discardableResult
46 | func run(
47 | process: Process,
| `- error: cannot find type 'Process' in scope
48 | processHandler: ProcessHandler = NoProcessHandler()
49 | ) throws -> String {
/Users/admin/builder/spi-builder-workspace/Sources/Swiftlane/Actions/Standard/RunScript.swift:25:46: error: extra argument 'process' in call
23 |
24 | Settings.cs.highlight(script)
25 | return try Settings.cli.run(process: process)
| `- error: extra argument 'process' in call
26 | }
27 | }
SwiftCompile normal arm64_32 /Users/admin/builder/spi-builder-workspace/Sources/Swiftlane/Actions/Standard/RunScript.swift (in target 'Swiftlane' from project 'Swiftlane')
cd /Users/admin/builder/spi-builder-workspace/.swiftpm/xcode
builtin-SwiftPerFileCompile RunScript.swift
SwiftCompile normal arm64_32 /Users/admin/builder/spi-builder-workspace/Sources/Swiftlane/Actions/Standard/Slack.swift (in target 'Swiftlane' from project 'Swiftlane')
cd /Users/admin/builder/spi-builder-workspace/.swiftpm/xcode
builtin-SwiftPerFileCompile Slack.swift
SwiftCompile normal arm64_32 /Users/admin/builder/spi-builder-workspace/Sources/Swiftlane/Actions/iOS/ASC.swift (in target 'Swiftlane' from project 'Swiftlane')
cd /Users/admin/builder/spi-builder-workspace/.swiftpm/xcode
builtin-SwiftPerFileCompile ASC.swift
SwiftCompile normal arm64_32 /Users/admin/builder/spi-builder-workspace/Sources/Swiftlane/Actions/iOS/Archive.swift (in target 'Swiftlane' from project 'Swiftlane')
cd /Users/admin/builder/spi-builder-workspace/.swiftpm/xcode
builtin-SwiftPerFileCompile Archive.swift
SwiftCompile normal arm64_32 Compiling\ Project.swift,\ Screenshot.swift,\ Test.swift,\ UploadASC.swift /Users/admin/builder/spi-builder-workspace/Sources/Swiftlane/Actions/iOS/Project.swift /Users/admin/builder/spi-builder-workspace/Sources/Swiftlane/Actions/iOS/Screenshot.swift /Users/admin/builder/spi-builder-workspace/Sources/Swiftlane/Actions/iOS/Test.swift /Users/admin/builder/spi-builder-workspace/Sources/Swiftlane/Actions/iOS/UploadASC.swift (in target 'Swiftlane' from project 'Swiftlane')
/Users/admin/builder/spi-builder-workspace/Sources/Swiftlane/Library/Core/CommandLine/CommandLine.swift:47:18: error: cannot find type 'Process' in scope
45 | @discardableResult
46 | func run(
47 | process: Process,
| `- error: cannot find type 'Process' in scope
48 | processHandler: ProcessHandler = NoProcessHandler()
49 | ) throws -> String {
Failed frontend command:
/Applications/Xcode-27.0.0-Release.Candidate.app/Contents/Developer/Toolchains/XcodeDefault.xctoolchain/usr/bin/swift-frontend -frontend -c /Users/admin/builder/spi-builder-workspace/Sources/Swiftlane/Actions/File/Download.swift /Users/admin/builder/spi-builder-workspace/Sources/Swiftlane/Actions/File/MoveFile.swift /Users/admin/builder/spi-builder-workspace/Sources/Swiftlane/Actions/Standard/AppCenter.swift /Users/admin/builder/spi-builder-workspace/Sources/Swiftlane/Actions/Standard/PrintWorkingDirectory.swift /Users/admin/builder/spi-builder-workspace/Sources/Swiftlane/Actions/Standard/RunScript.swift /Users/admin/builder/spi-builder-workspace/Sources/Swiftlane/Actions/Standard/Slack.swift /Users/admin/builder/spi-builder-workspace/Sources/Swiftlane/Actions/iOS/ASC.swift /Users/admin/builder/spi-builder-workspace/Sources/Swiftlane/Actions/iOS/Archive.swift /Users/admin/builder/spi-builder-workspace/Sources/Swiftlane/Actions/iOS/Build.swift /Users/admin/builder/spi-builder-workspace/Sources/Swiftlane/Actions/iOS/ExportArchive.swift /Users/admin/builder/spi-builder-workspace/Sources/Swiftlane/Actions/iOS/GetBuildSettings.swift /Users/admin/builder/spi-builder-workspace/Sources/Swiftlane/Actions/iOS/Keychain.swift -primary-file /Users/admin/builder/spi-builder-workspace/Sources/Swiftlane/Actions/iOS/Project.swift -primary-file /Users/admin/builder/spi-builder-workspace/Sources/Swiftlane/Actions/iOS/Screenshot.swift -primary-file /Users/admin/builder/spi-builder-workspace/Sources/Swiftlane/Actions/iOS/Test.swift -primary-file /Users/admin/builder/spi-builder-workspace/Sources/Swiftlane/Actions/iOS/UploadASC.swift /Users/admin/builder/spi-builder-workspace/Sources/Swiftlane/Actions/iOS/Xcode.swift /Users/admin/builder/spi-builder-workspace/Sources/Swiftlane/Actions/macOS/Notarize.swift /Users/admin/builder/spi-builder-workspace/Sources/Swiftlane/Library/Core/Args.swift /Users/admin/builder/spi-builder-workspace/Sources/Swiftlane/Library/Core/CommandLine/CommandLine.swift /Users/admin/builder/spi-builder-workspace/Sources/Swiftlane/Library/Core/CommandLine/ProcessHandler.swift /Users/admin/builder/spi-builder-workspace/Sources/Swiftlane/Library/Core/CommandLine/XcodebuildProcessHandler.swift /Users/admin/builder/spi-builder-workspace/Sources/Swiftlane/Library/Core/Console.swift /Users/admin/builder/spi-builder-workspace/Sources/Swiftlane/Library/Core/Environment.swift /Users/admin/builder/spi-builder-workspace/Sources/Swiftlane/Library/Core/FileSystem.swift /Users/admin/builder/spi-builder-workspace/Sources/Swiftlane/Library/Core/PlistBuilder.swift /Users/admin/builder/spi-builder-workspace/Sources/Swiftlane/Library/Core/Settings.swift /Users/admin/builder/spi-builder-workspace/Sources/Swiftlane/Library/Core/SwiftlaneError.swift /Users/admin/builder/spi-builder-workspace/Sources/Swiftlane/Library/Core/Workflow.swift /Users/admin/builder/spi-builder-workspace/Sources/Swiftlane/Library/Extensions/Bool+extensions.swift /Users/admin/builder/spi-builder-workspace/Sources/Swiftlane/Library/Extensions/Data+extensions.swift /Users/admin/builder/spi-builder-workspace/Sources/Swiftlane/Library/Extensions/String+extensions.swift /Users/admin/builder/spi-builder-workspace/Sources/Swiftlane/Library/Extensions/URL+extension.swift /Users/admin/builder/spi-builder-workspace/Sources/Swiftlane/Library/Tools/ALTool.swift /Users/admin/builder/spi-builder-workspace/Sources/Swiftlane/Library/Tools/Xcodebuild.swift /Users/admin/builder/spi-builder-workspace/Sources/Swiftlane/Library/Vendor/XCParser.swift -supplementary-output-file-map /Users/admin/builder/spi-builder-workspace/.derivedData/Build/Intermediates.noindex/Swiftlane.build/Debug-watchos/Swiftlane-t.build/Objects-normal/arm64_32/supplementaryOutputs-4 -target arm64_32-apple-watchos9.0 -disable-cross-import-overlay-search -load-resolved-plugin /Applications/Xcode-27.0.0-Release.Candidate.app/Contents/Developer/Platforms/WatchOS.platform/Developer/usr/lib/swift/host/plugins/libFoundationMacros.dylib\#/Applications/Xcode-27.0.0-Release.Candidate.app/Contents/Developer/Platforms/WatchOS.platform/Developer/usr/bin/swift-plugin-server\#FoundationMacros -load-resolved-plugin /Applications/Xcode-27.0.0-Release.Candidate.app/Contents/Developer/Platforms/WatchOS.platform/Developer/usr/lib/swift/host/plugins/libObservationMacros.dylib\#/Applications/Xcode-27.0.0-Release.Candidate.app/Contents/Developer/Platforms/WatchOS.platform/Developer/usr/bin/swift-plugin-server\#ObservationMacros -load-resolved-plugin /Applications/Xcode-27.0.0-Release.Candidate.app/Contents/Developer/Platforms/WatchOS.platform/Developer/usr/lib/swift/host/plugins/libSwiftMacros.dylib\#/Applications/Xcode-27.0.0-Release.Candidate.app/Contents/Developer/Platforms/WatchOS.platform/Developer/usr/bin/swift-plugin-server\#SwiftMacros -disable-implicit-swift-modules -Xcc -fno-implicit-modules -Xcc -fno-implicit-module-maps -explicit-swift-module-map-file /Users/admin/builder/spi-builder-workspace/.derivedData/Build/Intermediates.noindex/Swiftlane.build/Debug-watchos/Swiftlane-t.build/Objects-normal/arm64_32/Swiftlane-dependencies-1.json -enable-objc-interop -sdk /Applications/Xcode-27.0.0-Release.Candidate.app/Contents/Developer/Platforms/WatchOS.platform/Developer/SDKs/WatchOS27.0.sdk -I /Users/admin/builder/spi-builder-workspace/.derivedData/Build/Products/Debug-watchos -Isystem /Applications/Xcode-27.0.0-Release.Candidate.app/Contents/Developer/Platforms/WatchOS.platform/Developer/usr/lib -F /Users/admin/builder/spi-builder-workspace/.derivedData/Build/Products/Debug-watchos/PackageFrameworks -F /Users/admin/builder/spi-builder-workspace/.derivedData/Build/Products/Debug-watchos -F /Applications/Xcode-27.0.0-Release.Candidate.app/Contents/Developer/Platforms/WatchOS.platform/Developer/Library/Frameworks -F /Applications/Xcode-27.0.0-Release.Candidate.app/Contents/Developer/Platforms/WatchOS.platform/Developer/SDKs/WatchOS27.0.sdk/Developer/Library/Frameworks -module-cache-path /Users/admin/builder/spi-builder-workspace/.derivedData/Build/Intermediates.noindex/SwiftExplicitPrecompiledModules -no-color-diagnostics -Xcc -fno-color-diagnostics -enable-testing -g -debug-info-format\=dwarf -dwarf-version\=4 -profile-generate -profile-coverage-mapping -swift-version 5 -Onone -D SWIFT_PACKAGE -D DEBUG -D SWIFT_MODULE_RESOURCE_BUNDLE_UNAVAILABLE -D Xcode -serialize-debugging-options -enable-experimental-feature DebugDescriptionMacro -empty-abi-descriptor -validate-clang-modules-once -clang-build-session-file /Users/admin/builder/spi-builder-workspace/.derivedData/ModuleCache.noindex/Session.modulevalidation -Xcc -working-directory -Xcc /Users/admin/builder/spi-builder-workspace/.swiftpm/xcode -enable-anonymous-context-mangled-names -file-compilation-dir /Users/admin/builder/spi-builder-workspace/.swiftpm/xcode -Xcc -fmodule-map-file\=/Users/admin/builder/spi-builder-workspace/.dependencies/checkouts/swift-system/Sources/CSystem/include/module.modulemap -Xcc -fmodule-map-file\=/Users/admin/builder/spi-builder-workspace/.dependencies/checkouts/swift-tools-support-core/Sources/TSCclibc/include/module.modulemap -Xcc -fmodule-map-file\=/Users/admin/builder/spi-builder-workspace/.dependencies/checkouts/jwt-kit/Sources/CJWTKitBoringSSL/include/module.modulemap -Xcc -D_LIBCPP_HARDENING_MODE\=_LIBCPP_HARDENING_MODE_DEBUG -Xcc -ivfsstatcache -Xcc /Users/admin/builder/spi-builder-workspace/.derivedData/SDKStatCaches.noindex/watchos27.0-24R360-e829b21a6f8c9b70876ba0858053c04477534ef55a1706bf4c1112bbb242f0a2.sdkstatcache -Xcc -fmodules-prune-interval\=86400 -Xcc -fmodules-prune-after\=345600 -Xcc -I/Users/admin/builder/spi-builder-workspace/.dependencies/checkouts/swift-system/Sources/CSystem/include -Xcc -I/Users/admin/builder/spi-builder-workspace/.dependencies/checkouts/swift-tools-support-core/Sources/TSCclibc/include -Xcc -I/Users/admin/builder/spi-builder-workspace/.dependencies/checkouts/jwt-kit/Sources/CJWTKitBoringSSL/include -Xcc -I/Users/admin/builder/spi-builder-workspace/.derivedData/Build/Products/Debug-watchos/include -Xcc -I/Users/admin/builder/spi-builder-workspace/.derivedData/Build/Intermediates.noindex/Swiftlane.build/Debug-watchos/Swiftlane-t.build/DerivedSources-normal/arm64_32 -Xcc -I/Users/admin/builder/spi-builder-workspace/.derivedData/Build/Intermediates.noindex/Swiftlane.build/Debug-watchos/Swiftlane-t.build/DerivedSources/arm64_32 -Xcc -I/Users/admin/builder/spi-builder-workspace/.derivedData/Build/Intermediates.noindex/Swiftlane.build/Debug-watchos/Swiftlane-t.build/DerivedSources -Xcc -DSWIFT_PACKAGE -Xcc -DDEBUG\=1 -no-auto-bridging-header-chaining -module-name Swiftlane -const-gather-protocols-file /Users/admin/builder/spi-builder-workspace/.derivedData/Build/Intermediates.noindex/Swiftlane.build/Debug-watchos/Swiftlane-t.build/Objects-normal/arm64_32/Swiftlane_const_extract_protocols.json -disable-clang-spi -clang-target arm64_32-apple-watchos27.0 -target-sdk-version 27.0 -target-sdk-name watchos27.0 -in-process-plugin-server-path /Applications/Xcode-27.0.0-Release.Candidate.app/Contents/Developer/Toolchains/XcodeDefault.xctoolchain/usr/lib/swift/host/libSwiftInProcPluginServer.dylib -parse-as-library -o /Users/admin/builder/spi-builder-workspace/.derivedData/Build/Intermediates.noindex/Swiftlane.build/Debug-watchos/Swiftlane-t.build/Objects-normal/arm64_32/Project.o -o /Users/admin/builder/spi-builder-workspace/.derivedData/Build/Intermediates.noindex/Swiftlane.build/Debug-watchos/Swiftlane-t.build/Objects-normal/arm64_32/Screenshot.o -o /Users/admin/builder/spi-builder-workspace/.derivedData/Build/Intermediates.noindex/Swiftlane.build/Debug-watchos/Swiftlane-t.build/Objects-normal/arm64_32/Test.o -o /Users/admin/builder/spi-builder-workspace/.derivedData/Build/Intermediates.noindex/Swiftlane.build/Debug-watchos/Swiftlane-t.build/Objects-normal/arm64_32/UploadASC.o -debug-module-path /Users/admin/builder/spi-builder-workspace/.derivedData/Build/Intermediates.noindex/Swiftlane.build/Debug-watchos/Swiftlane-t.build/Objects-normal/arm64_32/Swiftlane.swiftmodule -index-unit-output-path /Swiftlane.build/Debug-watchos/Swiftlane-t.build/Objects-normal/arm64_32/Project.o -index-unit-output-path /Swiftlane.build/Debug-watchos/Swiftlane-t.build/Objects-normal/arm64_32/Screenshot.o -index-unit-output-path /Swiftlane.build/Debug-watchos/Swiftlane-t.build/Objects-normal/arm64_32/Test.o -index-unit-output-path /Swiftlane.build/Debug-watchos/Swiftlane-t.build/Objects-normal/arm64_32/UploadASC.o -index-store-path /Users/admin/builder/spi-builder-workspace/.derivedData/Index.noindex/DataStore -index-system-modules
SwiftCompile normal arm64_32 /Users/admin/builder/spi-builder-workspace/Sources/Swiftlane/Actions/iOS/Project.swift (in target 'Swiftlane' from project 'Swiftlane')
cd /Users/admin/builder/spi-builder-workspace/.swiftpm/xcode
builtin-SwiftPerFileCompile Project.swift
SwiftCompile normal arm64_32 /Users/admin/builder/spi-builder-workspace/Sources/Swiftlane/Actions/iOS/Screenshot.swift (in target 'Swiftlane' from project 'Swiftlane')
cd /Users/admin/builder/spi-builder-workspace/.swiftpm/xcode
builtin-SwiftPerFileCompile Screenshot.swift
SwiftCompile normal arm64_32 /Users/admin/builder/spi-builder-workspace/Sources/Swiftlane/Actions/iOS/Test.swift (in target 'Swiftlane' from project 'Swiftlane')
cd /Users/admin/builder/spi-builder-workspace/.swiftpm/xcode
builtin-SwiftPerFileCompile Test.swift
SwiftCompile normal arm64_32 /Users/admin/builder/spi-builder-workspace/Sources/Swiftlane/Actions/iOS/UploadASC.swift (in target 'Swiftlane' from project 'Swiftlane')
cd /Users/admin/builder/spi-builder-workspace/.swiftpm/xcode
builtin-SwiftPerFileCompile UploadASC.swift
SwiftEmitModule normal arm64 Emitting\ module\ for\ Swiftlane (in target 'Swiftlane' from project 'Swiftlane')
SwiftCompile normal arm64 (in target 'Swiftlane' from project 'Swiftlane')
cd /Users/admin/builder/spi-builder-workspace/.swiftpm/xcode
PruneExplicitPrecompiledModules /Users/admin/builder/spi-builder-workspace/.derivedData/Build/Intermediates.noindex/SwiftExplicitPrecompiledModules
PruneExplicitPrecompiledModules /Users/admin/builder/spi-builder-workspace/.derivedData/SDKExplicitPrecompiledModules
PruneExplicitPrecompiledModules /Users/admin/builder/spi-builder-workspace/.derivedData/Build/Intermediates.noindex/ExplicitPrecompiledModules
2026-09-18 00:34:12.431 xcodebuild[3225:13068] [MT] IDERunDestination: Supported platforms for the buildables in the current scheme is empty.
** BUILD FAILED **
The following build commands failed:
SwiftCompile normal arm64_32 Compiling\ Project.swift,\ Screenshot.swift,\ Test.swift,\ UploadASC.swift /Users/admin/builder/spi-builder-workspace/Sources/Swiftlane/Actions/iOS/Project.swift /Users/admin/builder/spi-builder-workspace/Sources/Swiftlane/Actions/iOS/Screenshot.swift /Users/admin/builder/spi-builder-workspace/Sources/Swiftlane/Actions/iOS/Test.swift /Users/admin/builder/spi-builder-workspace/Sources/Swiftlane/Actions/iOS/UploadASC.swift (in target 'Swiftlane' from project 'Swiftlane')
SwiftCompile normal arm64_32 /Users/admin/builder/spi-builder-workspace/Sources/Swiftlane/Actions/iOS/Project.swift (in target 'Swiftlane' from project 'Swiftlane')
Building workspace Swiftlane with scheme Swiftlane
(3 failures)
BUILD FAILURE 6.4 watchOS