Build Information
Failed to build KeylineKit, reference main (1fad10), with Swift 6.2 for Android on 20 Oct 2026 13:46:15 UTC.
Build Command
bash -c docker run --pull=always --rm -v "checkouts-53886770-0":/host -w "$PWD" -e JAVA_HOME="/root/.sdkman/candidates/java/current" -e SPI_BUILD="1" -e SPI_PROCESSING="1" registry.gitlab.com/saguaro1/spi-images:android-6.2-latest swift build --swift-sdk aarch64-unknown-linux-android28 2>&1Build Log
========================================
RunAll
========================================
Builder version: 5.1.3
Interrupt handler set up.
========================================
Checkout
========================================
Clone URL: https://github.com/HelioMartin/KeylineKit.git
Reference: main
Initialized empty Git repository in /host/spi-builder-workspace/.git/
hint: Using 'master' as the name for the initial branch. This default branch name
hint: is subject to change. To configure the initial branch name to use in all
hint: of your new repositories, which will suppress this warning, call:
hint:
hint: git config --global init.defaultBranch <name>
hint:
hint: Names commonly chosen instead of 'master' are 'main', 'trunk' and
hint: 'development'. The just-created branch can be renamed via this command:
hint:
hint: git branch -m <name>
From https://github.com/HelioMartin/KeylineKit
* branch main -> FETCH_HEAD
* [new branch] main -> origin/main
HEAD is now at 1fad108 Add a DocC landing page for KeylineKit
Cloned https://github.com/HelioMartin/KeylineKit.git
Revision (git rev-parse @):
1fad108cbd831999563d30c3961089561e2c3605
SPI manifest file found: $PWD/.spi.yml
SUCCESS checkout https://github.com/HelioMartin/KeylineKit.git at main
========================================
Build
========================================
Selected platform: android
Swift version: 6.2
Building package at path: $PWD
https://github.com/HelioMartin/KeylineKit.git
Running build ...
bash -c docker run --pull=always --rm -v "checkouts-53886770-0":/host -w "$PWD" -e JAVA_HOME="/root/.sdkman/candidates/java/current" -e SPI_BUILD="1" -e SPI_PROCESSING="1" registry.gitlab.com/saguaro1/spi-images:android-6.2-latest swift build --swift-sdk aarch64-unknown-linux-android28 2>&1
android-6.2-latest: Pulling from saguaro1/spi-images
Digest: sha256:d84c435a77e30f1b4b40344b42d2ce7e8dc33d04eebdaebfb0e2bc42b4ff2af5
Status: Image is up to date for registry.gitlab.com/saguaro1/spi-images:android-6.2-latest
Fetching https://github.com/swiftlang/swift-syntax.git
[1/80903] Fetching swift-syntax
Fetched https://github.com/swiftlang/swift-syntax.git from cache (4.01s)
Computing version for https://github.com/swiftlang/swift-syntax.git
Computed https://github.com/swiftlang/swift-syntax.git at 604.0.0 (4.96s)
Creating working copy for https://github.com/swiftlang/swift-syntax.git
Working copy of https://github.com/swiftlang/swift-syntax.git resolved at 604.0.0
Building for debugging...
[0/46] Write sources
[22/46] Compiling _SwiftSyntaxCShims PlatformMutex.c
[22/46] Write swift-version--11D90AFD9DD3AB2.txt
[25/60] Emitting module SwiftSyntax602
[26/60] Emitting module SwiftSyntax600
[27/60] Compiling SwiftSyntax601 Empty.swift
[28/60] Emitting module SwiftSyntax601
[29/61] Compiling SwiftSyntax509 Empty.swift
[30/61] Emitting module SwiftSyntax509
[32/62] Compiling SwiftSyntax510 Empty.swift
[33/62] Emitting module SwiftSyntax510
[35/63] Wrapping AST for SwiftSyntax601 for debugging
[36/63] Wrapping AST for SwiftSyntax509 for debugging
[37/63] Wrapping AST for SwiftSyntax510 for debugging
[39/63] Emitting module SwiftSyntax603
[40/63] Compiling SwiftSyntax603 Empty.swift
[41/64] Wrapping AST for SwiftSyntax603 for debugging
[43/64] Compiling SwiftSyntax600 Empty.swift
[45/65] Emitting module SwiftSyntax604
[46/65] Compiling SwiftSyntax604 Empty.swift
[47/66] Wrapping AST for SwiftSyntax600 for debugging
[48/66] Wrapping AST for SwiftSyntax604 for debugging
[50/66] Compiling SwiftSyntax602 Empty.swift
[51/67] Wrapping AST for SwiftSyntax602 for debugging
[53/131] Compiling SwiftSyntax AbsolutePosition.swift
[54/131] Compiling SwiftSyntax AbsoluteSyntaxInfo.swift
[55/131] Compiling SwiftSyntax ArenaAllocatedBuffer.swift
[56/131] Compiling SwiftSyntax Assert.swift
[57/131] Compiling SwiftSyntax BumpPtrAllocator.swift
[58/131] Compiling SwiftSyntax CommonAncestor.swift
[59/131] Compiling SwiftSyntax Convenience.swift
[60/131] Compiling SwiftSyntax CustomTraits.swift
[61/131] Compiling SwiftSyntax EditorPlaceholder.swift
[62/139] Compiling SwiftSyntax SyntaxNodeStructure.swift
[63/139] Compiling SwiftSyntax SyntaxProtocol.swift
[64/139] Compiling SwiftSyntax SyntaxText.swift
[65/139] Compiling SwiftSyntax SyntaxTreeViewMode.swift
[66/139] Compiling SwiftSyntax TokenDiagnostic.swift
[67/139] Compiling SwiftSyntax TokenSequence.swift
[68/139] Compiling SwiftSyntax TokenSyntax.swift
[69/139] Compiling SwiftSyntax Trivia+commentValue.swift
[70/139] Compiling SwiftSyntax Trivia.swift
[71/139] Emitting module SwiftSyntax
[72/139] Compiling SwiftSyntax RawSyntaxNodesD.swift
[73/139] Compiling SwiftSyntax RawSyntaxNodesEF.swift
[74/139] Compiling SwiftSyntax RawSyntaxNodesGHI.swift
[75/139] Compiling SwiftSyntax RawSyntaxNodesJKLMN.swift
[76/139] Compiling SwiftSyntax RawSyntaxNodesOP.swift
[77/139] Compiling SwiftSyntax RawSyntaxNodesQRS.swift
[78/139] Compiling SwiftSyntax RawSyntaxNodesTUVWXYZ.swift
[79/139] Compiling SwiftSyntax RawSyntaxValidation.swift
[80/139] Compiling SwiftSyntax SyntaxNodesAB.swift
[81/139] Compiling SwiftSyntax SourceLength.swift
[82/139] Compiling SwiftSyntax SourceLocation.swift
[83/139] Compiling SwiftSyntax SourcePresence.swift
[84/139] Compiling SwiftSyntax SwiftSyntaxCompatibility.swift
[85/139] Compiling SwiftSyntax Syntax.swift
[86/139] Compiling SwiftSyntax SyntaxChildren.swift
[87/139] Compiling SwiftSyntax SyntaxCollection.swift
[88/139] Compiling SwiftSyntax SyntaxHashable.swift
[89/139] Compiling SwiftSyntax SyntaxIdentifier.swift
[90/139] Compiling SwiftSyntax Identifier.swift
[91/139] Compiling SwiftSyntax MemoryLayout.swift
[92/139] Compiling SwiftSyntax MissingNodeInitializers.swift
[93/139] Compiling SwiftSyntax RawSyntax.swift
[94/139] Compiling SwiftSyntax RawSyntaxArena.swift
[95/139] Compiling SwiftSyntax RawSyntaxLayoutView.swift
[96/139] Compiling SwiftSyntax RawSyntaxNodeProtocol.swift
[97/139] Compiling SwiftSyntax RawSyntaxTokenView.swift
[98/139] Compiling SwiftSyntax SourceEdit.swift
[99/139] Compiling SwiftSyntax Utils.swift
[100/139] Compiling SwiftSyntax ChildNameForKeyPath.swift
[101/139] Compiling SwiftSyntax Keyword.swift
[102/139] Compiling SwiftSyntax RenamedChildrenCompatibility.swift
[103/139] Compiling SwiftSyntax RenamedNodesCompatibility.swift
[104/139] Compiling SwiftSyntax SyntaxAnyVisitor.swift
[105/139] Compiling SwiftSyntax SyntaxBaseNodes.swift
[106/139] Compiling SwiftSyntax SyntaxCollections.swift
[107/139] Compiling SwiftSyntax SyntaxEnum.swift
[108/139] Compiling SwiftSyntax SyntaxKind.swift
[109/139] Compiling SwiftSyntax SyntaxRewriter.swift
[110/139] Compiling SwiftSyntax SyntaxTraits.swift
[111/139] Compiling SwiftSyntax SyntaxVisitor.swift
[112/139] Compiling SwiftSyntax TokenKind.swift
[113/139] Compiling SwiftSyntax Tokens.swift
[114/139] Compiling SwiftSyntax TriviaPieces.swift
[115/139] Compiling SwiftSyntax RawSyntaxNodesAB.swift
[116/139] Compiling SwiftSyntax RawSyntaxNodesC.swift
[117/139] Compiling SwiftSyntax SyntaxNodesC.swift
[118/139] Compiling SwiftSyntax SyntaxNodesD.swift
[119/139] Compiling SwiftSyntax SyntaxNodesEF.swift
[120/139] Compiling SwiftSyntax SyntaxNodesGHI.swift
[121/139] Compiling SwiftSyntax SyntaxNodesJKLMN.swift
[122/139] Compiling SwiftSyntax SyntaxNodesOP.swift
[123/139] Compiling SwiftSyntax SyntaxNodesQRS.swift
[124/139] Compiling SwiftSyntax SyntaxNodesTUVWXYZ.swift
[125/156] Wrapping AST for SwiftSyntax for debugging
[127/199] Compiling SwiftBasicFormat SyntaxProtocol+Formatted.swift
[128/199] Compiling SwiftDiagnostics Message.swift
[129/200] Compiling SwiftBasicFormat Trivia+FormatExtensions.swift
[130/200] Compiling SwiftDiagnostics Note.swift
[131/200] Emitting module SwiftDiagnostics
[132/200] Compiling SwiftParser Directives.swift
[133/200] Compiling SwiftParser ExpressionInterpretedAsVersionTuple.swift
[134/200] Compiling SwiftDiagnostics GroupedDiagnostics.swift
[135/200] Compiling SwiftDiagnostics FixIt.swift
[136/200] Compiling SwiftDiagnostics DiagnosticDecorator.swift
[137/200] Compiling SwiftDiagnostics DiagnosticsFormatter.swift
[138/200] Compiling SwiftParser Expressions.swift
[139/200] Compiling SwiftParser IncrementalParseTransition.swift
[141/201] Compiling SwiftBasicFormat InferIndentation.swift
[142/201] Compiling SwiftBasicFormat Syntax+Extensions.swift
[143/201] Compiling SwiftBasicFormat Indenter.swift
[143/201] Wrapping AST for SwiftDiagnostics for debugging
[145/201] Emitting module SwiftBasicFormat
[146/201] Compiling SwiftBasicFormat BasicFormat.swift
[147/202] Wrapping AST for SwiftBasicFormat for debugging
[149/202] Compiling SwiftParser StringLiterals.swift
[150/202] Compiling SwiftParser SwiftParserCompatibility.swift
[151/202] Compiling SwiftParser SwiftVersion.swift
[152/202] Compiling SwiftParser SyntaxUtils.swift
[153/202] Compiling SwiftParser TokenConsumer.swift
[154/202] Compiling SwiftParser TokenPrecedence.swift
[155/202] Compiling SwiftParser TokenSpec.swift
[156/202] Compiling SwiftParser TokenSpecSet.swift
[157/202] Compiling SwiftParser TopLevel.swift
[158/202] Compiling SwiftParser TriviaParser.swift
[159/202] Compiling SwiftParser Types.swift
[160/207] Compiling SwiftParser Lexeme.swift
[161/207] Compiling SwiftParser LexemeSequence.swift
[162/207] Compiling SwiftParser Lexer.swift
[163/207] Compiling SwiftParser RegexLiteralLexer.swift
[164/207] Compiling SwiftParser UnicodeScalarExtensions.swift
[165/207] Compiling SwiftParser Lookahead.swift
[166/207] Compiling SwiftParser LoopProgressCondition.swift
[167/207] Compiling SwiftParser Modifiers.swift
[168/207] Compiling SwiftParser Names.swift
[169/207] Compiling SwiftParser Nominals.swift
[170/207] Compiling SwiftParser Parameters.swift
[171/207] Compiling SwiftParser ParseSourceFile.swift
[172/207] Compiling SwiftParser Parser.swift
[173/207] Compiling SwiftParser Patterns.swift
[174/207] Compiling SwiftParser Recovery.swift
[175/207] Compiling SwiftParser Specifiers.swift
[176/207] Compiling SwiftParser Statements.swift
[177/207] Compiling SwiftParser StringLiteralRepresentedLiteralValue.swift
[178/207] Emitting module SwiftParser
[183/207] Compiling SwiftParser IsValidIdentifier.swift
[184/207] Compiling SwiftParser Cursor.swift
[185/207] Compiling SwiftParser Attributes.swift
[186/207] Compiling SwiftParser Availability.swift
[187/207] Compiling SwiftParser CharacterInfo.swift
[188/207] Compiling SwiftParser CollectionNodes+Parsable.swift
[189/207] Compiling SwiftParser CompilerFiles.swift
[190/207] Compiling SwiftParser Declarations.swift
[191/207] Compiling SwiftParser ExperimentalFeatures.swift
[192/207] Compiling SwiftParser IsLexerClassified.swift
[193/207] Compiling SwiftParser LayoutNodes+Parsable.swift
[194/207] Compiling SwiftParser Parser+TokenSpecSet.swift
[195/207] Compiling SwiftParser TokenSpecStaticMembers.swift
[196/208] Wrapping AST for SwiftParser for debugging
[198/231] Compiling SwiftOperators PrecedenceGroup.swift
[199/231] Compiling SwiftOperators OperatorTable.swift
[200/231] Compiling SwiftOperators PrecedenceGraph.swift
[201/232] Compiling SwiftOperators SyntaxSynthesis.swift
[202/232] Compiling SwiftOperators OperatorTable+Semantics.swift
[203/232] Compiling SwiftOperators OperatorError.swift
[204/232] Compiling SwiftOperators OperatorTable+Defaults.swift
[205/232] Compiling SwiftOperators Operator.swift
[206/232] Compiling SwiftOperators OperatorError+Diagnostics.swift
[207/232] Compiling SwiftOperators OperatorTable+Folding.swift
[208/232] Emitting module SwiftOperators
[209/233] Wrapping AST for SwiftOperators for debugging
[211/233] Compiling SwiftParserDiagnostics ChildNameForDiagnostics.swift
[214/233] Emitting module SwiftParserDiagnostics
[215/234] Compiling SwiftParserDiagnostics TokenNameForDiagnostics.swift
[216/234] Compiling SwiftParserDiagnostics ParserDiagnosticMessages.swift
[217/234] Compiling SwiftParserDiagnostics PresenceUtils.swift
[218/234] Compiling SwiftParserDiagnostics MultiLineStringLiteralDiagnosticsGenerator.swift
[219/234] Compiling SwiftParserDiagnostics ParseDiagnosticsGenerator.swift
[220/234] Compiling SwiftParserDiagnostics SyntaxKindNameForDiagnostics.swift
[223/234] Compiling SwiftParserDiagnostics MissingNodesError.swift
[224/234] Compiling SwiftParserDiagnostics MissingTokenError.swift
[225/235] Wrapping AST for SwiftParserDiagnostics for debugging
[227/250] Compiling SwiftSyntaxBuilder Indenter.swift
[228/250] Compiling SwiftSyntaxBuilder ListBuilder.swift
[229/250] Compiling SwiftSyntaxBuilder SyntaxParsable+ExpressibleByStringInterpolation.swift
[230/250] Compiling SwiftSyntaxBuilder ValidatingSyntaxNodes.swift
[231/250] Emitting module SwiftSyntaxBuilder
[232/250] Compiling SwiftSyntaxBuilder ConvenienceInitializers.swift
[233/250] Compiling SwiftSyntaxBuilder DeclSyntaxParseable.swift
[234/250] Compiling SwiftSyntaxBuilder ResultBuilderExtensions.swift
[235/250] Compiling SwiftSyntaxBuilder SwiftSyntaxBuilderCompatibility.swift
[236/251] Compiling SwiftSyntaxBuilder Syntax+StringInterpolation.swift
[237/251] Compiling SwiftSyntaxBuilder SyntaxNodeWithBody.swift
[238/251] Compiling SwiftSyntaxBuilder WithTrailingCommaSyntax+EnsuringTrailingComma.swift
[239/251] Compiling SwiftSyntaxBuilder BuildableNodes.swift
[240/251] Compiling SwiftSyntaxBuilder RenamedChildrenBuilderCompatibility.swift
[241/251] Compiling SwiftSyntaxBuilder ResultBuilders.swift
[242/251] Compiling SwiftSyntaxBuilder SyntaxExpressibleByStringInterpolationConformances.swift
[243/252] Wrapping AST for SwiftSyntaxBuilder for debugging
[245/267] Compiling SwiftIfConfig IfConfigFunctions.swift
[246/267] Compiling SwiftIfConfig IfConfigRegionState.swift
[247/268] Compiling SwiftIfConfig SyntaxProtocol+IfConfig.swift
[248/268] Compiling SwiftIfConfig VersionTuple+Parsing.swift
[249/268] Compiling SwiftIfConfig StaticBuildConfiguration.swift
[250/268] Compiling SwiftIfConfig SyntaxLiteralUtils.swift
[251/268] Compiling SwiftIfConfig VersionTuple.swift
[252/268] Compiling SwiftIfConfig ActiveClauseEvaluator.swift
[253/268] Compiling SwiftIfConfig ActiveSyntaxRewriter.swift
[254/268] Emitting module SwiftIfConfig
[255/268] Compiling SwiftIfConfig ActiveSyntaxVisitor.swift
[256/268] Compiling SwiftIfConfig BuildConfiguration.swift
[257/268] Compiling SwiftIfConfig ConfiguredRegions.swift
[258/268] Compiling SwiftIfConfig IfConfigDecl+IfConfig.swift
[259/268] Compiling SwiftIfConfig IfConfigDiagnostic.swift
[260/268] Compiling SwiftIfConfig IfConfigEvaluation.swift
[261/269] Wrapping AST for SwiftIfConfig for debugging
[263/286] Compiling SwiftSyntaxMacros ExpressionMacro.swift
[264/286] Compiling SwiftSyntaxMacros ExtensionMacro.swift
[265/286] Compiling SwiftSyntaxMacros CodeItemMacro.swift
[266/286] Compiling SwiftSyntaxMacros DeclarationMacro.swift
[267/288] Compiling SwiftSyntaxMacros Macro.swift
[268/288] Compiling SwiftSyntaxMacros MemberAttributeMacro.swift
[269/288] Compiling SwiftSyntaxMacros MemberMacro.swift
[270/288] Compiling SwiftSyntaxMacros PeerMacro.swift
[271/288] Compiling SwiftSyntaxMacros AccessorMacro.swift
[272/288] Compiling SwiftSyntaxMacros AttachedMacro.swift
[273/288] Compiling SwiftSyntaxMacros BodyMacro.swift
[274/288] Compiling SwiftSyntaxMacros FreestandingMacro.swift
[275/288] Compiling SwiftSyntaxMacros Macro+Format.swift
[276/288] Emitting module SwiftSyntaxMacros
[277/288] Compiling SwiftSyntaxMacros AbstractSourceLocation.swift
[278/288] Compiling SwiftSyntaxMacros MacroExpansionContext.swift
[279/288] Compiling SwiftSyntaxMacros MacroExpansionDiagnosticMessages.swift
[280/288] Compiling SwiftSyntaxMacros PreambleMacro.swift
[281/288] Compiling SwiftSyntaxMacros Syntax+LexicalContext.swift
[282/289] Wrapping AST for SwiftSyntaxMacros for debugging
[284/298] Compiling SwiftSyntaxMacroExpansion MacroExpansionDiagnosticMessages.swift
[285/299] Compiling SwiftSyntaxMacroExpansion MacroSpec.swift
[286/299] Compiling SwiftSyntaxMacroExpansion MacroExpansion.swift
[287/299] Compiling SwiftSyntaxMacroExpansion BasicMacroExpansionContext.swift
[288/299] Compiling SwiftSyntaxMacroExpansion FunctionParameterUtils.swift
[289/299] Emitting module SwiftSyntaxMacroExpansion
[290/299] Compiling SwiftSyntaxMacroExpansion IndentationUtils.swift
[291/299] Compiling SwiftSyntaxMacroExpansion MacroArgument.swift
[292/299] Compiling SwiftSyntaxMacroExpansion MacroReplacement.swift
[293/299] Compiling SwiftSyntaxMacroExpansion MacroSystem.swift
[294/300] Wrapping AST for SwiftSyntaxMacroExpansion for debugging
[296/312] Compiling SwiftCompilerPluginMessageHandling LRUCache.swift
[297/312] Compiling SwiftCompilerPluginMessageHandling Macros.swift
[298/313] Compiling SwiftCompilerPluginMessageHandling PluginMacroExpansionContext.swift
[299/313] Compiling SwiftCompilerPluginMessageHandling StandardIOMessageConnection.swift
[300/313] Compiling SwiftCompilerPluginMessageHandling PluginMessageCompatibility.swift
[301/313] Compiling SwiftCompilerPluginMessageHandling PluginMessages.swift
[302/313] Compiling SwiftCompilerPluginMessageHandling JSONDecoding.swift
[303/313] Compiling SwiftCompilerPluginMessageHandling JSONEncoding.swift
[304/313] Emitting module SwiftCompilerPluginMessageHandling
[305/313] Compiling SwiftCompilerPluginMessageHandling CompilerPluginMessageHandler.swift
[306/313] Compiling SwiftCompilerPluginMessageHandling Diagnostics.swift
[307/313] Compiling SwiftCompilerPluginMessageHandling CodingUtilities.swift
[308/313] Compiling SwiftCompilerPluginMessageHandling JSON.swift
[309/314] Wrapping AST for SwiftCompilerPluginMessageHandling for debugging
[311/316] Emitting module SwiftCompilerPlugin
[312/316] Compiling SwiftCompilerPlugin CompilerPlugin.swift
[313/317] Wrapping AST for SwiftCompilerPlugin for debugging
[315/328] Compiling KeylineKitMacros ModifierChain.swift
[316/329] Compiling KeylineKitMacros Diagnostics.swift
[317/329] Compiling KeylineKitMacros KeylineMacro.swift
[318/329] Emitting module KeylineKitMacros
[319/329] Compiling KeylineKitMacros PaddingArguments.swift
[320/329] Compiling KeylineKitMacros ViewNodeRewriter.swift
[321/329] Compiling KeylineKitMacros ViewTreeTagger.swift
[322/329] Compiling KeylineKitMacros KeylinePlugin.swift
[323/329] Compiling KeylineKitMacros KeylinedMacro.swift
[324/329] Compiling KeylineKitMacros ContainerRules.swift
[325/329] Compiling KeylineKitMacros CornerRadius.swift
[326/329] Compiling KeylineKitMacros DesignTimeLiterals.swift
[327/330] Wrapping AST for KeylineKitMacros for debugging
[328/330] Write Objects.LinkFileList
[329/330] Linking KeylineKitMacros-tool
[331/368] Compiling KeylineKit Macros.swift
/host/spi-builder-workspace/Sources/KeylineKit/KeylineColors.swift:1:8: error: no such module 'SwiftUI'
1 | import SwiftUI
| `- error: no such module 'SwiftUI'
2 |
3 | /// Colors that replace the default palette of `#Keyline` annotations.
[332/368] Compiling KeylineKit EnvironmentValues+Keyline.swift
/host/spi-builder-workspace/Sources/KeylineKit/KeylineColors.swift:1:8: error: no such module 'SwiftUI'
1 | import SwiftUI
| `- error: no such module 'SwiftUI'
2 |
3 | /// Colors that replace the default palette of `#Keyline` annotations.
[333/368] Compiling KeylineKit KeylineRegistry.swift
/host/spi-builder-workspace/Sources/KeylineKit/KeylineColors.swift:1:8: error: no such module 'SwiftUI'
1 | import SwiftUI
| `- error: no such module 'SwiftUI'
2 |
3 | /// Colors that replace the default palette of `#Keyline` annotations.
error: emit-module command failed with exit code 1 (use -v to see invocation)
[334/370] Emitting module KeylineKit
/host/spi-builder-workspace/Sources/KeylineKit/KeylineColors.swift:1:8: error: no such module 'SwiftUI'
1 | import SwiftUI
| `- error: no such module 'SwiftUI'
2 |
3 | /// Colors that replace the default palette of `#Keyline` annotations.
[335/370] Compiling KeylineKit _KeylineProbe.swift
/host/spi-builder-workspace/Sources/KeylineKit/KeylineColors.swift:1:8: error: no such module 'SwiftUI'
1 | import SwiftUI
| `- error: no such module 'SwiftUI'
2 |
3 | /// Colors that replace the default palette of `#Keyline` annotations.
[336/370] Compiling KeylineKit _KeylineSurface.swift
/host/spi-builder-workspace/Sources/KeylineKit/KeylineColors.swift:1:8: error: no such module 'SwiftUI'
1 | import SwiftUI
| `- error: no such module 'SwiftUI'
2 |
3 | /// Colors that replace the default palette of `#Keyline` annotations.
error: emit-module command failed with exit code 1 (use -v to see invocation)
[337/370] Emitting module KeylineKit
/host/spi-builder-workspace/Sources/KeylineKit/KeylineColors.swift:1:8: error: no such module 'SwiftUI'
1 | import SwiftUI
| `- error: no such module 'SwiftUI'
2 |
3 | /// Colors that replace the default palette of `#Keyline` annotations.
[338/372] Compiling KeylineKit NodeRecord.swift
/host/spi-builder-workspace/Sources/KeylineKit/KeylineColors.swift:1:8: error: no such module 'SwiftUI'
1 | import SwiftUI
| `- error: no such module 'SwiftUI'
2 |
3 | /// Colors that replace the default palette of `#Keyline` annotations.
[339/372] Compiling KeylineKit SafeAreaReader.swift
/host/spi-builder-workspace/Sources/KeylineKit/KeylineColors.swift:1:8: error: no such module 'SwiftUI'
1 | import SwiftUI
| `- error: no such module 'SwiftUI'
2 |
3 | /// Colors that replace the default palette of `#Keyline` annotations.
[340/372] Compiling KeylineKit SafeAreaSnapshot.swift
/host/spi-builder-workspace/Sources/KeylineKit/KeylineColors.swift:1:8: error: no such module 'SwiftUI'
1 | import SwiftUI
| `- error: no such module 'SwiftUI'
2 |
3 | /// Colors that replace the default palette of `#Keyline` annotations.
[341/372] Compiling KeylineKit KeylineAnnotation.swift
/host/spi-builder-workspace/Sources/KeylineKit/KeylineColors.swift:1:8: error: no such module 'SwiftUI'
1 | import SwiftUI
| `- error: no such module 'SwiftUI'
2 |
3 | /// Colors that replace the default palette of `#Keyline` annotations.
[342/372] Compiling KeylineKit KeylineColors.swift
/host/spi-builder-workspace/Sources/KeylineKit/KeylineColors.swift:1:8: error: no such module 'SwiftUI'
1 | import SwiftUI
| `- error: no such module 'SwiftUI'
2 |
3 | /// Colors that replace the default palette of `#Keyline` annotations.
[343/372] Compiling KeylineKit Macros.swift
/host/spi-builder-workspace/Sources/KeylineKit/KeylineColors.swift:1:8: error: no such module 'SwiftUI'
1 | import SwiftUI
| `- error: no such module 'SwiftUI'
2 |
3 | /// Colors that replace the default palette of `#Keyline` annotations.
/host/spi-builder-workspace/Sources/KeylineKit/KeylineColors.swift:1:8: error: no such module 'SwiftUI'
1 | import SwiftUI
| `- error: no such module 'SwiftUI'
2 |
3 | /// Colors that replace the default palette of `#Keyline` annotations.
/host/spi-builder-workspace/Sources/KeylineKit/KeylineColors.swift:1:8: error: no such module 'SwiftUI'
1 | import SwiftUI
| `- error: no such module 'SwiftUI'
2 |
3 | /// Colors that replace the default palette of `#Keyline` annotations.
/host/spi-builder-workspace/Sources/KeylineKit/KeylineColors.swift:1:8: error: no such module 'SwiftUI'
1 | import SwiftUI
| `- error: no such module 'SwiftUI'
2 |
3 | /// Colors that replace the default palette of `#Keyline` annotations.
[347/372] Compiling KeylineKit _KeylineProbe.swift
/host/spi-builder-workspace/Sources/KeylineKit/KeylineColors.swift:1:8: error: no such module 'SwiftUI'
1 | import SwiftUI
| `- error: no such module 'SwiftUI'
2 |
3 | /// Colors that replace the default palette of `#Keyline` annotations.
[348/372] Compiling KeylineKit _KeylineSurface.swift
/host/spi-builder-workspace/Sources/KeylineKit/KeylineColors.swift:1:8: error: no such module 'SwiftUI'
1 | import SwiftUI
| `- error: no such module 'SwiftUI'
2 |
3 | /// Colors that replace the default palette of `#Keyline` annotations.
[349/372] Compiling KeylineKit KeylineTheme.swift
/host/spi-builder-workspace/Sources/KeylineKit/KeylineColors.swift:1:8: error: no such module 'SwiftUI'
1 | import SwiftUI
| `- error: no such module 'SwiftUI'
2 |
3 | /// Colors that replace the default palette of `#Keyline` annotations.
[350/372] Compiling KeylineKit LabelPlacer.swift
/host/spi-builder-workspace/Sources/KeylineKit/KeylineColors.swift:1:8: error: no such module 'SwiftUI'
1 | import SwiftUI
| `- error: no such module 'SwiftUI'
2 |
3 | /// Colors that replace the default palette of `#Keyline` annotations.
/host/spi-builder-workspace/Sources/KeylineKit/KeylineColors.swift:1:8: error: no such module 'SwiftUI'
1 | import SwiftUI
| `- error: no such module 'SwiftUI'
2 |
3 | /// Colors that replace the default palette of `#Keyline` annotations.
/host/spi-builder-workspace/Sources/KeylineKit/KeylineColors.swift:1:8: error: no such module 'SwiftUI'
1 | import SwiftUI
| `- error: no such module 'SwiftUI'
2 |
3 | /// Colors that replace the default palette of `#Keyline` annotations.
[353/372] Compiling KeylineKit MetricFormat.swift
/host/spi-builder-workspace/Sources/KeylineKit/KeylineColors.swift:1:8: error: no such module 'SwiftUI'
1 | import SwiftUI
| `- error: no such module 'SwiftUI'
2 |
3 | /// Colors that replace the default palette of `#Keyline` annotations.
[354/372] Compiling KeylineKit NodeTree.swift
/host/spi-builder-workspace/Sources/KeylineKit/KeylineColors.swift:1:8: error: no such module 'SwiftUI'
1 | import SwiftUI
| `- error: no such module 'SwiftUI'
2 |
3 | /// Colors that replace the default palette of `#Keyline` annotations.
[355/372] Compiling KeylineKit SafeAreaSnapshot.swift
/host/spi-builder-workspace/Sources/KeylineKit/KeylineColors.swift:1:8: error: no such module 'SwiftUI'
1 | import SwiftUI
| `- error: no such module 'SwiftUI'
2 |
3 | /// Colors that replace the default palette of `#Keyline` annotations.
[356/372] Compiling KeylineKit MetricFormat.swift
/host/spi-builder-workspace/Sources/KeylineKit/KeylineColors.swift:1:8: error: no such module 'SwiftUI'
1 | import SwiftUI
| `- error: no such module 'SwiftUI'
2 |
3 | /// Colors that replace the default palette of `#Keyline` annotations.
[357/372] Compiling KeylineKit NodeRecord.swift
/host/spi-builder-workspace/Sources/KeylineKit/KeylineColors.swift:1:8: error: no such module 'SwiftUI'
1 | import SwiftUI
| `- error: no such module 'SwiftUI'
2 |
3 | /// Colors that replace the default palette of `#Keyline` annotations.
[358/372] Compiling KeylineKit SafeAreaReader.swift
/host/spi-builder-workspace/Sources/KeylineKit/KeylineColors.swift:1:8: error: no such module 'SwiftUI'
1 | import SwiftUI
| `- error: no such module 'SwiftUI'
2 |
3 | /// Colors that replace the default palette of `#Keyline` annotations.
[359/372] Compiling KeylineKit NodeTree.swift
/host/spi-builder-workspace/Sources/KeylineKit/KeylineColors.swift:1:8: error: no such module 'SwiftUI'
1 | import SwiftUI
| `- error: no such module 'SwiftUI'
2 |
3 | /// Colors that replace the default palette of `#Keyline` annotations.
/host/spi-builder-workspace/Sources/KeylineKit/KeylineColors.swift:1:8: error: no such module 'SwiftUI'
1 | import SwiftUI
| `- error: no such module 'SwiftUI'
2 |
3 | /// Colors that replace the default palette of `#Keyline` annotations.
/host/spi-builder-workspace/Sources/KeylineKit/KeylineColors.swift:1:8: error: no such module 'SwiftUI'
1 | import SwiftUI
| `- error: no such module 'SwiftUI'
2 |
3 | /// Colors that replace the default palette of `#Keyline` annotations.
/host/spi-builder-workspace/Sources/KeylineKit/KeylineColors.swift:1:8: error: no such module 'SwiftUI'
1 | import SwiftUI
| `- error: no such module 'SwiftUI'
2 |
3 | /// Colors that replace the default palette of `#Keyline` annotations.
/host/spi-builder-workspace/Sources/KeylineKit/KeylineColors.swift:1:8: error: no such module 'SwiftUI'
1 | import SwiftUI
| `- error: no such module 'SwiftUI'
2 |
3 | /// Colors that replace the default palette of `#Keyline` annotations.
BUILD FAILURE 6.2 android