Build Information
Failed to build Marshal, reference 1.2.8 (bbd811), with Swift 6.4 for tvOS using Xcode 27.0 on 16 Sep 2026 23:26:22 UTC.
Build Command
env DEVELOPER_DIR=/Applications/Xcode-27.0.0-Release.Candidate.app xcrun xcodebuild -IDEClonedSourcePackagesDirPathOverride=$PWD/.dependencies -skipMacroValidation -skipPackagePluginValidation -derivedDataPath $PWD/.derivedData build -scheme Marshal -destination generic/platform=tvOSBuild Log
========================================
RunAll
========================================
Builder version: 5.1.0
Interrupt handler set up.
========================================
Checkout
========================================
Clone URL: https://github.com/utahiosmac/Marshal.git
Reference: 1.2.8
Initialized empty Git repository in /Users/admin/builder/spi-builder-workspace/.git/
From https://github.com/utahiosmac/Marshal
* tag 1.2.8 -> FETCH_HEAD
HEAD is now at bbd811b update Package.swift for tools version 5
Cloned https://github.com/utahiosmac/Marshal.git
Revision (git rev-parse @):
bbd811be9b78352e74970d1c2c652e87c83ce51b
SUCCESS checkout https://github.com/utahiosmac/Marshal.git at 1.2.8
========================================
Build
========================================
Selected platform: tvOS
Swift version: 6.4
Building package at path: $PWD
https://github.com/utahiosmac/Marshal.git
Command line invocation:
/Applications/Xcode-27.0.0-Release.Candidate.app/Contents/Developer/usr/bin/xcodebuild -IDEClonedSourcePackagesDirPathOverride=/Users/admin/builder/spi-builder-workspace/.dependencies -resolvePackageDependencies
resolved source packages:
{
"dependencies" : [
],
"manifest_display_name" : "Marshal",
"name" : "Marshal",
"path" : "/Users/admin/builder/spi-builder-workspace",
"platforms" : [
],
"products" : [
{
"name" : "Marshal",
"targets" : [
"Marshal"
],
"type" : {
"library" : [
"automatic"
]
}
}
],
"targets" : [
{
"c99name" : "MarshalTests",
"module_type" : "SwiftTarget",
"name" : "MarshalTests",
"path" : "MarshalTests",
"sources" : [
"MarshalTests.swift",
"PerformanceTestObjects.swift",
"PerformanceTests.swift",
"UnmarshalingWithContextTests.swift"
],
"target_dependencies" : [
"Marshal"
],
"type" : "test"
},
{
"c99name" : "Marshal",
"module_type" : "SwiftTarget",
"name" : "Marshal",
"path" : "Sources",
"product_memberships" : [
"Marshal"
],
"sources" : [
"Error.swift",
"JSON.swift",
"KeyType.swift",
"MarshalDictionary.swift",
"MarshaledObject.swift",
"Marshaling.swift",
"Migration.swift",
"Operators.swift",
"UnmarshalUpdating.swift",
"Unmarshaling.swift",
"UnmarshalingWithContext.swift",
"ValueType.swift"
],
"type" : "library"
}
],
"tools_version" : "5.1"
}
{
"project" : {
"configurations" : [
"Debug",
"Release"
],
"name" : "Marshal",
"schemes" : [
"Marshal"
],
"targets" : [
"Marshal",
"MarshalTests"
]
}
}
Running build ...
env DEVELOPER_DIR=/Applications/Xcode-27.0.0-Release.Candidate.app xcrun xcodebuild -IDEClonedSourcePackagesDirPathOverride=$PWD/.dependencies -skipMacroValidation -skipPackagePluginValidation -derivedDataPath $PWD/.derivedData build -scheme Marshal -destination generic/platform=tvOS
Command line invocation:
/Applications/Xcode-27.0.0-Release.Candidate.app/Contents/Developer/usr/bin/xcodebuild -IDEClonedSourcePackagesDirPathOverride=/Users/admin/builder/spi-builder-workspace/.dependencies -skipMacroValidation -skipPackagePluginValidation -derivedDataPath /Users/admin/builder/spi-builder-workspace/.derivedData build -scheme Marshal -destination generic/platform=tvOS
ComputePackagePrebuildTargetDependencyGraph
Prepare packages
CreateBuildRequest
SendProjectDescription
CreateBuildOperation
ComputeTargetDependencyGraph
note: Building targets in dependency order
note: Target dependency graph (1 target)
Target 'Marshal' in project 'Marshal' (no dependencies)
GatherProvisioningInputs
CreateBuildDescription
ExecuteExternalTool /Applications/Xcode-27.0.0-Release.Candidate.app/Contents/Developer/Toolchains/XcodeDefault.xctoolchain/usr/bin/clang -v -E -dM -isysroot /Applications/Xcode-27.0.0-Release.Candidate.app/Contents/Developer/Platforms/AppleTVOS.platform/Developer/SDKs/AppleTVOS27.0.sdk -x c -c /dev/null
ExecuteExternalTool /Applications/Xcode-27.0.0-Release.Candidate.app/Contents/Developer/Toolchains/XcodeDefault.xctoolchain/usr/bin/clang -v -E -dM -arch arm64 -isysroot /Applications/Xcode-27.0.0-Release.Candidate.app/Contents/Developer/Platforms/AppleTVOS.platform/Developer/SDKs/AppleTVOS27.0.sdk -x c -c /dev/null
ExecuteExternalTool /Applications/Xcode-27.0.0-Release.Candidate.app/Contents/Developer/Toolchains/XcodeDefault.xctoolchain/usr/bin/swiftc --version
ExecuteExternalTool /Applications/Xcode-27.0.0-Release.Candidate.app/Contents/Developer/Toolchains/XcodeDefault.xctoolchain/usr/bin/ld -version_details
Build description signature: 206a3b4c300e5b2a2436ed4fde5a4cc2
Build description path: /Users/admin/builder/spi-builder-workspace/.derivedData/Build/Intermediates.noindex/XCBuildData/206a3b4c300e5b2a2436ed4fde5a4cc2.xcbuilddata
/Users/admin/builder/spi-builder-workspace/Marshal.xcodeproj: error: The tvOS deployment target 'TVOS_DEPLOYMENT_TARGET' is set to 9.0, but the range of supported deployment target versions is 15.0 to 27.0.x. (in target 'Marshal' from project 'Marshal')
** BUILD FAILED **
The following build commands failed:
Building project Marshal with scheme Marshal
(1 failure)
Command line invocation:
/Applications/Xcode-27.0.0-Release.Candidate.app/Contents/Developer/usr/bin/xcodebuild -IDEClonedSourcePackagesDirPathOverride=/Users/admin/builder/spi-builder-workspace/.dependencies -resolvePackageDependencies
resolved source packages:
{
"dependencies" : [
],
"manifest_display_name" : "Marshal",
"name" : "Marshal",
"path" : "/Users/admin/builder/spi-builder-workspace",
"platforms" : [
],
"products" : [
{
"name" : "Marshal",
"targets" : [
"Marshal"
],
"type" : {
"library" : [
"automatic"
]
}
}
],
"targets" : [
{
"c99name" : "MarshalTests",
"module_type" : "SwiftTarget",
"name" : "MarshalTests",
"path" : "MarshalTests",
"sources" : [
"MarshalTests.swift",
"PerformanceTestObjects.swift",
"PerformanceTests.swift",
"UnmarshalingWithContextTests.swift"
],
"target_dependencies" : [
"Marshal"
],
"type" : "test"
},
{
"c99name" : "Marshal",
"module_type" : "SwiftTarget",
"name" : "Marshal",
"path" : "Sources",
"product_memberships" : [
"Marshal"
],
"sources" : [
"Error.swift",
"JSON.swift",
"KeyType.swift",
"MarshalDictionary.swift",
"MarshaledObject.swift",
"Marshaling.swift",
"Migration.swift",
"Operators.swift",
"UnmarshalUpdating.swift",
"Unmarshaling.swift",
"UnmarshalingWithContext.swift",
"ValueType.swift"
],
"type" : "library"
}
],
"tools_version" : "5.1"
}
{
"project" : {
"configurations" : [
"Debug",
"Release"
],
"name" : "Marshal",
"schemes" : [
"Marshal"
],
"targets" : [
"Marshal",
"MarshalTests"
]
}
}
Running build ...
env DEVELOPER_DIR=/Applications/Xcode-27.0.0-Release.Candidate.app xcrun xcodebuild -IDEClonedSourcePackagesDirPathOverride=$PWD/.dependencies -skipMacroValidation -skipPackagePluginValidation -derivedDataPath $PWD/.derivedData build -scheme Marshal -destination generic/platform=tvOS
Command line invocation:
/Applications/Xcode-27.0.0-Release.Candidate.app/Contents/Developer/usr/bin/xcodebuild -IDEClonedSourcePackagesDirPathOverride=/Users/admin/builder/spi-builder-workspace/.dependencies -skipMacroValidation -skipPackagePluginValidation -derivedDataPath /Users/admin/builder/spi-builder-workspace/.derivedData build -scheme Marshal -destination generic/platform=tvOS
ComputePackagePrebuildTargetDependencyGraph
Prepare packages
CreateBuildRequest
SendProjectDescription
CreateBuildOperation
ComputeTargetDependencyGraph
note: Building targets in dependency order
note: Target dependency graph (1 target)
Target 'Marshal' in project 'Marshal' (no dependencies)
GatherProvisioningInputs
CreateBuildDescription
/Users/admin/builder/spi-builder-workspace/Marshal.xcodeproj: error: The tvOS deployment target 'TVOS_DEPLOYMENT_TARGET' is set to 9.0, but the range of supported deployment target versions is 15.0 to 27.0.x. (in target 'Marshal' from project 'Marshal')
** BUILD FAILED **
The following build commands failed:
Building project Marshal with scheme Marshal
(1 failure)
BUILD FAILURE 6.4 tvOS