The Swift Package Index logo.Swift Package Index

Build Information

Failed to build Spectro, reference main (bf6d63), with Swift 6.2 for Wasm on 24 Oct 2026 09:02:42 UTC.

Build Command

bash -c docker run --pull=always --rm -v "checkouts-53886769-0":/host -w "$PWD" -e JAVA_HOME="/root/.sdkman/candidates/java/current" -e SPI_BUILD="1" -e SPI_PROCESSING="1" registry.gitlab.com/saguaro1/spi-images:wasm-6.2-latest swift build --swift-sdk swift-6.2-RELEASE_wasm 2>&1

Build Log

========================================
RunAll
========================================
Builder version: 5.1.3
Interrupt handler set up.
========================================
Checkout
========================================
Clone URL: https://github.com/roost-framework/Spectro.git
Reference: main
Initialized empty Git repository in /host/spi-builder-workspace/.git/
hint: Using 'master' as the name for the initial branch. This default branch name
hint: is subject to change. To configure the initial branch name to use in all
hint: of your new repositories, which will suppress this warning, call:
hint:
hint: 	git config --global init.defaultBranch <name>
hint:
hint: Names commonly chosen instead of 'master' are 'main', 'trunk' and
hint: 'development'. The just-created branch can be renamed via this command:
hint:
hint: 	git branch -m <name>
From https://github.com/roost-framework/Spectro
 * branch            main       -> FETCH_HEAD
 * [new branch]      main       -> origin/main
HEAD is now at bf6d633 chore: release 3.0.0
Cloned https://github.com/roost-framework/Spectro.git
Revision (git rev-parse @):
bf6d633117000b3ac567a544a57caf218597a442
SUCCESS checkout https://github.com/roost-framework/Spectro.git at main
========================================
Build
========================================
Selected platform:         wasm
Swift version:             6.2
Building package at path:  $PWD
https://github.com/roost-framework/Spectro.git
Running build ...
bash -c docker run --pull=always --rm -v "checkouts-53886769-0":/host -w "$PWD" -e JAVA_HOME="/root/.sdkman/candidates/java/current" -e SPI_BUILD="1" -e SPI_PROCESSING="1" registry.gitlab.com/saguaro1/spi-images:wasm-6.2-latest swift build --swift-sdk swift-6.2-RELEASE_wasm 2>&1
wasm-6.2-latest: Pulling from saguaro1/spi-images
Digest: sha256:c2cc4df169d3c45015ced899e997f329be5fc90bdbfce388bd8981e1ea44d639
Status: Image is up to date for registry.gitlab.com/saguaro1/spi-images:wasm-6.2-latest
Fetching https://github.com/vapor/async-kit.git
Fetching https://github.com/apple/swift-log.git
Fetching https://github.com/apple/swift-nio.git
Fetching https://github.com/apple/swift-argument-parser
Fetching https://github.com/tuist/Noora
Fetching https://github.com/vapor/postgres-kit.git
[1/8373] Fetching swift-log
[2/10887] Fetching swift-log, async-kit
[10470/16468] Fetching swift-log, async-kit, postgres-kit
Fetched https://github.com/vapor/async-kit.git from cache (0.51s)
Fetched https://github.com/apple/swift-log.git from cache (0.51s)
Fetching https://github.com/vapor/sql-kit.git
Fetching https://github.com/swiftlang/swift-syntax.git
[1/19297] Fetching swift-argument-parser
[194/39126] Fetching swift-argument-parser, noora
[28420/45484] Fetching swift-argument-parser, noora, sql-kit
[28484/132138] Fetching swift-argument-parser, noora, sql-kit, swift-nio
[120775/213211] Fetching swift-argument-parser, noora, sql-kit, swift-nio, swift-syntax
Fetched https://github.com/vapor/postgres-kit.git from cache (3.52s)
Fetched https://github.com/apple/swift-argument-parser from cache (3.52s)
Fetched https://github.com/apple/swift-nio.git from cache (3.57s)
Fetched https://github.com/tuist/Noora from cache (3.59s)
Fetched https://github.com/vapor/sql-kit.git from cache (3.96s)
Fetched https://github.com/swiftlang/swift-syntax.git from cache (3.98s)
Computing version for https://github.com/swiftlang/swift-syntax.git
Computed https://github.com/swiftlang/swift-syntax.git at 600.0.1 (5.46s)
Computing version for https://github.com/vapor/async-kit.git
Computed https://github.com/vapor/async-kit.git at 1.22.0 (0.14s)
Fetching https://github.com/apple/swift-algorithms.git
Fetching https://github.com/apple/swift-collections.git
[1/6159] Fetching swift-algorithms
[6160/35460] Fetching swift-algorithms, swift-collections
Fetched https://github.com/apple/swift-algorithms.git from cache (1.91s)
Fetched https://github.com/apple/swift-collections.git from cache (1.92s)
Computing version for https://github.com/apple/swift-algorithms.git
Computed https://github.com/apple/swift-algorithms.git at 1.2.1 (2.09s)
Fetching https://github.com/apple/swift-numerics.git
[1/6756] Fetching swift-numerics
Fetched https://github.com/apple/swift-numerics.git from cache (0.54s)
Computing version for https://github.com/apple/swift-numerics.git
Computed https://github.com/apple/swift-numerics.git at 1.1.1 (0.68s)
Computing version for https://github.com/vapor/sql-kit.git
Computed https://github.com/vapor/sql-kit.git at 3.36.0 (0.14s)
Computing version for https://github.com/apple/swift-collections.git
Computed https://github.com/apple/swift-collections.git at 1.7.4 (0.23s)
Computing version for https://github.com/apple/swift-log.git
Computed https://github.com/apple/swift-log.git at 1.16.2 (0.15s)
Computing version for https://github.com/apple/swift-nio.git
Computed https://github.com/apple/swift-nio.git at 2.104.0 (0.35s)
Fetching https://github.com/apple/swift-system.git
Fetching https://github.com/apple/swift-atomics.git
[1/1889] Fetching swift-atomics
[1890/9262] Fetching swift-atomics, swift-system
Fetched https://github.com/apple/swift-atomics.git from cache (0.65s)
Fetched https://github.com/apple/swift-system.git from cache (0.65s)
Computing version for https://github.com/apple/swift-atomics.git
Computed https://github.com/apple/swift-atomics.git at 1.3.1 (0.80s)
Computing version for https://github.com/apple/swift-argument-parser
Computed https://github.com/apple/swift-argument-parser at 1.8.2 (0.15s)
Computing version for https://github.com/apple/swift-system.git
Computed https://github.com/apple/swift-system.git at 1.8.1 (0.18s)
Computing version for https://github.com/vapor/postgres-kit.git
Computed https://github.com/vapor/postgres-kit.git at 2.17.0 (0.15s)
Fetching https://github.com/vapor/postgres-nio.git
[1/15675] Fetching postgres-nio
Fetched https://github.com/vapor/postgres-nio.git from cache (0.65s)
Computing version for https://github.com/vapor/postgres-nio.git
Computed https://github.com/vapor/postgres-nio.git at 1.33.2 (0.81s)
Fetching https://github.com/apple/swift-crypto.git
Fetching https://github.com/swift-server/swift-service-lifecycle.git
Fetching https://github.com/apple/swift-nio-ssl.git
Fetching https://github.com/apple/swift-metrics.git
Fetching https://github.com/apple/swift-nio-transport-services.git
[1/2867] Fetching swift-nio-transport-services
[919/19761] Fetching swift-nio-transport-services, swift-nio-ssl
[2869/38614] Fetching swift-nio-transport-services, swift-nio-ssl, swift-crypto
[2870/41494] Fetching swift-nio-transport-services, swift-nio-ssl, swift-crypto, swift-service-lifecycle
[23939/45086] Fetching swift-nio-transport-services, swift-nio-ssl, swift-crypto, swift-service-lifecycle, swift-metrics
Fetched https://github.com/apple/swift-metrics.git from cache (0.87s)
[30560/41494] Fetching swift-nio-transport-services, swift-nio-ssl, swift-crypto, swift-service-lifecycle
Fetched https://github.com/apple/swift-nio-transport-services.git from cache (1.21s)
Fetched https://github.com/swift-server/swift-service-lifecycle.git from cache (1.21s)
Fetched https://github.com/apple/swift-nio-ssl.git from cache (1.22s)
Fetched https://github.com/apple/swift-crypto.git from cache (1.34s)
Computing version for https://github.com/apple/swift-nio-transport-services.git
Computed https://github.com/apple/swift-nio-transport-services.git at 1.28.0 (1.51s)
Computing version for https://github.com/swift-server/swift-service-lifecycle.git
Computed https://github.com/swift-server/swift-service-lifecycle.git at 2.13.0 (0.14s)
Fetching https://github.com/apple/swift-async-algorithms.git
[1/6821] Fetching swift-async-algorithms
Fetched https://github.com/apple/swift-async-algorithms.git from cache (0.69s)
Computing version for https://github.com/apple/swift-async-algorithms.git
Computed https://github.com/apple/swift-async-algorithms.git at 1.1.7 (0.90s)
Computing version for https://github.com/apple/swift-metrics.git
Computed https://github.com/apple/swift-metrics.git at 2.12.0 (0.15s)
Computing version for https://github.com/apple/swift-nio-ssl.git
Computed https://github.com/apple/swift-nio-ssl.git at 2.37.5 (0.20s)
Computing version for https://github.com/apple/swift-crypto.git
Computed https://github.com/apple/swift-crypto.git at 5.0.3 (1.22s)
Fetching https://github.com/apple/swift-asn1.git
[1/2051] Fetching swift-asn1
Fetched https://github.com/apple/swift-asn1.git from cache (0.39s)
Computing version for https://github.com/apple/swift-asn1.git
Computed https://github.com/apple/swift-asn1.git at 1.7.3 (0.58s)
Computing version for https://github.com/tuist/Noora
Computed https://github.com/tuist/Noora at 0.57.1 (0.14s)
Fetching https://github.com/onevcat/Rainbow
Fetching https://github.com/tuist/path
[1/1514] Fetching rainbow
[895/1932] Fetching rainbow, path
Fetched https://github.com/tuist/path from cache (0.38s)
Fetched https://github.com/onevcat/Rainbow from cache (0.38s)
Computing version for https://github.com/tuist/path
Computed https://github.com/tuist/path at 0.3.8 (0.55s)
Computing version for https://github.com/onevcat/Rainbow
Computed https://github.com/onevcat/Rainbow at 4.2.2 (0.88s)
Creating working copy for https://github.com/vapor/postgres-nio.git
Working copy of https://github.com/vapor/postgres-nio.git resolved at 1.33.2
Creating working copy for https://github.com/apple/swift-nio.git
Working copy of https://github.com/apple/swift-nio.git resolved at 2.104.0
Creating working copy for https://github.com/apple/swift-atomics.git
Working copy of https://github.com/apple/swift-atomics.git resolved at 1.3.1
Creating working copy for https://github.com/apple/swift-nio-ssl.git
Working copy of https://github.com/apple/swift-nio-ssl.git resolved at 2.37.5
Creating working copy for https://github.com/apple/swift-numerics.git
Working copy of https://github.com/apple/swift-numerics.git resolved at 1.1.1
Creating working copy for https://github.com/apple/swift-metrics.git
Working copy of https://github.com/apple/swift-metrics.git resolved at 2.12.0
Creating working copy for https://github.com/apple/swift-system.git
Working copy of https://github.com/apple/swift-system.git resolved at 1.8.1
Creating working copy for https://github.com/apple/swift-asn1.git
Working copy of https://github.com/apple/swift-asn1.git resolved at 1.7.3
Creating working copy for https://github.com/vapor/postgres-kit.git
Working copy of https://github.com/vapor/postgres-kit.git resolved at 2.17.0
Creating working copy for https://github.com/onevcat/Rainbow
Working copy of https://github.com/onevcat/Rainbow resolved at 4.2.2
Creating working copy for https://github.com/apple/swift-crypto.git
Working copy of https://github.com/apple/swift-crypto.git resolved at 5.0.3
Creating working copy for https://github.com/tuist/path
Working copy of https://github.com/tuist/path resolved at 0.3.8
Creating working copy for https://github.com/apple/swift-log.git
Working copy of https://github.com/apple/swift-log.git resolved at 1.16.2
Creating working copy for https://github.com/apple/swift-argument-parser
Working copy of https://github.com/apple/swift-argument-parser resolved at 1.8.2
Creating working copy for https://github.com/apple/swift-collections.git
Working copy of https://github.com/apple/swift-collections.git resolved at 1.7.4
Creating working copy for https://github.com/tuist/Noora
Working copy of https://github.com/tuist/Noora resolved at 0.57.1
Creating working copy for https://github.com/apple/swift-nio-transport-services.git
Working copy of https://github.com/apple/swift-nio-transport-services.git resolved at 1.28.0
Creating working copy for https://github.com/swift-server/swift-service-lifecycle.git
Working copy of https://github.com/swift-server/swift-service-lifecycle.git resolved at 2.13.0
Creating working copy for https://github.com/apple/swift-async-algorithms.git
Working copy of https://github.com/apple/swift-async-algorithms.git resolved at 1.1.7
Creating working copy for https://github.com/apple/swift-algorithms.git
Working copy of https://github.com/apple/swift-algorithms.git resolved at 1.2.1
Creating working copy for https://github.com/vapor/async-kit.git
Working copy of https://github.com/vapor/async-kit.git resolved at 1.22.0
Creating working copy for https://github.com/swiftlang/swift-syntax.git
Working copy of https://github.com/swiftlang/swift-syntax.git resolved at 600.0.1
Creating working copy for https://github.com/vapor/sql-kit.git
Working copy of https://github.com/vapor/sql-kit.git resolved at 3.36.0
Downloading package prebuilt https://download.swift.org/prebuilts/swift-syntax/600.0.1/swift-6.2-RELEASE-MacroSupport-ubuntu_noble_x86_64.tar.gz
Downloaded https://download.swift.org/prebuilts/swift-syntax/600.0.1/swift-6.2-RELEASE-MacroSupport-ubuntu_noble_x86_64.tar.gz (0.30s)
[1/1] Compiling plugin GenerateManual
[2/2] Compiling plugin GenerateDoccReference
Building for debugging...
[2/896] Write sources
[15/896] Compiling co-586-linux.S
[15/896] Compiling bn-armv8-linux.S
[17/896] Compiling bn-armv8-win.S
[17/896] Compiling bn-armv8-apple.S
[17/896] Compiling bn-586-linux.S
[17/896] Write sources
[18/896] Compiling co-586-apple.S
[19/896] Write sources
[53/896] Compiling bsaes-armv7-linux.S
[54/896] Compiling _NumericsShims _NumericsShims.c
[55/896] Compiling CXKCPShims shims.c
[56/896] Compiling _AtomicsShims.c
[57/896] Compiling SimpleFIPS202.c
[58/896] Compiling KeccakSponge.c
[59/896] Compiling KeccakHash.c
[60/896] Compiling CNIOWindows WSAStartup.c
[61/896] Compiling CNIOWindows shim.c
[62/896] Compiling CNIOOpenBSD shim.c
[63/896] Write swift-version-24593BA9C3E375BF.txt
[64/896] Compiling CNIOPosix event_loop_id.c
[65/896] Compiling CNIOWASI CNIOWASI.c
[65/896] Compiling CNIOFreeBSD shim.c
[65/896] Compiling CNIOLinux liburing_shims.c
[68/896] Compiling CNIOLinux shim.c
[69/896] Compiling CNIODarwin shim.c
[70/952] Compiling CNIOBoringSSLShims shims.c
[72/967] Emitting module _NIODataStructures
[73/967] Emitting module Rainbow
[74/968] Compiling Rainbow ColorApproximation.swift
[75/968] Compiling Rainbow ConditionalStyleBuilder.swift
[76/970] Compiling Rainbow Color.swift
[78/971] Compiling Rainbow String+ConditionalStyling.swift
[79/971] Compiling Rainbow String+Rainbow.swift
[80/971] Compiling RealModule RelaxedArithmetic.swift
[81/971] Compiling Rainbow StringGenerator.swift
[82/971] Compiling Rainbow Style.swift
[83/971] Compiling RealModule Float80+Real.swift
[84/971] Compiling SwiftASN1 TimeUtilities.swift
[85/971] Compiling SwiftASN1 UTCTime.swift
[86/971] Compiling Rainbow BackgroundColor.swift
[87/971] Compiling Rainbow CodesParser.swift
[89/971] Emitting module RealModule
[92/971] Compiling RealModule RealFunctions.swift
[93/971] Compiling RealModule Real.swift
[96/971] Emitting module SwiftASN1
[97/971] Compiling Rainbow ModesExtractor.swift
[98/971] Compiling Rainbow OutputTarget.swift
[99/971] Compiling Rainbow Rainbow.swift
[100/971] Compiling Rainbow ControlCode.swift
[101/971] Compiling Rainbow HSLColorConverter.swift
[102/971] Emitting module _NIOBase64
[103/971] Compiling _NIOBase64 Base64.swift
[107/972] Compiling RealModule Float16+Real.swift
[108/972] Compiling _NIODataStructures PriorityQueue.swift
[109/973] Compiling _NIODataStructures _TinyArray.swift
[111/986] Emitting module Path
[112/986] Compiling Logging LoggingSystem.swift
[113/987] Compiling Logging SwiftLogNoOpLogHandler.swift
[114/987] Compiling Logging Locks.swift
[115/987] Compiling Logging MetadataProvider.swift
[120/987] Compiling SwiftASN1 DER.swift
[121/987] Compiling SwiftASN1 Errors.swift
[122/987] Compiling Logging LogEvent.swift
[123/987] Compiling Logging LogHandler.swift
[125/988] Compiling _NIODataStructures Heap.swift
[129/989] Compiling SpectroCommon MigrationFile.swift
[136/990] Emitting module SpectroCommon
[141/990] Compiling Logging MultiplexLogHandler.swift
[142/990] Compiling Logging StreamLogHandler.swift
[143/990] Emitting module Logging
[144/990] Compiling SpectroCommon MigrationPlanningError.swift
[145/990] Compiling Rainbow StyledStringBuilder.swift
[147/1024] Compiling SpectroCommon MigrationSource.swift
[148/1024] Compiling InternalCollectionsUtilities BorrowingIteratorProtocol+Equality.swift
[149/1024] Compiling InternalCollectionsUtilities BorrowingIteratorProtocol+Extras.swift
[150/1024] Compiling SpectroCommon MigrationRecord.swift
[151/1024] Compiling SpectroCommon PreparedMigration.swift
[153/1025] Compiling CoreMetrics WithMetricsFactory.swift
[153/1028] Wrapping AST for _NIODataStructures for debugging
[155/1028] Compiling CoreMetrics Locks.swift
[156/1028] Compiling InternalCollectionsUtilities UnsafeMutablePointer+Extras.swift
[157/1028] Compiling InternalCollectionsUtilities UnsafeMutableRawBufferPointer+Extras.swift
[158/1028] Compiling InternalCollectionsUtilities UnsafePointer+Extras.swift
[158/1031] Wrapping AST for _NIOBase64 for debugging
[160/1031] Compiling Logging Logger+With.swift
[161/1031] Compiling Logging Logger.swift
[162/1031] Compiling Logging Logger+Attributes.swift
[163/1032] Compiling ConcurrencyHelpers LockedValueBox.swift
[163/1032] Compiling KeccakP-1600-opt64.c
[165/1032] Wrapping AST for SwiftASN1 for debugging
[166/1032] Wrapping AST for SpectroCommon for debugging
[167/1032] Wrapping AST for Rainbow for debugging
[168/1032] Wrapping AST for RealModule for debugging
[170/1032] Emitting module ConcurrencyHelpers
[170/1032] Wrapping AST for Logging for debugging
[171/1032] Compiling fiat_p256_adx_sqr.S
[173/1032] Compiling InternalCollectionsUtilities UnsafeRawBufferPointer+Extras.swift
[174/1032] Compiling InternalCollectionsUtilities _SortedCollection.swift
[175/1032] Compiling InternalCollectionsUtilities _UniqueCollection.swift
[175/1032] Compiling fiat_p256_adx_mul.S
[176/1032] Compiling fiat_curve25519_adx_square.S
[177/1032] Compiling fiat_curve25519_adx_mul.S
[179/1032] Compiling Path Path.swift
[181/1033] Compiling InternalCollectionsUtilities Debugging.swift
[182/1033] Compiling InternalCollectionsUtilities Descriptions.swift
[187/1034] Compiling ConcurrencyHelpers Lock.swift
[189/1035] Compiling InternalCollectionsUtilities Iterable+CopyContents.swift
[190/1035] Compiling InternalCollectionsUtilities Iterable+Equality.swift
[191/1035] Compiling InternalCollectionsUtilities LifetimeOverride.swift
[192/1035] Compiling InternalCollectionsUtilities MutableRef.swift
[193/1035] Compiling InternalCollectionsUtilities FixedWidthInteger+roundUpToPowerOfTwo.swift
[194/1035] Compiling InternalCollectionsUtilities Integer rank.swift
[195/1035] Compiling InternalCollectionsUtilities UInt+first and last set bit.swift
[196/1035] Compiling InternalCollectionsUtilities UInt+reversed.swift
[197/1038] Emitting module CoreMetrics
[198/1074] Compiling Noora TableStyle.swift
[199/1074] Compiling Noora UpdatingSelectableTable.swift
[200/1074] Compiling Noora UpdatingTable.swift
[201/1074] Compiling Noora TextPrompt.swift
[202/1074] Compiling Noora StandardPipelineType.swift
[203/1074] Compiling Noora Theme.swift
[204/1074] Compiling Noora KeyStrokeListener.swift
[205/1074] Compiling Noora LockIsolated.swift
[206/1074] Compiling Noora YesOrNoChoicePrompt.swift
[207/1074] Compiling Noora Content.swift
[208/1074] Compiling Noora NooraError.swift
[209/1074] Compiling Noora NooraMock.swift
[210/1074] Emitting module InternalCollectionsUtilities
[212/1075] Compiling CoreMetrics Metrics.swift
[213/1076] Compiling CoreMetrics MappingMetricsFactory.swift
[215/1149] Emitting module UnixSignals
[216/1149] Compiling UnixSignals UnixSignalsSequence.swift
[217/1149] Compiling UnixSignals UnixSignal.swift
[219/1150] Compiling SpectroCommon MigrationSource.swift
[220/1150] Compiling _RopeModule BigString+UTF16View.swift
[221/1150] Compiling _RopeModule BigString+UTF8View.swift
[222/1150] Emitting module SpectroCommon
[223/1150] Compiling SpectroCommon PreparedMigration.swift
[224/1150] Compiling SpectroCommon MigrationFile.swift
[225/1150] Compiling _RopeModule BigSubstring+UTF8View.swift
[226/1150] Compiling _RopeModule BigSubstring+UnicodeScalarView.swift
[227/1150] Compiling SpectroCommon MigrationPlanningError.swift
[228/1150] Compiling SpectroCommon MigrationRecord.swift
[229/1155] Compiling tls13_server.cc
[230/1155] Compiling tls_record.cc
[230/1155] Compiling tls_method.cc
[230/1155] Compiling tls13_enc.cc
[234/1155] Emitting module SpanPreview
[235/1155] Compiling SpanPreview OutputSpan+InputSpanHelpers.swift
[236/1155] Compiling SpanPreview InputSpan.swift
[237/1155] Compiling SpanPreview MutableSpan+InputSpanHelpers.swift
[237/1157] Wrapping AST for UnixSignals for debugging
[239/1271] Wrapping AST for SpectroCommon for debugging
[241/1277] Compiling HashTreeCollections _HashNode+Initializers.swift
/host/spi-builder-workspace/.build/checkouts/Noora/cli/Sources/Noora/Utilities/Terminal.swift:13:12: error: no such module 'Darwin'
 11 |     import WinSDK
 12 | #else
 13 |     import Darwin
    |            `- error: no such module 'Darwin'
 14 | #endif
 15 |
[242/1277] Compiling HashTreeCollections _HashNode+Invariants.swift
/host/spi-builder-workspace/.build/checkouts/Noora/cli/Sources/Noora/Utilities/Terminal.swift:13:12: error: no such module 'Darwin'
 11 |     import WinSDK
 12 | #else
 13 |     import Darwin
    |            `- error: no such module 'Darwin'
 14 | #endif
 15 |
[243/1277] Compiling HashTreeCollections _HashNode+Lookups.swift
/host/spi-builder-workspace/.build/checkouts/Noora/cli/Sources/Noora/Utilities/Terminal.swift:13:12: error: no such module 'Darwin'
 11 |     import WinSDK
 12 | #else
 13 |     import Darwin
    |            `- error: no such module 'Darwin'
 14 | #endif
 15 |
[244/1277] Compiling HashTreeCollections _HashNode+Primitive Insertions.swift
/host/spi-builder-workspace/.build/checkouts/Noora/cli/Sources/Noora/Utilities/Terminal.swift:13:12: error: no such module 'Darwin'
 11 |     import WinSDK
 12 | #else
 13 |     import Darwin
    |            `- error: no such module 'Darwin'
 14 | #endif
 15 |
[245/1277] Compiling HashTreeCollections _HashNode+Structural subtracting.swift
/host/spi-builder-workspace/.build/checkouts/Noora/cli/Sources/Noora/Utilities/Terminal.swift:13:12: error: no such module 'Darwin'
 11 |     import WinSDK
 12 | #else
 13 |     import Darwin
    |            `- error: no such module 'Darwin'
 14 | #endif
 15 |
[246/1279] Compiling HeapModule Heap+ExpressibleByArrayLiteral.swift
[247/1307] Compiling Metrics Metrics.swift
[248/1307] Emitting module Metrics
[249/1308] Compiling HeapModule Heap+Descriptions.swift
[250/1308] Compiling HeapModule _HeapNode.swift
[251/1308] Compiling HashTreeCollections _HashTreeIterator.swift
/host/spi-builder-workspace/.build/checkouts/Noora/cli/Sources/Noora/Utilities/Terminal.swift:13:12: error: no such module 'Darwin'
 11 |     import WinSDK
 12 | #else
 13 |     import Darwin
    |            `- error: no such module 'Darwin'
 14 | #endif
 15 |
[252/1308] Compiling HashTreeCollections _HashTreeStatistics.swift
/host/spi-builder-workspace/.build/checkouts/Noora/cli/Sources/Noora/Utilities/Terminal.swift:13:12: error: no such module 'Darwin'
 11 |     import WinSDK
 12 | #else
 13 |     import Darwin
    |            `- error: no such module 'Darwin'
 14 | #endif
 15 |
[253/1308] Compiling HashTreeCollections _RawHashNode+UnsafeHandle.swift
/host/spi-builder-workspace/.build/checkouts/Noora/cli/Sources/Noora/Utilities/Terminal.swift:13:12: error: no such module 'Darwin'
 11 |     import WinSDK
 12 | #else
 13 |     import Darwin
    |            `- error: no such module 'Darwin'
 14 | #endif
 15 |
[254/1308] Compiling HashTreeCollections _RawHashNode.swift
/host/spi-builder-workspace/.build/checkouts/Noora/cli/Sources/Noora/Utilities/Terminal.swift:13:12: error: no such module 'Darwin'
 11 |     import WinSDK
 12 | #else
 13 |     import Darwin
    |            `- error: no such module 'Darwin'
 14 | #endif
 15 |
[255/1308] Compiling HashTreeCollections _UnmanagedHashNode.swift
/host/spi-builder-workspace/.build/checkouts/Noora/cli/Sources/Noora/Utilities/Terminal.swift:13:12: error: no such module 'Darwin'
 11 |     import WinSDK
 12 | #else
 13 |     import Darwin
    |            `- error: no such module 'Darwin'
 14 | #endif
 15 |
[257/1350] Compiling SpectroMacros SpectroMacrosPlugin.swift
[257/1350] Wrapping AST for SpanPreview for debugging
[259/1350] Compiling DequeModule UniqueDeque+Equatable.swift
/host/spi-builder-workspace/.build/checkouts/Noora/cli/Sources/Noora/Utilities/Terminal.swift:13:12: error: no such module 'Darwin'
 11 |     import WinSDK
 12 | #else
 13 |     import Darwin
    |            `- error: no such module 'Darwin'
 14 | #endif
 15 |
[260/1350] Compiling DequeModule UniqueDeque+Hashable.swift
/host/spi-builder-workspace/.build/checkouts/Noora/cli/Sources/Noora/Utilities/Terminal.swift:13:12: error: no such module 'Darwin'
 11 |     import WinSDK
 12 | #else
 13 |     import Darwin
    |            `- error: no such module 'Darwin'
 14 | #endif
 15 |
[261/1350] Compiling DequeModule UniqueDeque+Initializers.swift
/host/spi-builder-workspace/.build/checkouts/Noora/cli/Sources/Noora/Utilities/Terminal.swift:13:12: error: no such module 'Darwin'
 11 |     import WinSDK
 12 | #else
 13 |     import Darwin
    |            `- error: no such module 'Darwin'
 14 | #endif
 15 |
[262/1350] Compiling DequeModule UniqueDeque+Insertions.swift
/host/spi-builder-workspace/.build/checkouts/Noora/cli/Sources/Noora/Utilities/Terminal.swift:13:12: error: no such module 'Darwin'
 11 |     import WinSDK
 12 | #else
 13 |     import Darwin
    |            `- error: no such module 'Darwin'
 14 | #endif
 15 |
[263/1350] Compiling DequeModule UniqueDeque+Iterable.swift
/host/spi-builder-workspace/.build/checkouts/Noora/cli/Sources/Noora/Utilities/Terminal.swift:13:12: error: no such module 'Darwin'
 11 |     import WinSDK
 12 | #else
 13 |     import Darwin
    |            `- error: no such module 'Darwin'
 14 | #endif
 15 |
[264/1350] Compiling DequeModule UniqueDeque+Append.swift
/host/spi-builder-workspace/.build/checkouts/Noora/cli/Sources/Noora/Utilities/Terminal.swift:13:12: error: no such module 'Darwin'
 11 |     import WinSDK
 12 | #else
 13 |     import Darwin
    |            `- error: no such module 'Darwin'
 14 | #endif
 15 |
[265/1350] Compiling DequeModule UniqueDeque+Consumption.swift
/host/spi-builder-workspace/.build/checkouts/Noora/cli/Sources/Noora/Utilities/Terminal.swift:13:12: error: no such module 'Darwin'
 11 |     import WinSDK
 12 | #else
 13 |     import Darwin
    |            `- error: no such module 'Darwin'
 14 | #endif
 15 |
[266/1350] Compiling DequeModule UniqueDeque+ContainerOperations.swift
/host/spi-builder-workspace/.build/checkouts/Noora/cli/Sources/Noora/Utilities/Terminal.swift:13:12: error: no such module 'Darwin'
 11 |     import WinSDK
 12 | #else
 13 |     import Darwin
    |            `- error: no such module 'Darwin'
 14 | #endif
 15 |
[267/1350] Compiling DequeModule UniqueDeque+Deprecations.swift
/host/spi-builder-workspace/.build/checkouts/Noora/cli/Sources/Noora/Utilities/Terminal.swift:13:12: error: no such module 'Darwin'
 11 |     import WinSDK
 12 | #else
 13 |     import Darwin
    |            `- error: no such module 'Darwin'
 14 | #endif
 15 |
[268/1350] Compiling DequeModule UniqueDeque+Descriptions.swift
/host/spi-builder-workspace/.build/checkouts/Noora/cli/Sources/Noora/Utilities/Terminal.swift:13:12: error: no such module 'Darwin'
 11 |     import WinSDK
 12 | #else
 13 |     import Darwin
    |            `- error: no such module 'Darwin'
 14 | #endif
 15 |
[269/1350] Compiling DequeModule Deque+Descriptions.swift
/host/spi-builder-workspace/.build/checkouts/Noora/cli/Sources/Noora/Utilities/Terminal.swift:13:12: error: no such module 'Darwin'
 11 |     import WinSDK
 12 | #else
 13 |     import Darwin
    |            `- error: no such module 'Darwin'
 14 | #endif
 15 |
[270/1350] Compiling DequeModule Deque+Equatable.swift
/host/spi-builder-workspace/.build/checkouts/Noora/cli/Sources/Noora/Utilities/Terminal.swift:13:12: error: no such module 'Darwin'
 11 |     import WinSDK
 12 | #else
 13 |     import Darwin
    |            `- error: no such module 'Darwin'
 14 | #endif
 15 |
[271/1350] Compiling DequeModule Deque+ExpressibleByArrayLiteral.swift
/host/spi-builder-workspace/.build/checkouts/Noora/cli/Sources/Noora/Utilities/Terminal.swift:13:12: error: no such module 'Darwin'
 11 |     import WinSDK
 12 | #else
 13 |     import Darwin
    |            `- error: no such module 'Darwin'
 14 | #endif
 15 |
[272/1350] Compiling Noora RegexValidationRule.swift
/host/spi-builder-workspace/.build/checkouts/Noora/cli/Sources/Noora/Utilities/Terminal.swift:13:12: error: no such module 'Darwin'
 11 |     import WinSDK
 12 | #else
 13 |     import Darwin
    |            `- error: no such module 'Darwin'
 14 | #endif
 15 |
[273/1350] Compiling Noora Validator.swift
/host/spi-builder-workspace/.build/checkouts/Noora/cli/Sources/Noora/Utilities/Terminal.swift:13:12: error: no such module 'Darwin'
 11 |     import WinSDK
 12 | #else
 13 |     import Darwin
    |            `- error: no such module 'Darwin'
 14 | #endif
 15 |
[273/1350] Wrapping AST for Path for debugging
[275/1350] Compiling HeapModule Heap.swift
[275/1350] Wrapping AST for Metrics for debugging
[276/1350] Wrapping AST for InternalCollectionsUtilities for debugging
[278/1350] Compiling DequeModule RigidDeque+Descriptions.swift
/host/spi-builder-workspace/.build/checkouts/Noora/cli/Sources/Noora/Utilities/Terminal.swift:13:12: error: no such module 'Darwin'
 11 |     import WinSDK
 12 | #else
 13 |     import Darwin
    |            `- error: no such module 'Darwin'
 14 | #endif
 15 |
[279/1350] Compiling DequeModule RigidDeque+Equatable.swift
/host/spi-builder-workspace/.build/checkouts/Noora/cli/Sources/Noora/Utilities/Terminal.swift:13:12: error: no such module 'Darwin'
 11 |     import WinSDK
 12 | #else
 13 |     import Darwin
    |            `- error: no such module 'Darwin'
 14 | #endif
 15 |
[280/1350] Compiling DequeModule RigidDeque+Hashable.swift
/host/spi-builder-workspace/.build/checkouts/Noora/cli/Sources/Noora/Utilities/Terminal.swift:13:12: error: no such module 'Darwin'
 11 |     import WinSDK
 12 | #else
 13 |     import Darwin
    |            `- error: no such module 'Darwin'
 14 | #endif
 15 |
[281/1350] Compiling DequeModule RigidDeque+Initializers.swift
/host/spi-builder-workspace/.build/checkouts/Noora/cli/Sources/Noora/Utilities/Terminal.swift:13:12: error: no such module 'Darwin'
 11 |     import WinSDK
 12 | #else
 13 |     import Darwin
    |            `- error: no such module 'Darwin'
 14 | #endif
 15 |
[282/1350] Compiling DequeModule RigidDeque+Insertions.swift
/host/spi-builder-workspace/.build/checkouts/Noora/cli/Sources/Noora/Utilities/Terminal.swift:13:12: error: no such module 'Darwin'
 11 |     import WinSDK
 12 | #else
 13 |     import Darwin
    |            `- error: no such module 'Darwin'
 14 | #endif
 15 |
[283/1350] Compiling DequeModule RigidDeque+Iterable.swift
/host/spi-builder-workspace/.build/checkouts/Noora/cli/Sources/Noora/Utilities/Terminal.swift:13:12: error: no such module 'Darwin'
 11 |     import WinSDK
 12 | #else
 13 |     import Darwin
    |            `- error: no such module 'Darwin'
 14 | #endif
 15 |
[284/1350] Compiling HeapModule Heap+UnsafeHandle.swift
[285/1350] Compiling HeapModule Heap+Testing.swift
[286/1350] Emitting module HeapModule
[287/1350] Compiling HeapModule Heap+Invariants.swift
[288/1351] Compiling DequeModule _DequeBuffer.swift
/host/spi-builder-workspace/.build/checkouts/Noora/cli/Sources/Noora/Utilities/Terminal.swift:13:12: error: no such module 'Darwin'
 11 |     import WinSDK
 12 | #else
 13 |     import Darwin
    |            `- error: no such module 'Darwin'
 14 | #endif
 15 |
[289/1351] Compiling DequeModule _DequeBufferHeader.swift
/host/spi-builder-workspace/.build/checkouts/Noora/cli/Sources/Noora/Utilities/Terminal.swift:13:12: error: no such module 'Darwin'
 11 |     import WinSDK
 12 | #else
 13 |     import Darwin
    |            `- error: no such module 'Darwin'
 14 | #endif
 15 |
[290/1351] Compiling DequeModule RigidDeque+Append.swift
/host/spi-builder-workspace/.build/checkouts/Noora/cli/Sources/Noora/Utilities/Terminal.swift:13:12: error: no such module 'Darwin'
 11 |     import WinSDK
 12 | #else
 13 |     import Darwin
    |            `- error: no such module 'Darwin'
 14 | #endif
 15 |
[291/1351] Compiling DequeModule RigidDeque+Consumption.swift
/host/spi-builder-workspace/.build/checkouts/Noora/cli/Sources/Noora/Utilities/Terminal.swift:13:12: error: no such module 'Darwin'
 11 |     import WinSDK
 12 | #else
 13 |     import Darwin
    |            `- error: no such module 'Darwin'
 14 | #endif
 15 |
[292/1351] Compiling DequeModule RigidDeque+ContainerOperations.swift
/host/spi-builder-workspace/.build/checkouts/Noora/cli/Sources/Noora/Utilities/Terminal.swift:13:12: error: no such module 'Darwin'
 11 |     import WinSDK
 12 | #else
 13 |     import Darwin
    |            `- error: no such module 'Darwin'
 14 | #endif
 15 |
[293/1351] Compiling DequeModule RigidDeque+Deprecations.swift
/host/spi-builder-workspace/.build/checkouts/Noora/cli/Sources/Noora/Utilities/Terminal.swift:13:12: error: no such module 'Darwin'
 11 |     import WinSDK
 12 | #else
 13 |     import Darwin
    |            `- error: no such module 'Darwin'
 14 | #endif
 15 |
[294/1351] Wrapping AST for CoreMetrics for debugging
[301/1356] Wrapping AST for ConcurrencyHelpers for debugging
[303/1356] Compiling HashTreeCollections TreeSet+Hashable.swift
[304/1356] Compiling HashTreeCollections TreeSet+Sendable.swift
[305/1356] Compiling HashTreeCollections TreeSet+Sequence.swift
[306/1356] Compiling HashTreeCollections TreeSet+SetAlgebra Initializers.swift
[307/1356] Compiling HashTreeCollections TreeSet+SetAlgebra basics.swift
[308/1356] Compiling HashTreeCollections TreeSet+SetAlgebra formIntersection.swift
[309/1356] Compiling HashTreeCollections TreeSet+SetAlgebra formSymmetricDifference.swift
[310/1356] Compiling HashTreeCollections TreeSet+SetAlgebra formUnion.swift
[311/1356] Compiling HashTreeCollections TreeSet+SetAlgebra intersection.swift
[312/1356] Compiling HashTreeCollections TreeSet+SetAlgebra isDisjoint.swift
[314/1366] Compiling DequeModule UniqueDeque+Replacements.swift
[315/1366] Compiling DequeModule UniqueDeque.swift
[316/1366] Compiling DequeModule _DequeSlot.swift
[317/1366] Compiling DequeModule _UnsafeDequeHandle.swift
[318/1366] Compiling DequeModule _UnsafeDequeSegments.swift
[319/1366] Compiling HashTreeCollections TreeDictionary+Filter.swift
[320/1366] Compiling HashTreeCollections TreeDictionary+Hashable.swift
[320/1366] Wrapping AST for HeapModule for debugging
[322/1373] Compiling HashTreeCollections TreeDictionary+Initializers.swift
[323/1373] Compiling HashTreeCollections TreeDictionary+Keys.swift
[324/1373] Compiling HashTreeCollections TreeDictionary+MapValues.swift
[325/1373] Compiling HashTreeCollections TreeDictionary+Merge.swift
[326/1373] Compiling HashTreeCollections TreeDictionary+Sendable.swift
[327/1373] Compiling HashTreeCollections TreeDictionary+Sequence.swift
[328/1373] Compiling HashTreeCollections TreeDictionary+Values.swift
[329/1373] Compiling HashTreeCollections TreeDictionary.swift
[333/1373] Compiling DequeModule UniqueDeque+Prepend.swift
[334/1373] Compiling DequeModule UniqueDeque+Removals.swift
[353/1373] Compiling OrderedCollections OrderedSet+Sendable.swift
[354/1373] Compiling OrderedCollections OrderedSet+SubSequence.swift
[355/1373] Compiling OrderedCollections OrderedSet+Testing.swift
[356/1373] Compiling OrderedCollections OrderedSet+UnorderedView.swift
[372/1382] Compiling OrderedCollections OrderedSet+UnstableInternals.swift
[373/1382] Compiling OrderedCollections OrderedSet.swift
[374/1382] Compiling OrderedCollections _UnsafeBitset.swift
[375/1382] Compiling HashTreeCollections TreeSet+Extras.swift
[376/1382] Compiling HashTreeCollections TreeSet+Filter.swift
error: emit-module command failed with exit code 1 (use -v to see invocation)
[377/1382] Emitting module Noora
/host/spi-builder-workspace/.build/checkouts/Noora/cli/Sources/Noora/Utilities/Terminal.swift:13:12: error: no such module 'Darwin'
 11 |     import WinSDK
 12 | #else
 13 |     import Darwin
    |            `- error: no such module 'Darwin'
 14 | #endif
 15 |
[378/1382] Compiling DequeModule Deque+Extras.swift
/host/spi-builder-workspace/.build/checkouts/Noora/cli/Sources/Noora/Utilities/Terminal.swift:13:12: error: no such module 'Darwin'
 11 |     import WinSDK
 12 | #else
 13 |     import Darwin
    |            `- error: no such module 'Darwin'
 14 | #endif
 15 |
[379/1382] Compiling DequeModule Deque+Hashable.swift
/host/spi-builder-workspace/.build/checkouts/Noora/cli/Sources/Noora/Utilities/Terminal.swift:13:12: error: no such module 'Darwin'
 11 |     import WinSDK
 12 | #else
 13 |     import Darwin
    |            `- error: no such module 'Darwin'
 14 | #endif
 15 |
[380/1382] Compiling DequeModule Deque+Testing.swift
/host/spi-builder-workspace/.build/checkouts/Noora/cli/Sources/Noora/Utilities/Terminal.swift:13:12: error: no such module 'Darwin'
 11 |     import WinSDK
 12 | #else
 13 |     import Darwin
    |            `- error: no such module 'Darwin'
 14 | #endif
 15 |
[381/1382] Compiling DequeModule Deque._Storage.swift
/host/spi-builder-workspace/.build/checkouts/Noora/cli/Sources/Noora/Utilities/Terminal.swift:13:12: error: no such module 'Darwin'
 11 |     import WinSDK
 12 | #else
 13 |     import Darwin
    |            `- error: no such module 'Darwin'
 14 | #endif
 15 |
[382/1382] Compiling DequeModule Deque._UnsafeHandle.swift
/host/spi-builder-workspace/.build/checkouts/Noora/cli/Sources/Noora/Utilities/Terminal.swift:13:12: error: no such module 'Darwin'
 11 |     import WinSDK
 12 | #else
 13 |     import Darwin
    |            `- error: no such module 'Darwin'
 14 | #endif
 15 |
[383/1382] Compiling DequeModule Deque.swift
/host/spi-builder-workspace/.build/checkouts/Noora/cli/Sources/Noora/Utilities/Terminal.swift:13:12: error: no such module 'Darwin'
 11 |     import WinSDK
 12 | #else
 13 |     import Darwin
    |            `- error: no such module 'Darwin'
 14 | #endif
 15 |
[384/1382] Compiling DequeModule RigidDeque+Prepend.swift
[385/1382] Compiling DequeModule RigidDeque+Removals.swift
[386/1382] Compiling DequeModule RigidDeque+Replacements.swift
[387/1382] Compiling DequeModule RigidDeque+Testing.swift
[388/1382] Compiling DequeModule RigidDeque.swift
[389/1382] Compiling tls13_client.cc
[389/1382] Compiling tls13_both.cc
BUILD FAILURE 6.2 wasm