Build Information
Failed to build SwiftUPnP, reference main (fcd298), with Swift 6.1 for Wasm on 18 Oct 2026 21:30:58 UTC.
Build Command
bash -c docker run --pull=always --rm -v "checkouts-53886770-0":/host -w "$PWD" -e JAVA_HOME="/root/.sdkman/candidates/java/current" -e SPI_BUILD="1" -e SPI_PROCESSING="1" registry.gitlab.com/saguaro1/spi-images:wasm-6.1-latest swift build --swift-sdk wasm32-unknown-wasi 2>&1Build Log
========================================
RunAll
========================================
Builder version: 5.1.3
Interrupt handler set up.
========================================
Checkout
========================================
Clone URL: https://github.com/katoemba/SwiftUPnP.git
Reference: main
Initialized empty Git repository in /host/spi-builder-workspace/.git/
hint: Using 'master' as the name for the initial branch. This default branch name
hint: is subject to change. To configure the initial branch name to use in all
hint: of your new repositories, which will suppress this warning, call:
hint:
hint: git config --global init.defaultBranch <name>
hint:
hint: Names commonly chosen instead of 'master' are 'main', 'trunk' and
hint: 'development'. The just-created branch can be renamed via this command:
hint:
hint: git branch -m <name>
From https://github.com/katoemba/SwiftUPnP
* branch main -> FETCH_HEAD
* [new branch] main -> origin/main
HEAD is now at fcd298d Make SSDP discovery resilient to network changes and fix byebye handling.
Cloned https://github.com/katoemba/SwiftUPnP.git
Revision (git rev-parse @):
fcd298d753bfd9b59ffb45df684694edea2f23bd
SUCCESS checkout https://github.com/katoemba/SwiftUPnP.git at main
========================================
Build
========================================
Selected platform: wasm
Swift version: 6.1
Building package at path: $PWD
https://github.com/katoemba/SwiftUPnP.git
https://github.com/katoemba/SwiftUPnP.git
WARNING: environment variable SUPPRESS_SWIFT_6_FLAGS is not set
Running build ...
bash -c docker run --pull=always --rm -v "checkouts-53886770-0":/host -w "$PWD" -e JAVA_HOME="/root/.sdkman/candidates/java/current" -e SPI_BUILD="1" -e SPI_PROCESSING="1" registry.gitlab.com/saguaro1/spi-images:wasm-6.1-latest swift build --swift-sdk wasm32-unknown-wasi -Xswiftc -Xfrontend -Xswiftc -stats-output-dir -Xswiftc -Xfrontend -Xswiftc .stats -Xswiftc -strict-concurrency=complete -Xswiftc -enable-upcoming-feature -Xswiftc StrictConcurrency -Xswiftc -enable-upcoming-feature -Xswiftc DisableOutwardActorInference -Xswiftc -enable-upcoming-feature -Xswiftc GlobalActorIsolatedTypesUsability -Xswiftc -enable-upcoming-feature -Xswiftc InferSendableFromCaptures 2>&1
wasm-6.1-latest: Pulling from saguaro1/spi-images
Digest: sha256:8209621f35c5a12749e7df75bbcb99eccb508d0196da99f6ac3bcf5f4827df31
Status: Image is up to date for registry.gitlab.com/saguaro1/spi-images:wasm-6.1-latest
Fetching https://github.com/robbiehanson/CocoaAsyncSocket.git
[1/6440] Fetching cocoaasyncsocket
Fetched https://github.com/robbiehanson/CocoaAsyncSocket.git from cache (0.60s)
Fetching https://github.com/WeTransfer/Mocker.git
Fetching https://github.com/CoreOffice/XMLCoder.git
[1/1906] Fetching mocker
[974/12035] Fetching mocker, xmlcoder
Fetched https://github.com/WeTransfer/Mocker.git from cache (0.42s)
[2330/10129] Fetching xmlcoder
Fetched https://github.com/CoreOffice/XMLCoder.git from cache (0.54s)
Computing version for https://github.com/WeTransfer/Mocker.git
Computed https://github.com/WeTransfer/Mocker.git at 3.0.2 (0.80s)
Computing version for https://github.com/CoreOffice/XMLCoder.git
Computed https://github.com/CoreOffice/XMLCoder.git at 0.18.2 (0.26s)
Creating working copy for https://github.com/CoreOffice/XMLCoder.git
Working copy of https://github.com/CoreOffice/XMLCoder.git resolved at 0.18.2
Creating working copy for https://github.com/robbiehanson/CocoaAsyncSocket.git
Working copy of https://github.com/robbiehanson/CocoaAsyncSocket.git resolved at master (5ddba5e)
Creating working copy for https://github.com/WeTransfer/Mocker.git
Working copy of https://github.com/WeTransfer/Mocker.git resolved at 3.0.2
Building for debugging...
[0/10] Write sources
In file included from /host/spi-builder-workspace/.build/checkouts/CocoaAsyncSocket/Source/GCD/GCDAsyncSocket.m:11:
/host/spi-builder-workspace/.build/checkouts/CocoaAsyncSocket/Source/GCD/GCDAsyncSocket.h:11:9: fatal error: 'Foundation/Foundation.h' file not found
11 | #import <Foundation/Foundation.h>
| ^~~~~~~~~~~~~~~~~~~~~~~~~
1 error generated.
[3/10] Compiling CocoaAsyncSocket GCDAsyncSocket.m
In file included from /host/spi-builder-workspace/.build/checkouts/CocoaAsyncSocket/Source/GCD/GCDAsyncUdpSocket.m:11:
/host/spi-builder-workspace/.build/checkouts/CocoaAsyncSocket/Source/GCD/GCDAsyncUdpSocket.h:11:9: fatal error: 'Foundation/Foundation.h' file not found
11 | #import <Foundation/Foundation.h>
| ^~~~~~~~~~~~~~~~~~~~~~~~~
1 error generated.
[3/10] Compiling CocoaAsyncSocket GCDAsyncUdpSocket.m
[3/10] Write swift-version-24593BA9C3E375BF.txt
Running build ...
bash -c docker run --pull=always --rm -v "checkouts-53886770-0":/host -w "$PWD" -e JAVA_HOME="/root/.sdkman/candidates/java/current" -e SPI_BUILD="1" -e SPI_PROCESSING="1" registry.gitlab.com/saguaro1/spi-images:wasm-6.1-latest swift build --swift-sdk wasm32-unknown-wasi 2>&1
wasm-6.1-latest: Pulling from saguaro1/spi-images
Digest: sha256:8209621f35c5a12749e7df75bbcb99eccb508d0196da99f6ac3bcf5f4827df31
Status: Image is up to date for registry.gitlab.com/saguaro1/spi-images:wasm-6.1-latest
[0/1] Planning build
Building for debugging...
In file included from /host/spi-builder-workspace/.build/checkouts/CocoaAsyncSocket/Source/GCD/GCDAsyncSocket.m:11:
/host/spi-builder-workspace/.build/checkouts/CocoaAsyncSocket/Source/GCD/GCDAsyncSocket.h:11:9: fatal error: 'Foundation/Foundation.h' file not found
11 | #import <Foundation/Foundation.h>
| ^~~~~~~~~~~~~~~~~~~~~~~~~
1 error generated.
[0/7] Compiling CocoaAsyncSocket GCDAsyncSocket.m
In file included from /host/spi-builder-workspace/.build/checkouts/CocoaAsyncSocket/Source/GCD/GCDAsyncUdpSocket.m:11:
/host/spi-builder-workspace/.build/checkouts/CocoaAsyncSocket/Source/GCD/GCDAsyncUdpSocket.h:11:9: fatal error: 'Foundation/Foundation.h' file not found
11 | #import <Foundation/Foundation.h>
| ^~~~~~~~~~~~~~~~~~~~~~~~~
1 error generated.
[0/7] Compiling CocoaAsyncSocket GCDAsyncUdpSocket.m
[0/7] Write swift-version-24593BA9C3E375BF.txt
BUILD FAILURE 6.1 wasm