Build Information
Failed to build AMScrollingNavbar, reference master (5016bc), with Swift 6.4 for macOS (Xcode) using Xcode 27.0 on 17 Sep 2026 21:27:45 UTC.
Build Command
env DEVELOPER_DIR=/Applications/Xcode-27.0.0-Release.Candidate.app xcrun xcodebuild -IDEClonedSourcePackagesDirPathOverride=$PWD/.dependencies -skipMacroValidation -skipPackagePluginValidation -derivedDataPath $PWD/.derivedData build -scheme AMScrollingNavbar -destination platform=macOS,arch=arm64Build Log
========================================
RunAll
========================================
Builder version: 5.1.0
Interrupt handler set up.
========================================
Checkout
========================================
Clone URL: https://github.com/andreamazz/AMScrollingNavbar.git
Reference: master
Initialized empty Git repository in /Users/admin/builder/spi-builder-workspace/.git/
From https://github.com/andreamazz/AMScrollingNavbar
* branch master -> FETCH_HEAD
* [new branch] master -> origin/master
HEAD is now at 5016bc1 Update demo app
Cloned https://github.com/andreamazz/AMScrollingNavbar.git
Revision (git rev-parse @):
5016bc166af5cd08676fed5d762e00e6333a88ac
SUCCESS checkout https://github.com/andreamazz/AMScrollingNavbar.git at master
========================================
Build
========================================
Selected platform: macosXcodebuild
Swift version: 6.4
Building package at path: $PWD
https://github.com/andreamazz/AMScrollingNavbar.git
Command line invocation:
/Applications/Xcode-27.0.0-Release.Candidate.app/Contents/Developer/usr/bin/xcodebuild -IDEClonedSourcePackagesDirPathOverride=/Users/admin/builder/spi-builder-workspace/.dependencies -resolvePackageDependencies
resolved source packages:
{
"dependencies" : [
],
"manifest_display_name" : "AMScrollingNavbar",
"name" : "AMScrollingNavbar",
"path" : "/Users/admin/builder/spi-builder-workspace",
"platforms" : [
],
"products" : [
{
"name" : "AMScrollingNavbar",
"targets" : [
"AMScrollingNavbar"
],
"type" : {
"library" : [
"automatic"
]
}
}
],
"targets" : [
{
"c99name" : "AMScrollingNavbar",
"module_type" : "SwiftTarget",
"name" : "AMScrollingNavbar",
"path" : "Source",
"product_memberships" : [
"AMScrollingNavbar"
],
"sources" : [
"ScrollingNavbar+Sizes.swift",
"ScrollingNavigationController.swift",
"ScrollingNavigationViewController.swift"
],
"type" : "library"
}
],
"tools_version" : "5.0"
}
{
"project" : {
"configurations" : [
"Debug",
"Release"
],
"name" : "AMScrollingNavbar",
"schemes" : [
"AMScrollingNavbar"
],
"targets" : [
"AMScrollingNavbar"
]
}
}
Running build ...
env DEVELOPER_DIR=/Applications/Xcode-27.0.0-Release.Candidate.app xcrun xcodebuild -IDEClonedSourcePackagesDirPathOverride=$PWD/.dependencies -skipMacroValidation -skipPackagePluginValidation -derivedDataPath $PWD/.derivedData build -scheme AMScrollingNavbar -destination platform=macOS,arch=arm64
Command line invocation:
/Applications/Xcode-27.0.0-Release.Candidate.app/Contents/Developer/usr/bin/xcodebuild -IDEClonedSourcePackagesDirPathOverride=/Users/admin/builder/spi-builder-workspace/.dependencies -skipMacroValidation -skipPackagePluginValidation -derivedDataPath /Users/admin/builder/spi-builder-workspace/.derivedData build -scheme AMScrollingNavbar -destination platform=macOS,arch=arm64
ComputePackagePrebuildTargetDependencyGraph
Prepare packages
CreateBuildRequest
SendProjectDescription
CreateBuildOperation
ComputeTargetDependencyGraph
note: Building targets in dependency order
note: Target dependency graph (1 target)
Target 'AMScrollingNavbar' in project 'AMScrollingNavbar' (no dependencies)
GatherProvisioningInputs
CreateBuildDescription
ExecuteExternalTool /Applications/Xcode-27.0.0-Release.Candidate.app/Contents/Developer/Toolchains/XcodeDefault.xctoolchain/usr/bin/clang -v -E -dM -isysroot /Applications/Xcode-27.0.0-Release.Candidate.app/Contents/Developer/Platforms/MacOSX.platform/Developer/SDKs/MacOSX27.0.sdk -x c -c /dev/null
ExecuteExternalTool /Applications/Xcode-27.0.0-Release.Candidate.app/Contents/Developer/Toolchains/XcodeDefault.xctoolchain/usr/bin/clang -v -E -dM -arch arm64 -isysroot /Applications/Xcode-27.0.0-Release.Candidate.app/Contents/Developer/Platforms/MacOSX.platform/Developer/SDKs/MacOSX27.0.sdk -x c -c /dev/null
ExecuteExternalTool /Applications/Xcode-27.0.0-Release.Candidate.app/Contents/Developer/Toolchains/XcodeDefault.xctoolchain/usr/bin/swiftc --version
ExecuteExternalTool /Applications/Xcode-27.0.0-Release.Candidate.app/Contents/Developer/Toolchains/XcodeDefault.xctoolchain/usr/bin/ld -version_details
Build description signature: 43c86ee9a9cdace0a76c7c7abf71f80a
Build description path: /Users/admin/builder/spi-builder-workspace/.derivedData/Build/Intermediates.noindex/XCBuildData/43c86ee9a9cdace0a76c7c7abf71f80a.xcbuilddata
/Users/admin/builder/spi-builder-workspace/AMScrollingNavbar.xcodeproj: error: The macOS deployment target 'MACOSX_DEPLOYMENT_TARGET' is set to 10.15, but the range of supported deployment target versions is 12.0 to 27.0.x. (in target 'AMScrollingNavbar' from project 'AMScrollingNavbar')
--- xcodebuild: WARNING: Using the first of multiple matching destinations:
{ platform:macOS, arch:arm64, variant:Mac Catalyst, id:f8d7ccc7bc57b17a935e0352385f9db63403d146, name:My Mac }
{ platform:macOS, arch:arm64, variant:Designed for [iPad,iPhone], id:f8d7ccc7bc57b17a935e0352385f9db63403d146, name:My Mac }
** BUILD FAILED **
The following build commands failed:
Building project AMScrollingNavbar with scheme AMScrollingNavbar
(1 failure)
Command line invocation:
/Applications/Xcode-27.0.0-Release.Candidate.app/Contents/Developer/usr/bin/xcodebuild -IDEClonedSourcePackagesDirPathOverride=/Users/admin/builder/spi-builder-workspace/.dependencies -resolvePackageDependencies
resolved source packages:
{
"dependencies" : [
],
"manifest_display_name" : "AMScrollingNavbar",
"name" : "AMScrollingNavbar",
"path" : "/Users/admin/builder/spi-builder-workspace",
"platforms" : [
],
"products" : [
{
"name" : "AMScrollingNavbar",
"targets" : [
"AMScrollingNavbar"
],
"type" : {
"library" : [
"automatic"
]
}
}
],
"targets" : [
{
"c99name" : "AMScrollingNavbar",
"module_type" : "SwiftTarget",
"name" : "AMScrollingNavbar",
"path" : "Source",
"product_memberships" : [
"AMScrollingNavbar"
],
"sources" : [
"ScrollingNavbar+Sizes.swift",
"ScrollingNavigationController.swift",
"ScrollingNavigationViewController.swift"
],
"type" : "library"
}
],
"tools_version" : "5.0"
}
{
"project" : {
"configurations" : [
"Debug",
"Release"
],
"name" : "AMScrollingNavbar",
"schemes" : [
"AMScrollingNavbar"
],
"targets" : [
"AMScrollingNavbar"
]
}
}
Running build ...
env DEVELOPER_DIR=/Applications/Xcode-27.0.0-Release.Candidate.app xcrun xcodebuild -IDEClonedSourcePackagesDirPathOverride=$PWD/.dependencies -skipMacroValidation -skipPackagePluginValidation -derivedDataPath $PWD/.derivedData build -scheme AMScrollingNavbar -destination platform=macOS,arch=arm64
Command line invocation:
/Applications/Xcode-27.0.0-Release.Candidate.app/Contents/Developer/usr/bin/xcodebuild -IDEClonedSourcePackagesDirPathOverride=/Users/admin/builder/spi-builder-workspace/.dependencies -skipMacroValidation -skipPackagePluginValidation -derivedDataPath /Users/admin/builder/spi-builder-workspace/.derivedData build -scheme AMScrollingNavbar -destination platform=macOS,arch=arm64
ComputePackagePrebuildTargetDependencyGraph
Prepare packages
CreateBuildRequest
SendProjectDescription
CreateBuildOperation
ComputeTargetDependencyGraph
note: Building targets in dependency order
note: Target dependency graph (1 target)
Target 'AMScrollingNavbar' in project 'AMScrollingNavbar' (no dependencies)
GatherProvisioningInputs
CreateBuildDescription
/Users/admin/builder/spi-builder-workspace/AMScrollingNavbar.xcodeproj: error: The macOS deployment target 'MACOSX_DEPLOYMENT_TARGET' is set to 10.15, but the range of supported deployment target versions is 12.0 to 27.0.x. (in target 'AMScrollingNavbar' from project 'AMScrollingNavbar')
--- xcodebuild: WARNING: Using the first of multiple matching destinations:
{ platform:macOS, arch:arm64, variant:Mac Catalyst, id:f8d7ccc7bc57b17a935e0352385f9db63403d146, name:My Mac }
{ platform:macOS, arch:arm64, variant:Designed for [iPad,iPhone], id:f8d7ccc7bc57b17a935e0352385f9db63403d146, name:My Mac }
** BUILD FAILED **
The following build commands failed:
Building project AMScrollingNavbar with scheme AMScrollingNavbar
(1 failure)
BUILD FAILURE 6.4 macosXcodebuild