Build Information
Failed to build Inspectly, reference main (8f7e28), with Swift 6.4 for watchOS using Xcode 27.0 on 30 Sep 2026 15:58:25 UTC.
Build Command
env DEVELOPER_DIR=/Applications/Xcode-27.0.0-Release.Candidate.app xcrun xcodebuild -IDEClonedSourcePackagesDirPathOverride=$PWD/.dependencies -skipMacroValidation -skipPackagePluginValidation -derivedDataPath $PWD/.derivedData build -scheme Inspectly -destination generic/platform=watchOSBuild Log
========================================
RunAll
========================================
Builder version: 5.1.1
Interrupt handler set up.
========================================
Checkout
========================================
Clone URL: https://github.com/balitax/Inspectly.git
Reference: main
Initialized empty Git repository in /Users/admin/builder/spi-builder-workspace/.git/
From https://github.com/balitax/Inspectly
* branch main -> FETCH_HEAD
* [new branch] main -> origin/main
HEAD is now at 8f7e286 chore: update screenshots for improved visuals
Cloned https://github.com/balitax/Inspectly.git
Revision (git rev-parse @):
8f7e2867211888b04365e472bd7e29c7a0ef253c
SUCCESS checkout https://github.com/balitax/Inspectly.git at main
========================================
Build
========================================
Selected platform: watchOS
Swift version: 6.4
Building package at path: $PWD
https://github.com/balitax/Inspectly.git
Command line invocation:
/Applications/Xcode-27.0.0-Release.Candidate.app/Contents/Developer/usr/bin/xcodebuild -IDEClonedSourcePackagesDirPathOverride=/Users/admin/builder/spi-builder-workspace/.dependencies -resolvePackageDependencies
Resolve Package Graph
Resolve Package Graph
Resolved source packages:
Inspectly: /Users/admin/builder/spi-builder-workspace
resolved source packages: Inspectly
2026-09-30 11:57:43.012 xcodebuild[529:3030] [MT] IDERunDestination: Supported platforms for the buildables in the current scheme is empty.
{
"dependencies" : [
],
"manifest_display_name" : "Inspectly",
"name" : "Inspectly",
"path" : "/Users/admin/builder/spi-builder-workspace",
"platforms" : [
{
"name" : "ios",
"version" : "15.0"
}
],
"products" : [
{
"name" : "Inspectly",
"targets" : [
"Inspectly"
],
"type" : {
"library" : [
"automatic"
]
}
}
],
"targets" : [
{
"c99name" : "Inspectly",
"module_type" : "SwiftTarget",
"name" : "Inspectly",
"path" : "Sources/Inspectly",
"product_memberships" : [
"Inspectly"
],
"resources" : [
{
"path" : "/Users/admin/builder/spi-builder-workspace/Sources/Inspectly/Assets.xcassets",
"rule" : {
"process" : {
}
}
}
],
"sources" : [
"ContentView.swift",
"Extensions/Color+Theme.swift",
"Extensions/Date+Formatting.swift",
"Extensions/Notification+Extensions.swift",
"Extensions/String+JSON.swift",
"Extensions/URLRequest+Extensions.swift",
"Extensions/View+Modifiers.swift",
"Inspectly.swift",
"Managers/NotificationDelegate.swift",
"Managers/NotificationManager.swift",
"Managers/SecurityIssueManager.swift",
"MockData/MockSettings.swift",
"Models/AppSettings.swift",
"Models/NetworkRequest.swift",
"Models/NetworkThrottlingPreset.swift",
"Models/QueryParameter.swift",
"Models/RequestBody.swift",
"Models/RequestGroup.swift",
"Models/RequestHeader.swift",
"Models/RequestStub.swift",
"Models/RequestTag.swift",
"Models/SecurityIssue.swift",
"Models/StatisticsSummary.swift",
"Networking/InspectlySwizzler.swift",
"Networking/InspectlyURLProtocol+RealRequestDelivery.swift",
"Networking/InspectlyURLProtocol+RequestBuilding.swift",
"Networking/InspectlyURLProtocol+StubDelivery.swift",
"Networking/InspectlyURLProtocol+Timing.swift",
"Networking/InspectlyURLProtocol.swift",
"Services/DependencyContainer.swift",
"Services/ExportManager.swift",
"Services/Protocols/ExportManagerProtocol.swift",
"Services/Protocols/RequestRepositoryProtocol.swift",
"Services/Protocols/StorageManagerProtocol.swift",
"Services/Protocols/StubRepositoryProtocol.swift",
"Services/RequestRepository.swift",
"Services/SecurityScanner.swift",
"Services/StorageManager.swift",
"Services/StubRepository.swift",
"Services/SwiftCodeGenerator.swift",
"ViewModels/RequestDetailViewModel.swift",
"ViewModels/RequestListViewModel.swift",
"ViewModels/SettingsViewModel.swift",
"ViewModels/StatisticsViewModel.swift",
"ViewModels/StubDetailViewModel.swift",
"ViewModels/StubManagerViewModel.swift",
"Views/Components/CodeBlockView.swift",
"Views/Components/CompatibilityViews.swift",
"Views/Components/EmptyStateView.swift",
"Views/Components/FilterChipView.swift",
"Views/Components/HTMLPreviewView.swift",
"Views/Components/HTTPMethodBadge.swift",
"Views/Components/SectionHeaderView.swift",
"Views/Components/ShakeDetector.swift",
"Views/Components/StatusBadgeView.swift",
"Views/RequestDetail/ExportTabView.swift",
"Views/RequestDetail/GeneratedModelView.swift",
"Views/RequestDetail/HeadersTabView.swift",
"Views/RequestDetail/OverviewTabView.swift",
"Views/RequestDetail/ParamsTabView.swift",
"Views/RequestDetail/RequestBodyTabView.swift",
"Views/RequestDetail/RequestDetailView.swift",
"Views/RequestDetail/ResponseBodyTabView.swift",
"Views/RequestDetail/TimelineTabView.swift",
"Views/RequestList/Components/ActiveFilterBarView.swift",
"Views/RequestList/Components/RequestListBanners.swift",
"Views/RequestList/Components/RequestListToolbarItems.swift",
"Views/RequestList/FilterSheetView.swift",
"Views/RequestList/RequestListContentView.swift",
"Views/RequestList/RequestListView.swift",
"Views/RequestList/RequestRowView.swift",
"Views/RequestReplay/RequestReplayView.swift",
"Views/RequestReplay/RequestReplayViewModel.swift",
"Views/Settings/Sections/AboutSectionView.swift",
"Views/Settings/Sections/DataManagementSectionView.swift",
"Views/Settings/Sections/DisplaySectionView.swift",
"Views/Settings/Sections/IgnoredHostsSectionView.swift",
"Views/Settings/Sections/NetworkThrottlingSectionView.swift",
"Views/Settings/Sections/NotificationsSectionView.swift",
"Views/Settings/Sections/SettingsRowHelpers.swift",
"Views/Settings/Sections/SlowRequestSectionView.swift",
"Views/Settings/Sections/StorageSectionView.swift",
"Views/Settings/Sections/StubsSectionView.swift",
"Views/Settings/SettingsView.swift",
"Views/Statistics/MiniChartView.swift",
"Views/Statistics/PerformanceTimelineView.swift",
"Views/Statistics/Sections/ActivityChartSectionView.swift",
"Views/Statistics/Sections/DuplicateDetectorSectionView.swift",
"Views/Statistics/Sections/LargeResponsesSectionView.swift",
"Views/Statistics/Sections/MethodDistributionSectionView.swift",
"Views/Statistics/Sections/PerformanceHeatmapSectionView.swift",
"Views/Statistics/Sections/PerformanceTimelineSectionView.swift",
"Views/Statistics/Sections/QuickAccessSectionView.swift",
"Views/Statistics/Sections/RecentActivitySectionView.swift",
"Views/Statistics/Sections/SecuritySectionView.swift",
"Views/Statistics/Sections/StatsCardView.swift",
"Views/Statistics/Sections/SummaryCardsSectionView.swift",
"Views/Statistics/SecurityIssuesView.swift",
"Views/Statistics/StatisticsView.swift",
"Views/Statistics/SummaryCardView.swift",
"Views/StubDetail/JSONPreviewView.swift",
"Views/StubDetail/ResponseEditorView.swift",
"Views/StubDetail/StubDetailView.swift",
"Views/StubManager/StubManagerView.swift",
"Views/StubManager/StubRowView.swift"
],
"type" : "library"
}
],
"tools_version" : "5.9"
}
{
"workspace" : {
"name" : "Inspectly",
"schemes" : [
"Inspectly"
]
}
}
2026-09-30 11:58:15.104 xcodebuild[626:3847] [MT] IDERunDestination: Supported platforms for the buildables in the current scheme is empty.
Running build ...
env DEVELOPER_DIR=/Applications/Xcode-27.0.0-Release.Candidate.app xcrun xcodebuild -IDEClonedSourcePackagesDirPathOverride=$PWD/.dependencies -skipMacroValidation -skipPackagePluginValidation -derivedDataPath $PWD/.derivedData build -scheme Inspectly -destination generic/platform=watchOS
Command line invocation:
/Applications/Xcode-27.0.0-Release.Candidate.app/Contents/Developer/usr/bin/xcodebuild -IDEClonedSourcePackagesDirPathOverride=/Users/admin/builder/spi-builder-workspace/.dependencies -skipMacroValidation -skipPackagePluginValidation -derivedDataPath /Users/admin/builder/spi-builder-workspace/.derivedData build -scheme Inspectly -destination generic/platform=watchOS
Resolve Package Graph
Resolved source packages:
Inspectly: /Users/admin/builder/spi-builder-workspace
ComputePackagePrebuildTargetDependencyGraph
Prepare packages
CreateBuildRequest
SendProjectDescription
CreateBuildOperation
ComputeTargetDependencyGraph
note: Building targets in dependency order
note: Target dependency graph (3 targets)
Target 'Inspectly-product' in project 'Inspectly'
➜ Explicit dependency on target 'Inspectly' in project 'Inspectly'
➜ Explicit dependency on target 'Inspectly_Inspectly' in project 'Inspectly'
Target 'Inspectly' in project 'Inspectly'
➜ Explicit dependency on target 'Inspectly_Inspectly' in project 'Inspectly'
Target 'Inspectly_Inspectly' in project 'Inspectly' (no dependencies)
GatherProvisioningInputs
CreateBuildDescription
ExecuteExternalTool /Applications/Xcode-27.0.0-Release.Candidate.app/Contents/Developer/Toolchains/XcodeDefault.xctoolchain/usr/bin/clang -v -E -dM -isysroot /Applications/Xcode-27.0.0-Release.Candidate.app/Contents/Developer/Platforms/WatchOS.platform/Developer/SDKs/WatchOS27.0.sdk -x c -c /dev/null
ExecuteExternalTool /Applications/Xcode-27.0.0-Release.Candidate.app/Contents/Developer/usr/bin/actool --version --output-format xml1
ExecuteExternalTool /Applications/Xcode-27.0.0-Release.Candidate.app/Contents/Developer/Toolchains/XcodeDefault.xctoolchain/usr/bin/swiftc --version
ExecuteExternalTool /Applications/Xcode-27.0.0-Release.Candidate.app/Contents/Developer/Toolchains/XcodeDefault.xctoolchain/usr/bin/ld -version_details
Build description signature: d2049722b5cf278075b48cc06e3e967e
Build description path: /Users/admin/builder/spi-builder-workspace/.derivedData/Build/Intermediates.noindex/XCBuildData/d2049722b5cf278075b48cc06e3e967e.xcbuilddata
CreateBuildDirectory /Users/admin/builder/spi-builder-workspace/.derivedData/ModuleCache.noindex
cd /Users/admin/builder/spi-builder-workspace/.swiftpm/xcode
builtin-create-build-directory /Users/admin/builder/spi-builder-workspace/.derivedData/ModuleCache.noindex
CreateBuildDirectory /Users/admin/builder/spi-builder-workspace/.derivedData/SDKExplicitPrecompiledModules
cd /Users/admin/builder/spi-builder-workspace/.swiftpm/xcode
builtin-create-build-directory /Users/admin/builder/spi-builder-workspace/.derivedData/SDKExplicitPrecompiledModules
CreateBuildDirectory /Users/admin/builder/spi-builder-workspace/.derivedData/CompilationCache.noindex
cd /Users/admin/builder/spi-builder-workspace/.swiftpm/xcode
builtin-create-build-directory /Users/admin/builder/spi-builder-workspace/.derivedData/CompilationCache.noindex
ClangStatCache /Applications/Xcode-27.0.0-Release.Candidate.app/Contents/Developer/Toolchains/XcodeDefault.xctoolchain/usr/bin/clang-stat-cache /Applications/Xcode-27.0.0-Release.Candidate.app/Contents/Developer/Platforms/WatchOS.platform/Developer/SDKs/WatchOS27.0.sdk /Users/admin/builder/spi-builder-workspace/.derivedData/SDKStatCaches.noindex/watchos27.0-24R360-e829b21a6f8c9b70876ba0858053c04477534ef55a1706bf4c1112bbb242f0a2.sdkstatcache
cd /Users/admin/builder/spi-builder-workspace/.swiftpm/xcode
/Applications/Xcode-27.0.0-Release.Candidate.app/Contents/Developer/Toolchains/XcodeDefault.xctoolchain/usr/bin/clang-stat-cache /Applications/Xcode-27.0.0-Release.Candidate.app/Contents/Developer/Platforms/WatchOS.platform/Developer/SDKs/WatchOS27.0.sdk -o /Users/admin/builder/spi-builder-workspace/.derivedData/SDKStatCaches.noindex/watchos27.0-24R360-e829b21a6f8c9b70876ba0858053c04477534ef55a1706bf4c1112bbb242f0a2.sdkstatcache
CreateBuildDirectory /Users/admin/builder/spi-builder-workspace/.derivedData/Build/Products
cd /Users/admin/builder/spi-builder-workspace/.swiftpm/xcode
builtin-create-build-directory /Users/admin/builder/spi-builder-workspace/.derivedData/Build/Products
CreateBuildDirectory /Users/admin/builder/spi-builder-workspace/.derivedData/Build/Intermediates.noindex
cd /Users/admin/builder/spi-builder-workspace/.swiftpm/xcode
builtin-create-build-directory /Users/admin/builder/spi-builder-workspace/.derivedData/Build/Intermediates.noindex
CreateBuildDirectory /Users/admin/builder/spi-builder-workspace/.derivedData/Build/Intermediates.noindex/SwiftExplicitPrecompiledModules
cd /Users/admin/builder/spi-builder-workspace/.swiftpm/xcode
builtin-create-build-directory /Users/admin/builder/spi-builder-workspace/.derivedData/Build/Intermediates.noindex/SwiftExplicitPrecompiledModules
CreateBuildDirectory /Users/admin/builder/spi-builder-workspace/.derivedData/Build/Intermediates.noindex/PrecompiledHeaders
cd /Users/admin/builder/spi-builder-workspace/.swiftpm/xcode
builtin-create-build-directory /Users/admin/builder/spi-builder-workspace/.derivedData/Build/Intermediates.noindex/PrecompiledHeaders
CreateBuildDirectory /Users/admin/builder/spi-builder-workspace/.derivedData/Build/Products/Debug-watchos
cd /Users/admin/builder/spi-builder-workspace/.swiftpm/xcode
builtin-create-build-directory /Users/admin/builder/spi-builder-workspace/.derivedData/Build/Products/Debug-watchos
CreateBuildDirectory /Users/admin/builder/spi-builder-workspace/.derivedData/Build/Intermediates.noindex/ExplicitPrecompiledModules
cd /Users/admin/builder/spi-builder-workspace/.swiftpm/xcode
builtin-create-build-directory /Users/admin/builder/spi-builder-workspace/.derivedData/Build/Intermediates.noindex/ExplicitPrecompiledModules
CreateBuildDirectory /Users/admin/builder/spi-builder-workspace/.derivedData/Build/Intermediates.noindex/EagerLinkingTBDs/Debug-watchos
cd /Users/admin/builder/spi-builder-workspace/.swiftpm/xcode
builtin-create-build-directory /Users/admin/builder/spi-builder-workspace/.derivedData/Build/Intermediates.noindex/EagerLinkingTBDs/Debug-watchos
CreateBuildDirectory /Users/admin/builder/spi-builder-workspace/.derivedData/Build/Products/Debug-watchos/PackageFrameworks
cd /Users/admin/builder/spi-builder-workspace/.swiftpm/xcode
builtin-create-build-directory /Users/admin/builder/spi-builder-workspace/.derivedData/Build/Products/Debug-watchos/PackageFrameworks
MkDir /Users/admin/builder/spi-builder-workspace/.derivedData/Build/Products/Debug-watchos/Inspectly_Inspectly.bundle (in target 'Inspectly_Inspectly' from project 'Inspectly')
cd /Users/admin/builder/spi-builder-workspace
/bin/mkdir -p /Users/admin/builder/spi-builder-workspace/.derivedData/Build/Products/Debug-watchos/Inspectly_Inspectly.bundle
WriteAuxiliaryFile /Users/admin/builder/spi-builder-workspace/.derivedData/Build/Intermediates.noindex/Inspectly.build/Debug-watchos/Inspectly_Inspectly-b.build/Inspectly_Inspectly.DependencyStaticMetadataFileList (in target 'Inspectly_Inspectly' from project 'Inspectly')
cd /Users/admin/builder/spi-builder-workspace
write-file /Users/admin/builder/spi-builder-workspace/.derivedData/Build/Intermediates.noindex/Inspectly.build/Debug-watchos/Inspectly_Inspectly-b.build/Inspectly_Inspectly.DependencyStaticMetadataFileList
WriteAuxiliaryFile /Users/admin/builder/spi-builder-workspace/.derivedData/Build/Intermediates.noindex/Inspectly.build/Debug-watchos/Inspectly_Inspectly-b.build/Inspectly_Inspectly.DependencyMetadataFileList (in target 'Inspectly_Inspectly' from project 'Inspectly')
cd /Users/admin/builder/spi-builder-workspace
write-file /Users/admin/builder/spi-builder-workspace/.derivedData/Build/Intermediates.noindex/Inspectly.build/Debug-watchos/Inspectly_Inspectly-b.build/Inspectly_Inspectly.DependencyMetadataFileList
WriteAuxiliaryFile /Users/admin/builder/spi-builder-workspace/.derivedData/Build/Intermediates.noindex/Inspectly.build/Debug-watchos/Inspectly_Inspectly-b.build/empty-Inspectly_Inspectly.plist (in target 'Inspectly_Inspectly' from project 'Inspectly')
cd /Users/admin/builder/spi-builder-workspace
write-file /Users/admin/builder/spi-builder-workspace/.derivedData/Build/Intermediates.noindex/Inspectly.build/Debug-watchos/Inspectly_Inspectly-b.build/empty-Inspectly_Inspectly.plist
WriteAuxiliaryFile /Users/admin/builder/spi-builder-workspace/.derivedData/Build/Intermediates.noindex/Inspectly.build/Debug-watchos/Inspectly-t.build/Objects-normal/arm64_32/Inspectly_const_extract_protocols.json (in target 'Inspectly' from project 'Inspectly')
cd /Users/admin/builder/spi-builder-workspace
write-file /Users/admin/builder/spi-builder-workspace/.derivedData/Build/Intermediates.noindex/Inspectly.build/Debug-watchos/Inspectly-t.build/Objects-normal/arm64_32/Inspectly_const_extract_protocols.json
WriteAuxiliaryFile /Users/admin/builder/spi-builder-workspace/.derivedData/Build/Intermediates.noindex/Inspectly.build/Debug-watchos/Inspectly-t.build/Objects-normal/arm64_32/Inspectly.SwiftFileList (in target 'Inspectly' from project 'Inspectly')
cd /Users/admin/builder/spi-builder-workspace
write-file /Users/admin/builder/spi-builder-workspace/.derivedData/Build/Intermediates.noindex/Inspectly.build/Debug-watchos/Inspectly-t.build/Objects-normal/arm64_32/Inspectly.SwiftFileList
WriteAuxiliaryFile /Users/admin/builder/spi-builder-workspace/.derivedData/Build/Intermediates.noindex/Inspectly.build/Debug-watchos/Inspectly-t.build/Objects-normal/arm64_32/Inspectly.SwiftConstValuesFileList (in target 'Inspectly' from project 'Inspectly')
cd /Users/admin/builder/spi-builder-workspace
write-file /Users/admin/builder/spi-builder-workspace/.derivedData/Build/Intermediates.noindex/Inspectly.build/Debug-watchos/Inspectly-t.build/Objects-normal/arm64_32/Inspectly.SwiftConstValuesFileList
WriteAuxiliaryFile /Users/admin/builder/spi-builder-workspace/.derivedData/Build/Intermediates.noindex/Inspectly.build/Debug-watchos/Inspectly-t.build/Objects-normal/arm64_32/Inspectly.LinkFileList (in target 'Inspectly' from project 'Inspectly')
cd /Users/admin/builder/spi-builder-workspace
write-file /Users/admin/builder/spi-builder-workspace/.derivedData/Build/Intermediates.noindex/Inspectly.build/Debug-watchos/Inspectly-t.build/Objects-normal/arm64_32/Inspectly.LinkFileList
WriteAuxiliaryFile /Users/admin/builder/spi-builder-workspace/.derivedData/Build/Intermediates.noindex/Inspectly.build/Debug-watchos/Inspectly-t.build/Objects-normal/arm64_32/Inspectly-OutputFileMap.json (in target 'Inspectly' from project 'Inspectly')
cd /Users/admin/builder/spi-builder-workspace
write-file /Users/admin/builder/spi-builder-workspace/.derivedData/Build/Intermediates.noindex/Inspectly.build/Debug-watchos/Inspectly-t.build/Objects-normal/arm64_32/Inspectly-OutputFileMap.json
WriteAuxiliaryFile /Users/admin/builder/spi-builder-workspace/.derivedData/Build/Intermediates.noindex/Inspectly.build/Debug-watchos/Inspectly-t.build/Objects-normal/arm64/Inspectly_const_extract_protocols.json (in target 'Inspectly' from project 'Inspectly')
cd /Users/admin/builder/spi-builder-workspace
write-file /Users/admin/builder/spi-builder-workspace/.derivedData/Build/Intermediates.noindex/Inspectly.build/Debug-watchos/Inspectly-t.build/Objects-normal/arm64/Inspectly_const_extract_protocols.json
WriteAuxiliaryFile /Users/admin/builder/spi-builder-workspace/.derivedData/Build/Intermediates.noindex/Inspectly.build/Debug-watchos/Inspectly-t.build/Objects-normal/arm64/Inspectly.SwiftFileList (in target 'Inspectly' from project 'Inspectly')
cd /Users/admin/builder/spi-builder-workspace
write-file /Users/admin/builder/spi-builder-workspace/.derivedData/Build/Intermediates.noindex/Inspectly.build/Debug-watchos/Inspectly-t.build/Objects-normal/arm64/Inspectly.SwiftFileList
WriteAuxiliaryFile /Users/admin/builder/spi-builder-workspace/.derivedData/Build/Intermediates.noindex/Inspectly.build/Debug-watchos/Inspectly-t.build/Objects-normal/arm64/Inspectly.SwiftConstValuesFileList (in target 'Inspectly' from project 'Inspectly')
cd /Users/admin/builder/spi-builder-workspace
write-file /Users/admin/builder/spi-builder-workspace/.derivedData/Build/Intermediates.noindex/Inspectly.build/Debug-watchos/Inspectly-t.build/Objects-normal/arm64/Inspectly.SwiftConstValuesFileList
WriteAuxiliaryFile /Users/admin/builder/spi-builder-workspace/.derivedData/Build/Intermediates.noindex/Inspectly.build/Debug-watchos/Inspectly-t.build/Objects-normal/arm64/Inspectly.LinkFileList (in target 'Inspectly' from project 'Inspectly')
cd /Users/admin/builder/spi-builder-workspace
write-file /Users/admin/builder/spi-builder-workspace/.derivedData/Build/Intermediates.noindex/Inspectly.build/Debug-watchos/Inspectly-t.build/Objects-normal/arm64/Inspectly.LinkFileList
WriteAuxiliaryFile /Users/admin/builder/spi-builder-workspace/.derivedData/Build/Intermediates.noindex/Inspectly.build/Debug-watchos/Inspectly-t.build/Objects-normal/arm64/Inspectly-OutputFileMap.json (in target 'Inspectly' from project 'Inspectly')
cd /Users/admin/builder/spi-builder-workspace
write-file /Users/admin/builder/spi-builder-workspace/.derivedData/Build/Intermediates.noindex/Inspectly.build/Debug-watchos/Inspectly-t.build/Objects-normal/arm64/Inspectly-OutputFileMap.json
WriteAuxiliaryFile /Users/admin/builder/spi-builder-workspace/.derivedData/Build/Intermediates.noindex/Inspectly.build/Debug-watchos/Inspectly-t.build/Inspectly.modulemap (in target 'Inspectly' from project 'Inspectly')
cd /Users/admin/builder/spi-builder-workspace
write-file /Users/admin/builder/spi-builder-workspace/.derivedData/Build/Intermediates.noindex/Inspectly.build/Debug-watchos/Inspectly-t.build/Inspectly.modulemap
WriteAuxiliaryFile /Users/admin/builder/spi-builder-workspace/.derivedData/Build/Intermediates.noindex/Inspectly.build/Debug-watchos/Inspectly-t.build/Inspectly.DependencyStaticMetadataFileList (in target 'Inspectly' from project 'Inspectly')
cd /Users/admin/builder/spi-builder-workspace
write-file /Users/admin/builder/spi-builder-workspace/.derivedData/Build/Intermediates.noindex/Inspectly.build/Debug-watchos/Inspectly-t.build/Inspectly.DependencyStaticMetadataFileList
WriteAuxiliaryFile /Users/admin/builder/spi-builder-workspace/.derivedData/Build/Intermediates.noindex/Inspectly.build/Debug-watchos/Inspectly-t.build/Inspectly.DependencyMetadataFileList (in target 'Inspectly' from project 'Inspectly')
cd /Users/admin/builder/spi-builder-workspace
write-file /Users/admin/builder/spi-builder-workspace/.derivedData/Build/Intermediates.noindex/Inspectly.build/Debug-watchos/Inspectly-t.build/Inspectly.DependencyMetadataFileList
WriteAuxiliaryFile /Users/admin/builder/spi-builder-workspace/.derivedData/Build/Intermediates.noindex/Inspectly.build/Debug-watchos/Inspectly-t.build/DerivedSources/resource_bundle_accessor.swift (in target 'Inspectly' from project 'Inspectly')
cd /Users/admin/builder/spi-builder-workspace
write-file /Users/admin/builder/spi-builder-workspace/.derivedData/Build/Intermediates.noindex/Inspectly.build/Debug-watchos/Inspectly-t.build/DerivedSources/resource_bundle_accessor.swift
Copy /Users/admin/builder/spi-builder-workspace/.derivedData/Build/Intermediates.noindex/GeneratedModuleMaps-watchos/Inspectly.modulemap /Users/admin/builder/spi-builder-workspace/.derivedData/Build/Intermediates.noindex/Inspectly.build/Debug-watchos/Inspectly-t.build/Inspectly.modulemap (in target 'Inspectly' from project 'Inspectly')
cd /Users/admin/builder/spi-builder-workspace
builtin-copy -exclude .DS_Store -exclude CVS -exclude .svn -exclude .git -exclude .hg -resolve-src-symlinks /Users/admin/builder/spi-builder-workspace/.derivedData/Build/Intermediates.noindex/Inspectly.build/Debug-watchos/Inspectly-t.build/Inspectly.modulemap /Users/admin/builder/spi-builder-workspace/.derivedData/Build/Intermediates.noindex/GeneratedModuleMaps-watchos
MkDir /Users/admin/builder/spi-builder-workspace/.derivedData/Build/Intermediates.noindex/Inspectly.build/Debug-watchos/Inspectly_Inspectly-b.build/assetcatalog_output/unthinned (in target 'Inspectly_Inspectly' from project 'Inspectly')
cd /Users/admin/builder/spi-builder-workspace
/bin/mkdir -p /Users/admin/builder/spi-builder-workspace/.derivedData/Build/Intermediates.noindex/Inspectly.build/Debug-watchos/Inspectly_Inspectly-b.build/assetcatalog_output/unthinned
MkDir /Users/admin/builder/spi-builder-workspace/.derivedData/Build/Intermediates.noindex/Inspectly.build/Debug-watchos/Inspectly_Inspectly-b.build/assetcatalog_output/thinned (in target 'Inspectly_Inspectly' from project 'Inspectly')
cd /Users/admin/builder/spi-builder-workspace
/bin/mkdir -p /Users/admin/builder/spi-builder-workspace/.derivedData/Build/Intermediates.noindex/Inspectly.build/Debug-watchos/Inspectly_Inspectly-b.build/assetcatalog_output/thinned
CompileAssetCatalogVariant thinned /Users/admin/builder/spi-builder-workspace/.derivedData/Build/Products/Debug-watchos/Inspectly_Inspectly.bundle /Users/admin/builder/spi-builder-workspace/Sources/Inspectly/Assets.xcassets (in target 'Inspectly_Inspectly' from project 'Inspectly')
cd /Users/admin/builder/spi-builder-workspace
/Applications/Xcode-27.0.0-Release.Candidate.app/Contents/Developer/usr/bin/actool /Users/admin/builder/spi-builder-workspace/Sources/Inspectly/Assets.xcassets --compile /Users/admin/builder/spi-builder-workspace/.derivedData/Build/Intermediates.noindex/Inspectly.build/Debug-watchos/Inspectly_Inspectly-b.build/assetcatalog_output/thinned --output-format human-readable-text --notices --warnings --export-dependency-info /Users/admin/builder/spi-builder-workspace/.derivedData/Build/Intermediates.noindex/Inspectly.build/Debug-watchos/Inspectly_Inspectly-b.build/assetcatalog_dependencies_thinned --output-partial-info-plist /Users/admin/builder/spi-builder-workspace/.derivedData/Build/Intermediates.noindex/Inspectly.build/Debug-watchos/Inspectly_Inspectly-b.build/assetcatalog_generated_info.plist_thinned --compress-pngs --enable-on-demand-resources NO --development-region en --target-device watch --minimum-deployment-target 9.0 --platform watchos
/* com.apple.actool.compilation-results */
/Users/admin/builder/spi-builder-workspace/.derivedData/Build/Intermediates.noindex/Inspectly.build/Debug-watchos/Inspectly_Inspectly-b.build/assetcatalog_generated_info.plist_thinned
/Users/admin/builder/spi-builder-workspace/.derivedData/Build/Intermediates.noindex/Inspectly.build/Debug-watchos/Inspectly_Inspectly-b.build/assetcatalog_output/thinned/Assets.car
GenerateAssetSymbols /Users/admin/builder/spi-builder-workspace/Sources/Inspectly/Assets.xcassets (in target 'Inspectly' from project 'Inspectly')
cd /Users/admin/builder/spi-builder-workspace
/Applications/Xcode-27.0.0-Release.Candidate.app/Contents/Developer/usr/bin/actool /Users/admin/builder/spi-builder-workspace/Sources/Inspectly/Assets.xcassets --compile /Users/admin/builder/spi-builder-workspace/.derivedData/Build/Products/Debug-watchos --output-format human-readable-text --notices --warnings --export-dependency-info /Users/admin/builder/spi-builder-workspace/.derivedData/Build/Intermediates.noindex/Inspectly.build/Debug-watchos/Inspectly-t.build/assetcatalog_dependencies --output-partial-info-plist /Users/admin/builder/spi-builder-workspace/.derivedData/Build/Intermediates.noindex/Inspectly.build/Debug-watchos/Inspectly-t.build/assetcatalog_generated_info.plist --compress-pngs --enable-on-demand-resources NO --development-region en --target-device watch --minimum-deployment-target 9.0 --platform watchos --bundle-identifier spi-builder-workspace.Inspectly --generate-swift-asset-symbol-extensions NO --generate-swift-asset-symbols /Users/admin/builder/spi-builder-workspace/.derivedData/Build/Intermediates.noindex/Inspectly.build/Debug-watchos/Inspectly-t.build/DerivedSources/GeneratedAssetSymbols.swift --generate-objc-asset-symbols /Users/admin/builder/spi-builder-workspace/.derivedData/Build/Intermediates.noindex/Inspectly.build/Debug-watchos/Inspectly-t.build/DerivedSources/GeneratedAssetSymbols.h --generate-asset-symbol-index /Users/admin/builder/spi-builder-workspace/.derivedData/Build/Intermediates.noindex/Inspectly.build/Debug-watchos/Inspectly-t.build/DerivedSources/GeneratedAssetSymbols-Index.plist
/* com.apple.actool.compilation-results */
/Users/admin/builder/spi-builder-workspace/.derivedData/Build/Intermediates.noindex/Inspectly.build/Debug-watchos/Inspectly-t.build/DerivedSources/GeneratedAssetSymbols-Index.plist
/Users/admin/builder/spi-builder-workspace/.derivedData/Build/Intermediates.noindex/Inspectly.build/Debug-watchos/Inspectly-t.build/DerivedSources/GeneratedAssetSymbols.h
/Users/admin/builder/spi-builder-workspace/.derivedData/Build/Intermediates.noindex/Inspectly.build/Debug-watchos/Inspectly-t.build/DerivedSources/GeneratedAssetSymbols.swift
SwiftDriver Inspectly normal arm64_32 com.apple.xcode.tools.swift.compiler (in target 'Inspectly' from project 'Inspectly')
cd /Users/admin/builder/spi-builder-workspace/.swiftpm/xcode
builtin-SwiftDriver -- /Applications/Xcode-27.0.0-Release.Candidate.app/Contents/Developer/Toolchains/XcodeDefault.xctoolchain/usr/bin/swiftc -parse-as-library -module-name Inspectly -Onone @/Users/admin/builder/spi-builder-workspace/.derivedData/Build/Intermediates.noindex/Inspectly.build/Debug-watchos/Inspectly-t.build/Objects-normal/arm64_32/Inspectly.SwiftFileList -DSWIFT_PACKAGE -DDEBUG -DSWIFT_MODULE_RESOURCE_BUNDLE_AVAILABLE -DXcode -plugin-path /Applications/Xcode-27.0.0-Release.Candidate.app/Contents/Developer/Toolchains/XcodeDefault.xctoolchain/usr/lib/swift/host/plugins/testing -enable-experimental-feature DebugDescriptionMacro -sdk /Applications/Xcode-27.0.0-Release.Candidate.app/Contents/Developer/Platforms/WatchOS.platform/Developer/SDKs/WatchOS27.0.sdk -target arm64_32-apple-watchos9.0 -g -module-cache-path /Users/admin/builder/spi-builder-workspace/.derivedData/ModuleCache.noindex -Xfrontend -serialize-debugging-options -enable-testing -index-store-path /Users/admin/builder/spi-builder-workspace/.derivedData/Index.noindex/DataStore -Xcc -D_LIBCPP_HARDENING_MODE\=_LIBCPP_HARDENING_MODE_DEBUG -swift-version 5 -I /Users/admin/builder/spi-builder-workspace/.derivedData/Build/Products/Debug-watchos -Isystem /Applications/Xcode-27.0.0-Release.Candidate.app/Contents/Developer/Platforms/WatchOS.platform/Developer/usr/lib -F /Users/admin/builder/spi-builder-workspace/.derivedData/Build/Products/Debug-watchos -F /Applications/Xcode-27.0.0-Release.Candidate.app/Contents/Developer/Platforms/WatchOS.platform/Developer/Library/Frameworks -F /Applications/Xcode-27.0.0-Release.Candidate.app/Contents/Developer/Platforms/WatchOS.platform/Developer/SDKs/WatchOS27.0.sdk/Developer/Library/Frameworks -c -j10 -enable-batch-mode -incremental -Xcc -ivfsstatcache -Xcc /Users/admin/builder/spi-builder-workspace/.derivedData/SDKStatCaches.noindex/watchos27.0-24R360-e829b21a6f8c9b70876ba0858053c04477534ef55a1706bf4c1112bbb242f0a2.sdkstatcache -output-file-map /Users/admin/builder/spi-builder-workspace/.derivedData/Build/Intermediates.noindex/Inspectly.build/Debug-watchos/Inspectly-t.build/Objects-normal/arm64_32/Inspectly-OutputFileMap.json -save-temps -no-color-diagnostics -explicit-module-build -module-cache-path /Users/admin/builder/spi-builder-workspace/.derivedData/Build/Intermediates.noindex/SwiftExplicitPrecompiledModules -clang-scanner-module-cache-path /Users/admin/builder/spi-builder-workspace/.derivedData/ModuleCache.noindex -sdk-module-cache-path /Users/admin/builder/spi-builder-workspace/.derivedData/SDKExplicitPrecompiledModules -emit-dependencies -emit-module -emit-module-path /Users/admin/builder/spi-builder-workspace/.derivedData/Build/Intermediates.noindex/Inspectly.build/Debug-watchos/Inspectly-t.build/Objects-normal/arm64_32/Inspectly.swiftmodule -serialize-diagnostics -dependency-scan-serialize-diagnostics-path /Users/admin/builder/spi-builder-workspace/.derivedData/Build/Intermediates.noindex/Inspectly.build/Debug-watchos/Inspectly-t.build/Objects-normal/arm64_32/Inspectly-dependency-scan.dia -validate-clang-modules-once -clang-build-session-file /Users/admin/builder/spi-builder-workspace/.derivedData/ModuleCache.noindex/Session.modulevalidation -Xcc -fmodules-prune-interval\=86400 -Xcc -fmodules-prune-after\=345600 -package-name spi_builder_workspace -emit-const-values -const-gather-protocols-list /Users/admin/builder/spi-builder-workspace/.derivedData/Build/Intermediates.noindex/Inspectly.build/Debug-watchos/Inspectly-t.build/Objects-normal/arm64_32/Inspectly_const_extract_protocols.json -Xcc -I/Users/admin/builder/spi-builder-workspace/.derivedData/Build/Products/Debug-watchos/include -Xcc -I/Users/admin/builder/spi-builder-workspace/.derivedData/Build/Intermediates.noindex/Inspectly.build/Debug-watchos/Inspectly-t.build/DerivedSources-normal/arm64_32 -Xcc -I/Users/admin/builder/spi-builder-workspace/.derivedData/Build/Intermediates.noindex/Inspectly.build/Debug-watchos/Inspectly-t.build/DerivedSources/arm64_32 -Xcc -I/Users/admin/builder/spi-builder-workspace/.derivedData/Build/Intermediates.noindex/Inspectly.build/Debug-watchos/Inspectly-t.build/DerivedSources -Xcc -DSWIFT_PACKAGE -Xcc -DDEBUG\=1 -emit-objc-header -emit-objc-header-path /Users/admin/builder/spi-builder-workspace/.derivedData/Build/Intermediates.noindex/Inspectly.build/Debug-watchos/Inspectly-t.build/Objects-normal/arm64_32/Inspectly-Swift.h -working-directory /Users/admin/builder/spi-builder-workspace/.swiftpm/xcode -experimental-emit-module-separately -disable-cmo
/Users/admin/builder/spi-builder-workspace/Sources/Inspectly/Views/Components/HTMLPreviewView.swift:9:8: error: Unable to resolve module dependency: 'WebKit' (in target 'Inspectly' from project 'Inspectly')
note: A dependency of main module 'Inspectly'
/Users/admin/builder/spi-builder-workspace/Sources/Inspectly/Views/Components/HTMLPreviewView.swift:9:8: note: A dependency of main module 'Inspectly'
import WebKit
^ (in target 'Inspectly' from project 'Inspectly')
SwiftDriver Inspectly normal arm64 com.apple.xcode.tools.swift.compiler (in target 'Inspectly' from project 'Inspectly')
cd /Users/admin/builder/spi-builder-workspace/.swiftpm/xcode
builtin-SwiftDriver -- /Applications/Xcode-27.0.0-Release.Candidate.app/Contents/Developer/Toolchains/XcodeDefault.xctoolchain/usr/bin/swiftc -parse-as-library -module-name Inspectly -Onone @/Users/admin/builder/spi-builder-workspace/.derivedData/Build/Intermediates.noindex/Inspectly.build/Debug-watchos/Inspectly-t.build/Objects-normal/arm64/Inspectly.SwiftFileList -DSWIFT_PACKAGE -DDEBUG -DSWIFT_MODULE_RESOURCE_BUNDLE_AVAILABLE -DXcode -plugin-path /Applications/Xcode-27.0.0-Release.Candidate.app/Contents/Developer/Toolchains/XcodeDefault.xctoolchain/usr/lib/swift/host/plugins/testing -enable-experimental-feature DebugDescriptionMacro -sdk /Applications/Xcode-27.0.0-Release.Candidate.app/Contents/Developer/Platforms/WatchOS.platform/Developer/SDKs/WatchOS27.0.sdk -target arm64-apple-watchos9.0 -g -module-cache-path /Users/admin/builder/spi-builder-workspace/.derivedData/ModuleCache.noindex -Xfrontend -serialize-debugging-options -enable-testing -index-store-path /Users/admin/builder/spi-builder-workspace/.derivedData/Index.noindex/DataStore -Xcc -D_LIBCPP_HARDENING_MODE\=_LIBCPP_HARDENING_MODE_DEBUG -swift-version 5 -I /Users/admin/builder/spi-builder-workspace/.derivedData/Build/Products/Debug-watchos -Isystem /Applications/Xcode-27.0.0-Release.Candidate.app/Contents/Developer/Platforms/WatchOS.platform/Developer/usr/lib -F /Users/admin/builder/spi-builder-workspace/.derivedData/Build/Products/Debug-watchos -F /Applications/Xcode-27.0.0-Release.Candidate.app/Contents/Developer/Platforms/WatchOS.platform/Developer/Library/Frameworks -F /Applications/Xcode-27.0.0-Release.Candidate.app/Contents/Developer/Platforms/WatchOS.platform/Developer/SDKs/WatchOS27.0.sdk/Developer/Library/Frameworks -c -j10 -enable-batch-mode -incremental -Xcc -ivfsstatcache -Xcc /Users/admin/builder/spi-builder-workspace/.derivedData/SDKStatCaches.noindex/watchos27.0-24R360-e829b21a6f8c9b70876ba0858053c04477534ef55a1706bf4c1112bbb242f0a2.sdkstatcache -output-file-map /Users/admin/builder/spi-builder-workspace/.derivedData/Build/Intermediates.noindex/Inspectly.build/Debug-watchos/Inspectly-t.build/Objects-normal/arm64/Inspectly-OutputFileMap.json -save-temps -no-color-diagnostics -explicit-module-build -module-cache-path /Users/admin/builder/spi-builder-workspace/.derivedData/Build/Intermediates.noindex/SwiftExplicitPrecompiledModules -clang-scanner-module-cache-path /Users/admin/builder/spi-builder-workspace/.derivedData/ModuleCache.noindex -sdk-module-cache-path /Users/admin/builder/spi-builder-workspace/.derivedData/SDKExplicitPrecompiledModules -emit-dependencies -emit-module -emit-module-path /Users/admin/builder/spi-builder-workspace/.derivedData/Build/Intermediates.noindex/Inspectly.build/Debug-watchos/Inspectly-t.build/Objects-normal/arm64/Inspectly.swiftmodule -serialize-diagnostics -dependency-scan-serialize-diagnostics-path /Users/admin/builder/spi-builder-workspace/.derivedData/Build/Intermediates.noindex/Inspectly.build/Debug-watchos/Inspectly-t.build/Objects-normal/arm64/Inspectly-dependency-scan.dia -validate-clang-modules-once -clang-build-session-file /Users/admin/builder/spi-builder-workspace/.derivedData/ModuleCache.noindex/Session.modulevalidation -Xcc -fmodules-prune-interval\=86400 -Xcc -fmodules-prune-after\=345600 -package-name spi_builder_workspace -emit-const-values -const-gather-protocols-list /Users/admin/builder/spi-builder-workspace/.derivedData/Build/Intermediates.noindex/Inspectly.build/Debug-watchos/Inspectly-t.build/Objects-normal/arm64/Inspectly_const_extract_protocols.json -Xcc -I/Users/admin/builder/spi-builder-workspace/.derivedData/Build/Products/Debug-watchos/include -Xcc -I/Users/admin/builder/spi-builder-workspace/.derivedData/Build/Intermediates.noindex/Inspectly.build/Debug-watchos/Inspectly-t.build/DerivedSources-normal/arm64 -Xcc -I/Users/admin/builder/spi-builder-workspace/.derivedData/Build/Intermediates.noindex/Inspectly.build/Debug-watchos/Inspectly-t.build/DerivedSources/arm64 -Xcc -I/Users/admin/builder/spi-builder-workspace/.derivedData/Build/Intermediates.noindex/Inspectly.build/Debug-watchos/Inspectly-t.build/DerivedSources -Xcc -DSWIFT_PACKAGE -Xcc -DDEBUG\=1 -emit-objc-header -emit-objc-header-path /Users/admin/builder/spi-builder-workspace/.derivedData/Build/Intermediates.noindex/Inspectly.build/Debug-watchos/Inspectly-t.build/Objects-normal/arm64/Inspectly-Swift.h -working-directory /Users/admin/builder/spi-builder-workspace/.swiftpm/xcode -experimental-emit-module-separately -disable-cmo
/Users/admin/builder/spi-builder-workspace/Sources/Inspectly/Views/Components/HTMLPreviewView.swift:9:8: error: Unable to resolve module dependency: 'WebKit' (in target 'Inspectly' from project 'Inspectly')
note: A dependency of main module 'Inspectly'
/Users/admin/builder/spi-builder-workspace/Sources/Inspectly/Views/Components/HTMLPreviewView.swift:9:8: note: A dependency of main module 'Inspectly'
import WebKit
^ (in target 'Inspectly' from project 'Inspectly')
LinkAssetCatalog /Users/admin/builder/spi-builder-workspace/Sources/Inspectly/Assets.xcassets (in target 'Inspectly_Inspectly' from project 'Inspectly')
cd /Users/admin/builder/spi-builder-workspace
builtin-linkAssetCatalog --thinned /Users/admin/builder/spi-builder-workspace/.derivedData/Build/Intermediates.noindex/Inspectly.build/Debug-watchos/Inspectly_Inspectly-b.build/assetcatalog_output/thinned --thinned-dependencies /Users/admin/builder/spi-builder-workspace/.derivedData/Build/Intermediates.noindex/Inspectly.build/Debug-watchos/Inspectly_Inspectly-b.build/assetcatalog_dependencies_thinned --thinned-info-plist-content /Users/admin/builder/spi-builder-workspace/.derivedData/Build/Intermediates.noindex/Inspectly.build/Debug-watchos/Inspectly_Inspectly-b.build/assetcatalog_generated_info.plist_thinned --unthinned /Users/admin/builder/spi-builder-workspace/.derivedData/Build/Intermediates.noindex/Inspectly.build/Debug-watchos/Inspectly_Inspectly-b.build/assetcatalog_output/unthinned --unthinned-dependencies /Users/admin/builder/spi-builder-workspace/.derivedData/Build/Intermediates.noindex/Inspectly.build/Debug-watchos/Inspectly_Inspectly-b.build/assetcatalog_dependencies_unthinned --unthinned-info-plist-content /Users/admin/builder/spi-builder-workspace/.derivedData/Build/Intermediates.noindex/Inspectly.build/Debug-watchos/Inspectly_Inspectly-b.build/assetcatalog_generated_info.plist_unthinned --output /Users/admin/builder/spi-builder-workspace/.derivedData/Build/Products/Debug-watchos/Inspectly_Inspectly.bundle --plist-output /Users/admin/builder/spi-builder-workspace/.derivedData/Build/Intermediates.noindex/Inspectly.build/Debug-watchos/Inspectly_Inspectly-b.build/assetcatalog_generated_info.plist
note: Emplaced /Users/admin/builder/spi-builder-workspace/.derivedData/Build/Products/Debug-watchos/Inspectly_Inspectly.bundle/Assets.car (in target 'Inspectly_Inspectly' from project 'Inspectly')
ProcessInfoPlistFile /Users/admin/builder/spi-builder-workspace/.derivedData/Build/Products/Debug-watchos/Inspectly_Inspectly.bundle/Info.plist /Users/admin/builder/spi-builder-workspace/.derivedData/Build/Intermediates.noindex/Inspectly.build/Debug-watchos/Inspectly_Inspectly-b.build/empty-Inspectly_Inspectly.plist (in target 'Inspectly_Inspectly' from project 'Inspectly')
cd /Users/admin/builder/spi-builder-workspace
builtin-infoPlistUtility /Users/admin/builder/spi-builder-workspace/.derivedData/Build/Intermediates.noindex/Inspectly.build/Debug-watchos/Inspectly_Inspectly-b.build/empty-Inspectly_Inspectly.plist -producttype com.apple.product-type.bundle -expandbuildsettings -format binary -platform watchos -additionalcontentfile /Users/admin/builder/spi-builder-workspace/.derivedData/Build/Intermediates.noindex/Inspectly.build/Debug-watchos/Inspectly_Inspectly-b.build/assetcatalog_generated_info.plist -o /Users/admin/builder/spi-builder-workspace/.derivedData/Build/Products/Debug-watchos/Inspectly_Inspectly.bundle/Info.plist
RegisterExecutionPolicyException /Users/admin/builder/spi-builder-workspace/.derivedData/Build/Products/Debug-watchos/Inspectly_Inspectly.bundle (in target 'Inspectly_Inspectly' from project 'Inspectly')
cd /Users/admin/builder/spi-builder-workspace
builtin-RegisterExecutionPolicyException /Users/admin/builder/spi-builder-workspace/.derivedData/Build/Products/Debug-watchos/Inspectly_Inspectly.bundle
Touch /Users/admin/builder/spi-builder-workspace/.derivedData/Build/Products/Debug-watchos/Inspectly_Inspectly.bundle (in target 'Inspectly_Inspectly' from project 'Inspectly')
cd /Users/admin/builder/spi-builder-workspace
/usr/bin/touch -c /Users/admin/builder/spi-builder-workspace/.derivedData/Build/Products/Debug-watchos/Inspectly_Inspectly.bundle
PruneExplicitPrecompiledModules /Users/admin/builder/spi-builder-workspace/.derivedData/SDKExplicitPrecompiledModules
PruneExplicitPrecompiledModules /Users/admin/builder/spi-builder-workspace/.derivedData/Build/Intermediates.noindex/ExplicitPrecompiledModules
PruneExplicitPrecompiledModules /Users/admin/builder/spi-builder-workspace/.derivedData/Build/Intermediates.noindex/SwiftExplicitPrecompiledModules
2026-09-30 11:58:16.683 xcodebuild[627:3887] [MT] IDERunDestination: Supported platforms for the buildables in the current scheme is empty.
** BUILD FAILED **
The following build commands failed:
SwiftDriver Inspectly normal arm64_32 com.apple.xcode.tools.swift.compiler (in target 'Inspectly' from project 'Inspectly')
SwiftDriver Inspectly normal arm64 com.apple.xcode.tools.swift.compiler (in target 'Inspectly' from project 'Inspectly')
Building workspace Inspectly with scheme Inspectly
(3 failures)
Command line invocation:
/Applications/Xcode-27.0.0-Release.Candidate.app/Contents/Developer/usr/bin/xcodebuild -IDEClonedSourcePackagesDirPathOverride=/Users/admin/builder/spi-builder-workspace/.dependencies -resolvePackageDependencies
Resolve Package Graph
Resolved source packages:
Inspectly: /Users/admin/builder/spi-builder-workspace
resolved source packages: Inspectly
2026-09-30 11:58:22.101 xcodebuild[681:4460] [MT] IDERunDestination: Supported platforms for the buildables in the current scheme is empty.
{
"dependencies" : [
],
"manifest_display_name" : "Inspectly",
"name" : "Inspectly",
"path" : "/Users/admin/builder/spi-builder-workspace",
"platforms" : [
{
"name" : "ios",
"version" : "15.0"
}
],
"products" : [
{
"name" : "Inspectly",
"targets" : [
"Inspectly"
],
"type" : {
"library" : [
"automatic"
]
}
}
],
"targets" : [
{
"c99name" : "Inspectly",
"module_type" : "SwiftTarget",
"name" : "Inspectly",
"path" : "Sources/Inspectly",
"product_memberships" : [
"Inspectly"
],
"resources" : [
{
"path" : "/Users/admin/builder/spi-builder-workspace/Sources/Inspectly/Assets.xcassets",
"rule" : {
"process" : {
}
}
}
],
"sources" : [
"ContentView.swift",
"Extensions/Color+Theme.swift",
"Extensions/Date+Formatting.swift",
"Extensions/Notification+Extensions.swift",
"Extensions/String+JSON.swift",
"Extensions/URLRequest+Extensions.swift",
"Extensions/View+Modifiers.swift",
"Inspectly.swift",
"Managers/NotificationDelegate.swift",
"Managers/NotificationManager.swift",
"Managers/SecurityIssueManager.swift",
"MockData/MockSettings.swift",
"Models/AppSettings.swift",
"Models/NetworkRequest.swift",
"Models/NetworkThrottlingPreset.swift",
"Models/QueryParameter.swift",
"Models/RequestBody.swift",
"Models/RequestGroup.swift",
"Models/RequestHeader.swift",
"Models/RequestStub.swift",
"Models/RequestTag.swift",
"Models/SecurityIssue.swift",
"Models/StatisticsSummary.swift",
"Networking/InspectlySwizzler.swift",
"Networking/InspectlyURLProtocol+RealRequestDelivery.swift",
"Networking/InspectlyURLProtocol+RequestBuilding.swift",
"Networking/InspectlyURLProtocol+StubDelivery.swift",
"Networking/InspectlyURLProtocol+Timing.swift",
"Networking/InspectlyURLProtocol.swift",
"Services/DependencyContainer.swift",
"Services/ExportManager.swift",
"Services/Protocols/ExportManagerProtocol.swift",
"Services/Protocols/RequestRepositoryProtocol.swift",
"Services/Protocols/StorageManagerProtocol.swift",
"Services/Protocols/StubRepositoryProtocol.swift",
"Services/RequestRepository.swift",
"Services/SecurityScanner.swift",
"Services/StorageManager.swift",
"Services/StubRepository.swift",
"Services/SwiftCodeGenerator.swift",
"ViewModels/RequestDetailViewModel.swift",
"ViewModels/RequestListViewModel.swift",
"ViewModels/SettingsViewModel.swift",
"ViewModels/StatisticsViewModel.swift",
"ViewModels/StubDetailViewModel.swift",
"ViewModels/StubManagerViewModel.swift",
"Views/Components/CodeBlockView.swift",
"Views/Components/CompatibilityViews.swift",
"Views/Components/EmptyStateView.swift",
"Views/Components/FilterChipView.swift",
"Views/Components/HTMLPreviewView.swift",
"Views/Components/HTTPMethodBadge.swift",
"Views/Components/SectionHeaderView.swift",
"Views/Components/ShakeDetector.swift",
"Views/Components/StatusBadgeView.swift",
"Views/RequestDetail/ExportTabView.swift",
"Views/RequestDetail/GeneratedModelView.swift",
"Views/RequestDetail/HeadersTabView.swift",
"Views/RequestDetail/OverviewTabView.swift",
"Views/RequestDetail/ParamsTabView.swift",
"Views/RequestDetail/RequestBodyTabView.swift",
"Views/RequestDetail/RequestDetailView.swift",
"Views/RequestDetail/ResponseBodyTabView.swift",
"Views/RequestDetail/TimelineTabView.swift",
"Views/RequestList/Components/ActiveFilterBarView.swift",
"Views/RequestList/Components/RequestListBanners.swift",
"Views/RequestList/Components/RequestListToolbarItems.swift",
"Views/RequestList/FilterSheetView.swift",
"Views/RequestList/RequestListContentView.swift",
"Views/RequestList/RequestListView.swift",
"Views/RequestList/RequestRowView.swift",
"Views/RequestReplay/RequestReplayView.swift",
"Views/RequestReplay/RequestReplayViewModel.swift",
"Views/Settings/Sections/AboutSectionView.swift",
"Views/Settings/Sections/DataManagementSectionView.swift",
"Views/Settings/Sections/DisplaySectionView.swift",
"Views/Settings/Sections/IgnoredHostsSectionView.swift",
"Views/Settings/Sections/NetworkThrottlingSectionView.swift",
"Views/Settings/Sections/NotificationsSectionView.swift",
"Views/Settings/Sections/SettingsRowHelpers.swift",
"Views/Settings/Sections/SlowRequestSectionView.swift",
"Views/Settings/Sections/StorageSectionView.swift",
"Views/Settings/Sections/StubsSectionView.swift",
"Views/Settings/SettingsView.swift",
"Views/Statistics/MiniChartView.swift",
"Views/Statistics/PerformanceTimelineView.swift",
"Views/Statistics/Sections/ActivityChartSectionView.swift",
"Views/Statistics/Sections/DuplicateDetectorSectionView.swift",
"Views/Statistics/Sections/LargeResponsesSectionView.swift",
"Views/Statistics/Sections/MethodDistributionSectionView.swift",
"Views/Statistics/Sections/PerformanceHeatmapSectionView.swift",
"Views/Statistics/Sections/PerformanceTimelineSectionView.swift",
"Views/Statistics/Sections/QuickAccessSectionView.swift",
"Views/Statistics/Sections/RecentActivitySectionView.swift",
"Views/Statistics/Sections/SecuritySectionView.swift",
"Views/Statistics/Sections/StatsCardView.swift",
"Views/Statistics/Sections/SummaryCardsSectionView.swift",
"Views/Statistics/SecurityIssuesView.swift",
"Views/Statistics/StatisticsView.swift",
"Views/Statistics/SummaryCardView.swift",
"Views/StubDetail/JSONPreviewView.swift",
"Views/StubDetail/ResponseEditorView.swift",
"Views/StubDetail/StubDetailView.swift",
"Views/StubManager/StubManagerView.swift",
"Views/StubManager/StubRowView.swift"
],
"type" : "library"
}
],
"tools_version" : "5.9"
}
{
"workspace" : {
"name" : "Inspectly",
"schemes" : [
"Inspectly"
]
}
}
2026-09-30 11:58:23.311 xcodebuild[689:4519] [MT] IDERunDestination: Supported platforms for the buildables in the current scheme is empty.
Running build ...
env DEVELOPER_DIR=/Applications/Xcode-27.0.0-Release.Candidate.app xcrun xcodebuild -IDEClonedSourcePackagesDirPathOverride=$PWD/.dependencies -skipMacroValidation -skipPackagePluginValidation -derivedDataPath $PWD/.derivedData build -scheme Inspectly -destination generic/platform=watchOS
Command line invocation:
/Applications/Xcode-27.0.0-Release.Candidate.app/Contents/Developer/usr/bin/xcodebuild -IDEClonedSourcePackagesDirPathOverride=/Users/admin/builder/spi-builder-workspace/.dependencies -skipMacroValidation -skipPackagePluginValidation -derivedDataPath /Users/admin/builder/spi-builder-workspace/.derivedData build -scheme Inspectly -destination generic/platform=watchOS
Resolve Package Graph
Resolved source packages:
Inspectly: /Users/admin/builder/spi-builder-workspace
ComputePackagePrebuildTargetDependencyGraph
Prepare packages
CreateBuildRequest
SendProjectDescription
CreateBuildOperation
ComputeTargetDependencyGraph
note: Building targets in dependency order
note: Target dependency graph (3 targets)
Target 'Inspectly-product' in project 'Inspectly'
➜ Explicit dependency on target 'Inspectly' in project 'Inspectly'
➜ Explicit dependency on target 'Inspectly_Inspectly' in project 'Inspectly'
Target 'Inspectly' in project 'Inspectly'
➜ Explicit dependency on target 'Inspectly_Inspectly' in project 'Inspectly'
Target 'Inspectly_Inspectly' in project 'Inspectly' (no dependencies)
GatherProvisioningInputs
CreateBuildDescription
ClangStatCache /Applications/Xcode-27.0.0-Release.Candidate.app/Contents/Developer/Toolchains/XcodeDefault.xctoolchain/usr/bin/clang-stat-cache /Applications/Xcode-27.0.0-Release.Candidate.app/Contents/Developer/Platforms/WatchOS.platform/Developer/SDKs/WatchOS27.0.sdk /Users/admin/builder/spi-builder-workspace/.derivedData/SDKStatCaches.noindex/watchos27.0-24R360-e829b21a6f8c9b70876ba0858053c04477534ef55a1706bf4c1112bbb242f0a2.sdkstatcache
cd /Users/admin/builder/spi-builder-workspace/.swiftpm/xcode
/Applications/Xcode-27.0.0-Release.Candidate.app/Contents/Developer/Toolchains/XcodeDefault.xctoolchain/usr/bin/clang-stat-cache /Applications/Xcode-27.0.0-Release.Candidate.app/Contents/Developer/Platforms/WatchOS.platform/Developer/SDKs/WatchOS27.0.sdk -o /Users/admin/builder/spi-builder-workspace/.derivedData/SDKStatCaches.noindex/watchos27.0-24R360-e829b21a6f8c9b70876ba0858053c04477534ef55a1706bf4c1112bbb242f0a2.sdkstatcache
SwiftDriver Inspectly normal arm64_32 com.apple.xcode.tools.swift.compiler (in target 'Inspectly' from project 'Inspectly')
cd /Users/admin/builder/spi-builder-workspace/.swiftpm/xcode
builtin-SwiftDriver -- /Applications/Xcode-27.0.0-Release.Candidate.app/Contents/Developer/Toolchains/XcodeDefault.xctoolchain/usr/bin/swiftc -parse-as-library -module-name Inspectly -Onone @/Users/admin/builder/spi-builder-workspace/.derivedData/Build/Intermediates.noindex/Inspectly.build/Debug-watchos/Inspectly-t.build/Objects-normal/arm64_32/Inspectly.SwiftFileList -DSWIFT_PACKAGE -DDEBUG -DSWIFT_MODULE_RESOURCE_BUNDLE_AVAILABLE -DXcode -plugin-path /Applications/Xcode-27.0.0-Release.Candidate.app/Contents/Developer/Toolchains/XcodeDefault.xctoolchain/usr/lib/swift/host/plugins/testing -enable-experimental-feature DebugDescriptionMacro -sdk /Applications/Xcode-27.0.0-Release.Candidate.app/Contents/Developer/Platforms/WatchOS.platform/Developer/SDKs/WatchOS27.0.sdk -target arm64_32-apple-watchos9.0 -g -module-cache-path /Users/admin/builder/spi-builder-workspace/.derivedData/ModuleCache.noindex -Xfrontend -serialize-debugging-options -enable-testing -index-store-path /Users/admin/builder/spi-builder-workspace/.derivedData/Index.noindex/DataStore -Xcc -D_LIBCPP_HARDENING_MODE\=_LIBCPP_HARDENING_MODE_DEBUG -swift-version 5 -I /Users/admin/builder/spi-builder-workspace/.derivedData/Build/Products/Debug-watchos -Isystem /Applications/Xcode-27.0.0-Release.Candidate.app/Contents/Developer/Platforms/WatchOS.platform/Developer/usr/lib -F /Users/admin/builder/spi-builder-workspace/.derivedData/Build/Products/Debug-watchos -F /Applications/Xcode-27.0.0-Release.Candidate.app/Contents/Developer/Platforms/WatchOS.platform/Developer/Library/Frameworks -F /Applications/Xcode-27.0.0-Release.Candidate.app/Contents/Developer/Platforms/WatchOS.platform/Developer/SDKs/WatchOS27.0.sdk/Developer/Library/Frameworks -c -j10 -enable-batch-mode -incremental -Xcc -ivfsstatcache -Xcc /Users/admin/builder/spi-builder-workspace/.derivedData/SDKStatCaches.noindex/watchos27.0-24R360-e829b21a6f8c9b70876ba0858053c04477534ef55a1706bf4c1112bbb242f0a2.sdkstatcache -output-file-map /Users/admin/builder/spi-builder-workspace/.derivedData/Build/Intermediates.noindex/Inspectly.build/Debug-watchos/Inspectly-t.build/Objects-normal/arm64_32/Inspectly-OutputFileMap.json -save-temps -no-color-diagnostics -explicit-module-build -module-cache-path /Users/admin/builder/spi-builder-workspace/.derivedData/Build/Intermediates.noindex/SwiftExplicitPrecompiledModules -clang-scanner-module-cache-path /Users/admin/builder/spi-builder-workspace/.derivedData/ModuleCache.noindex -sdk-module-cache-path /Users/admin/builder/spi-builder-workspace/.derivedData/SDKExplicitPrecompiledModules -emit-dependencies -emit-module -emit-module-path /Users/admin/builder/spi-builder-workspace/.derivedData/Build/Intermediates.noindex/Inspectly.build/Debug-watchos/Inspectly-t.build/Objects-normal/arm64_32/Inspectly.swiftmodule -serialize-diagnostics -dependency-scan-serialize-diagnostics-path /Users/admin/builder/spi-builder-workspace/.derivedData/Build/Intermediates.noindex/Inspectly.build/Debug-watchos/Inspectly-t.build/Objects-normal/arm64_32/Inspectly-dependency-scan.dia -validate-clang-modules-once -clang-build-session-file /Users/admin/builder/spi-builder-workspace/.derivedData/ModuleCache.noindex/Session.modulevalidation -Xcc -fmodules-prune-interval\=86400 -Xcc -fmodules-prune-after\=345600 -package-name spi_builder_workspace -emit-const-values -const-gather-protocols-list /Users/admin/builder/spi-builder-workspace/.derivedData/Build/Intermediates.noindex/Inspectly.build/Debug-watchos/Inspectly-t.build/Objects-normal/arm64_32/Inspectly_const_extract_protocols.json -Xcc -I/Users/admin/builder/spi-builder-workspace/.derivedData/Build/Products/Debug-watchos/include -Xcc -I/Users/admin/builder/spi-builder-workspace/.derivedData/Build/Intermediates.noindex/Inspectly.build/Debug-watchos/Inspectly-t.build/DerivedSources-normal/arm64_32 -Xcc -I/Users/admin/builder/spi-builder-workspace/.derivedData/Build/Intermediates.noindex/Inspectly.build/Debug-watchos/Inspectly-t.build/DerivedSources/arm64_32 -Xcc -I/Users/admin/builder/spi-builder-workspace/.derivedData/Build/Intermediates.noindex/Inspectly.build/Debug-watchos/Inspectly-t.build/DerivedSources -Xcc -DSWIFT_PACKAGE -Xcc -DDEBUG\=1 -emit-objc-header -emit-objc-header-path /Users/admin/builder/spi-builder-workspace/.derivedData/Build/Intermediates.noindex/Inspectly.build/Debug-watchos/Inspectly-t.build/Objects-normal/arm64_32/Inspectly-Swift.h -working-directory /Users/admin/builder/spi-builder-workspace/.swiftpm/xcode -experimental-emit-module-separately -disable-cmo
/Users/admin/builder/spi-builder-workspace/Sources/Inspectly/Views/Components/HTMLPreviewView.swift:9:8: error: Unable to resolve module dependency: 'WebKit' (in target 'Inspectly' from project 'Inspectly')
note: A dependency of main module 'Inspectly'
/Users/admin/builder/spi-builder-workspace/Sources/Inspectly/Views/Components/HTMLPreviewView.swift:9:8: note: A dependency of main module 'Inspectly'
import WebKit
^ (in target 'Inspectly' from project 'Inspectly')
SwiftDriver Inspectly normal arm64 com.apple.xcode.tools.swift.compiler (in target 'Inspectly' from project 'Inspectly')
cd /Users/admin/builder/spi-builder-workspace/.swiftpm/xcode
builtin-SwiftDriver -- /Applications/Xcode-27.0.0-Release.Candidate.app/Contents/Developer/Toolchains/XcodeDefault.xctoolchain/usr/bin/swiftc -parse-as-library -module-name Inspectly -Onone @/Users/admin/builder/spi-builder-workspace/.derivedData/Build/Intermediates.noindex/Inspectly.build/Debug-watchos/Inspectly-t.build/Objects-normal/arm64/Inspectly.SwiftFileList -DSWIFT_PACKAGE -DDEBUG -DSWIFT_MODULE_RESOURCE_BUNDLE_AVAILABLE -DXcode -plugin-path /Applications/Xcode-27.0.0-Release.Candidate.app/Contents/Developer/Toolchains/XcodeDefault.xctoolchain/usr/lib/swift/host/plugins/testing -enable-experimental-feature DebugDescriptionMacro -sdk /Applications/Xcode-27.0.0-Release.Candidate.app/Contents/Developer/Platforms/WatchOS.platform/Developer/SDKs/WatchOS27.0.sdk -target arm64-apple-watchos9.0 -g -module-cache-path /Users/admin/builder/spi-builder-workspace/.derivedData/ModuleCache.noindex -Xfrontend -serialize-debugging-options -enable-testing -index-store-path /Users/admin/builder/spi-builder-workspace/.derivedData/Index.noindex/DataStore -Xcc -D_LIBCPP_HARDENING_MODE\=_LIBCPP_HARDENING_MODE_DEBUG -swift-version 5 -I /Users/admin/builder/spi-builder-workspace/.derivedData/Build/Products/Debug-watchos -Isystem /Applications/Xcode-27.0.0-Release.Candidate.app/Contents/Developer/Platforms/WatchOS.platform/Developer/usr/lib -F /Users/admin/builder/spi-builder-workspace/.derivedData/Build/Products/Debug-watchos -F /Applications/Xcode-27.0.0-Release.Candidate.app/Contents/Developer/Platforms/WatchOS.platform/Developer/Library/Frameworks -F /Applications/Xcode-27.0.0-Release.Candidate.app/Contents/Developer/Platforms/WatchOS.platform/Developer/SDKs/WatchOS27.0.sdk/Developer/Library/Frameworks -c -j10 -enable-batch-mode -incremental -Xcc -ivfsstatcache -Xcc /Users/admin/builder/spi-builder-workspace/.derivedData/SDKStatCaches.noindex/watchos27.0-24R360-e829b21a6f8c9b70876ba0858053c04477534ef55a1706bf4c1112bbb242f0a2.sdkstatcache -output-file-map /Users/admin/builder/spi-builder-workspace/.derivedData/Build/Intermediates.noindex/Inspectly.build/Debug-watchos/Inspectly-t.build/Objects-normal/arm64/Inspectly-OutputFileMap.json -save-temps -no-color-diagnostics -explicit-module-build -module-cache-path /Users/admin/builder/spi-builder-workspace/.derivedData/Build/Intermediates.noindex/SwiftExplicitPrecompiledModules -clang-scanner-module-cache-path /Users/admin/builder/spi-builder-workspace/.derivedData/ModuleCache.noindex -sdk-module-cache-path /Users/admin/builder/spi-builder-workspace/.derivedData/SDKExplicitPrecompiledModules -emit-dependencies -emit-module -emit-module-path /Users/admin/builder/spi-builder-workspace/.derivedData/Build/Intermediates.noindex/Inspectly.build/Debug-watchos/Inspectly-t.build/Objects-normal/arm64/Inspectly.swiftmodule -serialize-diagnostics -dependency-scan-serialize-diagnostics-path /Users/admin/builder/spi-builder-workspace/.derivedData/Build/Intermediates.noindex/Inspectly.build/Debug-watchos/Inspectly-t.build/Objects-normal/arm64/Inspectly-dependency-scan.dia -validate-clang-modules-once -clang-build-session-file /Users/admin/builder/spi-builder-workspace/.derivedData/ModuleCache.noindex/Session.modulevalidation -Xcc -fmodules-prune-interval\=86400 -Xcc -fmodules-prune-after\=345600 -package-name spi_builder_workspace -emit-const-values -const-gather-protocols-list /Users/admin/builder/spi-builder-workspace/.derivedData/Build/Intermediates.noindex/Inspectly.build/Debug-watchos/Inspectly-t.build/Objects-normal/arm64/Inspectly_const_extract_protocols.json -Xcc -I/Users/admin/builder/spi-builder-workspace/.derivedData/Build/Products/Debug-watchos/include -Xcc -I/Users/admin/builder/spi-builder-workspace/.derivedData/Build/Intermediates.noindex/Inspectly.build/Debug-watchos/Inspectly-t.build/DerivedSources-normal/arm64 -Xcc -I/Users/admin/builder/spi-builder-workspace/.derivedData/Build/Intermediates.noindex/Inspectly.build/Debug-watchos/Inspectly-t.build/DerivedSources/arm64 -Xcc -I/Users/admin/builder/spi-builder-workspace/.derivedData/Build/Intermediates.noindex/Inspectly.build/Debug-watchos/Inspectly-t.build/DerivedSources -Xcc -DSWIFT_PACKAGE -Xcc -DDEBUG\=1 -emit-objc-header -emit-objc-header-path /Users/admin/builder/spi-builder-workspace/.derivedData/Build/Intermediates.noindex/Inspectly.build/Debug-watchos/Inspectly-t.build/Objects-normal/arm64/Inspectly-Swift.h -working-directory /Users/admin/builder/spi-builder-workspace/.swiftpm/xcode -experimental-emit-module-separately -disable-cmo
/Users/admin/builder/spi-builder-workspace/Sources/Inspectly/Views/Components/HTMLPreviewView.swift:9:8: error: Unable to resolve module dependency: 'WebKit' (in target 'Inspectly' from project 'Inspectly')
note: A dependency of main module 'Inspectly'
/Users/admin/builder/spi-builder-workspace/Sources/Inspectly/Views/Components/HTMLPreviewView.swift:9:8: note: A dependency of main module 'Inspectly'
import WebKit
^ (in target 'Inspectly' from project 'Inspectly')
PruneExplicitPrecompiledModules /Users/admin/builder/spi-builder-workspace/.derivedData/Build/Intermediates.noindex/ExplicitPrecompiledModules
PruneExplicitPrecompiledModules /Users/admin/builder/spi-builder-workspace/.derivedData/SDKExplicitPrecompiledModules
PruneExplicitPrecompiledModules /Users/admin/builder/spi-builder-workspace/.derivedData/Build/Intermediates.noindex/SwiftExplicitPrecompiledModules
2026-09-30 11:58:24.255 xcodebuild[690:4542] [MT] IDERunDestination: Supported platforms for the buildables in the current scheme is empty.
** BUILD FAILED **
The following build commands failed:
SwiftDriver Inspectly normal arm64_32 com.apple.xcode.tools.swift.compiler (in target 'Inspectly' from project 'Inspectly')
SwiftDriver Inspectly normal arm64 com.apple.xcode.tools.swift.compiler (in target 'Inspectly' from project 'Inspectly')
Building workspace Inspectly with scheme Inspectly
(3 failures)
BUILD FAILURE 6.4 watchOS