The Swift Package Index logo.Swift Package Index

Build Information

Failed to build swift-jobs, reference 1.4.0 (329b54), with Swift 6.1 for Wasm on 17 Aug 2026 18:08:52 UTC.

Build Command

bash -c docker run --pull=always --rm -v "checkouts-54344849-0":/host -w "$PWD" -e JAVA_HOME="/root/.sdkman/candidates/java/current" -e SPI_BUILD="1" -e SPI_PROCESSING="1" registry.gitlab.com/saguaro1/spi-images:wasm-6.1-latest swift build --swift-sdk wasm32-unknown-wasi 2>&1

Build Log

========================================
RunAll
========================================
Builder version: 5.0.2
Interrupt handler set up.
========================================
Checkout
========================================
Clone URL: https://github.com/hummingbird-project/swift-jobs.git
Reference: 1.4.0
Initialized empty Git repository in /host/spi-builder-workspace/.git/
hint: Using 'master' as the name for the initial branch. This default branch name
hint: is subject to change. To configure the initial branch name to use in all
hint: of your new repositories, which will suppress this warning, call:
hint:
hint: 	git config --global init.defaultBranch <name>
hint:
hint: Names commonly chosen instead of 'master' are 'main', 'trunk' and
hint: 'development'. The just-created branch can be renamed via this command:
hint:
hint: 	git branch -m <name>
From https://github.com/hummingbird-project/swift-jobs
 * tag               1.4.0      -> FETCH_HEAD
HEAD is now at 329b54d Add deprecated to old finished/failed functions
Cloned https://github.com/hummingbird-project/swift-jobs.git
Revision (git rev-parse @):
329b54d39f461c6dc17f36adb8f0af615c4edee4
SPI manifest file found: $PWD/.spi.yml
SUCCESS checkout https://github.com/hummingbird-project/swift-jobs.git at 1.4.0
========================================
Build
========================================
Selected platform:         wasm
Swift version:             6.1
Building package at path:  $PWD
https://github.com/hummingbird-project/swift-jobs.git
https://github.com/hummingbird-project/swift-jobs.git
WARNING: environment variable SUPPRESS_SWIFT_6_FLAGS is not set
Running build ...
bash -c docker run --pull=always --rm -v "checkouts-54344849-0":/host -w "$PWD" -e JAVA_HOME="/root/.sdkman/candidates/java/current" -e SPI_BUILD="1" -e SPI_PROCESSING="1" registry.gitlab.com/saguaro1/spi-images:wasm-6.1-latest swift build --swift-sdk wasm32-unknown-wasi -Xswiftc -Xfrontend -Xswiftc -stats-output-dir -Xswiftc -Xfrontend -Xswiftc .stats -Xswiftc -strict-concurrency=complete -Xswiftc -enable-upcoming-feature -Xswiftc StrictConcurrency -Xswiftc -enable-upcoming-feature -Xswiftc DisableOutwardActorInference -Xswiftc -enable-upcoming-feature -Xswiftc GlobalActorIsolatedTypesUsability -Xswiftc -enable-upcoming-feature -Xswiftc InferSendableFromCaptures 2>&1
wasm-6.1-latest: Pulling from saguaro1/spi-images
Digest: sha256:290f441d1f5b7bf0dbbe61e8b7514208804cdcb507d57b3c762463ad036298f7
Status: Image is up to date for registry.gitlab.com/saguaro1/spi-images:wasm-6.1-latest
Fetching https://github.com/apple/swift-metrics.git
Fetching https://github.com/swift-server/swift-service-lifecycle.git
Fetching https://github.com/apple/swift-nio.git
Fetching https://github.com/apple/swift-log.git
Fetching https://github.com/apple/swift-distributed-tracing.git
Fetching https://github.com/swift-extras/swift-extras-base64.git
[1/7954] Fetching swift-log
[558/13941] Fetching swift-log, swift-distributed-tracing
[957/17392] Fetching swift-log, swift-distributed-tracing, swift-metrics
[6950/20203] Fetching swift-log, swift-distributed-tracing, swift-metrics, swift-service-lifecycle
[20204/21036] Fetching swift-log, swift-distributed-tracing, swift-metrics, swift-service-lifecycle, swift-extras-base64
Fetched https://github.com/apple/swift-log.git from cache (0.60s)
Fetching https://github.com/apple/swift-collections.git
Fetched https://github.com/swift-extras/swift-extras-base64.git from cache (0.61s)
Fetched https://github.com/apple/swift-distributed-tracing.git from cache (0.61s)
[1/85393] Fetching swift-nio
[40136/112130] Fetching swift-nio, swift-collections
Fetched https://github.com/apple/swift-collections.git from cache (1.41s)
[70023/85393] Fetching swift-nio
Fetched https://github.com/swift-server/swift-service-lifecycle.git from cache (3.03s)
Fetched https://github.com/apple/swift-metrics.git from cache (3.03s)
Fetched https://github.com/apple/swift-nio.git from cache (3.07s)
Computing version for https://github.com/swift-extras/swift-extras-base64.git
Computed https://github.com/swift-extras/swift-extras-base64.git at 1.0.0 (4.03s)
Computing version for https://github.com/apple/swift-distributed-tracing.git
Computed https://github.com/apple/swift-distributed-tracing.git at 1.4.1 (0.23s)
Fetching https://github.com/apple/swift-service-context.git
[1/1311] Fetching swift-service-context
Fetched https://github.com/apple/swift-service-context.git from cache (1.03s)
Computing version for https://github.com/apple/swift-service-context.git
Computed https://github.com/apple/swift-service-context.git at 1.3.0 (1.26s)
Computing version for https://github.com/swift-server/swift-service-lifecycle.git
Computed https://github.com/swift-server/swift-service-lifecycle.git at 2.11.0 (0.24s)
Fetching https://github.com/apple/swift-async-algorithms.git
[1/6657] Fetching swift-async-algorithms
Fetched https://github.com/apple/swift-async-algorithms.git from cache (1.14s)
Computing version for https://github.com/apple/swift-async-algorithms.git
Computed https://github.com/apple/swift-async-algorithms.git at 1.1.5 (1.41s)
Computing version for https://github.com/apple/swift-collections.git
Computed https://github.com/apple/swift-collections.git at 1.6.0 (0.33s)
Computing version for https://github.com/apple/swift-log.git
Computed https://github.com/apple/swift-log.git at 1.15.0 (0.24s)
Computing version for https://github.com/apple/swift-metrics.git
Computed https://github.com/apple/swift-metrics.git at 2.11.0 (0.23s)
Computing version for https://github.com/apple/swift-nio.git
Computed https://github.com/apple/swift-nio.git at 2.101.3 (0.45s)
Fetching https://github.com/apple/swift-atomics.git
Fetching https://github.com/apple/swift-system.git
[1/1875] Fetching swift-atomics
Fetched https://github.com/apple/swift-atomics.git from cache (0.59s)
[1/6842] Fetching swift-system
Fetched https://github.com/apple/swift-system.git from cache (0.72s)
Computing version for https://github.com/apple/swift-atomics.git
Computed https://github.com/apple/swift-atomics.git at 1.3.1 (0.95s)
Computing version for https://github.com/apple/swift-system.git
Computed https://github.com/apple/swift-system.git at 1.8.1 (0.27s)
Creating working copy for https://github.com/apple/swift-system.git
Working copy of https://github.com/apple/swift-system.git resolved at 1.8.1
Creating working copy for https://github.com/apple/swift-log.git
Working copy of https://github.com/apple/swift-log.git resolved at 1.15.0
Creating working copy for https://github.com/apple/swift-distributed-tracing.git
Working copy of https://github.com/apple/swift-distributed-tracing.git resolved at 1.4.1
Creating working copy for https://github.com/swift-extras/swift-extras-base64.git
Working copy of https://github.com/swift-extras/swift-extras-base64.git resolved at 1.0.0
Creating working copy for https://github.com/apple/swift-collections.git
Working copy of https://github.com/apple/swift-collections.git resolved at 1.6.0
Creating working copy for https://github.com/swift-server/swift-service-lifecycle.git
Working copy of https://github.com/swift-server/swift-service-lifecycle.git resolved at 2.11.0
Creating working copy for https://github.com/apple/swift-metrics.git
Working copy of https://github.com/apple/swift-metrics.git resolved at 2.11.0
Creating working copy for https://github.com/apple/swift-atomics.git
Working copy of https://github.com/apple/swift-atomics.git resolved at 1.3.1
Creating working copy for https://github.com/apple/swift-async-algorithms.git
Working copy of https://github.com/apple/swift-async-algorithms.git resolved at 1.1.5
Creating working copy for https://github.com/apple/swift-nio.git
Working copy of https://github.com/apple/swift-nio.git resolved at 2.101.3
Creating working copy for https://github.com/apple/swift-service-context.git
Working copy of https://github.com/apple/swift-service-context.git resolved at 1.3.0
Building for debugging...
[0/36] Write sources
[21/36] Compiling CNIOWindows WSAStartup.c
[21/36] Compiling CNIOWASI CNIOWASI.c
[23/36] Compiling CNIOOpenBSD shim.c
[23/36] Compiling CNIOWindows shim.c
[25/36] Compiling _AtomicsShims.c
[26/36] Compiling CNIOLinux shim.c
[27/36] Write sources
[29/36] Compiling CNIODarwin shim.c
[30/36] Compiling CNIOLinux liburing_shims.c
[31/36] Compiling CNIOFreeBSD shim.c
[32/36] Compiling _CWASI _CWASI.c
[33/36] Write swift-version-24593BA9C3E375BF.txt
[35/77] Compiling InternalCollectionsUtilities UnsafeMutableRawBufferPointer+Extras.swift
<unknown>:0: warning: upcoming feature 'InferSendableFromCaptures' is already enabled as of Swift version 6
<unknown>:0: warning: upcoming feature 'GlobalActorIsolatedTypesUsability' is already enabled as of Swift version 6
<unknown>:0: warning: upcoming feature 'DisableOutwardActorInference' is already enabled as of Swift version 6
[36/77] Compiling InternalCollectionsUtilities UnsafeRawBufferPointer+Extras.swift
<unknown>:0: warning: upcoming feature 'InferSendableFromCaptures' is already enabled as of Swift version 6
<unknown>:0: warning: upcoming feature 'GlobalActorIsolatedTypesUsability' is already enabled as of Swift version 6
<unknown>:0: warning: upcoming feature 'DisableOutwardActorInference' is already enabled as of Swift version 6
[37/77] Compiling InternalCollectionsUtilities UnsafeBufferPointer+Extras.swift
<unknown>:0: warning: upcoming feature 'InferSendableFromCaptures' is already enabled as of Swift version 6
<unknown>:0: warning: upcoming feature 'GlobalActorIsolatedTypesUsability' is already enabled as of Swift version 6
<unknown>:0: warning: upcoming feature 'DisableOutwardActorInference' is already enabled as of Swift version 6
[38/77] Compiling InternalCollectionsUtilities UnsafeMutableBufferPointer+Extras.swift
<unknown>:0: warning: upcoming feature 'InferSendableFromCaptures' is already enabled as of Swift version 6
<unknown>:0: warning: upcoming feature 'GlobalActorIsolatedTypesUsability' is already enabled as of Swift version 6
<unknown>:0: warning: upcoming feature 'DisableOutwardActorInference' is already enabled as of Swift version 6
[38/79] Compiling c-nioatomics.c
[40/79] Compiling InternalCollectionsUtilities _SortedCollection.swift
<unknown>:0: warning: upcoming feature 'InferSendableFromCaptures' is already enabled as of Swift version 6
<unknown>:0: warning: upcoming feature 'GlobalActorIsolatedTypesUsability' is already enabled as of Swift version 6
<unknown>:0: warning: upcoming feature 'DisableOutwardActorInference' is already enabled as of Swift version 6
[41/79] Compiling InternalCollectionsUtilities _UniqueCollection.swift
<unknown>:0: warning: upcoming feature 'InferSendableFromCaptures' is already enabled as of Swift version 6
<unknown>:0: warning: upcoming feature 'GlobalActorIsolatedTypesUsability' is already enabled as of Swift version 6
<unknown>:0: warning: upcoming feature 'DisableOutwardActorInference' is already enabled as of Swift version 6
[42/79] Compiling InternalCollectionsUtilities LifetimeOverride.swift
<unknown>:0: warning: upcoming feature 'InferSendableFromCaptures' is already enabled as of Swift version 6
<unknown>:0: warning: upcoming feature 'GlobalActorIsolatedTypesUsability' is already enabled as of Swift version 6
<unknown>:0: warning: upcoming feature 'DisableOutwardActorInference' is already enabled as of Swift version 6
[43/79] Compiling InternalCollectionsUtilities RandomAccessCollection+Offsets.swift
<unknown>:0: warning: upcoming feature 'InferSendableFromCaptures' is already enabled as of Swift version 6
<unknown>:0: warning: upcoming feature 'GlobalActorIsolatedTypesUsability' is already enabled as of Swift version 6
<unknown>:0: warning: upcoming feature 'DisableOutwardActorInference' is already enabled as of Swift version 6
[44/79] Compiling InternalCollectionsUtilities Span+Extras.swift
<unknown>:0: warning: upcoming feature 'InferSendableFromCaptures' is already enabled as of Swift version 6
<unknown>:0: warning: upcoming feature 'GlobalActorIsolatedTypesUsability' is already enabled as of Swift version 6
<unknown>:0: warning: upcoming feature 'DisableOutwardActorInference' is already enabled as of Swift version 6
[45/79] Compiling Logging Logger.swift
<unknown>:0: warning: upcoming feature 'InferSendableFromCaptures' is already enabled as of Swift version 6
<unknown>:0: warning: upcoming feature 'GlobalActorIsolatedTypesUsability' is already enabled as of Swift version 6
<unknown>:0: warning: upcoming feature 'DisableOutwardActorInference' is already enabled as of Swift version 6
[46/79] Compiling Logging LoggingSystem.swift
<unknown>:0: warning: upcoming feature 'InferSendableFromCaptures' is already enabled as of Swift version 6
<unknown>:0: warning: upcoming feature 'GlobalActorIsolatedTypesUsability' is already enabled as of Swift version 6
<unknown>:0: warning: upcoming feature 'DisableOutwardActorInference' is already enabled as of Swift version 6
[47/80] Compiling InternalCollectionsUtilities Debugging.swift
<unknown>:0: warning: upcoming feature 'InferSendableFromCaptures' is already enabled as of Swift version 6
<unknown>:0: warning: upcoming feature 'GlobalActorIsolatedTypesUsability' is already enabled as of Swift version 6
<unknown>:0: warning: upcoming feature 'DisableOutwardActorInference' is already enabled as of Swift version 6
[48/80] Compiling InternalCollectionsUtilities Descriptions.swift
<unknown>:0: warning: upcoming feature 'InferSendableFromCaptures' is already enabled as of Swift version 6
<unknown>:0: warning: upcoming feature 'GlobalActorIsolatedTypesUsability' is already enabled as of Swift version 6
<unknown>:0: warning: upcoming feature 'DisableOutwardActorInference' is already enabled as of Swift version 6
[49/80] Compiling InternalCollectionsUtilities FixedWidthInteger+roundUpToPowerOfTwo.swift
<unknown>:0: warning: upcoming feature 'InferSendableFromCaptures' is already enabled as of Swift version 6
<unknown>:0: warning: upcoming feature 'GlobalActorIsolatedTypesUsability' is already enabled as of Swift version 6
<unknown>:0: warning: upcoming feature 'DisableOutwardActorInference' is already enabled as of Swift version 6
[50/80] Emitting module InternalCollectionsUtilities
<unknown>:0: warning: upcoming feature 'InferSendableFromCaptures' is already enabled as of Swift version 6
<unknown>:0: warning: upcoming feature 'GlobalActorIsolatedTypesUsability' is already enabled as of Swift version 6
<unknown>:0: warning: upcoming feature 'DisableOutwardActorInference' is already enabled as of Swift version 6
[51/80] Compiling InternalCollectionsUtilities Integer rank.swift
<unknown>:0: warning: upcoming feature 'InferSendableFromCaptures' is already enabled as of Swift version 6
<unknown>:0: warning: upcoming feature 'GlobalActorIsolatedTypesUsability' is already enabled as of Swift version 6
<unknown>:0: warning: upcoming feature 'DisableOutwardActorInference' is already enabled as of Swift version 6
[52/80] Compiling InternalCollectionsUtilities UInt+first and last set bit.swift
<unknown>:0: warning: upcoming feature 'InferSendableFromCaptures' is already enabled as of Swift version 6
<unknown>:0: warning: upcoming feature 'GlobalActorIsolatedTypesUsability' is already enabled as of Swift version 6
<unknown>:0: warning: upcoming feature 'DisableOutwardActorInference' is already enabled as of Swift version 6
[53/80] Compiling InternalCollectionsUtilities UInt+reversed.swift
<unknown>:0: warning: upcoming feature 'InferSendableFromCaptures' is already enabled as of Swift version 6
<unknown>:0: warning: upcoming feature 'GlobalActorIsolatedTypesUsability' is already enabled as of Swift version 6
<unknown>:0: warning: upcoming feature 'DisableOutwardActorInference' is already enabled as of Swift version 6
[54/85] Compiling Logging Logger+With.swift
unable to find node: pound
unable to find node: pound
<unknown>:0: warning: upcoming feature 'InferSendableFromCaptures' is already enabled as of Swift version 6
<unknown>:0: warning: upcoming feature 'GlobalActorIsolatedTypesUsability' is already enabled as of Swift version 6
<unknown>:0: warning: upcoming feature 'DisableOutwardActorInference' is already enabled as of Swift version 6
[55/85] Compiling Logging Logger+Attributes.swift
<unknown>:0: warning: upcoming feature 'InferSendableFromCaptures' is already enabled as of Swift version 6
<unknown>:0: warning: upcoming feature 'GlobalActorIsolatedTypesUsability' is already enabled as of Swift version 6
<unknown>:0: warning: upcoming feature 'DisableOutwardActorInference' is already enabled as of Swift version 6
[56/85] Compiling _NIOBase64 Base64.swift
<unknown>:0: warning: upcoming feature 'InferSendableFromCaptures' is already enabled as of Swift version 6
<unknown>:0: warning: upcoming feature 'GlobalActorIsolatedTypesUsability' is already enabled as of Swift version 6
<unknown>:0: warning: upcoming feature 'DisableOutwardActorInference' is already enabled as of Swift version 6
[57/85] Emitting module _NIOBase64
<unknown>:0: warning: upcoming feature 'InferSendableFromCaptures' is already enabled as of Swift version 6
<unknown>:0: warning: upcoming feature 'GlobalActorIsolatedTypesUsability' is already enabled as of Swift version 6
<unknown>:0: warning: upcoming feature 'DisableOutwardActorInference' is already enabled as of Swift version 6
[58/86] Compiling InternalCollectionsUtilities String+Padding.swift
<unknown>:0: warning: upcoming feature 'InferSendableFromCaptures' is already enabled as of Swift version 6
<unknown>:0: warning: upcoming feature 'GlobalActorIsolatedTypesUsability' is already enabled as of Swift version 6
<unknown>:0: warning: upcoming feature 'DisableOutwardActorInference' is already enabled as of Swift version 6
[59/86] Compiling InternalCollectionsUtilities _UnsafeBitSet+Index.swift
<unknown>:0: warning: upcoming feature 'InferSendableFromCaptures' is already enabled as of Swift version 6
<unknown>:0: warning: upcoming feature 'GlobalActorIsolatedTypesUsability' is already enabled as of Swift version 6
<unknown>:0: warning: upcoming feature 'DisableOutwardActorInference' is already enabled as of Swift version 6
[60/86] Compiling InternalCollectionsUtilities _UnsafeBitSet+_Word.swift
<unknown>:0: warning: upcoming feature 'InferSendableFromCaptures' is already enabled as of Swift version 6
<unknown>:0: warning: upcoming feature 'GlobalActorIsolatedTypesUsability' is already enabled as of Swift version 6
<unknown>:0: warning: upcoming feature 'DisableOutwardActorInference' is already enabled as of Swift version 6
[61/86] Compiling InternalCollectionsUtilities _UnsafeBitSet.swift
<unknown>:0: warning: upcoming feature 'InferSendableFromCaptures' is already enabled as of Swift version 6
<unknown>:0: warning: upcoming feature 'GlobalActorIsolatedTypesUsability' is already enabled as of Swift version 6
<unknown>:0: warning: upcoming feature 'DisableOutwardActorInference' is already enabled as of Swift version 6
[63/87] Compiling _NIODataStructures _TinyArray.swift
<unknown>:0: warning: upcoming feature 'InferSendableFromCaptures' is already enabled as of Swift version 6
<unknown>:0: warning: upcoming feature 'GlobalActorIsolatedTypesUsability' is already enabled as of Swift version 6
<unknown>:0: warning: upcoming feature 'DisableOutwardActorInference' is already enabled as of Swift version 6
[64/87] Compiling _NIODataStructures PriorityQueue.swift
<unknown>:0: warning: upcoming feature 'InferSendableFromCaptures' is already enabled as of Swift version 6
<unknown>:0: warning: upcoming feature 'GlobalActorIsolatedTypesUsability' is already enabled as of Swift version 6
<unknown>:0: warning: upcoming feature 'DisableOutwardActorInference' is already enabled as of Swift version 6
[65/87] Emitting module ServiceContextModule
<unknown>:0: warning: upcoming feature 'InferSendableFromCaptures' is already enabled as of Swift version 6
<unknown>:0: warning: upcoming feature 'GlobalActorIsolatedTypesUsability' is already enabled as of Swift version 6
<unknown>:0: warning: upcoming feature 'DisableOutwardActorInference' is already enabled as of Swift version 6
[66/87] Compiling ServiceContextModule ServiceContextKey.swift
<unknown>:0: warning: upcoming feature 'InferSendableFromCaptures' is already enabled as of Swift version 6
<unknown>:0: warning: upcoming feature 'GlobalActorIsolatedTypesUsability' is already enabled as of Swift version 6
<unknown>:0: warning: upcoming feature 'DisableOutwardActorInference' is already enabled as of Swift version 6
[67/87] Compiling ServiceContextModule ServiceContext.swift
<unknown>:0: warning: upcoming feature 'InferSendableFromCaptures' is already enabled as of Swift version 6
<unknown>:0: warning: upcoming feature 'GlobalActorIsolatedTypesUsability' is already enabled as of Swift version 6
<unknown>:0: warning: upcoming feature 'DisableOutwardActorInference' is already enabled as of Swift version 6
[68/88] Compiling Logging MetadataProvider.swift
<unknown>:0: warning: upcoming feature 'InferSendableFromCaptures' is already enabled as of Swift version 6
<unknown>:0: warning: upcoming feature 'GlobalActorIsolatedTypesUsability' is already enabled as of Swift version 6
<unknown>:0: warning: upcoming feature 'DisableOutwardActorInference' is already enabled as of Swift version 6
[69/88] Compiling _NIODataStructures Heap.swift
<unknown>:0: warning: upcoming feature 'InferSendableFromCaptures' is already enabled as of Swift version 6
<unknown>:0: warning: upcoming feature 'GlobalActorIsolatedTypesUsability' is already enabled as of Swift version 6
<unknown>:0: warning: upcoming feature 'DisableOutwardActorInference' is already enabled as of Swift version 6
[70/88] Emitting module _NIODataStructures
<unknown>:0: warning: upcoming feature 'InferSendableFromCaptures' is already enabled as of Swift version 6
<unknown>:0: warning: upcoming feature 'GlobalActorIsolatedTypesUsability' is already enabled as of Swift version 6
<unknown>:0: warning: upcoming feature 'DisableOutwardActorInference' is already enabled as of Swift version 6
<unknown>:0: warning: upcoming feature 'InferSendableFromCaptures' is already enabled as of Swift version 6
<unknown>:0: warning: upcoming feature 'GlobalActorIsolatedTypesUsability' is already enabled as of Swift version 6
<unknown>:0: warning: upcoming feature 'DisableOutwardActorInference' is already enabled as of Swift version 6
<unknown>:0: warning: upcoming feature 'InferSendableFromCaptures' is already enabled as of Swift version 6
<unknown>:0: warning: upcoming feature 'GlobalActorIsolatedTypesUsability' is already enabled as of Swift version 6
<unknown>:0: warning: upcoming feature 'DisableOutwardActorInference' is already enabled as of Swift version 6
[76/89] Compiling CoreMetrics Locks.swift
<unknown>:0: warning: upcoming feature 'InferSendableFromCaptures' is already enabled as of Swift version 6
<unknown>:0: warning: upcoming feature 'GlobalActorIsolatedTypesUsability' is already enabled as of Swift version 6
<unknown>:0: warning: upcoming feature 'DisableOutwardActorInference' is already enabled as of Swift version 6
<unknown>:0: warning: upcoming feature 'InferSendableFromCaptures' is already enabled as of Swift version 6
<unknown>:0: warning: upcoming feature 'GlobalActorIsolatedTypesUsability' is already enabled as of Swift version 6
<unknown>:0: warning: upcoming feature 'DisableOutwardActorInference' is already enabled as of Swift version 6
<unknown>:0: warning: upcoming feature 'InferSendableFromCaptures' is already enabled as of Swift version 6
<unknown>:0: warning: upcoming feature 'GlobalActorIsolatedTypesUsability' is already enabled as of Swift version 6
<unknown>:0: warning: upcoming feature 'DisableOutwardActorInference' is already enabled as of Swift version 6
[79/89] Emitting module Logging
unable to find node: pound
unable to find node: pound
<unknown>:0: warning: upcoming feature 'InferSendableFromCaptures' is already enabled as of Swift version 6
<unknown>:0: warning: upcoming feature 'GlobalActorIsolatedTypesUsability' is already enabled as of Swift version 6
<unknown>:0: warning: upcoming feature 'DisableOutwardActorInference' is already enabled as of Swift version 6
<unknown>:0: warning: upcoming feature 'InferSendableFromCaptures' is already enabled as of Swift version 6
<unknown>:0: warning: upcoming feature 'GlobalActorIsolatedTypesUsability' is already enabled as of Swift version 6
<unknown>:0: warning: upcoming feature 'DisableOutwardActorInference' is already enabled as of Swift version 6
<unknown>:0: warning: upcoming feature 'InferSendableFromCaptures' is already enabled as of Swift version 6
<unknown>:0: warning: upcoming feature 'GlobalActorIsolatedTypesUsability' is already enabled as of Swift version 6
<unknown>:0: warning: upcoming feature 'DisableOutwardActorInference' is already enabled as of Swift version 6
[81/93] Compiling c-atomics.c
[84/168] Emitting module CoreMetrics
<unknown>:0: warning: upcoming feature 'InferSendableFromCaptures' is already enabled as of Swift version 6
<unknown>:0: warning: upcoming feature 'GlobalActorIsolatedTypesUsability' is already enabled as of Swift version 6
<unknown>:0: warning: upcoming feature 'DisableOutwardActorInference' is already enabled as of Swift version 6
[85/172] Compiling ConcurrencyHelpers LockedValueBox.swift
[86/181] Emitting module Instrumentation
<unknown>:0: warning: upcoming feature 'InferSendableFromCaptures' is already enabled as of Swift version 6
<unknown>:0: warning: upcoming feature 'GlobalActorIsolatedTypesUsability' is already enabled as of Swift version 6
<unknown>:0: warning: upcoming feature 'DisableOutwardActorInference' is already enabled as of Swift version 6
[87/181] Emitting module ConcurrencyHelpers
[88/181] Compiling Instrumentation NoOpInstrument.swift
<unknown>:0: warning: upcoming feature 'InferSendableFromCaptures' is already enabled as of Swift version 6
<unknown>:0: warning: upcoming feature 'GlobalActorIsolatedTypesUsability' is already enabled as of Swift version 6
<unknown>:0: warning: upcoming feature 'DisableOutwardActorInference' is already enabled as of Swift version 6
[89/217] Compiling Instrumentation Locks.swift
<unknown>:0: warning: upcoming feature 'InferSendableFromCaptures' is already enabled as of Swift version 6
<unknown>:0: warning: upcoming feature 'GlobalActorIsolatedTypesUsability' is already enabled as of Swift version 6
<unknown>:0: warning: upcoming feature 'DisableOutwardActorInference' is already enabled as of Swift version 6
[90/217] Compiling Instrumentation MultiplexInstrument.swift
<unknown>:0: warning: upcoming feature 'InferSendableFromCaptures' is already enabled as of Swift version 6
<unknown>:0: warning: upcoming feature 'GlobalActorIsolatedTypesUsability' is already enabled as of Swift version 6
<unknown>:0: warning: upcoming feature 'DisableOutwardActorInference' is already enabled as of Swift version 6
[91/217] Compiling ContainersPreview BorrowingSequence+Standard Conformances.swift
[92/217] Compiling ContainersPreview BorrowingSequence+Utilities.swift
[93/217] Compiling ContainersPreview DynamicContainer.swift
[94/217] Compiling ContainersPreview MutableContainer.swift
[95/219] Compiling ContainersPreview Container.swift
[96/219] Compiling ContainersPreview ContainerIterator.swift
[97/219] Compiling Instrumentation Instrument.swift
<unknown>:0: warning: upcoming feature 'InferSendableFromCaptures' is already enabled as of Swift version 6
<unknown>:0: warning: upcoming feature 'GlobalActorIsolatedTypesUsability' is already enabled as of Swift version 6
<unknown>:0: warning: upcoming feature 'DisableOutwardActorInference' is already enabled as of Swift version 6
[98/219] Compiling Instrumentation InstrumentationSystem.swift
<unknown>:0: warning: upcoming feature 'InferSendableFromCaptures' is already enabled as of Swift version 6
<unknown>:0: warning: upcoming feature 'GlobalActorIsolatedTypesUsability' is already enabled as of Swift version 6
<unknown>:0: warning: upcoming feature 'DisableOutwardActorInference' is already enabled as of Swift version 6
[99/219] Compiling ContainersPreview BorrowingIteratorProtocol+Filter.swift
[100/219] Compiling ContainersPreview Container+SpanwiseZip.swift
[101/220] Compiling NIOConcurrencyHelpers lock.swift
<unknown>:0: warning: upcoming feature 'InferSendableFromCaptures' is already enabled as of Swift version 6
<unknown>:0: warning: upcoming feature 'GlobalActorIsolatedTypesUsability' is already enabled as of Swift version 6
<unknown>:0: warning: upcoming feature 'DisableOutwardActorInference' is already enabled as of Swift version 6
[102/220] Compiling NIOConcurrencyHelpers NIOThreadPoolWorkAvailable.swift
<unknown>:0: warning: upcoming feature 'InferSendableFromCaptures' is already enabled as of Swift version 6
<unknown>:0: warning: upcoming feature 'GlobalActorIsolatedTypesUsability' is already enabled as of Swift version 6
<unknown>:0: warning: upcoming feature 'DisableOutwardActorInference' is already enabled as of Swift version 6
[103/220] Compiling NIOConcurrencyHelpers NIOLockedValueBox.swift
<unknown>:0: warning: upcoming feature 'InferSendableFromCaptures' is already enabled as of Swift version 6
<unknown>:0: warning: upcoming feature 'GlobalActorIsolatedTypesUsability' is already enabled as of Swift version 6
<unknown>:0: warning: upcoming feature 'DisableOutwardActorInference' is already enabled as of Swift version 6
<unknown>:0: warning: upcoming feature 'InferSendableFromCaptures' is already enabled as of Swift version 6
<unknown>:0: warning: upcoming feature 'GlobalActorIsolatedTypesUsability' is already enabled as of Swift version 6
<unknown>:0: warning: upcoming feature 'DisableOutwardActorInference' is already enabled as of Swift version 6
<unknown>:0: warning: upcoming feature 'InferSendableFromCaptures' is already enabled as of Swift version 6
<unknown>:0: warning: upcoming feature 'GlobalActorIsolatedTypesUsability' is already enabled as of Swift version 6
<unknown>:0: warning: upcoming feature 'DisableOutwardActorInference' is already enabled as of Swift version 6
[106/220] Compiling Atomics IntegerOperations.swift
<unknown>:0: warning: upcoming feature 'InferSendableFromCaptures' is already enabled as of Swift version 6
<unknown>:0: warning: upcoming feature 'GlobalActorIsolatedTypesUsability' is already enabled as of Swift version 6
<unknown>:0: warning: upcoming feature 'DisableOutwardActorInference' is already enabled as of Swift version 6
[107/220] Compiling Atomics Unmanaged extensions.swift
<unknown>:0: warning: upcoming feature 'InferSendableFromCaptures' is already enabled as of Swift version 6
<unknown>:0: warning: upcoming feature 'GlobalActorIsolatedTypesUsability' is already enabled as of Swift version 6
<unknown>:0: warning: upcoming feature 'DisableOutwardActorInference' is already enabled as of Swift version 6
[108/220] Compiling ContainersPreview Container+Filter.swift
<unknown>:0: warning: upcoming feature 'InferSendableFromCaptures' is already enabled as of Swift version 6
<unknown>:0: warning: upcoming feature 'GlobalActorIsolatedTypesUsability' is already enabled as of Swift version 6
<unknown>:0: warning: upcoming feature 'DisableOutwardActorInference' is already enabled as of Swift version 6
<unknown>:0: warning: upcoming feature 'InferSendableFromCaptures' is already enabled as of Swift version 6
<unknown>:0: warning: upcoming feature 'GlobalActorIsolatedTypesUsability' is already enabled as of Swift version 6
<unknown>:0: warning: upcoming feature 'DisableOutwardActorInference' is already enabled as of Swift version 6
<unknown>:0: warning: upcoming feature 'InferSendableFromCaptures' is already enabled as of Swift version 6
<unknown>:0: warning: upcoming feature 'GlobalActorIsolatedTypesUsability' is already enabled as of Swift version 6
<unknown>:0: warning: upcoming feature 'DisableOutwardActorInference' is already enabled as of Swift version 6
<unknown>:0: warning: upcoming feature 'InferSendableFromCaptures' is already enabled as of Swift version 6
<unknown>:0: warning: upcoming feature 'GlobalActorIsolatedTypesUsability' is already enabled as of Swift version 6
<unknown>:0: warning: upcoming feature 'DisableOutwardActorInference' is already enabled as of Swift version 6
<unknown>:0: warning: upcoming feature 'InferSendableFromCaptures' is already enabled as of Swift version 6
<unknown>:0: warning: upcoming feature 'GlobalActorIsolatedTypesUsability' is already enabled as of Swift version 6
<unknown>:0: warning: upcoming feature 'DisableOutwardActorInference' is already enabled as of Swift version 6
<unknown>:0: warning: upcoming feature 'InferSendableFromCaptures' is already enabled as of Swift version 6
<unknown>:0: warning: upcoming feature 'GlobalActorIsolatedTypesUsability' is already enabled as of Swift version 6
<unknown>:0: warning: upcoming feature 'DisableOutwardActorInference' is already enabled as of Swift version 6
[114/224] Compiling ConcurrencyHelpers Lock.swift
[115/225] Compiling ContainersPreview Producer+Map.swift
<unknown>:0: warning: upcoming feature 'InferSendableFromCaptures' is already enabled as of Swift version 6
<unknown>:0: warning: upcoming feature 'GlobalActorIsolatedTypesUsability' is already enabled as of Swift version 6
<unknown>:0: warning: upcoming feature 'DisableOutwardActorInference' is already enabled as of Swift version 6
[116/225] Compiling ContainersPreview Producer+Reduce.swift
<unknown>:0: warning: upcoming feature 'InferSendableFromCaptures' is already enabled as of Swift version 6
<unknown>:0: warning: upcoming feature 'GlobalActorIsolatedTypesUsability' is already enabled as of Swift version 6
<unknown>:0: warning: upcoming feature 'DisableOutwardActorInference' is already enabled as of Swift version 6
[117/225] Compiling ContainersPreview Producer.swift
<unknown>:0: warning: upcoming feature 'InferSendableFromCaptures' is already enabled as of Swift version 6
<unknown>:0: warning: upcoming feature 'GlobalActorIsolatedTypesUsability' is already enabled as of Swift version 6
<unknown>:0: warning: upcoming feature 'DisableOutwardActorInference' is already enabled as of Swift version 6
[118/225] Compiling ContainersPreview InputSpan.swift
<unknown>:0: warning: upcoming feature 'InferSendableFromCaptures' is already enabled as of Swift version 6
<unknown>:0: warning: upcoming feature 'GlobalActorIsolatedTypesUsability' is already enabled as of Swift version 6
<unknown>:0: warning: upcoming feature 'DisableOutwardActorInference' is already enabled as of Swift version 6
[119/225] Compiling ContainersPreview MutableRef.swift
<unknown>:0: warning: upcoming feature 'InferSendableFromCaptures' is already enabled as of Swift version 6
<unknown>:0: warning: upcoming feature 'GlobalActorIsolatedTypesUsability' is already enabled as of Swift version 6
<unknown>:0: warning: upcoming feature 'DisableOutwardActorInference' is already enabled as of Swift version 6
[120/225] Compiling ContainersPreview Drain+Map.swift
<unknown>:0: warning: upcoming feature 'InferSendableFromCaptures' is already enabled as of Swift version 6
<unknown>:0: warning: upcoming feature 'GlobalActorIsolatedTypesUsability' is already enabled as of Swift version 6
<unknown>:0: warning: upcoming feature 'DisableOutwardActorInference' is already enabled as of Swift version 6
[121/225] Compiling ContainersPreview Drain+Reduce.swift
<unknown>:0: warning: upcoming feature 'InferSendableFromCaptures' is already enabled as of Swift version 6
<unknown>:0: warning: upcoming feature 'GlobalActorIsolatedTypesUsability' is already enabled as of Swift version 6
<unknown>:0: warning: upcoming feature 'DisableOutwardActorInference' is already enabled as of Swift version 6
[122/225] Compiling ContainersPreview Drain.swift
<unknown>:0: warning: upcoming feature 'InferSendableFromCaptures' is already enabled as of Swift version 6
<unknown>:0: warning: upcoming feature 'GlobalActorIsolatedTypesUsability' is already enabled as of Swift version 6
<unknown>:0: warning: upcoming feature 'DisableOutwardActorInference' is already enabled as of Swift version 6
[123/225] Compiling ContainersPreview Producer+Collect.swift
<unknown>:0: warning: upcoming feature 'InferSendableFromCaptures' is already enabled as of Swift version 6
<unknown>:0: warning: upcoming feature 'GlobalActorIsolatedTypesUsability' is already enabled as of Swift version 6
<unknown>:0: warning: upcoming feature 'DisableOutwardActorInference' is already enabled as of Swift version 6
[124/225] Compiling ContainersPreview Producer+Filter.swift
<unknown>:0: warning: upcoming feature 'InferSendableFromCaptures' is already enabled as of Swift version 6
<unknown>:0: warning: upcoming feature 'GlobalActorIsolatedTypesUsability' is already enabled as of Swift version 6
<unknown>:0: warning: upcoming feature 'DisableOutwardActorInference' is already enabled as of Swift version 6
[125/225] Compiling ContainersPreview BorrowingIteratorProtocol+Map.swift
<unknown>:0: warning: upcoming feature 'InferSendableFromCaptures' is already enabled as of Swift version 6
<unknown>:0: warning: upcoming feature 'GlobalActorIsolatedTypesUsability' is already enabled as of Swift version 6
<unknown>:0: warning: upcoming feature 'DisableOutwardActorInference' is already enabled as of Swift version 6
[126/225] Compiling ContainersPreview BorrowingIteratorProtocol+Reduce.swift
<unknown>:0: warning: upcoming feature 'InferSendableFromCaptures' is already enabled as of Swift version 6
<unknown>:0: warning: upcoming feature 'GlobalActorIsolatedTypesUsability' is already enabled as of Swift version 6
<unknown>:0: warning: upcoming feature 'DisableOutwardActorInference' is already enabled as of Swift version 6
[127/225] Compiling ContainersPreview BorrowingIteratorProtocol+SpanwiseZip.swift
<unknown>:0: warning: upcoming feature 'InferSendableFromCaptures' is already enabled as of Swift version 6
<unknown>:0: warning: upcoming feature 'GlobalActorIsolatedTypesUsability' is already enabled as of Swift version 6
<unknown>:0: warning: upcoming feature 'DisableOutwardActorInference' is already enabled as of Swift version 6
[128/225] Compiling ContainersPreview BorrowingIteratorProtocol.swift
<unknown>:0: warning: upcoming feature 'InferSendableFromCaptures' is already enabled as of Swift version 6
<unknown>:0: warning: upcoming feature 'GlobalActorIsolatedTypesUsability' is already enabled as of Swift version 6
<unknown>:0: warning: upcoming feature 'DisableOutwardActorInference' is already enabled as of Swift version 6
[129/225] Compiling ContainersPreview BorrowingSequence+Algorithms.swift
<unknown>:0: warning: upcoming feature 'InferSendableFromCaptures' is already enabled as of Swift version 6
<unknown>:0: warning: upcoming feature 'GlobalActorIsolatedTypesUsability' is already enabled as of Swift version 6
<unknown>:0: warning: upcoming feature 'DisableOutwardActorInference' is already enabled as of Swift version 6
[130/225] Compiling ContainersPreview OutputSpan+Extras.swift
<unknown>:0: warning: upcoming feature 'InferSendableFromCaptures' is already enabled as of Swift version 6
<unknown>:0: warning: upcoming feature 'GlobalActorIsolatedTypesUsability' is already enabled as of Swift version 6
<unknown>:0: warning: upcoming feature 'DisableOutwardActorInference' is already enabled as of Swift version 6
[131/225] Compiling ContainersPreview TemporaryAllocation.swift
<unknown>:0: warning: upcoming feature 'InferSendableFromCaptures' is already enabled as of Swift version 6
<unknown>:0: warning: upcoming feature 'GlobalActorIsolatedTypesUsability' is already enabled as of Swift version 6
<unknown>:0: warning: upcoming feature 'DisableOutwardActorInference' is already enabled as of Swift version 6
[132/225] Compiling ContainersPreview BorrowingIteratorProtocol+Copy.swift
<unknown>:0: warning: upcoming feature 'InferSendableFromCaptures' is already enabled as of Swift version 6
<unknown>:0: warning: upcoming feature 'GlobalActorIsolatedTypesUsability' is already enabled as of Swift version 6
<unknown>:0: warning: upcoming feature 'DisableOutwardActorInference' is already enabled as of Swift version 6
[133/225] Compiling ContainersPreview BorrowingIteratorProtocol+ElementsEqual.swift
<unknown>:0: warning: upcoming feature 'InferSendableFromCaptures' is already enabled as of Swift version 6
<unknown>:0: warning: upcoming feature 'GlobalActorIsolatedTypesUsability' is already enabled as of Swift version 6
<unknown>:0: warning: upcoming feature 'DisableOutwardActorInference' is already enabled as of Swift version 6
<unknown>:0: warning: upcoming feature 'InferSendableFromCaptures' is already enabled as of Swift version 6
<unknown>:0: warning: upcoming feature 'GlobalActorIsolatedTypesUsability' is already enabled as of Swift version 6
<unknown>:0: warning: upcoming feature 'DisableOutwardActorInference' is already enabled as of Swift version 6
[136/225] Emitting module ContainersPreview
<unknown>:0: warning: upcoming feature 'InferSendableFromCaptures' is already enabled as of Swift version 6
<unknown>:0: warning: upcoming feature 'GlobalActorIsolatedTypesUsability' is already enabled as of Swift version 6
<unknown>:0: warning: upcoming feature 'DisableOutwardActorInference' is already enabled as of Swift version 6
[137/225] Compiling ContainersPreview PermutableContainer.swift
<unknown>:0: warning: upcoming feature 'InferSendableFromCaptures' is already enabled as of Swift version 6
<unknown>:0: warning: upcoming feature 'GlobalActorIsolatedTypesUsability' is already enabled as of Swift version 6
<unknown>:0: warning: upcoming feature 'DisableOutwardActorInference' is already enabled as of Swift version 6
[138/225] Compiling ContainersPreview RandomAccessContainer.swift
<unknown>:0: warning: upcoming feature 'InferSendableFromCaptures' is already enabled as of Swift version 6
<unknown>:0: warning: upcoming feature 'GlobalActorIsolatedTypesUsability' is already enabled as of Swift version 6
<unknown>:0: warning: upcoming feature 'DisableOutwardActorInference' is already enabled as of Swift version 6
[139/225] Compiling ContainersPreview RangeExpression2.swift
<unknown>:0: warning: upcoming feature 'InferSendableFromCaptures' is already enabled as of Swift version 6
<unknown>:0: warning: upcoming feature 'GlobalActorIsolatedTypesUsability' is already enabled as of Swift version 6
<unknown>:0: warning: upcoming feature 'DisableOutwardActorInference' is already enabled as of Swift version 6
[140/225] Compiling ContainersPreview RangeReplaceableContainer.swift
<unknown>:0: warning: upcoming feature 'InferSendableFromCaptures' is already enabled as of Swift version 6
<unknown>:0: warning: upcoming feature 'GlobalActorIsolatedTypesUsability' is already enabled as of Swift version 6
<unknown>:0: warning: upcoming feature 'DisableOutwardActorInference' is already enabled as of Swift version 6
[141/225] Compiling ContainersPreview Strideable+Limits.swift
<unknown>:0: warning: upcoming feature 'InferSendableFromCaptures' is already enabled as of Swift version 6
<unknown>:0: warning: upcoming feature 'GlobalActorIsolatedTypesUsability' is already enabled as of Swift version 6
<unknown>:0: warning: upcoming feature 'DisableOutwardActorInference' is already enabled as of Swift version 6
[142/225] Compiling NIOConcurrencyHelpers NIOLock.swift
<unknown>:0: warning: upcoming feature 'InferSendableFromCaptures' is already enabled as of Swift version 6
<unknown>:0: warning: upcoming feature 'GlobalActorIsolatedTypesUsability' is already enabled as of Swift version 6
<unknown>:0: warning: upcoming feature 'DisableOutwardActorInference' is already enabled as of Swift version 6
[147/225] Compiling ContainersPreview Ref.swift
<unknown>:0: warning: upcoming feature 'InferSendableFromCaptures' is already enabled as of Swift version 6
<unknown>:0: warning: upcoming feature 'GlobalActorIsolatedTypesUsability' is already enabled as of Swift version 6
<unknown>:0: warning: upcoming feature 'DisableOutwardActorInference' is already enabled as of Swift version 6
[148/225] Compiling ContainersPreview Shared.swift
<unknown>:0: warning: upcoming feature 'InferSendableFromCaptures' is already enabled as of Swift version 6
<unknown>:0: warning: upcoming feature 'GlobalActorIsolatedTypesUsability' is already enabled as of Swift version 6
<unknown>:0: warning: upcoming feature 'DisableOutwardActorInference' is already enabled as of Swift version 6
[149/225] Compiling ContainersPreview SpanIterator.swift
<unknown>:0: warning: upcoming feature 'InferSendableFromCaptures' is already enabled as of Swift version 6
<unknown>:0: warning: upcoming feature 'GlobalActorIsolatedTypesUsability' is already enabled as of Swift version 6
<unknown>:0: warning: upcoming feature 'DisableOutwardActorInference' is already enabled as of Swift version 6
[150/225] Compiling ContainersPreview UniqueBox.swift
<unknown>:0: warning: upcoming feature 'InferSendableFromCaptures' is already enabled as of Swift version 6
<unknown>:0: warning: upcoming feature 'GlobalActorIsolatedTypesUsability' is already enabled as of Swift version 6
<unknown>:0: warning: upcoming feature 'DisableOutwardActorInference' is already enabled as of Swift version 6
<unknown>:0: warning: upcoming feature 'InferSendableFromCaptures' is already enabled as of Swift version 6
<unknown>:0: warning: upcoming feature 'GlobalActorIsolatedTypesUsability' is already enabled as of Swift version 6
<unknown>:0: warning: upcoming feature 'DisableOutwardActorInference' is already enabled as of Swift version 6
<unknown>:0: warning: upcoming feature 'InferSendableFromCaptures' is already enabled as of Swift version 6
<unknown>:0: warning: upcoming feature 'GlobalActorIsolatedTypesUsability' is already enabled as of Swift version 6
<unknown>:0: warning: upcoming feature 'DisableOutwardActorInference' is already enabled as of Swift version 6
<unknown>:0: warning: upcoming feature 'InferSendableFromCaptures' is already enabled as of Swift version 6
<unknown>:0: warning: upcoming feature 'GlobalActorIsolatedTypesUsability' is already enabled as of Swift version 6
<unknown>:0: warning: upcoming feature 'DisableOutwardActorInference' is already enabled as of Swift version 6
<unknown>:0: warning: upcoming feature 'InferSendableFromCaptures' is already enabled as of Swift version 6
<unknown>:0: warning: upcoming feature 'GlobalActorIsolatedTypesUsability' is already enabled as of Swift version 6
<unknown>:0: warning: upcoming feature 'DisableOutwardActorInference' is already enabled as of Swift version 6
<unknown>:0: warning: upcoming feature 'InferSendableFromCaptures' is already enabled as of Swift version 6
<unknown>:0: warning: upcoming feature 'GlobalActorIsolatedTypesUsability' is already enabled as of Swift version 6
<unknown>:0: warning: upcoming feature 'DisableOutwardActorInference' is already enabled as of Swift version 6
<unknown>:0: warning: upcoming feature 'InferSendableFromCaptures' is already enabled as of Swift version 6
<unknown>:0: warning: upcoming feature 'GlobalActorIsolatedTypesUsability' is already enabled as of Swift version 6
<unknown>:0: warning: upcoming feature 'DisableOutwardActorInference' is already enabled as of Swift version 6
<unknown>:0: warning: upcoming feature 'InferSendableFromCaptures' is already enabled as of Swift version 6
<unknown>:0: warning: upcoming feature 'GlobalActorIsolatedTypesUsability' is already enabled as of Swift version 6
<unknown>:0: warning: upcoming feature 'DisableOutwardActorInference' is already enabled as of Swift version 6
[158/226] Compiling OrderedCollections OrderedSet+ReserveCapacity.swift
<unknown>:0: warning: upcoming feature 'InferSendableFromCaptures' is already enabled as of Swift version 6
<unknown>:0: warning: upcoming feature 'GlobalActorIsolatedTypesUsability' is already enabled as of Swift version 6
<unknown>:0: warning: upcoming feature 'DisableOutwardActorInference' is already enabled as of Swift version 6
[162/241] Compiling CoreMetrics MappingMetricsFactory.swift
<unknown>:0: warning: upcoming feature 'InferSendableFromCaptures' is already enabled as of Swift version 6
<unknown>:0: warning: upcoming feature 'GlobalActorIsolatedTypesUsability' is already enabled as of Swift version 6
<unknown>:0: warning: upcoming feature 'DisableOutwardActorInference' is already enabled as of Swift version 6
[163/241] Compiling CoreMetrics Metrics.swift
<unknown>:0: warning: upcoming feature 'InferSendableFromCaptures' is already enabled as of Swift version 6
<unknown>:0: warning: upcoming feature 'GlobalActorIsolatedTypesUsability' is already enabled as of Swift version 6
<unknown>:0: warning: upcoming feature 'DisableOutwardActorInference' is already enabled as of Swift version 6
[164/241] Compiling CoreMetrics WithMetricsFactory.swift
<unknown>:0: warning: upcoming feature 'InferSendableFromCaptures' is already enabled as of Swift version 6
<unknown>:0: warning: upcoming feature 'GlobalActorIsolatedTypesUsability' is already enabled as of Swift version 6
<unknown>:0: warning: upcoming feature 'DisableOutwardActorInference' is already enabled as of Swift version 6
[165/242] Compiling NIOConcurrencyHelpers NIOAtomic.swift
<unknown>:0: warning: upcoming feature 'InferSendableFromCaptures' is already enabled as of Swift version 6
<unknown>:0: warning: upcoming feature 'GlobalActorIsolatedTypesUsability' is already enabled as of Swift version 6
<unknown>:0: warning: upcoming feature 'DisableOutwardActorInference' is already enabled as of Swift version 6
[166/245] Emitting module NIOConcurrencyHelpers
<unknown>:0: warning: upcoming feature 'InferSendableFromCaptures' is already enabled as of Swift version 6
<unknown>:0: warning: upcoming feature 'GlobalActorIsolatedTypesUsability' is already enabled as of Swift version 6
<unknown>:0: warning: upcoming feature 'DisableOutwardActorInference' is already enabled as of Swift version 6
[168/245] Compiling NIOConcurrencyHelpers atomics.swift
<unknown>:0: warning: upcoming feature 'InferSendableFromCaptures' is already enabled as of Swift version 6
<unknown>:0: warning: upcoming feature 'GlobalActorIsolatedTypesUsability' is already enabled as of Swift version 6
<unknown>:0: warning: upcoming feature 'DisableOutwardActorInference' is already enabled as of Swift version 6
[169/245] Compiling Tracing InstrumentationSystem+Tracing.swift
<unknown>:0: warning: upcoming feature 'InferSendableFromCaptures' is already enabled as of Swift version 6
<unknown>:0: warning: upcoming feature 'GlobalActorIsolatedTypesUsability' is already enabled as of Swift version 6
<unknown>:0: warning: upcoming feature 'DisableOutwardActorInference' is already enabled as of Swift version 6
[170/281] Compiling OrderedCollections OrderedDictionary+Values.swift
<unknown>:0: warning: upcoming feature 'InferSendableFromCaptures' is already enabled as of Swift version 6
<unknown>:0: warning: upcoming feature 'GlobalActorIsolatedTypesUsability' is already enabled as of Swift version 6
<unknown>:0: warning: upcoming feature 'DisableOutwardActorInference' is already enabled as of Swift version 6
[171/284] Compiling OrderedCollections OrderedDictionary.swift
<unknown>:0: warning: upcoming feature 'InferSendableFromCaptures' is already enabled as of Swift version 6
<unknown>:0: warning: upcoming feature 'GlobalActorIsolatedTypesUsability' is already enabled as of Swift version 6
<unknown>:0: warning: upcoming feature 'DisableOutwardActorInference' is already enabled as of Swift version 6
[172/285] Compiling OrderedCollections OrderedSet+Codable.swift
<unknown>:0: warning: upcoming feature 'InferSendableFromCaptures' is already enabled as of Swift version 6
<unknown>:0: warning: upcoming feature 'GlobalActorIsolatedTypesUsability' is already enabled as of Swift version 6
<unknown>:0: warning: upcoming feature 'DisableOutwardActorInference' is already enabled as of Swift version 6
[173/285] Compiling OrderedCollections OrderedSet+CustomReflectable.swift
<unknown>:0: warning: upcoming feature 'InferSendableFromCaptures' is already enabled as of Swift version 6
<unknown>:0: warning: upcoming feature 'GlobalActorIsolatedTypesUsability' is already enabled as of Swift version 6
<unknown>:0: warning: upcoming feature 'DisableOutwardActorInference' is already enabled as of Swift version 6
[174/285] Compiling OrderedCollections OrderedSet+Descriptions.swift
<unknown>:0: warning: upcoming feature 'InferSendableFromCaptures' is already enabled as of Swift version 6
<unknown>:0: warning: upcoming feature 'GlobalActorIsolatedTypesUsability' is already enabled as of Swift version 6
<unknown>:0: warning: upcoming feature 'DisableOutwardActorInference' is already enabled as of Swift version 6
[175/285] Compiling OrderedCollections OrderedSet+Diffing.swift
<unknown>:0: warning: upcoming feature 'InferSendableFromCaptures' is already enabled as of Swift version 6
<unknown>:0: warning: upcoming feature 'GlobalActorIsolatedTypesUsability' is already enabled as of Swift version 6
<unknown>:0: warning: upcoming feature 'DisableOutwardActorInference' is already enabled as of Swift version 6
[176/285] Compiling OrderedCollections OrderedSet+Equatable.swift
<unknown>:0: warning: upcoming feature 'InferSendableFromCaptures' is already enabled as of Swift version 6
<unknown>:0: warning: upcoming feature 'GlobalActorIsolatedTypesUsability' is already enabled as of Swift version 6
<unknown>:0: warning: upcoming feature 'DisableOutwardActorInference' is already enabled as of Swift version 6
[177/285] Compiling OrderedCollections OrderedSet+ExpressibleByArrayLiteral.swift
<unknown>:0: warning: upcoming feature 'InferSendableFromCaptures' is already enabled as of Swift version 6
<unknown>:0: warning: upcoming feature 'GlobalActorIsolatedTypesUsability' is already enabled as of Swift version 6
<unknown>:0: warning: upcoming feature 'DisableOutwardActorInference' is already enabled as of Swift version 6
[178/287] Compiling Tracing TracingTime.swift
<unknown>:0: warning: upcoming feature 'InferSendableFromCaptures' is already enabled as of Swift version 6
<unknown>:0: warning: upcoming feature 'GlobalActorIsolatedTypesUsability' is already enabled as of Swift version 6
<unknown>:0: warning: upcoming feature 'DisableOutwardActorInference' is already enabled as of Swift version 6
[179/287] Emitting module Tracing
<unknown>:0: warning: upcoming feature 'InferSendableFromCaptures' is already enabled as of Swift version 6
<unknown>:0: warning: upcoming feature 'GlobalActorIsolatedTypesUsability' is already enabled as of Swift version 6
<unknown>:0: warning: upcoming feature 'DisableOutwardActorInference' is already enabled as of Swift version 6
[181/289] Compiling Tracing TracerProtocol.swift
<unknown>:0: warning: upcoming feature 'InferSendableFromCaptures' is already enabled as of Swift version 6
<unknown>:0: warning: upcoming feature 'GlobalActorIsolatedTypesUsability' is already enabled as of Swift version 6
<unknown>:0: warning: upcoming feature 'DisableOutwardActorInference' is already enabled as of Swift version 6
[182/289] Compiling DequeModule UniqueDeque+Container.swift
<unknown>:0: warning: upcoming feature 'InferSendableFromCaptures' is already enabled as of Swift version 6
<unknown>:0: warning: upcoming feature 'GlobalActorIsolatedTypesUsability' is already enabled as of Swift version 6
<unknown>:0: warning: upcoming feature 'DisableOutwardActorInference' is already enabled as of Swift version 6
[183/289] Compiling DequeModule UniqueDeque+Deprecated.swift
<unknown>:0: warning: upcoming feature 'InferSendableFromCaptures' is already enabled as of Swift version 6
<unknown>:0: warning: upcoming feature 'GlobalActorIsolatedTypesUsability' is already enabled as of Swift version 6
<unknown>:0: warning: upcoming feature 'DisableOutwardActorInference' is already enabled as of Swift version 6
[184/289] Compiling DequeModule UniqueDeque+Descriptions.swift
<unknown>:0: warning: upcoming feature 'InferSendableFromCaptures' is already enabled as of Swift version 6
<unknown>:0: warning: upcoming feature 'GlobalActorIsolatedTypesUsability' is already enabled as of Swift version 6
<unknown>:0: warning: upcoming feature 'DisableOutwardActorInference' is already enabled as of Swift version 6
[185/289] Compiling DequeModule UniqueDeque+Equatable.swift
<unknown>:0: warning: upcoming feature 'InferSendableFromCaptures' is already enabled as of Swift version 6
<unknown>:0: warning: upcoming feature 'GlobalActorIsolatedTypesUsability' is already enabled as of Swift version 6
<unknown>:0: warning: upcoming feature 'DisableOutwardActorInference' is already enabled as of Swift version 6
[186/289] Compiling DequeModule UniqueDeque+Experimental.swift
<unknown>:0: warning: upcoming feature 'InferSendableFromCaptures' is already enabled as of Swift version 6
<unknown>:0: warning: upcoming feature 'GlobalActorIsolatedTypesUsability' is already enabled as of Swift version 6
<unknown>:0: warning: upcoming feature 'DisableOutwardActorInference' is already enabled as of Swift version 6
[187/294] Compiling DequeModule UniqueDeque+Hashable.swift
<unknown>:0: warning: upcoming feature 'InferSendableFromCaptures' is already enabled as of Swift version 6
<unknown>:0: warning: upcoming feature 'GlobalActorIsolatedTypesUsability' is already enabled as of Swift version 6
<unknown>:0: warning: upcoming feature 'DisableOutwardActorInference' is already enabled as of Swift version 6
[188/294] Compiling DequeModule UniqueDeque+Initializers.swift
<unknown>:0: warning: upcoming feature 'InferSendableFromCaptures' is already enabled as of Swift version 6
<unknown>:0: warning: upcoming feature 'GlobalActorIsolatedTypesUsability' is already enabled as of Swift version 6
<unknown>:0: warning: upcoming feature 'DisableOutwardActorInference' is already enabled as of Swift version 6
[189/294] Compiling DequeModule UniqueDeque+Insertions.swift
<unknown>:0: warning: upcoming feature 'InferSendableFromCaptures' is already enabled as of Swift version 6
<unknown>:0: warning: upcoming feature 'GlobalActorIsolatedTypesUsability' is already enabled as of Swift version 6
<unknown>:0: warning: upcoming feature 'DisableOutwardActorInference' is already enabled as of Swift version 6
[190/294] Compiling DequeModule UniqueDeque+Prepend.swift
<unknown>:0: warning: upcoming feature 'InferSendableFromCaptures' is already enabled as of Swift version 6
<unknown>:0: warning: upcoming feature 'GlobalActorIsolatedTypesUsability' is already enabled as of Swift version 6
<unknown>:0: warning: upcoming feature 'DisableOutwardActorInference' is already enabled as of Swift version 6
[191/294] Compiling DequeModule UniqueDeque+Removals.swift
<unknown>:0: warning: upcoming feature 'InferSendableFromCaptures' is already enabled as of Swift version 6
<unknown>:0: warning: upcoming feature 'GlobalActorIsolatedTypesUsability' is already enabled as of Swift version 6
<unknown>:0: warning: upcoming feature 'DisableOutwardActorInference' is already enabled as of Swift version 6
[192/294] Compiling DequeModule RigidDeque+Equatable.swift
<unknown>:0: warning: upcoming feature 'InferSendableFromCaptures' is already enabled as of Swift version 6
<unknown>:0: warning: upcoming feature 'GlobalActorIsolatedTypesUsability' is already enabled as of Swift version 6
<unknown>:0: warning: upcoming feature 'DisableOutwardActorInference' is already enabled as of Swift version 6
[193/294] Compiling DequeModule RigidDeque+Experimental.swift
<unknown>:0: warning: upcoming feature 'InferSendableFromCaptures' is already enabled as of Swift version 6
<unknown>:0: warning: upcoming feature 'GlobalActorIsolatedTypesUsability' is already enabled as of Swift version 6
<unknown>:0: warning: upcoming feature 'DisableOutwardActorInference' is already enabled as of Swift version 6
[194/294] Compiling DequeModule RigidDeque+Hashable.swift
<unknown>:0: warning: upcoming feature 'InferSendableFromCaptures' is already enabled as of Swift version 6
<unknown>:0: warning: upcoming feature 'GlobalActorIsolatedTypesUsability' is already enabled as of Swift version 6
<unknown>:0: warning: upcoming feature 'DisableOutwardActorInference' is already enabled as of Swift version 6
[195/294] Compiling DequeModule RigidDeque+Initializers.swift
<unknown>:0: warning: upcoming feature 'InferSendableFromCaptures' is already enabled as of Swift version 6
<unknown>:0: warning: upcoming feature 'GlobalActorIsolatedTypesUsability' is already enabled as of Swift version 6
<unknown>:0: warning: upcoming feature 'DisableOutwardActorInference' is already enabled as of Swift version 6
[196/294] Compiling DequeModule RigidDeque+Insertions.swift
<unknown>:0: warning: upcoming feature 'InferSendableFromCaptures' is already enabled as of Swift version 6
<unknown>:0: warning: upcoming feature 'GlobalActorIsolatedTypesUsability' is already enabled as of Swift version 6
<unknown>:0: warning: upcoming feature 'DisableOutwardActorInference' is already enabled as of Swift version 6
[197/294] Compiling DequeModule RigidDeque+Prepend.swift
<unknown>:0: warning: upcoming feature 'InferSendableFromCaptures' is already enabled as of Swift version 6
<unknown>:0: warning: upcoming feature 'GlobalActorIsolatedTypesUsability' is already enabled as of Swift version 6
<unknown>:0: warning: upcoming feature 'DisableOutwardActorInference' is already enabled as of Swift version 6
[198/294] Compiling DequeModule RigidDeque+Removals.swift
<unknown>:0: warning: upcoming feature 'InferSendableFromCaptures' is already enabled as of Swift version 6
<unknown>:0: warning: upcoming feature 'GlobalActorIsolatedTypesUsability' is already enabled as of Swift version 6
<unknown>:0: warning: upcoming feature 'DisableOutwardActorInference' is already enabled as of Swift version 6
[199/294] Compiling DequeModule RigidDeque+Replacements.swift
<unknown>:0: warning: upcoming feature 'InferSendableFromCaptures' is already enabled as of Swift version 6
<unknown>:0: warning: upcoming feature 'GlobalActorIsolatedTypesUsability' is already enabled as of Swift version 6
<unknown>:0: warning: upcoming feature 'DisableOutwardActorInference' is already enabled as of Swift version 6
[200/294] Compiling DequeModule RigidDeque+Testing.swift
<unknown>:0: warning: upcoming feature 'InferSendableFromCaptures' is already enabled as of Swift version 6
<unknown>:0: warning: upcoming feature 'GlobalActorIsolatedTypesUsability' is already enabled as of Swift version 6
<unknown>:0: warning: upcoming feature 'DisableOutwardActorInference' is already enabled as of Swift version 6
[201/294] Compiling DequeModule RigidDeque.swift
<unknown>:0: warning: upcoming feature 'InferSendableFromCaptures' is already enabled as of Swift version 6
<unknown>:0: warning: upcoming feature 'GlobalActorIsolatedTypesUsability' is already enabled as of Swift version 6
<unknown>:0: warning: upcoming feature 'DisableOutwardActorInference' is already enabled as of Swift version 6
[202/294] Compiling DequeModule UniqueDeque+Append.swift
<unknown>:0: warning: upcoming feature 'InferSendableFromCaptures' is already enabled as of Swift version 6
<unknown>:0: warning: upcoming feature 'GlobalActorIsolatedTypesUsability' is already enabled as of Swift version 6
<unknown>:0: warning: upcoming feature 'DisableOutwardActorInference' is already enabled as of Swift version 6
[203/294] Compiling DequeModule UniqueDeque+Consumption.swift
<unknown>:0: warning: upcoming feature 'InferSendableFromCaptures' is already enabled as of Swift version 6
<unknown>:0: warning: upcoming feature 'GlobalActorIsolatedTypesUsability' is already enabled as of Swift version 6
<unknown>:0: warning: upcoming feature 'DisableOutwardActorInference' is already enabled as of Swift version 6
[204/294] Emitting module UnixSignals
[205/294] Compiling UnixSignals UnixSignalsSequence.swift
[206/294] Compiling UnixSignals UnixSignal.swift
[207/295] Compiling Tracing TracerProtocol+Legacy.swift
<unknown>:0: warning: upcoming feature 'InferSendableFromCaptures' is already enabled as of Swift version 6
<unknown>:0: warning: upcoming feature 'GlobalActorIsolatedTypesUsability' is already enabled as of Swift version 6
<unknown>:0: warning: upcoming feature 'DisableOutwardActorInference' is already enabled as of Swift version 6
[208/295] Compiling Tracing Tracer.swift
<unknown>:0: warning: upcoming feature 'InferSendableFromCaptures' is already enabled as of Swift version 6
<unknown>:0: warning: upcoming feature 'GlobalActorIsolatedTypesUsability' is already enabled as of Swift version 6
<unknown>:0: warning: upcoming feature 'DisableOutwardActorInference' is already enabled as of Swift version 6
[209/295] Compiling DequeModule _DequeBuffer.swift
<unknown>:0: warning: upcoming feature 'InferSendableFromCaptures' is already enabled as of Swift version 6
<unknown>:0: warning: upcoming feature 'GlobalActorIsolatedTypesUsability' is already enabled as of Swift version 6
<unknown>:0: warning: upcoming feature 'DisableOutwardActorInference' is already enabled as of Swift version 6
[210/295] Compiling DequeModule _DequeBufferHeader.swift
<unknown>:0: warning: upcoming feature 'InferSendableFromCaptures' is already enabled as of Swift version 6
<unknown>:0: warning: upcoming feature 'GlobalActorIsolatedTypesUsability' is already enabled as of Swift version 6
<unknown>:0: warning: upcoming feature 'DisableOutwardActorInference' is already enabled as of Swift version 6
[211/295] Compiling DequeModule RigidDeque+Append.swift
<unknown>:0: warning: upcoming feature 'InferSendableFromCaptures' is already enabled as of Swift version 6
<unknown>:0: warning: upcoming feature 'GlobalActorIsolatedTypesUsability' is already enabled as of Swift version 6
<unknown>:0: warning: upcoming feature 'DisableOutwardActorInference' is already enabled as of Swift version 6
[212/295] Compiling DequeModule RigidDeque+Consumption.swift
<unknown>:0: warning: upcoming feature 'InferSendableFromCaptures' is already enabled as of Swift version 6
<unknown>:0: warning: upcoming feature 'GlobalActorIsolatedTypesUsability' is already enabled as of Swift version 6
<unknown>:0: warning: upcoming feature 'DisableOutwardActorInference' is already enabled as of Swift version 6
[213/295] Compiling DequeModule RigidDeque+Container.swift
<unknown>:0: warning: upcoming feature 'InferSendableFromCaptures' is already enabled as of Swift version 6
<unknown>:0: warning: upcoming feature 'GlobalActorIsolatedTypesUsability' is already enabled as of Swift version 6
<unknown>:0: warning: upcoming feature 'DisableOutwardActorInference' is already enabled as of Swift version 6
[214/295] Compiling DequeModule RigidDeque+Descriptions.swift
<unknown>:0: warning: upcoming feature 'InferSendableFromCaptures' is already enabled as of Swift version 6
<unknown>:0: warning: upcoming feature 'GlobalActorIsolatedTypesUsability' is already enabled as of Swift version 6
<unknown>:0: warning: upcoming feature 'DisableOutwardActorInference' is already enabled as of Swift version 6
[216/295] Compiling DequeModule Deque+Testing.swift
<unknown>:0: warning: upcoming feature 'InferSendableFromCaptures' is already enabled as of Swift version 6
<unknown>:0: warning: upcoming feature 'GlobalActorIsolatedTypesUsability' is already enabled as of Swift version 6
<unknown>:0: warning: upcoming feature 'DisableOutwardActorInference' is already enabled as of Swift version 6
[217/295] Compiling DequeModule Deque._Storage.swift
<unknown>:0: warning: upcoming feature 'InferSendableFromCaptures' is already enabled as of Swift version 6
<unknown>:0: warning: upcoming feature 'GlobalActorIsolatedTypesUsability' is already enabled as of Swift version 6
<unknown>:0: warning: upcoming feature 'DisableOutwardActorInference' is already enabled as of Swift version 6
[218/295] Compiling DequeModule Deque._UnsafeHandle.swift
<unknown>:0: warning: upcoming feature 'InferSendableFromCaptures' is already enabled as of Swift version 6
<unknown>:0: warning: upcoming feature 'GlobalActorIsolatedTypesUsability' is already enabled as of Swift version 6
<unknown>:0: warning: upcoming feature 'DisableOutwardActorInference' is already enabled as of Swift version 6
[219/295] Compiling DequeModule Deque.swift
<unknown>:0: warning: upcoming feature 'InferSendableFromCaptures' is already enabled as of Swift version 6
<unknown>:0: warning: upcoming feature 'GlobalActorIsolatedTypesUsability' is already enabled as of Swift version 6
<unknown>:0: warning: upcoming feature 'DisableOutwardActorInference' is already enabled as of Swift version 6
<unknown>:0: warning: upcoming feature 'InferSendableFromCaptures' is already enabled as of Swift version 6
<unknown>:0: warning: upcoming feature 'GlobalActorIsolatedTypesUsability' is already enabled as of Swift version 6
<unknown>:0: warning: upcoming feature 'DisableOutwardActorInference' is already enabled as of Swift version 6
<unknown>:0: warning: upcoming feature 'InferSendableFromCaptures' is already enabled as of Swift version 6
<unknown>:0: warning: upcoming feature 'GlobalActorIsolatedTypesUsability' is already enabled as of Swift version 6
<unknown>:0: warning: upcoming feature 'DisableOutwardActorInference' is already enabled as of Swift version 6
<unknown>:0: warning: upcoming feature 'InferSendableFromCaptures' is already enabled as of Swift version 6
<unknown>:0: warning: upcoming feature 'GlobalActorIsolatedTypesUsability' is already enabled as of Swift version 6
<unknown>:0: warning: upcoming feature 'DisableOutwardActorInference' is already enabled as of Swift version 6
<unknown>:0: warning: upcoming feature 'InferSendableFromCaptures' is already enabled as of Swift version 6
<unknown>:0: warning: upcoming feature 'GlobalActorIsolatedTypesUsability' is already enabled as of Swift version 6
<unknown>:0: warning: upcoming feature 'DisableOutwardActorInference' is already enabled as of Swift version 6
[224/295] Compiling DequeModule Deque+Codable.swift
<unknown>:0: warning: upcoming feature 'InferSendableFromCaptures' is already enabled as of Swift version 6
<unknown>:0: warning: upcoming feature 'GlobalActorIsolatedTypesUsability' is already enabled as of Swift version 6
<unknown>:0: warning: upcoming feature 'DisableOutwardActorInference' is already enabled as of Swift version 6
[225/295] Compiling DequeModule Deque+Collection.swift
<unknown>:0: warning: upcoming feature 'InferSendableFromCaptures' is already enabled as of Swift version 6
<unknown>:0: warning: upcoming feature 'GlobalActorIsolatedTypesUsability' is already enabled as of Swift version 6
<unknown>:0: warning: upcoming feature 'DisableOutwardActorInference' is already enabled as of Swift version 6
[226/295] Compiling DequeModule Deque+CustomReflectable.swift
<unknown>:0: warning: upcoming feature 'InferSendableFromCaptures' is already enabled as of Swift version 6
<unknown>:0: warning: upcoming feature 'GlobalActorIsolatedTypesUsability' is already enabled as of Swift version 6
<unknown>:0: warning: upcoming feature 'DisableOutwardActorInference' is already enabled as of Swift version 6
[227/295] Compiling DequeModule Deque+Descriptions.swift
<unknown>:0: warning: upcoming feature 'InferSendableFromCaptures' is already enabled as of Swift version 6
<unknown>:0: warning: upcoming feature 'GlobalActorIsolatedTypesUsability' is already enabled as of Swift version 6
<unknown>:0: warning: upcoming feature 'DisableOutwardActorInference' is already enabled as of Swift version 6
[228/295] Compiling DequeModule Deque+Equatable.swift
<unknown>:0: warning: upcoming feature 'InferSendableFromCaptures' is already enabled as of Swift version 6
<unknown>:0: warning: upcoming feature 'GlobalActorIsolatedTypesUsability' is already enabled as of Swift version 6
<unknown>:0: warning: upcoming feature 'DisableOutwardActorInference' is already enabled as of Swift version 6
[229/295] Compiling DequeModule Deque+ExpressibleByArrayLiteral.swift
<unknown>:0: warning: upcoming feature 'InferSendableFromCaptures' is already enabled as of Swift version 6
<unknown>:0: warning: upcoming feature 'GlobalActorIsolatedTypesUsability' is already enabled as of Swift version 6
<unknown>:0: warning: upcoming feature 'DisableOutwardActorInference' is already enabled as of Swift version 6
[230/295] Compiling DequeModule Deque+Extras.swift
<unknown>:0: warning: upcoming feature 'InferSendableFromCaptures' is already enabled as of Swift version 6
<unknown>:0: warning: upcoming feature 'GlobalActorIsolatedTypesUsability' is already enabled as of Swift version 6
<unknown>:0: warning: upcoming feature 'DisableOutwardActorInference' is already enabled as of Swift version 6
[231/295] Compiling DequeModule Deque+Hashable.swift
<unknown>:0: warning: upcoming feature 'InferSendableFromCaptures' is already enabled as of Swift version 6
<unknown>:0: warning: upcoming feature 'GlobalActorIsolatedTypesUsability' is already enabled as of Swift version 6
<unknown>:0: warning: upcoming feature 'DisableOutwardActorInference' is already enabled as of Swift version 6
[232/295] Compiling Tracing NoOpTracer.swift
<unknown>:0: warning: upcoming feature 'InferSendableFromCaptures' is already enabled as of Swift version 6
<unknown>:0: warning: upcoming feature 'GlobalActorIsolatedTypesUsability' is already enabled as of Swift version 6
<unknown>:0: warning: upcoming feature 'DisableOutwardActorInference' is already enabled as of Swift version 6
[233/295] Compiling Tracing SpanProtocol.swift
<unknown>:0: warning: upcoming feature 'InferSendableFromCaptures' is already enabled as of Swift version 6
<unknown>:0: warning: upcoming feature 'GlobalActorIsolatedTypesUsability' is already enabled as of Swift version 6
<unknown>:0: warning: upcoming feature 'DisableOutwardActorInference' is already enabled as of Swift version 6
[234/296] Compiling DequeModule UniqueDeque+Replacements.swift
<unknown>:0: warning: upcoming feature 'InferSendableFromCaptures' is already enabled as of Swift version 6
<unknown>:0: warning: upcoming feature 'GlobalActorIsolatedTypesUsability' is already enabled as of Swift version 6
<unknown>:0: warning: upcoming feature 'DisableOutwardActorInference' is already enabled as of Swift version 6
[235/296] Compiling DequeModule UniqueDeque.swift
<unknown>:0: warning: upcoming feature 'InferSendableFromCaptures' is already enabled as of Swift version 6
<unknown>:0: warning: upcoming feature 'GlobalActorIsolatedTypesUsability' is already enabled as of Swift version 6
<unknown>:0: warning: upcoming feature 'DisableOutwardActorInference' is already enabled as of Swift version 6
[236/296] Compiling DequeModule _DequeSlot.swift
<unknown>:0: warning: upcoming feature 'InferSendableFromCaptures' is already enabled as of Swift version 6
<unknown>:0: warning: upcoming feature 'GlobalActorIsolatedTypesUsability' is already enabled as of Swift version 6
<unknown>:0: warning: upcoming feature 'DisableOutwardActorInference' is already enabled as of Swift version 6
[237/296] Compiling DequeModule _UnsafeDequeHandle.swift
<unknown>:0: warning: upcoming feature 'InferSendableFromCaptures' is already enabled as of Swift version 6
<unknown>:0: warning: upcoming feature 'GlobalActorIsolatedTypesUsability' is already enabled as of Swift version 6
<unknown>:0: warning: upcoming feature 'DisableOutwardActorInference' is already enabled as of Swift version 6
[238/296] Compiling DequeModule _UnsafeDequeSegments.swift
<unknown>:0: warning: upcoming feature 'InferSendableFromCaptures' is already enabled as of Swift version 6
<unknown>:0: warning: upcoming feature 'GlobalActorIsolatedTypesUsability' is already enabled as of Swift version 6
<unknown>:0: warning: upcoming feature 'DisableOutwardActorInference' is already enabled as of Swift version 6
[239/296] Compiling OrderedCollections OrderedSet+Partial MutableCollection.swift
<unknown>:0: warning: upcoming feature 'InferSendableFromCaptures' is already enabled as of Swift version 6
<unknown>:0: warning: upcoming feature 'GlobalActorIsolatedTypesUsability' is already enabled as of Swift version 6
<unknown>:0: warning: upcoming feature 'DisableOutwardActorInference' is already enabled as of Swift version 6
[240/296] Compiling OrderedCollections OrderedSet+Partial RangeReplaceableCollection.swift
<unknown>:0: warning: upcoming feature 'InferSendableFromCaptures' is already enabled as of Swift version 6
<unknown>:0: warning: upcoming feature 'GlobalActorIsolatedTypesUsability' is already enabled as of Swift version 6
<unknown>:0: warning: upcoming feature 'DisableOutwardActorInference' is already enabled as of Swift version 6
[241/296] Compiling OrderedCollections OrderedSet+Partial SetAlgebra formIntersection.swift
<unknown>:0: warning: upcoming feature 'InferSendableFromCaptures' is already enabled as of Swift version 6
<unknown>:0: warning: upcoming feature 'GlobalActorIsolatedTypesUsability' is already enabled as of Swift version 6
<unknown>:0: warning: upcoming feature 'DisableOutwardActorInference' is already enabled as of Swift version 6
<unknown>:0: warning: upcoming feature 'InferSendableFromCaptures' is already enabled as of Swift version 6
<unknown>:0: warning: upcoming feature 'GlobalActorIsolatedTypesUsability' is already enabled as of Swift version 6
<unknown>:0: warning: upcoming feature 'DisableOutwardActorInference' is already enabled as of Swift version 6
<unknown>:0: warning: upcoming feature 'InferSendableFromCaptures' is already enabled as of Swift version 6
<unknown>:0: warning: upcoming feature 'GlobalActorIsolatedTypesUsability' is already enabled as of Swift version 6
<unknown>:0: warning: upcoming feature 'DisableOutwardActorInference' is already enabled as of Swift version 6
<unknown>:0: warning: upcoming feature 'InferSendableFromCaptures' is already enabled as of Swift version 6
<unknown>:0: warning: upcoming feature 'GlobalActorIsolatedTypesUsability' is already enabled as of Swift version 6
<unknown>:0: warning: upcoming feature 'DisableOutwardActorInference' is already enabled as of Swift version 6
<unknown>:0: warning: upcoming feature 'InferSendableFromCaptures' is already enabled as of Swift version 6
<unknown>:0: warning: upcoming feature 'GlobalActorIsolatedTypesUsability' is already enabled as of Swift version 6
<unknown>:0: warning: upcoming feature 'DisableOutwardActorInference' is already enabled as of Swift version 6
<unknown>:0: warning: upcoming feature 'InferSendableFromCaptures' is already enabled as of Swift version 6
<unknown>:0: warning: upcoming feature 'GlobalActorIsolatedTypesUsability' is already enabled as of Swift version 6
<unknown>:0: warning: upcoming feature 'DisableOutwardActorInference' is already enabled as of Swift version 6
<unknown>:0: warning: upcoming feature 'InferSendableFromCaptures' is already enabled as of Swift version 6
<unknown>:0: warning: upcoming feature 'GlobalActorIsolatedTypesUsability' is already enabled as of Swift version 6
<unknown>:0: warning: upcoming feature 'DisableOutwardActorInference' is already enabled as of Swift version 6
<unknown>:0: warning: upcoming feature 'InferSendableFromCaptures' is already enabled as of Swift version 6
<unknown>:0: warning: upcoming feature 'GlobalActorIsolatedTypesUsability' is already enabled as of Swift version 6
<unknown>:0: warning: upcoming feature 'DisableOutwardActorInference' is already enabled as of Swift version 6
<unknown>:0: warning: upcoming feature 'InferSendableFromCaptures' is already enabled as of Swift version 6
<unknown>:0: warning: upcoming feature 'GlobalActorIsolatedTypesUsability' is already enabled as of Swift version 6
<unknown>:0: warning: upcoming feature 'DisableOutwardActorInference' is already enabled as of Swift version 6
<unknown>:0: warning: upcoming feature 'InferSendableFromCaptures' is already enabled as of Swift version 6
<unknown>:0: warning: upcoming feature 'GlobalActorIsolatedTypesUsability' is already enabled as of Swift version 6
<unknown>:0: warning: upcoming feature 'DisableOutwardActorInference' is already enabled as of Swift version 6
<unknown>:0: warning: upcoming feature 'InferSendableFromCaptures' is already enabled as of Swift version 6
<unknown>:0: warning: upcoming feature 'GlobalActorIsolatedTypesUsability' is already enabled as of Swift version 6
<unknown>:0: warning: upcoming feature 'DisableOutwardActorInference' is already enabled as of Swift version 6
<unknown>:0: warning: upcoming feature 'InferSendableFromCaptures' is already enabled as of Swift version 6
<unknown>:0: warning: upcoming feature 'GlobalActorIsolatedTypesUsability' is already enabled as of Swift version 6
<unknown>:0: warning: upcoming feature 'DisableOutwardActorInference' is already enabled as of Swift version 6
<unknown>:0: warning: upcoming feature 'InferSendableFromCaptures' is already enabled as of Swift version 6
<unknown>:0: warning: upcoming feature 'GlobalActorIsolatedTypesUsability' is already enabled as of Swift version 6
<unknown>:0: warning: upcoming feature 'DisableOutwardActorInference' is already enabled as of Swift version 6
<unknown>:0: warning: upcoming feature 'InferSendableFromCaptures' is already enabled as of Swift version 6
<unknown>:0: warning: upcoming feature 'GlobalActorIsolatedTypesUsability' is already enabled as of Swift version 6
<unknown>:0: warning: upcoming feature 'DisableOutwardActorInference' is already enabled as of Swift version 6
<unknown>:0: warning: upcoming feature 'InferSendableFromCaptures' is already enabled as of Swift version 6
<unknown>:0: warning: upcoming feature 'GlobalActorIsolatedTypesUsability' is already enabled as of Swift version 6
<unknown>:0: warning: upcoming feature 'DisableOutwardActorInference' is already enabled as of Swift version 6
<unknown>:0: warning: upcoming feature 'InferSendableFromCaptures' is already enabled as of Swift version 6
<unknown>:0: warning: upcoming feature 'GlobalActorIsolatedTypesUsability' is already enabled as of Swift version 6
<unknown>:0: warning: upcoming feature 'DisableOutwardActorInference' is already enabled as of Swift version 6
<unknown>:0: warning: upcoming feature 'InferSendableFromCaptures' is already enabled as of Swift version 6
<unknown>:0: warning: upcoming feature 'GlobalActorIsolatedTypesUsability' is already enabled as of Swift version 6
<unknown>:0: warning: upcoming feature 'DisableOutwardActorInference' is already enabled as of Swift version 6
[265/296] Emitting module Atomics
[267/297] Compiling OrderedCollections OrderedSet+Sendable.swift
<unknown>:0: warning: upcoming feature 'InferSendableFromCaptures' is already enabled as of Swift version 6
<unknown>:0: warning: upcoming feature 'GlobalActorIsolatedTypesUsability' is already enabled as of Swift version 6
<unknown>:0: warning: upcoming feature 'DisableOutwardActorInference' is already enabled as of Swift version 6
[268/297] Compiling OrderedCollections OrderedSet+SubSequence.swift
<unknown>:0: warning: upcoming feature 'InferSendableFromCaptures' is already enabled as of Swift version 6
<unknown>:0: warning: upcoming feature 'GlobalActorIsolatedTypesUsability' is already enabled as of Swift version 6
<unknown>:0: warning: upcoming feature 'DisableOutwardActorInference' is already enabled as of Swift version 6
[269/297] Compiling OrderedCollections OrderedSet+Testing.swift
<unknown>:0: warning: upcoming feature 'InferSendableFromCaptures' is already enabled as of Swift version 6
<unknown>:0: warning: upcoming feature 'GlobalActorIsolatedTypesUsability' is already enabled as of Swift version 6
<unknown>:0: warning: upcoming feature 'DisableOutwardActorInference' is already enabled as of Swift version 6
[270/297] Compiling OrderedCollections OrderedSet+UnorderedView.swift
<unknown>:0: warning: upcoming feature 'InferSendableFromCaptures' is already enabled as of Swift version 6
<unknown>:0: warning: upcoming feature 'GlobalActorIsolatedTypesUsability' is already enabled as of Swift version 6
<unknown>:0: warning: upcoming feature 'DisableOutwardActorInference' is already enabled as of Swift version 6
[271/297] Compiling OrderedCollections OrderedSet+UnstableInternals.swift
<unknown>:0: warning: upcoming feature 'InferSendableFromCaptures' is already enabled as of Swift version 6
<unknown>:0: warning: upcoming feature 'GlobalActorIsolatedTypesUsability' is already enabled as of Swift version 6
<unknown>:0: warning: upcoming feature 'DisableOutwardActorInference' is already enabled as of Swift version 6
[272/297] Compiling OrderedCollections OrderedSet.swift
<unknown>:0: warning: upcoming feature 'InferSendableFromCaptures' is already enabled as of Swift version 6
<unknown>:0: warning: upcoming feature 'GlobalActorIsolatedTypesUsability' is already enabled as of Swift version 6
<unknown>:0: warning: upcoming feature 'DisableOutwardActorInference' is already enabled as of Swift version 6
[273/297] Compiling OrderedCollections _UnsafeBitset.swift
<unknown>:0: warning: upcoming feature 'InferSendableFromCaptures' is already enabled as of Swift version 6
<unknown>:0: warning: upcoming feature 'GlobalActorIsolatedTypesUsability' is already enabled as of Swift version 6
<unknown>:0: warning: upcoming feature 'DisableOutwardActorInference' is already enabled as of Swift version 6
[274/297] Emitting module Metrics
<unknown>:0: warning: upcoming feature 'InferSendableFromCaptures' is already enabled as of Swift version 6
<unknown>:0: warning: upcoming feature 'GlobalActorIsolatedTypesUsability' is already enabled as of Swift version 6
<unknown>:0: warning: upcoming feature 'DisableOutwardActorInference' is already enabled as of Swift version 6
<unknown>:0: warning: upcoming feature 'InferSendableFromCaptures' is already enabled as of Swift version 6
<unknown>:0: warning: upcoming feature 'GlobalActorIsolatedTypesUsability' is already enabled as of Swift version 6
<unknown>:0: warning: upcoming feature 'DisableOutwardActorInference' is already enabled as of Swift version 6
<unknown>:0: warning: upcoming feature 'InferSendableFromCaptures' is already enabled as of Swift version 6
<unknown>:0: warning: upcoming feature 'GlobalActorIsolatedTypesUsability' is already enabled as of Swift version 6
<unknown>:0: warning: upcoming feature 'DisableOutwardActorInference' is already enabled as of Swift version 6
<unknown>:0: warning: upcoming feature 'InferSendableFromCaptures' is already enabled as of Swift version 6
<unknown>:0: warning: upcoming feature 'GlobalActorIsolatedTypesUsability' is already enabled as of Swift version 6
<unknown>:0: warning: upcoming feature 'DisableOutwardActorInference' is already enabled as of Swift version 6
<unknown>:0: warning: upcoming feature 'InferSendableFromCaptures' is already enabled as of Swift version 6
<unknown>:0: warning: upcoming feature 'GlobalActorIsolatedTypesUsability' is already enabled as of Swift version 6
<unknown>:0: warning: upcoming feature 'DisableOutwardActorInference' is already enabled as of Swift version 6
<unknown>:0: warning: upcoming feature 'InferSendableFromCaptures' is already enabled as of Swift version 6
<unknown>:0: warning: upcoming feature 'GlobalActorIsolatedTypesUsability' is already enabled as of Swift version 6
<unknown>:0: warning: upcoming feature 'DisableOutwardActorInference' is already enabled as of Swift version 6
<unknown>:0: warning: upcoming feature 'InferSendableFromCaptures' is already enabled as of Swift version 6
<unknown>:0: warning: upcoming feature 'GlobalActorIsolatedTypesUsability' is already enabled as of Swift version 6
<unknown>:0: warning: upcoming feature 'DisableOutwardActorInference' is already enabled as of Swift version 6
<unknown>:0: warning: upcoming feature 'InferSendableFromCaptures' is already enabled as of Swift version 6
<unknown>:0: warning: upcoming feature 'GlobalActorIsolatedTypesUsability' is already enabled as of Swift version 6
<unknown>:0: warning: upcoming feature 'DisableOutwardActorInference' is already enabled as of Swift version 6
<unknown>:0: warning: upcoming feature 'InferSendableFromCaptures' is already enabled as of Swift version 6
<unknown>:0: warning: upcoming feature 'GlobalActorIsolatedTypesUsability' is already enabled as of Swift version 6
<unknown>:0: warning: upcoming feature 'DisableOutwardActorInference' is already enabled as of Swift version 6
<unknown>:0: warning: upcoming feature 'InferSendableFromCaptures' is already enabled as of Swift version 6
<unknown>:0: warning: upcoming feature 'GlobalActorIsolatedTypesUsability' is already enabled as of Swift version 6
<unknown>:0: warning: upcoming feature 'DisableOutwardActorInference' is already enabled as of Swift version 6
<unknown>:0: warning: upcoming feature 'InferSendableFromCaptures' is already enabled as of Swift version 6
<unknown>:0: warning: upcoming feature 'GlobalActorIsolatedTypesUsability' is already enabled as of Swift version 6
<unknown>:0: warning: upcoming feature 'DisableOutwardActorInference' is already enabled as of Swift version 6
<unknown>:0: warning: upcoming feature 'InferSendableFromCaptures' is already enabled as of Swift version 6
<unknown>:0: warning: upcoming feature 'GlobalActorIsolatedTypesUsability' is already enabled as of Swift version 6
<unknown>:0: warning: upcoming feature 'DisableOutwardActorInference' is already enabled as of Swift version 6
<unknown>:0: warning: upcoming feature 'InferSendableFromCaptures' is already enabled as of Swift version 6
<unknown>:0: warning: upcoming feature 'GlobalActorIsolatedTypesUsability' is already enabled as of Swift version 6
<unknown>:0: warning: upcoming feature 'DisableOutwardActorInference' is already enabled as of Swift version 6
[287/297] Emitting module OrderedCollections
<unknown>:0: warning: upcoming feature 'InferSendableFromCaptures' is already enabled as of Swift version 6
<unknown>:0: warning: upcoming feature 'GlobalActorIsolatedTypesUsability' is already enabled as of Swift version 6
<unknown>:0: warning: upcoming feature 'DisableOutwardActorInference' is already enabled as of Swift version 6
[289/298] Compiling Metrics Metrics.swift
<unknown>:0: warning: upcoming feature 'InferSendableFromCaptures' is already enabled as of Swift version 6
<unknown>:0: warning: upcoming feature 'GlobalActorIsolatedTypesUsability' is already enabled as of Swift version 6
<unknown>:0: warning: upcoming feature 'DisableOutwardActorInference' is already enabled as of Swift version 6
[291/299] Emitting module DequeModule
<unknown>:0: warning: upcoming feature 'InferSendableFromCaptures' is already enabled as of Swift version 6
<unknown>:0: warning: upcoming feature 'GlobalActorIsolatedTypesUsability' is already enabled as of Swift version 6
<unknown>:0: warning: upcoming feature 'DisableOutwardActorInference' is already enabled as of Swift version 6
<unknown>:0: warning: upcoming feature 'InferSendableFromCaptures' is already enabled as of Swift version 6
<unknown>:0: warning: upcoming feature 'GlobalActorIsolatedTypesUsability' is already enabled as of Swift version 6
<unknown>:0: warning: upcoming feature 'DisableOutwardActorInference' is already enabled as of Swift version 6
<unknown>:0: warning: upcoming feature 'InferSendableFromCaptures' is already enabled as of Swift version 6
<unknown>:0: warning: upcoming feature 'GlobalActorIsolatedTypesUsability' is already enabled as of Swift version 6
<unknown>:0: warning: upcoming feature 'DisableOutwardActorInference' is already enabled as of Swift version 6
<unknown>:0: warning: upcoming feature 'InferSendableFromCaptures' is already enabled as of Swift version 6
<unknown>:0: warning: upcoming feature 'GlobalActorIsolatedTypesUsability' is already enabled as of Swift version 6
<unknown>:0: warning: upcoming feature 'DisableOutwardActorInference' is already enabled as of Swift version 6
<unknown>:0: warning: upcoming feature 'InferSendableFromCaptures' is already enabled as of Swift version 6
<unknown>:0: warning: upcoming feature 'GlobalActorIsolatedTypesUsability' is already enabled as of Swift version 6
<unknown>:0: warning: upcoming feature 'DisableOutwardActorInference' is already enabled as of Swift version 6
<unknown>:0: warning: upcoming feature 'InferSendableFromCaptures' is already enabled as of Swift version 6
<unknown>:0: warning: upcoming feature 'GlobalActorIsolatedTypesUsability' is already enabled as of Swift version 6
<unknown>:0: warning: upcoming feature 'DisableOutwardActorInference' is already enabled as of Swift version 6
[297/300] Emitting module ExtrasBase64
[299/417] Compiling ExtrasBase64 Base64.swift
[300/417] Compiling ExtrasBase64 Base32.swift
[301/418] Compiling AsyncAlgorithms AsyncFlatMapLatestSequence.swift
/host/spi-builder-workspace/.build/checkouts/swift-async-algorithms/Sources/AsyncAlgorithms/Locking.swift:50:49: error: cannot find type 'Primitive' in scope
 48 |   #endif
 49 |
 50 |   typealias PlatformLock = UnsafeMutablePointer<Primitive>
    |                                                 `- error: cannot find type 'Primitive' in scope
 51 |   let platformLock: PlatformLock
 52 |
/host/spi-builder-workspace/.build/checkouts/swift-async-algorithms/Sources/AsyncAlgorithms/Locking.swift:162:63: error: 'Primitive' is not a member type of struct 'AsyncAlgorithms.Lock'
 31 | #endif
 32 |
 33 | internal struct Lock {
    |                 `- note: 'Lock' declared here
 34 |   #if canImport(Darwin)
 35 |   typealias Primitive = os_unfair_lock
    :
160 |
161 | struct ManagedCriticalState<State> {
162 |   private final class LockedBuffer: ManagedBuffer<State, Lock.Primitive> {
    |                                                               `- error: 'Primitive' is not a member type of struct 'AsyncAlgorithms.Lock'
163 |     deinit {
164 |       withUnsafeMutablePointerToElements { Lock.deinitialize($0) }
/host/spi-builder-workspace/.build/checkouts/swift-async-algorithms/Sources/AsyncAlgorithms/Locking.swift:168:49: error: 'Primitive' is not a member type of struct 'AsyncAlgorithms.Lock'
 31 | #endif
 32 |
 33 | internal struct Lock {
    |                 `- note: 'Lock' declared here
 34 |   #if canImport(Darwin)
 35 |   typealias Primitive = os_unfair_lock
    :
166 |   }
167 |
168 |   private let buffer: ManagedBuffer<State, Lock.Primitive>
    |                                                 `- error: 'Primitive' is not a member type of struct 'AsyncAlgorithms.Lock'
169 |
170 |   init(_ initial: State) {
/host/spi-builder-workspace/.build/checkouts/swift-async-algorithms/Sources/AsyncAlgorithms/Locking.swift:164:7: error: type of expression is ambiguous without a type annotation
162 |   private final class LockedBuffer: ManagedBuffer<State, Lock.Primitive> {
163 |     deinit {
164 |       withUnsafeMutablePointerToElements { Lock.deinitialize($0) }
    |       `- error: type of expression is ambiguous without a type annotation
165 |     }
166 |   }
/host/spi-builder-workspace/.build/checkouts/swift-async-algorithms/Sources/AsyncAlgorithms/Locking.swift:171:12: error: type of expression is ambiguous without a type annotation
169 |
170 |   init(_ initial: State) {
171 |     buffer = LockedBuffer.create(minimumCapacity: 1) { buffer in
    |            `- error: type of expression is ambiguous without a type annotation
172 |       buffer.withUnsafeMutablePointerToElements { Lock.initialize($0) }
173 |       return initial
[302/418] Compiling AsyncAlgorithms FlatMapLatestStateMachine.swift
/host/spi-builder-workspace/.build/checkouts/swift-async-algorithms/Sources/AsyncAlgorithms/Locking.swift:50:49: error: cannot find type 'Primitive' in scope
 48 |   #endif
 49 |
 50 |   typealias PlatformLock = UnsafeMutablePointer<Primitive>
    |                                                 `- error: cannot find type 'Primitive' in scope
 51 |   let platformLock: PlatformLock
 52 |
/host/spi-builder-workspace/.build/checkouts/swift-async-algorithms/Sources/AsyncAlgorithms/Locking.swift:162:63: error: 'Primitive' is not a member type of struct 'AsyncAlgorithms.Lock'
 31 | #endif
 32 |
 33 | internal struct Lock {
    |                 `- note: 'Lock' declared here
 34 |   #if canImport(Darwin)
 35 |   typealias Primitive = os_unfair_lock
    :
160 |
161 | struct ManagedCriticalState<State> {
162 |   private final class LockedBuffer: ManagedBuffer<State, Lock.Primitive> {
    |                                                               `- error: 'Primitive' is not a member type of struct 'AsyncAlgorithms.Lock'
163 |     deinit {
164 |       withUnsafeMutablePointerToElements { Lock.deinitialize($0) }
/host/spi-builder-workspace/.build/checkouts/swift-async-algorithms/Sources/AsyncAlgorithms/Locking.swift:168:49: error: 'Primitive' is not a member type of struct 'AsyncAlgorithms.Lock'
 31 | #endif
 32 |
 33 | internal struct Lock {
    |                 `- note: 'Lock' declared here
 34 |   #if canImport(Darwin)
 35 |   typealias Primitive = os_unfair_lock
    :
166 |   }
167 |
168 |   private let buffer: ManagedBuffer<State, Lock.Primitive>
    |                                                 `- error: 'Primitive' is not a member type of struct 'AsyncAlgorithms.Lock'
169 |
170 |   init(_ initial: State) {
/host/spi-builder-workspace/.build/checkouts/swift-async-algorithms/Sources/AsyncAlgorithms/Locking.swift:164:7: error: type of expression is ambiguous without a type annotation
162 |   private final class LockedBuffer: ManagedBuffer<State, Lock.Primitive> {
163 |     deinit {
164 |       withUnsafeMutablePointerToElements { Lock.deinitialize($0) }
    |       `- error: type of expression is ambiguous without a type annotation
165 |     }
166 |   }
/host/spi-builder-workspace/.build/checkouts/swift-async-algorithms/Sources/AsyncAlgorithms/Locking.swift:171:12: error: type of expression is ambiguous without a type annotation
169 |
170 |   init(_ initial: State) {
171 |     buffer = LockedBuffer.create(minimumCapacity: 1) { buffer in
    |            `- error: type of expression is ambiguous without a type annotation
172 |       buffer.withUnsafeMutablePointerToElements { Lock.initialize($0) }
173 |       return initial
[303/418] Compiling AsyncAlgorithms FlatMapLatestStorage.swift
/host/spi-builder-workspace/.build/checkouts/swift-async-algorithms/Sources/AsyncAlgorithms/Locking.swift:50:49: error: cannot find type 'Primitive' in scope
 48 |   #endif
 49 |
 50 |   typealias PlatformLock = UnsafeMutablePointer<Primitive>
    |                                                 `- error: cannot find type 'Primitive' in scope
 51 |   let platformLock: PlatformLock
 52 |
/host/spi-builder-workspace/.build/checkouts/swift-async-algorithms/Sources/AsyncAlgorithms/Locking.swift:162:63: error: 'Primitive' is not a member type of struct 'AsyncAlgorithms.Lock'
 31 | #endif
 32 |
 33 | internal struct Lock {
    |                 `- note: 'Lock' declared here
 34 |   #if canImport(Darwin)
 35 |   typealias Primitive = os_unfair_lock
    :
160 |
161 | struct ManagedCriticalState<State> {
162 |   private final class LockedBuffer: ManagedBuffer<State, Lock.Primitive> {
    |                                                               `- error: 'Primitive' is not a member type of struct 'AsyncAlgorithms.Lock'
163 |     deinit {
164 |       withUnsafeMutablePointerToElements { Lock.deinitialize($0) }
/host/spi-builder-workspace/.build/checkouts/swift-async-algorithms/Sources/AsyncAlgorithms/Locking.swift:168:49: error: 'Primitive' is not a member type of struct 'AsyncAlgorithms.Lock'
 31 | #endif
 32 |
 33 | internal struct Lock {
    |                 `- note: 'Lock' declared here
 34 |   #if canImport(Darwin)
 35 |   typealias Primitive = os_unfair_lock
    :
166 |   }
167 |
168 |   private let buffer: ManagedBuffer<State, Lock.Primitive>
    |                                                 `- error: 'Primitive' is not a member type of struct 'AsyncAlgorithms.Lock'
169 |
170 |   init(_ initial: State) {
/host/spi-builder-workspace/.build/checkouts/swift-async-algorithms/Sources/AsyncAlgorithms/Locking.swift:164:7: error: type of expression is ambiguous without a type annotation
162 |   private final class LockedBuffer: ManagedBuffer<State, Lock.Primitive> {
163 |     deinit {
164 |       withUnsafeMutablePointerToElements { Lock.deinitialize($0) }
    |       `- error: type of expression is ambiguous without a type annotation
165 |     }
166 |   }
/host/spi-builder-workspace/.build/checkouts/swift-async-algorithms/Sources/AsyncAlgorithms/Locking.swift:171:12: error: type of expression is ambiguous without a type annotation
169 |
170 |   init(_ initial: State) {
171 |     buffer = LockedBuffer.create(minimumCapacity: 1) { buffer in
    |            `- error: type of expression is ambiguous without a type annotation
172 |       buffer.withUnsafeMutablePointerToElements { Lock.initialize($0) }
173 |       return initial
[304/418] Compiling AsyncAlgorithms Disconnected.swift
/host/spi-builder-workspace/.build/checkouts/swift-async-algorithms/Sources/AsyncAlgorithms/Locking.swift:50:49: error: cannot find type 'Primitive' in scope
 48 |   #endif
 49 |
 50 |   typealias PlatformLock = UnsafeMutablePointer<Primitive>
    |                                                 `- error: cannot find type 'Primitive' in scope
 51 |   let platformLock: PlatformLock
 52 |
/host/spi-builder-workspace/.build/checkouts/swift-async-algorithms/Sources/AsyncAlgorithms/Locking.swift:162:63: error: 'Primitive' is not a member type of struct 'AsyncAlgorithms.Lock'
 31 | #endif
 32 |
 33 | internal struct Lock {
    |                 `- note: 'Lock' declared here
 34 |   #if canImport(Darwin)
 35 |   typealias Primitive = os_unfair_lock
    :
160 |
161 | struct ManagedCriticalState<State> {
162 |   private final class LockedBuffer: ManagedBuffer<State, Lock.Primitive> {
    |                                                               `- error: 'Primitive' is not a member type of struct 'AsyncAlgorithms.Lock'
163 |     deinit {
164 |       withUnsafeMutablePointerToElements { Lock.deinitialize($0) }
/host/spi-builder-workspace/.build/checkouts/swift-async-algorithms/Sources/AsyncAlgorithms/Locking.swift:168:49: error: 'Primitive' is not a member type of struct 'AsyncAlgorithms.Lock'
 31 | #endif
 32 |
 33 | internal struct Lock {
    |                 `- note: 'Lock' declared here
 34 |   #if canImport(Darwin)
 35 |   typealias Primitive = os_unfair_lock
    :
166 |   }
167 |
168 |   private let buffer: ManagedBuffer<State, Lock.Primitive>
    |                                                 `- error: 'Primitive' is not a member type of struct 'AsyncAlgorithms.Lock'
169 |
170 |   init(_ initial: State) {
/host/spi-builder-workspace/.build/checkouts/swift-async-algorithms/Sources/AsyncAlgorithms/Locking.swift:164:7: error: type of expression is ambiguous without a type annotation
162 |   private final class LockedBuffer: ManagedBuffer<State, Lock.Primitive> {
163 |     deinit {
164 |       withUnsafeMutablePointerToElements { Lock.deinitialize($0) }
    |       `- error: type of expression is ambiguous without a type annotation
165 |     }
166 |   }
/host/spi-builder-workspace/.build/checkouts/swift-async-algorithms/Sources/AsyncAlgorithms/Locking.swift:171:12: error: type of expression is ambiguous without a type annotation
169 |
170 |   init(_ initial: State) {
171 |     buffer = LockedBuffer.create(minimumCapacity: 1) { buffer in
    |            `- error: type of expression is ambiguous without a type annotation
172 |       buffer.withUnsafeMutablePointerToElements { Lock.initialize($0) }
173 |       return initial
[305/418] Compiling AsyncAlgorithms _TinyArray.swift
/host/spi-builder-workspace/.build/checkouts/swift-async-algorithms/Sources/AsyncAlgorithms/Locking.swift:50:49: error: cannot find type 'Primitive' in scope
 48 |   #endif
 49 |
 50 |   typealias PlatformLock = UnsafeMutablePointer<Primitive>
    |                                                 `- error: cannot find type 'Primitive' in scope
 51 |   let platformLock: PlatformLock
 52 |
/host/spi-builder-workspace/.build/checkouts/swift-async-algorithms/Sources/AsyncAlgorithms/Locking.swift:162:63: error: 'Primitive' is not a member type of struct 'AsyncAlgorithms.Lock'
 31 | #endif
 32 |
 33 | internal struct Lock {
    |                 `- note: 'Lock' declared here
 34 |   #if canImport(Darwin)
 35 |   typealias Primitive = os_unfair_lock
    :
160 |
161 | struct ManagedCriticalState<State> {
162 |   private final class LockedBuffer: ManagedBuffer<State, Lock.Primitive> {
    |                                                               `- error: 'Primitive' is not a member type of struct 'AsyncAlgorithms.Lock'
163 |     deinit {
164 |       withUnsafeMutablePointerToElements { Lock.deinitialize($0) }
/host/spi-builder-workspace/.build/checkouts/swift-async-algorithms/Sources/AsyncAlgorithms/Locking.swift:168:49: error: 'Primitive' is not a member type of struct 'AsyncAlgorithms.Lock'
 31 | #endif
 32 |
 33 | internal struct Lock {
    |                 `- note: 'Lock' declared here
 34 |   #if canImport(Darwin)
 35 |   typealias Primitive = os_unfair_lock
    :
166 |   }
167 |
168 |   private let buffer: ManagedBuffer<State, Lock.Primitive>
    |                                                 `- error: 'Primitive' is not a member type of struct 'AsyncAlgorithms.Lock'
169 |
170 |   init(_ initial: State) {
/host/spi-builder-workspace/.build/checkouts/swift-async-algorithms/Sources/AsyncAlgorithms/Locking.swift:164:7: error: type of expression is ambiguous without a type annotation
162 |   private final class LockedBuffer: ManagedBuffer<State, Lock.Primitive> {
163 |     deinit {
164 |       withUnsafeMutablePointerToElements { Lock.deinitialize($0) }
    |       `- error: type of expression is ambiguous without a type annotation
165 |     }
166 |   }
/host/spi-builder-workspace/.build/checkouts/swift-async-algorithms/Sources/AsyncAlgorithms/Locking.swift:171:12: error: type of expression is ambiguous without a type annotation
169 |
170 |   init(_ initial: State) {
171 |     buffer = LockedBuffer.create(minimumCapacity: 1) { buffer in
    |            `- error: type of expression is ambiguous without a type annotation
172 |       buffer.withUnsafeMutablePointerToElements { Lock.initialize($0) }
173 |       return initial
[306/418] Compiling AsyncAlgorithms AsyncInterspersedSequence.swift
/host/spi-builder-workspace/.build/checkouts/swift-async-algorithms/Sources/AsyncAlgorithms/Locking.swift:50:49: error: cannot find type 'Primitive' in scope
 48 |   #endif
 49 |
 50 |   typealias PlatformLock = UnsafeMutablePointer<Primitive>
    |                                                 `- error: cannot find type 'Primitive' in scope
 51 |   let platformLock: PlatformLock
 52 |
/host/spi-builder-workspace/.build/checkouts/swift-async-algorithms/Sources/AsyncAlgorithms/Locking.swift:162:63: error: 'Primitive' is not a member type of struct 'AsyncAlgorithms.Lock'
 31 | #endif
 32 |
 33 | internal struct Lock {
    |                 `- note: 'Lock' declared here
 34 |   #if canImport(Darwin)
 35 |   typealias Primitive = os_unfair_lock
    :
160 |
161 | struct ManagedCriticalState<State> {
162 |   private final class LockedBuffer: ManagedBuffer<State, Lock.Primitive> {
    |                                                               `- error: 'Primitive' is not a member type of struct 'AsyncAlgorithms.Lock'
163 |     deinit {
164 |       withUnsafeMutablePointerToElements { Lock.deinitialize($0) }
/host/spi-builder-workspace/.build/checkouts/swift-async-algorithms/Sources/AsyncAlgorithms/Locking.swift:168:49: error: 'Primitive' is not a member type of struct 'AsyncAlgorithms.Lock'
 31 | #endif
 32 |
 33 | internal struct Lock {
    |                 `- note: 'Lock' declared here
 34 |   #if canImport(Darwin)
 35 |   typealias Primitive = os_unfair_lock
    :
166 |   }
167 |
168 |   private let buffer: ManagedBuffer<State, Lock.Primitive>
    |                                                 `- error: 'Primitive' is not a member type of struct 'AsyncAlgorithms.Lock'
169 |
170 |   init(_ initial: State) {
/host/spi-builder-workspace/.build/checkouts/swift-async-algorithms/Sources/AsyncAlgorithms/Locking.swift:164:7: error: type of expression is ambiguous without a type annotation
162 |   private final class LockedBuffer: ManagedBuffer<State, Lock.Primitive> {
163 |     deinit {
164 |       withUnsafeMutablePointerToElements { Lock.deinitialize($0) }
    |       `- error: type of expression is ambiguous without a type annotation
165 |     }
166 |   }
/host/spi-builder-workspace/.build/checkouts/swift-async-algorithms/Sources/AsyncAlgorithms/Locking.swift:171:12: error: type of expression is ambiguous without a type annotation
169 |
170 |   init(_ initial: State) {
171 |     buffer = LockedBuffer.create(minimumCapacity: 1) { buffer in
    |            `- error: type of expression is ambiguous without a type annotation
172 |       buffer.withUnsafeMutablePointerToElements { Lock.initialize($0) }
173 |       return initial
[307/418] Compiling AsyncAlgorithms Locking.swift
/host/spi-builder-workspace/.build/checkouts/swift-async-algorithms/Sources/AsyncAlgorithms/Locking.swift:50:49: error: cannot find type 'Primitive' in scope
 48 |   #endif
 49 |
 50 |   typealias PlatformLock = UnsafeMutablePointer<Primitive>
    |                                                 `- error: cannot find type 'Primitive' in scope
 51 |   let platformLock: PlatformLock
 52 |
/host/spi-builder-workspace/.build/checkouts/swift-async-algorithms/Sources/AsyncAlgorithms/Locking.swift:162:63: error: 'Primitive' is not a member type of struct 'AsyncAlgorithms.Lock'
 31 | #endif
 32 |
 33 | internal struct Lock {
    |                 `- note: 'Lock' declared here
 34 |   #if canImport(Darwin)
 35 |   typealias Primitive = os_unfair_lock
    :
160 |
161 | struct ManagedCriticalState<State> {
162 |   private final class LockedBuffer: ManagedBuffer<State, Lock.Primitive> {
    |                                                               `- error: 'Primitive' is not a member type of struct 'AsyncAlgorithms.Lock'
163 |     deinit {
164 |       withUnsafeMutablePointerToElements { Lock.deinitialize($0) }
/host/spi-builder-workspace/.build/checkouts/swift-async-algorithms/Sources/AsyncAlgorithms/Locking.swift:168:49: error: 'Primitive' is not a member type of struct 'AsyncAlgorithms.Lock'
 31 | #endif
 32 |
 33 | internal struct Lock {
    |                 `- note: 'Lock' declared here
 34 |   #if canImport(Darwin)
 35 |   typealias Primitive = os_unfair_lock
    :
166 |   }
167 |
168 |   private let buffer: ManagedBuffer<State, Lock.Primitive>
    |                                                 `- error: 'Primitive' is not a member type of struct 'AsyncAlgorithms.Lock'
169 |
170 |   init(_ initial: State) {
/host/spi-builder-workspace/.build/checkouts/swift-async-algorithms/Sources/AsyncAlgorithms/Locking.swift:164:7: error: type of expression is ambiguous without a type annotation
162 |   private final class LockedBuffer: ManagedBuffer<State, Lock.Primitive> {
163 |     deinit {
164 |       withUnsafeMutablePointerToElements { Lock.deinitialize($0) }
    |       `- error: type of expression is ambiguous without a type annotation
165 |     }
166 |   }
/host/spi-builder-workspace/.build/checkouts/swift-async-algorithms/Sources/AsyncAlgorithms/Locking.swift:171:12: error: type of expression is ambiguous without a type annotation
169 |
170 |   init(_ initial: State) {
171 |     buffer = LockedBuffer.create(minimumCapacity: 1) { buffer in
    |            `- error: type of expression is ambiguous without a type annotation
172 |       buffer.withUnsafeMutablePointerToElements { Lock.initialize($0) }
173 |       return initial
error: emit-module command failed with exit code 1 (use -v to see invocation)
[309/425] Emitting module AsyncAlgorithms
/host/spi-builder-workspace/.build/checkouts/swift-async-algorithms/Sources/AsyncAlgorithms/Locking.swift:168:49: error: 'Primitive' is not a member type of struct 'AsyncAlgorithms.Lock'
 31 | #endif
 32 |
 33 | internal struct Lock {
    |                 `- note: 'Lock' declared here
 34 |   #if canImport(Darwin)
 35 |   typealias Primitive = os_unfair_lock
    :
166 |   }
167 |
168 |   private let buffer: ManagedBuffer<State, Lock.Primitive>
    |                                                 `- error: 'Primitive' is not a member type of struct 'AsyncAlgorithms.Lock'
169 |
170 |   init(_ initial: State) {
/host/spi-builder-workspace/.build/checkouts/swift-async-algorithms/Sources/AsyncAlgorithms/Locking.swift:50:49: error: cannot find type 'Primitive' in scope
 48 |   #endif
 49 |
 50 |   typealias PlatformLock = UnsafeMutablePointer<Primitive>
    |                                                 `- error: cannot find type 'Primitive' in scope
 51 |   let platformLock: PlatformLock
 52 |
/host/spi-builder-workspace/.build/checkouts/swift-async-algorithms/Sources/AsyncAlgorithms/Locking.swift:162:63: error: 'Primitive' is not a member type of struct 'AsyncAlgorithms.Lock'
 31 | #endif
 32 |
 33 | internal struct Lock {
    |                 `- note: 'Lock' declared here
 34 |   #if canImport(Darwin)
 35 |   typealias Primitive = os_unfair_lock
    :
160 |
161 | struct ManagedCriticalState<State> {
162 |   private final class LockedBuffer: ManagedBuffer<State, Lock.Primitive> {
    |                                                               `- error: 'Primitive' is not a member type of struct 'AsyncAlgorithms.Lock'
163 |     deinit {
164 |       withUnsafeMutablePointerToElements { Lock.deinitialize($0) }
[310/425] Compiling AsyncAlgorithms CombineLatestStateMachine.swift
<unknown>:0: warning: upcoming feature 'InferSendableFromCaptures' is already enabled as of Swift version 6
<unknown>:0: warning: upcoming feature 'GlobalActorIsolatedTypesUsability' is already enabled as of Swift version 6
<unknown>:0: warning: upcoming feature 'DisableOutwardActorInference' is already enabled as of Swift version 6
[311/425] Compiling AsyncAlgorithms CombineLatestStorage.swift
<unknown>:0: warning: upcoming feature 'InferSendableFromCaptures' is already enabled as of Swift version 6
<unknown>:0: warning: upcoming feature 'GlobalActorIsolatedTypesUsability' is already enabled as of Swift version 6
<unknown>:0: warning: upcoming feature 'DisableOutwardActorInference' is already enabled as of Swift version 6
[312/425] Compiling AsyncAlgorithms AsyncDebounceSequence.swift
<unknown>:0: warning: upcoming feature 'InferSendableFromCaptures' is already enabled as of Swift version 6
<unknown>:0: warning: upcoming feature 'GlobalActorIsolatedTypesUsability' is already enabled as of Swift version 6
<unknown>:0: warning: upcoming feature 'DisableOutwardActorInference' is already enabled as of Swift version 6
[313/425] Compiling AsyncAlgorithms DebounceStateMachine.swift
<unknown>:0: warning: upcoming feature 'InferSendableFromCaptures' is already enabled as of Swift version 6
<unknown>:0: warning: upcoming feature 'GlobalActorIsolatedTypesUsability' is already enabled as of Swift version 6
<unknown>:0: warning: upcoming feature 'DisableOutwardActorInference' is already enabled as of Swift version 6
[314/425] Compiling AsyncAlgorithms DebounceStorage.swift
<unknown>:0: warning: upcoming feature 'InferSendableFromCaptures' is already enabled as of Swift version 6
<unknown>:0: warning: upcoming feature 'GlobalActorIsolatedTypesUsability' is already enabled as of Swift version 6
<unknown>:0: warning: upcoming feature 'DisableOutwardActorInference' is already enabled as of Swift version 6
[315/425] Compiling AsyncAlgorithms Dictionary.swift
<unknown>:0: warning: upcoming feature 'InferSendableFromCaptures' is already enabled as of Swift version 6
<unknown>:0: warning: upcoming feature 'GlobalActorIsolatedTypesUsability' is already enabled as of Swift version 6
<unknown>:0: warning: upcoming feature 'DisableOutwardActorInference' is already enabled as of Swift version 6
[316/425] Compiling AsyncAlgorithms AsyncSyncSequence.swift
<unknown>:0: warning: upcoming feature 'InferSendableFromCaptures' is already enabled as of Swift version 6
<unknown>:0: warning: upcoming feature 'GlobalActorIsolatedTypesUsability' is already enabled as of Swift version 6
<unknown>:0: warning: upcoming feature 'DisableOutwardActorInference' is already enabled as of Swift version 6
[317/425] Compiling AsyncAlgorithms AsyncThrottleSequence.swift
<unknown>:0: warning: upcoming feature 'InferSendableFromCaptures' is already enabled as of Swift version 6
<unknown>:0: warning: upcoming feature 'GlobalActorIsolatedTypesUsability' is already enabled as of Swift version 6
<unknown>:0: warning: upcoming feature 'DisableOutwardActorInference' is already enabled as of Swift version 6
[318/425] Compiling AsyncAlgorithms AsyncThrowingExclusiveReductionsSequence.swift
<unknown>:0: warning: upcoming feature 'InferSendableFromCaptures' is already enabled as of Swift version 6
<unknown>:0: warning: upcoming feature 'GlobalActorIsolatedTypesUsability' is already enabled as of Swift version 6
<unknown>:0: warning: upcoming feature 'DisableOutwardActorInference' is already enabled as of Swift version 6
[319/433] Compiling AsyncAlgorithms AsyncAdjacentPairsSequence.swift
[320/433] Compiling AsyncAlgorithms AsyncBufferedByteIterator.swift
[321/433] Compiling AsyncAlgorithms AsyncChain2Sequence.swift
[322/433] Compiling AsyncAlgorithms AsyncChain3Sequence.swift
[323/433] Compiling AsyncAlgorithms AsyncChunkedByGroupSequence.swift
[324/433] Compiling AsyncAlgorithms AsyncChunkedOnProjectionSequence.swift
[325/433] Compiling AsyncAlgorithms AsyncChunksOfCountOrSignalSequence.swift
[326/433] Compiling AsyncAlgorithms AsyncChunksOfCountSequence.swift
[327/433] Compiling AsyncAlgorithms AsyncCombineLatest3Sequence.swift
/host/spi-builder-workspace/.build/checkouts/swift-async-algorithms/Sources/AsyncAlgorithms/Locking.swift:168:49: error: 'Primitive' is not a member type of struct 'AsyncAlgorithms.Lock'
 31 | #endif
 32 |
 33 | internal struct Lock {
    |                 `- note: 'Lock' declared here
 34 |   #if canImport(Darwin)
 35 |   typealias Primitive = os_unfair_lock
    :
166 |   }
167 |
168 |   private let buffer: ManagedBuffer<State, Lock.Primitive>
    |                                                 `- error: 'Primitive' is not a member type of struct 'AsyncAlgorithms.Lock'
169 |
170 |   init(_ initial: State) {
/host/spi-builder-workspace/.build/checkouts/swift-async-algorithms/Sources/AsyncAlgorithms/Locking.swift:168:49: error: 'Primitive' is not a member type of struct 'AsyncAlgorithms.Lock'
 31 | #endif
 32 |
 33 | internal struct Lock {
    |                 `- note: 'Lock' declared here
 34 |   #if canImport(Darwin)
 35 |   typealias Primitive = os_unfair_lock
    :
166 |   }
167 |
168 |   private let buffer: ManagedBuffer<State, Lock.Primitive>
    |                                                 `- error: 'Primitive' is not a member type of struct 'AsyncAlgorithms.Lock'
169 |
170 |   init(_ initial: State) {
/host/spi-builder-workspace/.build/checkouts/swift-async-algorithms/Sources/AsyncAlgorithms/Locking.swift:168:49: error: 'Primitive' is not a member type of struct 'AsyncAlgorithms.Lock'
 31 | #endif
 32 |
 33 | internal struct Lock {
    |                 `- note: 'Lock' declared here
 34 |   #if canImport(Darwin)
 35 |   typealias Primitive = os_unfair_lock
    :
166 |   }
167 |
168 |   private let buffer: ManagedBuffer<State, Lock.Primitive>
    |                                                 `- error: 'Primitive' is not a member type of struct 'AsyncAlgorithms.Lock'
169 |
170 |   init(_ initial: State) {
/host/spi-builder-workspace/.build/checkouts/swift-async-algorithms/Sources/AsyncAlgorithms/Locking.swift:168:49: error: 'Primitive' is not a member type of struct 'AsyncAlgorithms.Lock'
 31 | #endif
 32 |
 33 | internal struct Lock {
    |                 `- note: 'Lock' declared here
 34 |   #if canImport(Darwin)
 35 |   typealias Primitive = os_unfair_lock
    :
166 |   }
167 |
168 |   private let buffer: ManagedBuffer<State, Lock.Primitive>
    |                                                 `- error: 'Primitive' is not a member type of struct 'AsyncAlgorithms.Lock'
169 |
170 |   init(_ initial: State) {
/host/spi-builder-workspace/.build/checkouts/swift-async-algorithms/Sources/AsyncAlgorithms/Locking.swift:168:49: error: 'Primitive' is not a member type of struct 'AsyncAlgorithms.Lock'
 31 | #endif
 32 |
 33 | internal struct Lock {
    |                 `- note: 'Lock' declared here
 34 |   #if canImport(Darwin)
 35 |   typealias Primitive = os_unfair_lock
    :
166 |   }
167 |
168 |   private let buffer: ManagedBuffer<State, Lock.Primitive>
    |                                                 `- error: 'Primitive' is not a member type of struct 'AsyncAlgorithms.Lock'
169 |
170 |   init(_ initial: State) {
/host/spi-builder-workspace/.build/checkouts/swift-async-algorithms/Sources/AsyncAlgorithms/Locking.swift:168:49: error: 'Primitive' is not a member type of struct 'AsyncAlgorithms.Lock'
 31 | #endif
 32 |
 33 | internal struct Lock {
    |                 `- note: 'Lock' declared here
 34 |   #if canImport(Darwin)
 35 |   typealias Primitive = os_unfair_lock
    :
166 |   }
167 |
168 |   private let buffer: ManagedBuffer<State, Lock.Primitive>
    |                                                 `- error: 'Primitive' is not a member type of struct 'AsyncAlgorithms.Lock'
169 |
170 |   init(_ initial: State) {
/host/spi-builder-workspace/.build/checkouts/swift-async-algorithms/Sources/AsyncAlgorithms/Locking.swift:168:49: error: 'Primitive' is not a member type of struct 'AsyncAlgorithms.Lock'
 31 | #endif
 32 |
 33 | internal struct Lock {
    |                 `- note: 'Lock' declared here
 34 |   #if canImport(Darwin)
 35 |   typealias Primitive = os_unfair_lock
    :
166 |   }
167 |
168 |   private let buffer: ManagedBuffer<State, Lock.Primitive>
    |                                                 `- error: 'Primitive' is not a member type of struct 'AsyncAlgorithms.Lock'
169 |
170 |   init(_ initial: State) {
/host/spi-builder-workspace/.build/checkouts/swift-async-algorithms/Sources/AsyncAlgorithms/Locking.swift:168:49: error: 'Primitive' is not a member type of struct 'AsyncAlgorithms.Lock'
 31 | #endif
 32 |
 33 | internal struct Lock {
    |                 `- note: 'Lock' declared here
 34 |   #if canImport(Darwin)
 35 |   typealias Primitive = os_unfair_lock
    :
166 |   }
167 |
168 |   private let buffer: ManagedBuffer<State, Lock.Primitive>
    |                                                 `- error: 'Primitive' is not a member type of struct 'AsyncAlgorithms.Lock'
169 |
170 |   init(_ initial: State) {
/host/spi-builder-workspace/.build/checkouts/swift-async-algorithms/Sources/AsyncAlgorithms/Locking.swift:168:49: error: 'Primitive' is not a member type of struct 'AsyncAlgorithms.Lock'
 31 | #endif
 32 |
 33 | internal struct Lock {
    |                 `- note: 'Lock' declared here
 34 |   #if canImport(Darwin)
 35 |   typealias Primitive = os_unfair_lock
    :
166 |   }
167 |
168 |   private let buffer: ManagedBuffer<State, Lock.Primitive>
    |                                                 `- error: 'Primitive' is not a member type of struct 'AsyncAlgorithms.Lock'
169 |
170 |   init(_ initial: State) {
/host/spi-builder-workspace/.build/checkouts/swift-async-algorithms/Sources/AsyncAlgorithms/Locking.swift:168:49: error: 'Primitive' is not a member type of struct 'AsyncAlgorithms.Lock'
 31 | #endif
 32 |
 33 | internal struct Lock {
    |                 `- note: 'Lock' declared here
 34 |   #if canImport(Darwin)
 35 |   typealias Primitive = os_unfair_lock
    :
166 |   }
167 |
168 |   private let buffer: ManagedBuffer<State, Lock.Primitive>
    |                                                 `- error: 'Primitive' is not a member type of struct 'AsyncAlgorithms.Lock'
169 |
170 |   init(_ initial: State) {
[337/433] Compiling AsyncAlgorithms AsyncThrowingInclusiveReductionsSequence.swift
/host/spi-builder-workspace/.build/checkouts/swift-async-algorithms/Sources/AsyncAlgorithms/Locking.swift:168:49: error: 'Primitive' is not a member type of struct 'AsyncAlgorithms.Lock'
 31 | #endif
 32 |
 33 | internal struct Lock {
    |                 `- note: 'Lock' declared here
 34 |   #if canImport(Darwin)
 35 |   typealias Primitive = os_unfair_lock
    :
166 |   }
167 |
168 |   private let buffer: ManagedBuffer<State, Lock.Primitive>
    |                                                 `- error: 'Primitive' is not a member type of struct 'AsyncAlgorithms.Lock'
169 |
170 |   init(_ initial: State) {
[338/433] Compiling AsyncAlgorithms AsyncTimerSequence.swift
/host/spi-builder-workspace/.build/checkouts/swift-async-algorithms/Sources/AsyncAlgorithms/Locking.swift:168:49: error: 'Primitive' is not a member type of struct 'AsyncAlgorithms.Lock'
 31 | #endif
 32 |
 33 | internal struct Lock {
    |                 `- note: 'Lock' declared here
 34 |   #if canImport(Darwin)
 35 |   typealias Primitive = os_unfair_lock
    :
166 |   }
167 |
168 |   private let buffer: ManagedBuffer<State, Lock.Primitive>
    |                                                 `- error: 'Primitive' is not a member type of struct 'AsyncAlgorithms.Lock'
169 |
170 |   init(_ initial: State) {
[339/433] Compiling AsyncAlgorithms AsyncBufferSequence.swift
/host/spi-builder-workspace/.build/checkouts/swift-async-algorithms/Sources/AsyncAlgorithms/Locking.swift:168:49: error: 'Primitive' is not a member type of struct 'AsyncAlgorithms.Lock'
 31 | #endif
 32 |
 33 | internal struct Lock {
    |                 `- note: 'Lock' declared here
 34 |   #if canImport(Darwin)
 35 |   typealias Primitive = os_unfair_lock
    :
166 |   }
167 |
168 |   private let buffer: ManagedBuffer<State, Lock.Primitive>
    |                                                 `- error: 'Primitive' is not a member type of struct 'AsyncAlgorithms.Lock'
169 |
170 |   init(_ initial: State) {
[340/433] Compiling AsyncAlgorithms BoundedBufferStateMachine.swift
/host/spi-builder-workspace/.build/checkouts/swift-async-algorithms/Sources/AsyncAlgorithms/Locking.swift:168:49: error: 'Primitive' is not a member type of struct 'AsyncAlgorithms.Lock'
 31 | #endif
 32 |
 33 | internal struct Lock {
    |                 `- note: 'Lock' declared here
 34 |   #if canImport(Darwin)
 35 |   typealias Primitive = os_unfair_lock
    :
166 |   }
167 |
168 |   private let buffer: ManagedBuffer<State, Lock.Primitive>
    |                                                 `- error: 'Primitive' is not a member type of struct 'AsyncAlgorithms.Lock'
169 |
170 |   init(_ initial: State) {
[341/433] Compiling AsyncAlgorithms BoundedBufferStorage.swift
/host/spi-builder-workspace/.build/checkouts/swift-async-algorithms/Sources/AsyncAlgorithms/Locking.swift:168:49: error: 'Primitive' is not a member type of struct 'AsyncAlgorithms.Lock'
 31 | #endif
 32 |
 33 | internal struct Lock {
    |                 `- note: 'Lock' declared here
 34 |   #if canImport(Darwin)
 35 |   typealias Primitive = os_unfair_lock
    :
166 |   }
167 |
168 |   private let buffer: ManagedBuffer<State, Lock.Primitive>
    |                                                 `- error: 'Primitive' is not a member type of struct 'AsyncAlgorithms.Lock'
169 |
170 |   init(_ initial: State) {
[342/433] Compiling AsyncAlgorithms Rethrow.swift
/host/spi-builder-workspace/.build/checkouts/swift-async-algorithms/Sources/AsyncAlgorithms/Locking.swift:168:49: error: 'Primitive' is not a member type of struct 'AsyncAlgorithms.Lock'
 31 | #endif
 32 |
 33 | internal struct Lock {
    |                 `- note: 'Lock' declared here
 34 |   #if canImport(Darwin)
 35 |   typealias Primitive = os_unfair_lock
    :
166 |   }
167 |
168 |   private let buffer: ManagedBuffer<State, Lock.Primitive>
    |                                                 `- error: 'Primitive' is not a member type of struct 'AsyncAlgorithms.Lock'
169 |
170 |   init(_ initial: State) {
[343/433] Compiling AsyncAlgorithms SetAlgebra.swift
/host/spi-builder-workspace/.build/checkouts/swift-async-algorithms/Sources/AsyncAlgorithms/Locking.swift:168:49: error: 'Primitive' is not a member type of struct 'AsyncAlgorithms.Lock'
 31 | #endif
 32 |
 33 | internal struct Lock {
    |                 `- note: 'Lock' declared here
 34 |   #if canImport(Darwin)
 35 |   typealias Primitive = os_unfair_lock
    :
166 |   }
167 |
168 |   private let buffer: ManagedBuffer<State, Lock.Primitive>
    |                                                 `- error: 'Primitive' is not a member type of struct 'AsyncAlgorithms.Lock'
169 |
170 |   init(_ initial: State) {
[344/433] Compiling AsyncAlgorithms UnsafeTransfer.swift
/host/spi-builder-workspace/.build/checkouts/swift-async-algorithms/Sources/AsyncAlgorithms/Locking.swift:168:49: error: 'Primitive' is not a member type of struct 'AsyncAlgorithms.Lock'
 31 | #endif
 32 |
 33 | internal struct Lock {
    |                 `- note: 'Lock' declared here
 34 |   #if canImport(Darwin)
 35 |   typealias Primitive = os_unfair_lock
    :
166 |   }
167 |
168 |   private let buffer: ManagedBuffer<State, Lock.Primitive>
    |                                                 `- error: 'Primitive' is not a member type of struct 'AsyncAlgorithms.Lock'
169 |
170 |   init(_ initial: State) {
[345/433] Compiling AsyncAlgorithms AsyncZip2Sequence.swift
/host/spi-builder-workspace/.build/checkouts/swift-async-algorithms/Sources/AsyncAlgorithms/Locking.swift:168:49: error: 'Primitive' is not a member type of struct 'AsyncAlgorithms.Lock'
 31 | #endif
 32 |
 33 | internal struct Lock {
    |                 `- note: 'Lock' declared here
 34 |   #if canImport(Darwin)
 35 |   typealias Primitive = os_unfair_lock
    :
166 |   }
167 |
168 |   private let buffer: ManagedBuffer<State, Lock.Primitive>
    |                                                 `- error: 'Primitive' is not a member type of struct 'AsyncAlgorithms.Lock'
169 |
170 |   init(_ initial: State) {
[346/433] Compiling AsyncAlgorithms AsyncZip3Sequence.swift
/host/spi-builder-workspace/.build/checkouts/swift-async-algorithms/Sources/AsyncAlgorithms/Locking.swift:168:49: error: 'Primitive' is not a member type of struct 'AsyncAlgorithms.Lock'
 31 | #endif
 32 |
 33 | internal struct Lock {
    |                 `- note: 'Lock' declared here
 34 |   #if canImport(Darwin)
 35 |   typealias Primitive = os_unfair_lock
    :
166 |   }
167 |
168 |   private let buffer: ManagedBuffer<State, Lock.Primitive>
    |                                                 `- error: 'Primitive' is not a member type of struct 'AsyncAlgorithms.Lock'
169 |
170 |   init(_ initial: State) {
[347/433] Compiling AsyncAlgorithms ZipStateMachine.swift
/host/spi-builder-workspace/.build/checkouts/swift-async-algorithms/Sources/AsyncAlgorithms/Locking.swift:168:49: error: 'Primitive' is not a member type of struct 'AsyncAlgorithms.Lock'
 31 | #endif
 32 |
 33 | internal struct Lock {
    |                 `- note: 'Lock' declared here
 34 |   #if canImport(Darwin)
 35 |   typealias Primitive = os_unfair_lock
    :
166 |   }
167 |
168 |   private let buffer: ManagedBuffer<State, Lock.Primitive>
    |                                                 `- error: 'Primitive' is not a member type of struct 'AsyncAlgorithms.Lock'
169 |
170 |   init(_ initial: State) {
[348/433] Compiling AsyncAlgorithms ZipStorage.swift
/host/spi-builder-workspace/.build/checkouts/swift-async-algorithms/Sources/AsyncAlgorithms/Locking.swift:168:49: error: 'Primitive' is not a member type of struct 'AsyncAlgorithms.Lock'
 31 | #endif
 32 |
 33 | internal struct Lock {
    |                 `- note: 'Lock' declared here
 34 |   #if canImport(Darwin)
 35 |   typealias Primitive = os_unfair_lock
    :
166 |   }
167 |
168 |   private let buffer: ManagedBuffer<State, Lock.Primitive>
    |                                                 `- error: 'Primitive' is not a member type of struct 'AsyncAlgorithms.Lock'
169 |
170 |   init(_ initial: State) {
[349/433] Compiling AsyncAlgorithms UnboundedBufferStateMachine.swift
/host/spi-builder-workspace/.build/checkouts/swift-async-algorithms/Sources/AsyncAlgorithms/Locking.swift:168:49: error: 'Primitive' is not a member type of struct 'AsyncAlgorithms.Lock'
 31 | #endif
 32 |
 33 | internal struct Lock {
    |                 `- note: 'Lock' declared here
 34 |   #if canImport(Darwin)
 35 |   typealias Primitive = os_unfair_lock
    :
166 |   }
167 |
168 |   private let buffer: ManagedBuffer<State, Lock.Primitive>
    |                                                 `- error: 'Primitive' is not a member type of struct 'AsyncAlgorithms.Lock'
169 |
170 |   init(_ initial: State) {
[350/433] Compiling AsyncAlgorithms UnboundedBufferStorage.swift
/host/spi-builder-workspace/.build/checkouts/swift-async-algorithms/Sources/AsyncAlgorithms/Locking.swift:168:49: error: 'Primitive' is not a member type of struct 'AsyncAlgorithms.Lock'
 31 | #endif
 32 |
 33 | internal struct Lock {
    |                 `- note: 'Lock' declared here
 34 |   #if canImport(Darwin)
 35 |   typealias Primitive = os_unfair_lock
    :
166 |   }
167 |
168 |   private let buffer: ManagedBuffer<State, Lock.Primitive>
    |                                                 `- error: 'Primitive' is not a member type of struct 'AsyncAlgorithms.Lock'
169 |
170 |   init(_ initial: State) {
[351/433] Compiling AsyncAlgorithms AsyncChannel.swift
/host/spi-builder-workspace/.build/checkouts/swift-async-algorithms/Sources/AsyncAlgorithms/Locking.swift:168:49: error: 'Primitive' is not a member type of struct 'AsyncAlgorithms.Lock'
 31 | #endif
 32 |
 33 | internal struct Lock {
    |                 `- note: 'Lock' declared here
 34 |   #if canImport(Darwin)
 35 |   typealias Primitive = os_unfair_lock
    :
166 |   }
167 |
168 |   private let buffer: ManagedBuffer<State, Lock.Primitive>
    |                                                 `- error: 'Primitive' is not a member type of struct 'AsyncAlgorithms.Lock'
169 |
170 |   init(_ initial: State) {
[352/433] Compiling AsyncAlgorithms AsyncThrowingChannel.swift
/host/spi-builder-workspace/.build/checkouts/swift-async-algorithms/Sources/AsyncAlgorithms/Locking.swift:168:49: error: 'Primitive' is not a member type of struct 'AsyncAlgorithms.Lock'
 31 | #endif
 32 |
 33 | internal struct Lock {
    |                 `- note: 'Lock' declared here
 34 |   #if canImport(Darwin)
 35 |   typealias Primitive = os_unfair_lock
    :
166 |   }
167 |
168 |   private let buffer: ManagedBuffer<State, Lock.Primitive>
    |                                                 `- error: 'Primitive' is not a member type of struct 'AsyncAlgorithms.Lock'
169 |
170 |   init(_ initial: State) {
[353/433] Compiling AsyncAlgorithms ChannelStateMachine.swift
/host/spi-builder-workspace/.build/checkouts/swift-async-algorithms/Sources/AsyncAlgorithms/Locking.swift:168:49: error: 'Primitive' is not a member type of struct 'AsyncAlgorithms.Lock'
 31 | #endif
 32 |
 33 | internal struct Lock {
    |                 `- note: 'Lock' declared here
 34 |   #if canImport(Darwin)
 35 |   typealias Primitive = os_unfair_lock
    :
166 |   }
167 |
168 |   private let buffer: ManagedBuffer<State, Lock.Primitive>
    |                                                 `- error: 'Primitive' is not a member type of struct 'AsyncAlgorithms.Lock'
169 |
170 |   init(_ initial: State) {
[354/433] Compiling AsyncAlgorithms ChannelStorage.swift
/host/spi-builder-workspace/.build/checkouts/swift-async-algorithms/Sources/AsyncAlgorithms/Locking.swift:168:49: error: 'Primitive' is not a member type of struct 'AsyncAlgorithms.Lock'
 31 | #endif
 32 |
 33 | internal struct Lock {
    |                 `- note: 'Lock' declared here
 34 |   #if canImport(Darwin)
 35 |   typealias Primitive = os_unfair_lock
    :
166 |   }
167 |
168 |   private let buffer: ManagedBuffer<State, Lock.Primitive>
    |                                                 `- error: 'Primitive' is not a member type of struct 'AsyncAlgorithms.Lock'
169 |
170 |   init(_ initial: State) {
[355/433] Compiling AsyncAlgorithms AsyncCombineLatest2Sequence.swift
/host/spi-builder-workspace/.build/checkouts/swift-async-algorithms/Sources/AsyncAlgorithms/Locking.swift:168:49: error: 'Primitive' is not a member type of struct 'AsyncAlgorithms.Lock'
 31 | #endif
 32 |
 33 | internal struct Lock {
    |                 `- note: 'Lock' declared here
 34 |   #if canImport(Darwin)
 35 |   typealias Primitive = os_unfair_lock
    :
166 |   }
167 |
168 |   private let buffer: ManagedBuffer<State, Lock.Primitive>
    |                                                 `- error: 'Primitive' is not a member type of struct 'AsyncAlgorithms.Lock'
169 |
170 |   init(_ initial: State) {
[356/433] Compiling AsyncAlgorithms AsyncCompactedSequence.swift
[357/433] Compiling AsyncAlgorithms AsyncExclusiveReductionsSequence.swift
[358/433] Compiling AsyncAlgorithms AsyncInclusiveReductionsSequence.swift
[359/433] Compiling AsyncAlgorithms AsyncJoinedBySeparatorSequence.swift
[360/433] Compiling AsyncAlgorithms AsyncJoinedSequence.swift
[361/433] Compiling AsyncAlgorithms AsyncMapErrorSequence.swift
[362/433] Compiling AsyncAlgorithms AsyncRemoveDuplicatesSequence.swift
[363/433] Compiling AsyncAlgorithms AsyncShareSequence.swift
[364/433] Compiling AsyncAlgorithms AsyncMerge2Sequence.swift
/host/spi-builder-workspace/.build/checkouts/swift-async-algorithms/Sources/AsyncAlgorithms/Locking.swift:50:49: error: cannot find type 'Primitive' in scope
 48 |   #endif
 49 |
 50 |   typealias PlatformLock = UnsafeMutablePointer<Primitive>
    |                                                 `- error: cannot find type 'Primitive' in scope
 51 |   let platformLock: PlatformLock
 52 |
[365/433] Compiling AsyncAlgorithms AsyncMerge3Sequence.swift
/host/spi-builder-workspace/.build/checkouts/swift-async-algorithms/Sources/AsyncAlgorithms/Locking.swift:50:49: error: cannot find type 'Primitive' in scope
 48 |   #endif
 49 |
 50 |   typealias PlatformLock = UnsafeMutablePointer<Primitive>
    |                                                 `- error: cannot find type 'Primitive' in scope
 51 |   let platformLock: PlatformLock
 52 |
[366/433] Compiling AsyncAlgorithms MergeStateMachine.swift
/host/spi-builder-workspace/.build/checkouts/swift-async-algorithms/Sources/AsyncAlgorithms/Locking.swift:50:49: error: cannot find type 'Primitive' in scope
 48 |   #endif
 49 |
 50 |   typealias PlatformLock = UnsafeMutablePointer<Primitive>
    |                                                 `- error: cannot find type 'Primitive' in scope
 51 |   let platformLock: PlatformLock
 52 |
[367/433] Compiling AsyncAlgorithms MergeStorage.swift
/host/spi-builder-workspace/.build/checkouts/swift-async-algorithms/Sources/AsyncAlgorithms/Locking.swift:50:49: error: cannot find type 'Primitive' in scope
 48 |   #endif
 49 |
 50 |   typealias PlatformLock = UnsafeMutablePointer<Primitive>
    |                                                 `- error: cannot find type 'Primitive' in scope
 51 |   let platformLock: PlatformLock
 52 |
[368/433] Compiling AsyncAlgorithms MultiProducerSingleConsumerAsyncChannel+Internal.swift
/host/spi-builder-workspace/.build/checkouts/swift-async-algorithms/Sources/AsyncAlgorithms/Locking.swift:50:49: error: cannot find type 'Primitive' in scope
 48 |   #endif
 49 |
 50 |   typealias PlatformLock = UnsafeMutablePointer<Primitive>
    |                                                 `- error: cannot find type 'Primitive' in scope
 51 |   let platformLock: PlatformLock
 52 |
[369/433] Compiling AsyncAlgorithms MultiProducerSingleConsumerAsyncChannel.swift
/host/spi-builder-workspace/.build/checkouts/swift-async-algorithms/Sources/AsyncAlgorithms/Locking.swift:50:49: error: cannot find type 'Primitive' in scope
 48 |   #endif
 49 |
 50 |   typealias PlatformLock = UnsafeMutablePointer<Primitive>
    |                                                 `- error: cannot find type 'Primitive' in scope
 51 |   let platformLock: PlatformLock
 52 |
[370/433] Compiling AsyncAlgorithms RangeReplaceableCollection.swift
/host/spi-builder-workspace/.build/checkouts/swift-async-algorithms/Sources/AsyncAlgorithms/Locking.swift:50:49: error: cannot find type 'Primitive' in scope
 48 |   #endif
 49 |
 50 |   typealias PlatformLock = UnsafeMutablePointer<Primitive>
    |                                                 `- error: cannot find type 'Primitive' in scope
 51 |   let platformLock: PlatformLock
 52 |
<unknown>:0: warning: upcoming feature 'InferSendableFromCaptures' is already enabled as of Swift version 6
<unknown>:0: warning: upcoming feature 'GlobalActorIsolatedTypesUsability' is already enabled as of Swift version 6
<unknown>:0: warning: upcoming feature 'DisableOutwardActorInference' is already enabled as of Swift version 6
Running build ...
bash -c docker run --pull=always --rm -v "checkouts-54344849-0":/host -w "$PWD" -e JAVA_HOME="/root/.sdkman/candidates/java/current" -e SPI_BUILD="1" -e SPI_PROCESSING="1" registry.gitlab.com/saguaro1/spi-images:wasm-6.1-latest swift build --swift-sdk wasm32-unknown-wasi 2>&1
wasm-6.1-latest: Pulling from saguaro1/spi-images
Digest: sha256:290f441d1f5b7bf0dbbe61e8b7514208804cdcb507d57b3c762463ad036298f7
Status: Image is up to date for registry.gitlab.com/saguaro1/spi-images:wasm-6.1-latest
[0/1] Planning build
Building for debugging...
[0/1] Write swift-version-24593BA9C3E375BF.txt
[2/54] Compiling CoreMetrics WithMetricsFactory.swift
[3/54] Compiling InternalCollectionsUtilities LifetimeOverride.swift
[4/54] Compiling InternalCollectionsUtilities RandomAccessCollection+Offsets.swift
[5/54] Compiling InternalCollectionsUtilities Span+Extras.swift
[6/56] Compiling InternalCollectionsUtilities UnsafeMutableRawBufferPointer+Extras.swift
[7/56] Compiling InternalCollectionsUtilities UnsafeRawBufferPointer+Extras.swift
[8/56] Compiling ServiceContextModule ServiceContextKey.swift
[9/56] Compiling NIOConcurrencyHelpers NIOLockedValueBox.swift
[10/56] Compiling ServiceContextModule ServiceContext.swift
[11/56] Emitting module ServiceContextModule
[12/57] Compiling NIOConcurrencyHelpers lock.swift
[14/57] Compiling NIOConcurrencyHelpers NIOLock.swift
[15/57] Compiling InternalCollectionsUtilities _SortedCollection.swift
[16/57] Compiling InternalCollectionsUtilities _UniqueCollection.swift
[17/57] Compiling Logging LoggingSystem.swift
[18/58] Emitting module _NIOBase64
[21/61] Compiling InternalCollectionsUtilities FixedWidthInteger+roundUpToPowerOfTwo.swift
[23/61] Compiling _NIOBase64 Base64.swift
[24/62] Compiling _NIODataStructures Heap.swift
[25/62] Emitting module _NIODataStructures
[26/62] Compiling InternalCollectionsUtilities Integer rank.swift
[27/62] Compiling InternalCollectionsUtilities UInt+first and last set bit.swift
[28/62] Compiling InternalCollectionsUtilities UInt+reversed.swift
[29/62] Compiling InternalCollectionsUtilities Debugging.swift
[30/62] Compiling InternalCollectionsUtilities Descriptions.swift
[32/62] Compiling Logging MetadataProvider.swift
[33/62] Compiling _NIODataStructures PriorityQueue.swift
[34/62] Compiling _NIODataStructures _TinyArray.swift
[36/63] Compiling InternalCollectionsUtilities UnsafeBufferPointer+Extras.swift
[37/63] Compiling InternalCollectionsUtilities UnsafeMutableBufferPointer+Extras.swift
[38/63] Compiling NIOConcurrencyHelpers NIOAtomic.swift
[39/63] Emitting module NIOConcurrencyHelpers
[41/63] Compiling ConcurrencyHelpers LockedValueBox.swift
[44/63] Emitting module Logging
unable to find node: pound
unable to find node: pound
[45/69] Emitting module ConcurrencyHelpers
[46/69] Compiling ConcurrencyHelpers Lock.swift
[47/74] Compiling Logging Logger+Attributes.swift
[48/82] Compiling Logging Logger.swift
[49/86] Compiling Logging Logger+With.swift
unable to find node: pound
unable to find node: pound
[50/88] Emitting module InternalCollectionsUtilities
[51/88] Compiling NIOConcurrencyHelpers atomics.swift
[52/88] Compiling NIOConcurrencyHelpers NIOThreadPoolWorkAvailable.swift
[54/90] Compiling Instrumentation Locks.swift
[55/90] Compiling Instrumentation NoOpInstrument.swift
[57/90] Compiling Instrumentation InstrumentationSystem.swift
[58/90] Emitting module Instrumentation
[60/90] Compiling Instrumentation MultiplexInstrument.swift
[61/90] Compiling Instrumentation Instrument.swift
[62/94] Compiling Atomics UnsafeAtomic.swift
[63/94] Compiling Atomics UnsafeAtomicLazyReference.swift
[64/94] Compiling Atomics ManagedAtomic.swift
[65/94] Compiling Atomics ManagedAtomicLazyReference.swift
[66/96] Compiling Atomics AtomicMemoryOrderings.swift
[67/96] Compiling Atomics DoubleWord.swift
[68/96] Compiling Atomics AtomicStorage.swift
[69/96] Compiling Atomics AtomicValue.swift
[76/105] Compiling Atomics AtomicInteger.swift
[77/105] Compiling Atomics AtomicOptionalWrappable.swift
[78/105] Compiling Atomics AtomicReference.swift
[79/105] Compiling Atomics IntegerOperations.swift
[80/105] Compiling Atomics Unmanaged extensions.swift
[81/105] Compiling UnixSignals UnixSignal.swift
[82/105] Emitting module UnixSignals
[83/105] Compiling UnixSignals UnixSignalsSequence.swift
[84/106] Compiling CoreMetrics Locks.swift
[85/106] Emitting module CoreMetrics
[86/106] Compiling CoreMetrics Metrics.swift
[87/106] Compiling CoreMetrics MappingMetricsFactory.swift
[90/143] Compiling Tracing TracingTime.swift
[91/149] Compiling Tracing TracerProtocol+Legacy.swift
[92/200] Compiling OrderedCollections OrderedDictionary+Sendable.swift
[93/200] Compiling OrderedCollections OrderedDictionary+Sequence.swift
[94/200] Compiling OrderedCollections OrderedSet+Partial SetAlgebra formSymmetricDifference.swift
[95/200] Compiling OrderedCollections OrderedSet+Partial SetAlgebra formUnion.swift
[96/200] Compiling OrderedCollections OrderedSet+Partial SetAlgebra intersection.swift
[97/204] Compiling OrderedCollections _HashTable+Bucket.swift
[98/204] Compiling OrderedCollections _HashTable+BucketIterator.swift
[99/204] Compiling OrderedCollections _HashTable+Constants.swift
[100/204] Compiling OrderedCollections _HashTable+CustomStringConvertible.swift
[101/204] Compiling OrderedCollections _HashTable+Testing.swift
[102/204] Compiling OrderedCollections _HashTable+UnsafeHandle.swift
[103/204] Compiling OrderedCollections _HashTable.swift
[104/204] Compiling OrderedCollections _Hashtable+Header.swift
[105/204] Compiling OrderedCollections OrderedDictionary+Codable.swift
[106/204] Compiling OrderedCollections OrderedDictionary+CustomReflectable.swift
[107/204] Compiling OrderedCollections OrderedDictionary+Deprecations.swift
[108/204] Compiling OrderedCollections OrderedDictionary+Descriptions.swift
[109/204] Compiling OrderedCollections OrderedDictionary+Elements.SubSequence.swift
[110/204] Compiling OrderedCollections OrderedDictionary+Elements.swift
[111/204] Compiling OrderedCollections OrderedDictionary+Equatable.swift
[112/204] Compiling OrderedCollections OrderedDictionary+ExpressibleByDictionaryLiteral.swift
[113/204] Compiling OrderedCollections OrderedSet+Hashable.swift
[114/204] Compiling OrderedCollections OrderedSet+Initializers.swift
[115/204] Compiling OrderedCollections OrderedSet+Insertions.swift
[116/204] Compiling OrderedCollections OrderedSet+Invariants.swift
[117/204] Compiling OrderedCollections OrderedDictionary+Initializers.swift
[118/204] Compiling OrderedCollections OrderedDictionary+Invariants.swift
[119/204] Compiling OrderedCollections OrderedDictionary+Move.swift
[120/204] Compiling OrderedCollections OrderedDictionary+Partial MutableCollection.swift
[121/204] Compiling OrderedCollections OrderedDictionary+Partial RangeReplaceableCollection.swift
[122/204] Compiling OrderedCollections OrderedSet+Move.swift
[123/204] Compiling OrderedCollections OrderedSet+Partial MutableCollection.swift
[124/204] Compiling OrderedCollections OrderedSet+Partial RangeReplaceableCollection.swift
[125/204] Compiling OrderedCollections OrderedSet+Partial SetAlgebra formIntersection.swift
[126/204] Compiling OrderedCollections OrderedDictionary+Hashable.swift
[127/206] Emitting module ContainersPreview
[128/206] Compiling ContainersPreview Ref.swift
[129/206] Compiling ContainersPreview Shared.swift
[130/206] Compiling ContainersPreview SpanIterator.swift
[131/206] Compiling ContainersPreview UniqueBox.swift
[133/207] Compiling Tracing TracerProtocol.swift
[134/207] Compiling Tracing Tracer.swift
[135/207] Emitting module Tracing
[136/207] Compiling Tracing InstrumentationSystem+Tracing.swift
[137/207] Compiling Tracing SpanProtocol.swift
[138/207] Compiling Tracing NoOpTracer.swift
[139/216] Compiling Metrics Metrics.swift
[140/224] Emitting module Metrics
[142/250] Compiling OrderedCollections OrderedSet+Partial SetAlgebra isSuperset.swift
[143/250] Compiling OrderedCollections OrderedSet+Partial SetAlgebra subtract.swift
[144/250] Compiling OrderedCollections OrderedSet+Partial SetAlgebra subtracting.swift
[145/250] Compiling OrderedCollections OrderedSet+Partial SetAlgebra symmetricDifference.swift
[146/250] Compiling OrderedCollections OrderedSet+Partial SetAlgebra union.swift
[147/250] Compiling OrderedCollections OrderedSet+Partial SetAlgebra+Basics.swift
[148/250] Compiling OrderedCollections OrderedSet+RandomAccessCollection.swift
[149/250] Compiling OrderedCollections OrderedSet+ReserveCapacity.swift
[151/257] Compiling DequeModule UniqueDeque+Hashable.swift
[152/257] Compiling DequeModule UniqueDeque+Initializers.swift
[153/257] Compiling DequeModule UniqueDeque+Insertions.swift
[154/257] Compiling DequeModule UniqueDeque+Prepend.swift
[155/257] Compiling DequeModule UniqueDeque+Removals.swift
[156/257] Compiling DequeModule UniqueDeque+Container.swift
[157/257] Compiling DequeModule UniqueDeque+Deprecated.swift
[158/257] Compiling DequeModule UniqueDeque+Descriptions.swift
[159/257] Compiling DequeModule UniqueDeque+Equatable.swift
[160/257] Compiling DequeModule UniqueDeque+Experimental.swift
[161/262] Compiling DequeModule RigidDeque+Equatable.swift
[162/262] Compiling DequeModule RigidDeque+Experimental.swift
[163/262] Compiling DequeModule RigidDeque+Hashable.swift
[164/262] Compiling DequeModule RigidDeque+Initializers.swift
[165/262] Compiling DequeModule RigidDeque+Insertions.swift
[166/262] Compiling DequeModule RigidDeque+Prepend.swift
[167/262] Compiling DequeModule RigidDeque.swift
[168/262] Compiling DequeModule UniqueDeque+Append.swift
[169/262] Compiling DequeModule UniqueDeque+Consumption.swift
[175/262] Compiling DequeModule RigidDeque+Removals.swift
[176/262] Compiling DequeModule RigidDeque+Replacements.swift
[177/262] Compiling DequeModule RigidDeque+Testing.swift
[181/262] Compiling DequeModule _DequeBuffer.swift
[182/262] Compiling DequeModule _DequeBufferHeader.swift
[183/262] Compiling DequeModule RigidDeque+Append.swift
[184/262] Compiling DequeModule RigidDeque+Consumption.swift
[185/262] Compiling DequeModule RigidDeque+Container.swift
[186/262] Compiling DequeModule RigidDeque+Descriptions.swift
[187/262] Compiling DequeModule Deque+Testing.swift
[188/262] Compiling DequeModule Deque._Storage.swift
[189/262] Compiling DequeModule Deque._UnsafeHandle.swift
[190/262] Compiling DequeModule Deque.swift
[195/262] Compiling DequeModule Deque+Codable.swift
[196/262] Compiling DequeModule Deque+Collection.swift
[197/262] Compiling DequeModule Deque+CustomReflectable.swift
[198/262] Compiling DequeModule Deque+Descriptions.swift
[199/262] Compiling DequeModule Deque+Equatable.swift
[200/262] Compiling DequeModule Deque+ExpressibleByArrayLiteral.swift
[201/262] Compiling DequeModule Deque+Extras.swift
[202/262] Compiling DequeModule Deque+Hashable.swift
[207/262] Emitting module Atomics
[209/263] Compiling OrderedCollections OrderedSet+Sendable.swift
[210/263] Compiling OrderedCollections OrderedSet+SubSequence.swift
[211/263] Compiling OrderedCollections OrderedSet+Testing.swift
[212/263] Compiling OrderedCollections OrderedSet+UnorderedView.swift
[213/263] Compiling OrderedCollections OrderedSet+UnstableInternals.swift
[214/263] Compiling OrderedCollections OrderedSet.swift
[215/263] Compiling OrderedCollections _UnsafeBitset.swift
[240/263] Compiling DequeModule UniqueDeque+Replacements.swift
[241/263] Compiling DequeModule UniqueDeque.swift
[242/263] Compiling DequeModule _DequeSlot.swift
[243/263] Compiling DequeModule _UnsafeDequeHandle.swift
[244/263] Compiling DequeModule _UnsafeDequeSegments.swift
[245/263] Compiling OrderedCollections OrderedSet+Diffing.swift
[246/263] Compiling OrderedCollections OrderedSet+Equatable.swift
[247/263] Compiling OrderedCollections OrderedSet+ExpressibleByArrayLiteral.swift
[254/263] Emitting module OrderedCollections
[261/264] Emitting module DequeModule
[263/382] Compiling NIOCore NIOAsyncWriter.swift
/host/spi-builder-workspace/.build/checkouts/swift-async-algorithms/Sources/AsyncAlgorithms/Locking.swift:50:49: error: cannot find type 'Primitive' in scope
 48 |   #endif
 49 |
 50 |   typealias PlatformLock = UnsafeMutablePointer<Primitive>
    |                                                 `- error: cannot find type 'Primitive' in scope
 51 |   let platformLock: PlatformLock
 52 |
/host/spi-builder-workspace/.build/checkouts/swift-async-algorithms/Sources/AsyncAlgorithms/Locking.swift:162:63: error: 'Primitive' is not a member type of struct 'AsyncAlgorithms.Lock'
 31 | #endif
 32 |
 33 | internal struct Lock {
    |                 `- note: 'Lock' declared here
 34 |   #if canImport(Darwin)
 35 |   typealias Primitive = os_unfair_lock
    :
160 |
161 | struct ManagedCriticalState<State> {
162 |   private final class LockedBuffer: ManagedBuffer<State, Lock.Primitive> {
    |                                                               `- error: 'Primitive' is not a member type of struct 'AsyncAlgorithms.Lock'
163 |     deinit {
164 |       withUnsafeMutablePointerToElements { Lock.deinitialize($0) }
/host/spi-builder-workspace/.build/checkouts/swift-async-algorithms/Sources/AsyncAlgorithms/Locking.swift:168:49: error: 'Primitive' is not a member type of struct 'AsyncAlgorithms.Lock'
 31 | #endif
 32 |
 33 | internal struct Lock {
    |                 `- note: 'Lock' declared here
 34 |   #if canImport(Darwin)
 35 |   typealias Primitive = os_unfair_lock
    :
166 |   }
167 |
168 |   private let buffer: ManagedBuffer<State, Lock.Primitive>
    |                                                 `- error: 'Primitive' is not a member type of struct 'AsyncAlgorithms.Lock'
169 |
170 |   init(_ initial: State) {
/host/spi-builder-workspace/.build/checkouts/swift-async-algorithms/Sources/AsyncAlgorithms/Locking.swift:164:7: error: type of expression is ambiguous without a type annotation
162 |   private final class LockedBuffer: ManagedBuffer<State, Lock.Primitive> {
163 |     deinit {
164 |       withUnsafeMutablePointerToElements { Lock.deinitialize($0) }
    |       `- error: type of expression is ambiguous without a type annotation
165 |     }
166 |   }
/host/spi-builder-workspace/.build/checkouts/swift-async-algorithms/Sources/AsyncAlgorithms/Locking.swift:171:12: error: type of expression is ambiguous without a type annotation
169 |
170 |   init(_ initial: State) {
171 |     buffer = LockedBuffer.create(minimumCapacity: 1) { buffer in
    |            `- error: type of expression is ambiguous without a type annotation
172 |       buffer.withUnsafeMutablePointerToElements { Lock.initialize($0) }
173 |       return initial
[264/382] Compiling NIOCore NIOThrowingAsyncSequenceProducer.swift
/host/spi-builder-workspace/.build/checkouts/swift-async-algorithms/Sources/AsyncAlgorithms/Locking.swift:50:49: error: cannot find type 'Primitive' in scope
 48 |   #endif
 49 |
 50 |   typealias PlatformLock = UnsafeMutablePointer<Primitive>
    |                                                 `- error: cannot find type 'Primitive' in scope
 51 |   let platformLock: PlatformLock
 52 |
/host/spi-builder-workspace/.build/checkouts/swift-async-algorithms/Sources/AsyncAlgorithms/Locking.swift:162:63: error: 'Primitive' is not a member type of struct 'AsyncAlgorithms.Lock'
 31 | #endif
 32 |
 33 | internal struct Lock {
    |                 `- note: 'Lock' declared here
 34 |   #if canImport(Darwin)
 35 |   typealias Primitive = os_unfair_lock
    :
160 |
161 | struct ManagedCriticalState<State> {
162 |   private final class LockedBuffer: ManagedBuffer<State, Lock.Primitive> {
    |                                                               `- error: 'Primitive' is not a member type of struct 'AsyncAlgorithms.Lock'
163 |     deinit {
164 |       withUnsafeMutablePointerToElements { Lock.deinitialize($0) }
/host/spi-builder-workspace/.build/checkouts/swift-async-algorithms/Sources/AsyncAlgorithms/Locking.swift:168:49: error: 'Primitive' is not a member type of struct 'AsyncAlgorithms.Lock'
 31 | #endif
 32 |
 33 | internal struct Lock {
    |                 `- note: 'Lock' declared here
 34 |   #if canImport(Darwin)
 35 |   typealias Primitive = os_unfair_lock
    :
166 |   }
167 |
168 |   private let buffer: ManagedBuffer<State, Lock.Primitive>
    |                                                 `- error: 'Primitive' is not a member type of struct 'AsyncAlgorithms.Lock'
169 |
170 |   init(_ initial: State) {
/host/spi-builder-workspace/.build/checkouts/swift-async-algorithms/Sources/AsyncAlgorithms/Locking.swift:164:7: error: type of expression is ambiguous without a type annotation
162 |   private final class LockedBuffer: ManagedBuffer<State, Lock.Primitive> {
163 |     deinit {
164 |       withUnsafeMutablePointerToElements { Lock.deinitialize($0) }
    |       `- error: type of expression is ambiguous without a type annotation
165 |     }
166 |   }
/host/spi-builder-workspace/.build/checkouts/swift-async-algorithms/Sources/AsyncAlgorithms/Locking.swift:171:12: error: type of expression is ambiguous without a type annotation
169 |
170 |   init(_ initial: State) {
171 |     buffer = LockedBuffer.create(minimumCapacity: 1) { buffer in
    |            `- error: type of expression is ambiguous without a type annotation
172 |       buffer.withUnsafeMutablePointerToElements { Lock.initialize($0) }
173 |       return initial
[265/382] Compiling NIOCore BSDSocketAPI.swift
/host/spi-builder-workspace/.build/checkouts/swift-async-algorithms/Sources/AsyncAlgorithms/Locking.swift:50:49: error: cannot find type 'Primitive' in scope
 48 |   #endif
 49 |
 50 |   typealias PlatformLock = UnsafeMutablePointer<Primitive>
    |                                                 `- error: cannot find type 'Primitive' in scope
 51 |   let platformLock: PlatformLock
 52 |
/host/spi-builder-workspace/.build/checkouts/swift-async-algorithms/Sources/AsyncAlgorithms/Locking.swift:162:63: error: 'Primitive' is not a member type of struct 'AsyncAlgorithms.Lock'
 31 | #endif
 32 |
 33 | internal struct Lock {
    |                 `- note: 'Lock' declared here
 34 |   #if canImport(Darwin)
 35 |   typealias Primitive = os_unfair_lock
    :
160 |
161 | struct ManagedCriticalState<State> {
162 |   private final class LockedBuffer: ManagedBuffer<State, Lock.Primitive> {
    |                                                               `- error: 'Primitive' is not a member type of struct 'AsyncAlgorithms.Lock'
163 |     deinit {
164 |       withUnsafeMutablePointerToElements { Lock.deinitialize($0) }
/host/spi-builder-workspace/.build/checkouts/swift-async-algorithms/Sources/AsyncAlgorithms/Locking.swift:168:49: error: 'Primitive' is not a member type of struct 'AsyncAlgorithms.Lock'
 31 | #endif
 32 |
 33 | internal struct Lock {
    |                 `- note: 'Lock' declared here
 34 |   #if canImport(Darwin)
 35 |   typealias Primitive = os_unfair_lock
    :
166 |   }
167 |
168 |   private let buffer: ManagedBuffer<State, Lock.Primitive>
    |                                                 `- error: 'Primitive' is not a member type of struct 'AsyncAlgorithms.Lock'
169 |
170 |   init(_ initial: State) {
/host/spi-builder-workspace/.build/checkouts/swift-async-algorithms/Sources/AsyncAlgorithms/Locking.swift:164:7: error: type of expression is ambiguous without a type annotation
162 |   private final class LockedBuffer: ManagedBuffer<State, Lock.Primitive> {
163 |     deinit {
164 |       withUnsafeMutablePointerToElements { Lock.deinitialize($0) }
    |       `- error: type of expression is ambiguous without a type annotation
165 |     }
166 |   }
/host/spi-builder-workspace/.build/checkouts/swift-async-algorithms/Sources/AsyncAlgorithms/Locking.swift:171:12: error: type of expression is ambiguous without a type annotation
169 |
170 |   init(_ initial: State) {
171 |     buffer = LockedBuffer.create(minimumCapacity: 1) { buffer in
    |            `- error: type of expression is ambiguous without a type annotation
172 |       buffer.withUnsafeMutablePointerToElements { Lock.initialize($0) }
173 |       return initial
[266/382] Compiling NIOCore ByteBuffer-aux.swift
/host/spi-builder-workspace/.build/checkouts/swift-async-algorithms/Sources/AsyncAlgorithms/Locking.swift:50:49: error: cannot find type 'Primitive' in scope
 48 |   #endif
 49 |
 50 |   typealias PlatformLock = UnsafeMutablePointer<Primitive>
    |                                                 `- error: cannot find type 'Primitive' in scope
 51 |   let platformLock: PlatformLock
 52 |
/host/spi-builder-workspace/.build/checkouts/swift-async-algorithms/Sources/AsyncAlgorithms/Locking.swift:162:63: error: 'Primitive' is not a member type of struct 'AsyncAlgorithms.Lock'
 31 | #endif
 32 |
 33 | internal struct Lock {
    |                 `- note: 'Lock' declared here
 34 |   #if canImport(Darwin)
 35 |   typealias Primitive = os_unfair_lock
    :
160 |
161 | struct ManagedCriticalState<State> {
162 |   private final class LockedBuffer: ManagedBuffer<State, Lock.Primitive> {
    |                                                               `- error: 'Primitive' is not a member type of struct 'AsyncAlgorithms.Lock'
163 |     deinit {
164 |       withUnsafeMutablePointerToElements { Lock.deinitialize($0) }
/host/spi-builder-workspace/.build/checkouts/swift-async-algorithms/Sources/AsyncAlgorithms/Locking.swift:168:49: error: 'Primitive' is not a member type of struct 'AsyncAlgorithms.Lock'
 31 | #endif
 32 |
 33 | internal struct Lock {
    |                 `- note: 'Lock' declared here
 34 |   #if canImport(Darwin)
 35 |   typealias Primitive = os_unfair_lock
    :
166 |   }
167 |
168 |   private let buffer: ManagedBuffer<State, Lock.Primitive>
    |                                                 `- error: 'Primitive' is not a member type of struct 'AsyncAlgorithms.Lock'
169 |
170 |   init(_ initial: State) {
/host/spi-builder-workspace/.build/checkouts/swift-async-algorithms/Sources/AsyncAlgorithms/Locking.swift:164:7: error: type of expression is ambiguous without a type annotation
162 |   private final class LockedBuffer: ManagedBuffer<State, Lock.Primitive> {
163 |     deinit {
164 |       withUnsafeMutablePointerToElements { Lock.deinitialize($0) }
    |       `- error: type of expression is ambiguous without a type annotation
165 |     }
166 |   }
/host/spi-builder-workspace/.build/checkouts/swift-async-algorithms/Sources/AsyncAlgorithms/Locking.swift:171:12: error: type of expression is ambiguous without a type annotation
169 |
170 |   init(_ initial: State) {
171 |     buffer = LockedBuffer.create(minimumCapacity: 1) { buffer in
    |            `- error: type of expression is ambiguous without a type annotation
172 |       buffer.withUnsafeMutablePointerToElements { Lock.initialize($0) }
173 |       return initial
[267/382] Compiling NIOCore ByteBuffer-binaryEncodedLengthPrefix.swift
/host/spi-builder-workspace/.build/checkouts/swift-async-algorithms/Sources/AsyncAlgorithms/Locking.swift:50:49: error: cannot find type 'Primitive' in scope
 48 |   #endif
 49 |
 50 |   typealias PlatformLock = UnsafeMutablePointer<Primitive>
    |                                                 `- error: cannot find type 'Primitive' in scope
 51 |   let platformLock: PlatformLock
 52 |
/host/spi-builder-workspace/.build/checkouts/swift-async-algorithms/Sources/AsyncAlgorithms/Locking.swift:162:63: error: 'Primitive' is not a member type of struct 'AsyncAlgorithms.Lock'
 31 | #endif
 32 |
 33 | internal struct Lock {
    |                 `- note: 'Lock' declared here
 34 |   #if canImport(Darwin)
 35 |   typealias Primitive = os_unfair_lock
    :
160 |
161 | struct ManagedCriticalState<State> {
162 |   private final class LockedBuffer: ManagedBuffer<State, Lock.Primitive> {
    |                                                               `- error: 'Primitive' is not a member type of struct 'AsyncAlgorithms.Lock'
163 |     deinit {
164 |       withUnsafeMutablePointerToElements { Lock.deinitialize($0) }
/host/spi-builder-workspace/.build/checkouts/swift-async-algorithms/Sources/AsyncAlgorithms/Locking.swift:168:49: error: 'Primitive' is not a member type of struct 'AsyncAlgorithms.Lock'
 31 | #endif
 32 |
 33 | internal struct Lock {
    |                 `- note: 'Lock' declared here
 34 |   #if canImport(Darwin)
 35 |   typealias Primitive = os_unfair_lock
    :
166 |   }
167 |
168 |   private let buffer: ManagedBuffer<State, Lock.Primitive>
    |                                                 `- error: 'Primitive' is not a member type of struct 'AsyncAlgorithms.Lock'
169 |
170 |   init(_ initial: State) {
/host/spi-builder-workspace/.build/checkouts/swift-async-algorithms/Sources/AsyncAlgorithms/Locking.swift:164:7: error: type of expression is ambiguous without a type annotation
162 |   private final class LockedBuffer: ManagedBuffer<State, Lock.Primitive> {
163 |     deinit {
164 |       withUnsafeMutablePointerToElements { Lock.deinitialize($0) }
    |       `- error: type of expression is ambiguous without a type annotation
165 |     }
166 |   }
/host/spi-builder-workspace/.build/checkouts/swift-async-algorithms/Sources/AsyncAlgorithms/Locking.swift:171:12: error: type of expression is ambiguous without a type annotation
169 |
170 |   init(_ initial: State) {
171 |     buffer = LockedBuffer.create(minimumCapacity: 1) { buffer in
    |            `- error: type of expression is ambiguous without a type annotation
172 |       buffer.withUnsafeMutablePointerToElements { Lock.initialize($0) }
173 |       return initial
[268/382] Compiling NIOCore ByteBuffer-conversions.swift
/host/spi-builder-workspace/.build/checkouts/swift-async-algorithms/Sources/AsyncAlgorithms/Locking.swift:50:49: error: cannot find type 'Primitive' in scope
 48 |   #endif
 49 |
 50 |   typealias PlatformLock = UnsafeMutablePointer<Primitive>
    |                                                 `- error: cannot find type 'Primitive' in scope
 51 |   let platformLock: PlatformLock
 52 |
/host/spi-builder-workspace/.build/checkouts/swift-async-algorithms/Sources/AsyncAlgorithms/Locking.swift:162:63: error: 'Primitive' is not a member type of struct 'AsyncAlgorithms.Lock'
 31 | #endif
 32 |
 33 | internal struct Lock {
    |                 `- note: 'Lock' declared here
 34 |   #if canImport(Darwin)
 35 |   typealias Primitive = os_unfair_lock
    :
160 |
161 | struct ManagedCriticalState<State> {
162 |   private final class LockedBuffer: ManagedBuffer<State, Lock.Primitive> {
    |                                                               `- error: 'Primitive' is not a member type of struct 'AsyncAlgorithms.Lock'
163 |     deinit {
164 |       withUnsafeMutablePointerToElements { Lock.deinitialize($0) }
/host/spi-builder-workspace/.build/checkouts/swift-async-algorithms/Sources/AsyncAlgorithms/Locking.swift:168:49: error: 'Primitive' is not a member type of struct 'AsyncAlgorithms.Lock'
 31 | #endif
 32 |
 33 | internal struct Lock {
    |                 `- note: 'Lock' declared here
 34 |   #if canImport(Darwin)
 35 |   typealias Primitive = os_unfair_lock
    :
166 |   }
167 |
168 |   private let buffer: ManagedBuffer<State, Lock.Primitive>
    |                                                 `- error: 'Primitive' is not a member type of struct 'AsyncAlgorithms.Lock'
169 |
170 |   init(_ initial: State) {
/host/spi-builder-workspace/.build/checkouts/swift-async-algorithms/Sources/AsyncAlgorithms/Locking.swift:164:7: error: type of expression is ambiguous without a type annotation
162 |   private final class LockedBuffer: ManagedBuffer<State, Lock.Primitive> {
163 |     deinit {
164 |       withUnsafeMutablePointerToElements { Lock.deinitialize($0) }
    |       `- error: type of expression is ambiguous without a type annotation
165 |     }
166 |   }
/host/spi-builder-workspace/.build/checkouts/swift-async-algorithms/Sources/AsyncAlgorithms/Locking.swift:171:12: error: type of expression is ambiguous without a type annotation
169 |
170 |   init(_ initial: State) {
171 |     buffer = LockedBuffer.create(minimumCapacity: 1) { buffer in
    |            `- error: type of expression is ambiguous without a type annotation
172 |       buffer.withUnsafeMutablePointerToElements { Lock.initialize($0) }
173 |       return initial
[269/382] Compiling NIOCore ByteBuffer-core.swift
/host/spi-builder-workspace/.build/checkouts/swift-async-algorithms/Sources/AsyncAlgorithms/Locking.swift:50:49: error: cannot find type 'Primitive' in scope
 48 |   #endif
 49 |
 50 |   typealias PlatformLock = UnsafeMutablePointer<Primitive>
    |                                                 `- error: cannot find type 'Primitive' in scope
 51 |   let platformLock: PlatformLock
 52 |
/host/spi-builder-workspace/.build/checkouts/swift-async-algorithms/Sources/AsyncAlgorithms/Locking.swift:162:63: error: 'Primitive' is not a member type of struct 'AsyncAlgorithms.Lock'
 31 | #endif
 32 |
 33 | internal struct Lock {
    |                 `- note: 'Lock' declared here
 34 |   #if canImport(Darwin)
 35 |   typealias Primitive = os_unfair_lock
    :
160 |
161 | struct ManagedCriticalState<State> {
162 |   private final class LockedBuffer: ManagedBuffer<State, Lock.Primitive> {
    |                                                               `- error: 'Primitive' is not a member type of struct 'AsyncAlgorithms.Lock'
163 |     deinit {
164 |       withUnsafeMutablePointerToElements { Lock.deinitialize($0) }
/host/spi-builder-workspace/.build/checkouts/swift-async-algorithms/Sources/AsyncAlgorithms/Locking.swift:168:49: error: 'Primitive' is not a member type of struct 'AsyncAlgorithms.Lock'
 31 | #endif
 32 |
 33 | internal struct Lock {
    |                 `- note: 'Lock' declared here
 34 |   #if canImport(Darwin)
 35 |   typealias Primitive = os_unfair_lock
    :
166 |   }
167 |
168 |   private let buffer: ManagedBuffer<State, Lock.Primitive>
    |                                                 `- error: 'Primitive' is not a member type of struct 'AsyncAlgorithms.Lock'
169 |
170 |   init(_ initial: State) {
/host/spi-builder-workspace/.build/checkouts/swift-async-algorithms/Sources/AsyncAlgorithms/Locking.swift:164:7: error: type of expression is ambiguous without a type annotation
162 |   private final class LockedBuffer: ManagedBuffer<State, Lock.Primitive> {
163 |     deinit {
164 |       withUnsafeMutablePointerToElements { Lock.deinitialize($0) }
    |       `- error: type of expression is ambiguous without a type annotation
165 |     }
166 |   }
/host/spi-builder-workspace/.build/checkouts/swift-async-algorithms/Sources/AsyncAlgorithms/Locking.swift:171:12: error: type of expression is ambiguous without a type annotation
169 |
170 |   init(_ initial: State) {
171 |     buffer = LockedBuffer.create(minimumCapacity: 1) { buffer in
    |            `- error: type of expression is ambiguous without a type annotation
172 |       buffer.withUnsafeMutablePointerToElements { Lock.initialize($0) }
173 |       return initial
error: emit-module command failed with exit code 1 (use -v to see invocation)
[270/389] Emitting module AsyncAlgorithms
/host/spi-builder-workspace/.build/checkouts/swift-async-algorithms/Sources/AsyncAlgorithms/Locking.swift:168:49: error: 'Primitive' is not a member type of struct 'AsyncAlgorithms.Lock'
 31 | #endif
 32 |
 33 | internal struct Lock {
    |                 `- note: 'Lock' declared here
 34 |   #if canImport(Darwin)
 35 |   typealias Primitive = os_unfair_lock
    :
166 |   }
167 |
168 |   private let buffer: ManagedBuffer<State, Lock.Primitive>
    |                                                 `- error: 'Primitive' is not a member type of struct 'AsyncAlgorithms.Lock'
169 |
170 |   init(_ initial: State) {
/host/spi-builder-workspace/.build/checkouts/swift-async-algorithms/Sources/AsyncAlgorithms/Locking.swift:50:49: error: cannot find type 'Primitive' in scope
 48 |   #endif
 49 |
 50 |   typealias PlatformLock = UnsafeMutablePointer<Primitive>
    |                                                 `- error: cannot find type 'Primitive' in scope
 51 |   let platformLock: PlatformLock
 52 |
/host/spi-builder-workspace/.build/checkouts/swift-async-algorithms/Sources/AsyncAlgorithms/Locking.swift:162:63: error: 'Primitive' is not a member type of struct 'AsyncAlgorithms.Lock'
 31 | #endif
 32 |
 33 | internal struct Lock {
    |                 `- note: 'Lock' declared here
 34 |   #if canImport(Darwin)
 35 |   typealias Primitive = os_unfair_lock
    :
160 |
161 | struct ManagedCriticalState<State> {
162 |   private final class LockedBuffer: ManagedBuffer<State, Lock.Primitive> {
    |                                                               `- error: 'Primitive' is not a member type of struct 'AsyncAlgorithms.Lock'
163 |     deinit {
164 |       withUnsafeMutablePointerToElements { Lock.deinitialize($0) }
[271/389] Compiling NIOCore ChannelHandler.swift
/host/spi-builder-workspace/.build/checkouts/swift-async-algorithms/Sources/AsyncAlgorithms/Locking.swift:50:49: error: cannot find type 'Primitive' in scope
 48 |   #endif
 49 |
 50 |   typealias PlatformLock = UnsafeMutablePointer<Primitive>
    |                                                 `- error: cannot find type 'Primitive' in scope
 51 |   let platformLock: PlatformLock
 52 |
[272/389] Compiling NIOCore ChannelHandlers.swift
/host/spi-builder-workspace/.build/checkouts/swift-async-algorithms/Sources/AsyncAlgorithms/Locking.swift:50:49: error: cannot find type 'Primitive' in scope
 48 |   #endif
 49 |
 50 |   typealias PlatformLock = UnsafeMutablePointer<Primitive>
    |                                                 `- error: cannot find type 'Primitive' in scope
 51 |   let platformLock: PlatformLock
 52 |
[273/389] Compiling NIOCore ChannelInvoker.swift
/host/spi-builder-workspace/.build/checkouts/swift-async-algorithms/Sources/AsyncAlgorithms/Locking.swift:50:49: error: cannot find type 'Primitive' in scope
 48 |   #endif
 49 |
 50 |   typealias PlatformLock = UnsafeMutablePointer<Primitive>
    |                                                 `- error: cannot find type 'Primitive' in scope
 51 |   let platformLock: PlatformLock
 52 |
[274/389] Compiling NIOCore ChannelOption.swift
/host/spi-builder-workspace/.build/checkouts/swift-async-algorithms/Sources/AsyncAlgorithms/Locking.swift:50:49: error: cannot find type 'Primitive' in scope
 48 |   #endif
 49 |
 50 |   typealias PlatformLock = UnsafeMutablePointer<Primitive>
    |                                                 `- error: cannot find type 'Primitive' in scope
 51 |   let platformLock: PlatformLock
 52 |
[275/389] Compiling NIOCore ChannelPipeline.swift
/host/spi-builder-workspace/.build/checkouts/swift-async-algorithms/Sources/AsyncAlgorithms/Locking.swift:50:49: error: cannot find type 'Primitive' in scope
 48 |   #endif
 49 |
 50 |   typealias PlatformLock = UnsafeMutablePointer<Primitive>
    |                                                 `- error: cannot find type 'Primitive' in scope
 51 |   let platformLock: PlatformLock
 52 |
[276/389] Compiling NIOCore CircularBuffer.swift
/host/spi-builder-workspace/.build/checkouts/swift-async-algorithms/Sources/AsyncAlgorithms/Locking.swift:50:49: error: cannot find type 'Primitive' in scope
 48 |   #endif
 49 |
 50 |   typealias PlatformLock = UnsafeMutablePointer<Primitive>
    |                                                 `- error: cannot find type 'Primitive' in scope
 51 |   let platformLock: PlatformLock
 52 |
[277/389] Compiling NIOCore Codec.swift
/host/spi-builder-workspace/.build/checkouts/swift-async-algorithms/Sources/AsyncAlgorithms/Locking.swift:50:49: error: cannot find type 'Primitive' in scope
 48 |   #endif
 49 |
 50 |   typealias PlatformLock = UnsafeMutablePointer<Primitive>
    |                                                 `- error: cannot find type 'Primitive' in scope
 51 |   let platformLock: PlatformLock
 52 |
[278/389] Compiling NIOCore IOData.swift
/host/spi-builder-workspace/.build/checkouts/swift-async-algorithms/Sources/AsyncAlgorithms/Locking.swift:168:49: error: 'Primitive' is not a member type of struct 'AsyncAlgorithms.Lock'
 31 | #endif
 32 |
 33 | internal struct Lock {
    |                 `- note: 'Lock' declared here
 34 |   #if canImport(Darwin)
 35 |   typealias Primitive = os_unfair_lock
    :
166 |   }
167 |
168 |   private let buffer: ManagedBuffer<State, Lock.Primitive>
    |                                                 `- error: 'Primitive' is not a member type of struct 'AsyncAlgorithms.Lock'
169 |
170 |   init(_ initial: State) {
[279/389] Compiling NIOCore IPProtocol.swift
/host/spi-builder-workspace/.build/checkouts/swift-async-algorithms/Sources/AsyncAlgorithms/Locking.swift:168:49: error: 'Primitive' is not a member type of struct 'AsyncAlgorithms.Lock'
 31 | #endif
 32 |
 33 | internal struct Lock {
    |                 `- note: 'Lock' declared here
 34 |   #if canImport(Darwin)
 35 |   typealias Primitive = os_unfair_lock
    :
166 |   }
167 |
168 |   private let buffer: ManagedBuffer<State, Lock.Primitive>
    |                                                 `- error: 'Primitive' is not a member type of struct 'AsyncAlgorithms.Lock'
169 |
170 |   init(_ initial: State) {
[280/389] Compiling NIOCore IntegerBitPacking.swift
/host/spi-builder-workspace/.build/checkouts/swift-async-algorithms/Sources/AsyncAlgorithms/Locking.swift:168:49: error: 'Primitive' is not a member type of struct 'AsyncAlgorithms.Lock'
 31 | #endif
 32 |
 33 | internal struct Lock {
    |                 `- note: 'Lock' declared here
 34 |   #if canImport(Darwin)
 35 |   typealias Primitive = os_unfair_lock
    :
166 |   }
167 |
168 |   private let buffer: ManagedBuffer<State, Lock.Primitive>
    |                                                 `- error: 'Primitive' is not a member type of struct 'AsyncAlgorithms.Lock'
169 |
170 |   init(_ initial: State) {
[281/389] Compiling NIOCore IntegerTypes.swift
/host/spi-builder-workspace/.build/checkouts/swift-async-algorithms/Sources/AsyncAlgorithms/Locking.swift:168:49: error: 'Primitive' is not a member type of struct 'AsyncAlgorithms.Lock'
 31 | #endif
 32 |
 33 | internal struct Lock {
    |                 `- note: 'Lock' declared here
 34 |   #if canImport(Darwin)
 35 |   typealias Primitive = os_unfair_lock
    :
166 |   }
167 |
168 |   private let buffer: ManagedBuffer<State, Lock.Primitive>
    |                                                 `- error: 'Primitive' is not a member type of struct 'AsyncAlgorithms.Lock'
169 |
170 |   init(_ initial: State) {
[282/389] Compiling NIOCore Interfaces.swift
/host/spi-builder-workspace/.build/checkouts/swift-async-algorithms/Sources/AsyncAlgorithms/Locking.swift:168:49: error: 'Primitive' is not a member type of struct 'AsyncAlgorithms.Lock'
 31 | #endif
 32 |
 33 | internal struct Lock {
    |                 `- note: 'Lock' declared here
 34 |   #if canImport(Darwin)
 35 |   typealias Primitive = os_unfair_lock
    :
166 |   }
167 |
168 |   private let buffer: ManagedBuffer<State, Lock.Primitive>
    |                                                 `- error: 'Primitive' is not a member type of struct 'AsyncAlgorithms.Lock'
169 |
170 |   init(_ initial: State) {
[283/389] Compiling NIOCore Linux.swift
/host/spi-builder-workspace/.build/checkouts/swift-async-algorithms/Sources/AsyncAlgorithms/Locking.swift:168:49: error: 'Primitive' is not a member type of struct 'AsyncAlgorithms.Lock'
 31 | #endif
 32 |
 33 | internal struct Lock {
    |                 `- note: 'Lock' declared here
 34 |   #if canImport(Darwin)
 35 |   typealias Primitive = os_unfair_lock
    :
166 |   }
167 |
168 |   private let buffer: ManagedBuffer<State, Lock.Primitive>
    |                                                 `- error: 'Primitive' is not a member type of struct 'AsyncAlgorithms.Lock'
169 |
170 |   init(_ initial: State) {
[284/389] Compiling NIOCore MarkedCircularBuffer.swift
/host/spi-builder-workspace/.build/checkouts/swift-async-algorithms/Sources/AsyncAlgorithms/Locking.swift:168:49: error: 'Primitive' is not a member type of struct 'AsyncAlgorithms.Lock'
 31 | #endif
 32 |
 33 | internal struct Lock {
    |                 `- note: 'Lock' declared here
 34 |   #if canImport(Darwin)
 35 |   typealias Primitive = os_unfair_lock
    :
166 |   }
167 |
168 |   private let buffer: ManagedBuffer<State, Lock.Primitive>
    |                                                 `- error: 'Primitive' is not a member type of struct 'AsyncAlgorithms.Lock'
169 |
170 |   init(_ initial: State) {
[285/389] Compiling NIOCore MulticastChannel.swift
/host/spi-builder-workspace/.build/checkouts/swift-async-algorithms/Sources/AsyncAlgorithms/Locking.swift:168:49: error: 'Primitive' is not a member type of struct 'AsyncAlgorithms.Lock'
 31 | #endif
 32 |
 33 | internal struct Lock {
    |                 `- note: 'Lock' declared here
 34 |   #if canImport(Darwin)
 35 |   typealias Primitive = os_unfair_lock
    :
166 |   }
167 |
168 |   private let buffer: ManagedBuffer<State, Lock.Primitive>
    |                                                 `- error: 'Primitive' is not a member type of struct 'AsyncAlgorithms.Lock'
169 |
170 |   init(_ initial: State) {
[286/389] Compiling NIOCore ByteBuffer-hex.swift
/host/spi-builder-workspace/.build/checkouts/swift-async-algorithms/Sources/AsyncAlgorithms/Locking.swift:168:49: error: 'Primitive' is not a member type of struct 'AsyncAlgorithms.Lock'
 31 | #endif
 32 |
 33 | internal struct Lock {
    |                 `- note: 'Lock' declared here
 34 |   #if canImport(Darwin)
 35 |   typealias Primitive = os_unfair_lock
    :
166 |   }
167 |
168 |   private let buffer: ManagedBuffer<State, Lock.Primitive>
    |                                                 `- error: 'Primitive' is not a member type of struct 'AsyncAlgorithms.Lock'
169 |
170 |   init(_ initial: State) {
[287/389] Compiling NIOCore ByteBuffer-int.swift
/host/spi-builder-workspace/.build/checkouts/swift-async-algorithms/Sources/AsyncAlgorithms/Locking.swift:168:49: error: 'Primitive' is not a member type of struct 'AsyncAlgorithms.Lock'
 31 | #endif
 32 |
 33 | internal struct Lock {
    |                 `- note: 'Lock' declared here
 34 |   #if canImport(Darwin)
 35 |   typealias Primitive = os_unfair_lock
    :
166 |   }
167 |
168 |   private let buffer: ManagedBuffer<State, Lock.Primitive>
    |                                                 `- error: 'Primitive' is not a member type of struct 'AsyncAlgorithms.Lock'
169 |
170 |   init(_ initial: State) {
[288/389] Compiling NIOCore ByteBuffer-lengthPrefix.swift
/host/spi-builder-workspace/.build/checkouts/swift-async-algorithms/Sources/AsyncAlgorithms/Locking.swift:168:49: error: 'Primitive' is not a member type of struct 'AsyncAlgorithms.Lock'
 31 | #endif
 32 |
 33 | internal struct Lock {
    |                 `- note: 'Lock' declared here
 34 |   #if canImport(Darwin)
 35 |   typealias Primitive = os_unfair_lock
    :
166 |   }
167 |
168 |   private let buffer: ManagedBuffer<State, Lock.Primitive>
    |                                                 `- error: 'Primitive' is not a member type of struct 'AsyncAlgorithms.Lock'
169 |
170 |   init(_ initial: State) {
[289/389] Compiling NIOCore ByteBuffer-multi-int.swift
/host/spi-builder-workspace/.build/checkouts/swift-async-algorithms/Sources/AsyncAlgorithms/Locking.swift:168:49: error: 'Primitive' is not a member type of struct 'AsyncAlgorithms.Lock'
 31 | #endif
 32 |
 33 | internal struct Lock {
    |                 `- note: 'Lock' declared here
 34 |   #if canImport(Darwin)
 35 |   typealias Primitive = os_unfair_lock
    :
166 |   }
167 |
168 |   private let buffer: ManagedBuffer<State, Lock.Primitive>
    |                                                 `- error: 'Primitive' is not a member type of struct 'AsyncAlgorithms.Lock'
169 |
170 |   init(_ initial: State) {
[290/389] Compiling NIOCore ByteBuffer-quicBinaryEncodingStrategy.swift
/host/spi-builder-workspace/.build/checkouts/swift-async-algorithms/Sources/AsyncAlgorithms/Locking.swift:168:49: error: 'Primitive' is not a member type of struct 'AsyncAlgorithms.Lock'
 31 | #endif
 32 |
 33 | internal struct Lock {
    |                 `- note: 'Lock' declared here
 34 |   #if canImport(Darwin)
 35 |   typealias Primitive = os_unfair_lock
    :
166 |   }
167 |
168 |   private let buffer: ManagedBuffer<State, Lock.Primitive>
    |                                                 `- error: 'Primitive' is not a member type of struct 'AsyncAlgorithms.Lock'
169 |
170 |   init(_ initial: State) {
[291/389] Compiling NIOCore ByteBuffer-views.swift
/host/spi-builder-workspace/.build/checkouts/swift-async-algorithms/Sources/AsyncAlgorithms/Locking.swift:168:49: error: 'Primitive' is not a member type of struct 'AsyncAlgorithms.Lock'
 31 | #endif
 32 |
 33 | internal struct Lock {
    |                 `- note: 'Lock' declared here
 34 |   #if canImport(Darwin)
 35 |   typealias Primitive = os_unfair_lock
    :
166 |   }
167 |
168 |   private let buffer: ManagedBuffer<State, Lock.Primitive>
    |                                                 `- error: 'Primitive' is not a member type of struct 'AsyncAlgorithms.Lock'
169 |
170 |   init(_ initial: State) {
[292/389] Compiling NIOCore Channel.swift
/host/spi-builder-workspace/.build/checkouts/swift-async-algorithms/Sources/AsyncAlgorithms/Locking.swift:168:49: error: 'Primitive' is not a member type of struct 'AsyncAlgorithms.Lock'
 31 | #endif
 32 |
 33 | internal struct Lock {
    |                 `- note: 'Lock' declared here
 34 |   #if canImport(Darwin)
 35 |   typealias Primitive = os_unfair_lock
    :
166 |   }
167 |
168 |   private let buffer: ManagedBuffer<State, Lock.Primitive>
    |                                                 `- error: 'Primitive' is not a member type of struct 'AsyncAlgorithms.Lock'
169 |
170 |   init(_ initial: State) {
[293/389] Compiling NIOCore AddressedEnvelope.swift
[294/389] Compiling NIOCore AsyncAwaitSupport.swift
[295/389] Compiling NIOCore AsyncChannel.swift
[296/389] Compiling NIOCore AsyncChannelHandler.swift
[297/389] Compiling NIOCore AsyncChannelInboundStream.swift
[298/389] Compiling NIOCore AsyncChannelOutboundWriter.swift
[299/389] Compiling NIOCore NIOAsyncSequenceProducer.swift
[300/389] Compiling NIOCore NIOAsyncSequenceProducerStrategies.swift
[301/389] Compiling NIOCore ConvenienceOptionSupport.swift
[302/389] Compiling NIOCore DeadChannel.swift
[303/389] Compiling NIOCore DispatchQueue+WithFuture.swift
[304/389] Compiling NIOCore EventLoop+Deprecated.swift
[305/389] Compiling NIOCore EventLoop+SerialExecutor.swift
[306/389] Compiling NIOCore EventLoop.swift
[307/389] Compiling NIOCore EventLoopFuture+AssumeIsolated.swift
[308/389] Compiling NIOCore EventLoopFuture+Deprecated.swift
[309/389] Compiling NIOCore EventLoopFuture+WithEventLoop.swift
/host/spi-builder-workspace/.build/checkouts/swift-async-algorithms/Sources/AsyncAlgorithms/Locking.swift:168:49: error: 'Primitive' is not a member type of struct 'AsyncAlgorithms.Lock'
 31 | #endif
 32 |
 33 | internal struct Lock {
    |                 `- note: 'Lock' declared here
 34 |   #if canImport(Darwin)
 35 |   typealias Primitive = os_unfair_lock
    :
166 |   }
167 |
168 |   private let buffer: ManagedBuffer<State, Lock.Primitive>
    |                                                 `- error: 'Primitive' is not a member type of struct 'AsyncAlgorithms.Lock'
169 |
170 |   init(_ initial: State) {
[310/389] Compiling NIOCore EventLoopFuture.swift
/host/spi-builder-workspace/.build/checkouts/swift-async-algorithms/Sources/AsyncAlgorithms/Locking.swift:168:49: error: 'Primitive' is not a member type of struct 'AsyncAlgorithms.Lock'
 31 | #endif
 32 |
 33 | internal struct Lock {
    |                 `- note: 'Lock' declared here
 34 |   #if canImport(Darwin)
 35 |   typealias Primitive = os_unfair_lock
    :
166 |   }
167 |
168 |   private let buffer: ManagedBuffer<State, Lock.Primitive>
    |                                                 `- error: 'Primitive' is not a member type of struct 'AsyncAlgorithms.Lock'
169 |
170 |   init(_ initial: State) {
[311/389] Compiling NIOCore FileDescriptor.swift
/host/spi-builder-workspace/.build/checkouts/swift-async-algorithms/Sources/AsyncAlgorithms/Locking.swift:168:49: error: 'Primitive' is not a member type of struct 'AsyncAlgorithms.Lock'
 31 | #endif
 32 |
 33 | internal struct Lock {
    |                 `- note: 'Lock' declared here
 34 |   #if canImport(Darwin)
 35 |   typealias Primitive = os_unfair_lock
    :
166 |   }
167 |
168 |   private let buffer: ManagedBuffer<State, Lock.Primitive>
    |                                                 `- error: 'Primitive' is not a member type of struct 'AsyncAlgorithms.Lock'
169 |
170 |   init(_ initial: State) {
[312/389] Compiling NIOCore FileHandle.swift
/host/spi-builder-workspace/.build/checkouts/swift-async-algorithms/Sources/AsyncAlgorithms/Locking.swift:168:49: error: 'Primitive' is not a member type of struct 'AsyncAlgorithms.Lock'
 31 | #endif
 32 |
 33 | internal struct Lock {
    |                 `- note: 'Lock' declared here
 34 |   #if canImport(Darwin)
 35 |   typealias Primitive = os_unfair_lock
    :
166 |   }
167 |
168 |   private let buffer: ManagedBuffer<State, Lock.Primitive>
    |                                                 `- error: 'Primitive' is not a member type of struct 'AsyncAlgorithms.Lock'
169 |
170 |   init(_ initial: State) {
[313/389] Compiling NIOCore FileRegion.swift
/host/spi-builder-workspace/.build/checkouts/swift-async-algorithms/Sources/AsyncAlgorithms/Locking.swift:168:49: error: 'Primitive' is not a member type of struct 'AsyncAlgorithms.Lock'
 31 | #endif
 32 |
 33 | internal struct Lock {
    |                 `- note: 'Lock' declared here
 34 |   #if canImport(Darwin)
 35 |   typealias Primitive = os_unfair_lock
    :
166 |   }
167 |
168 |   private let buffer: ManagedBuffer<State, Lock.Primitive>
    |                                                 `- error: 'Primitive' is not a member type of struct 'AsyncAlgorithms.Lock'
169 |
170 |   init(_ initial: State) {
[314/389] Compiling NIOCore GlobalSingletons.swift
/host/spi-builder-workspace/.build/checkouts/swift-async-algorithms/Sources/AsyncAlgorithms/Locking.swift:168:49: error: 'Primitive' is not a member type of struct 'AsyncAlgorithms.Lock'
 31 | #endif
 32 |
 33 | internal struct Lock {
    |                 `- note: 'Lock' declared here
 34 |   #if canImport(Darwin)
 35 |   typealias Primitive = os_unfair_lock
    :
166 |   }
167 |
168 |   private let buffer: ManagedBuffer<State, Lock.Primitive>
    |                                                 `- error: 'Primitive' is not a member type of struct 'AsyncAlgorithms.Lock'
169 |
170 |   init(_ initial: State) {
[315/389] Compiling NIOCore IO.swift
/host/spi-builder-workspace/.build/checkouts/swift-async-algorithms/Sources/AsyncAlgorithms/Locking.swift:168:49: error: 'Primitive' is not a member type of struct 'AsyncAlgorithms.Lock'
 31 | #endif
 32 |
 33 | internal struct Lock {
    |                 `- note: 'Lock' declared here
 34 |   #if canImport(Darwin)
 35 |   typealias Primitive = os_unfair_lock
    :
166 |   }
167 |
168 |   private let buffer: ManagedBuffer<State, Lock.Primitive>
    |                                                 `- error: 'Primitive' is not a member type of struct 'AsyncAlgorithms.Lock'
169 |
170 |   init(_ initial: State) {
[316/389] Compiling AsyncAlgorithms UnsafeTransfer.swift
[317/389] Compiling AsyncAlgorithms AsyncZip2Sequence.swift
[318/389] Compiling AsyncAlgorithms AsyncZip3Sequence.swift
[319/389] Compiling AsyncAlgorithms ZipStateMachine.swift
[320/389] Compiling AsyncAlgorithms ZipStorage.swift
[321/389] Compiling NIOCore NIOSendable.swift
[322/389] Compiling NIOCore NIOSplitLinesMessageDecoder.swift
[323/389] Compiling NIOCore NIOTransportAccessibleChannelCore.swift
[324/389] Compiling NIOCore RecvByteBufferAllocator.swift
[325/397] Emitting module ExtrasBase64
[326/397] Compiling AsyncAlgorithms Rethrow.swift
/host/spi-builder-workspace/.build/checkouts/swift-async-algorithms/Sources/AsyncAlgorithms/Locking.swift:168:49: error: 'Primitive' is not a member type of struct 'AsyncAlgorithms.Lock'
 31 | #endif
 32 |
 33 | internal struct Lock {
    |                 `- note: 'Lock' declared here
 34 |   #if canImport(Darwin)
 35 |   typealias Primitive = os_unfair_lock
    :
166 |   }
167 |
168 |   private let buffer: ManagedBuffer<State, Lock.Primitive>
    |                                                 `- error: 'Primitive' is not a member type of struct 'AsyncAlgorithms.Lock'
169 |
170 |   init(_ initial: State) {
[327/397] Compiling AsyncAlgorithms SetAlgebra.swift
/host/spi-builder-workspace/.build/checkouts/swift-async-algorithms/Sources/AsyncAlgorithms/Locking.swift:168:49: error: 'Primitive' is not a member type of struct 'AsyncAlgorithms.Lock'
 31 | #endif
 32 |
 33 | internal struct Lock {
    |                 `- note: 'Lock' declared here
 34 |   #if canImport(Darwin)
 35 |   typealias Primitive = os_unfair_lock
    :
166 |   }
167 |
168 |   private let buffer: ManagedBuffer<State, Lock.Primitive>
    |                                                 `- error: 'Primitive' is not a member type of struct 'AsyncAlgorithms.Lock'
169 |
170 |   init(_ initial: State) {
/host/spi-builder-workspace/.build/checkouts/swift-async-algorithms/Sources/AsyncAlgorithms/Locking.swift:168:49: error: 'Primitive' is not a member type of struct 'AsyncAlgorithms.Lock'
 31 | #endif
 32 |
 33 | internal struct Lock {
    |                 `- note: 'Lock' declared here
 34 |   #if canImport(Darwin)
 35 |   typealias Primitive = os_unfair_lock
    :
166 |   }
167 |
168 |   private let buffer: ManagedBuffer<State, Lock.Primitive>
    |                                                 `- error: 'Primitive' is not a member type of struct 'AsyncAlgorithms.Lock'
169 |
170 |   init(_ initial: State) {
/host/spi-builder-workspace/.build/checkouts/swift-async-algorithms/Sources/AsyncAlgorithms/Locking.swift:168:49: error: 'Primitive' is not a member type of struct 'AsyncAlgorithms.Lock'
 31 | #endif
 32 |
 33 | internal struct Lock {
    |                 `- note: 'Lock' declared here
 34 |   #if canImport(Darwin)
 35 |   typealias Primitive = os_unfair_lock
    :
166 |   }
167 |
168 |   private let buffer: ManagedBuffer<State, Lock.Primitive>
    |                                                 `- error: 'Primitive' is not a member type of struct 'AsyncAlgorithms.Lock'
169 |
170 |   init(_ initial: State) {
/host/spi-builder-workspace/.build/checkouts/swift-async-algorithms/Sources/AsyncAlgorithms/Locking.swift:168:49: error: 'Primitive' is not a member type of struct 'AsyncAlgorithms.Lock'
 31 | #endif
 32 |
 33 | internal struct Lock {
    |                 `- note: 'Lock' declared here
 34 |   #if canImport(Darwin)
 35 |   typealias Primitive = os_unfair_lock
    :
166 |   }
167 |
168 |   private let buffer: ManagedBuffer<State, Lock.Primitive>
    |                                                 `- error: 'Primitive' is not a member type of struct 'AsyncAlgorithms.Lock'
169 |
170 |   init(_ initial: State) {
/host/spi-builder-workspace/.build/checkouts/swift-async-algorithms/Sources/AsyncAlgorithms/Locking.swift:168:49: error: 'Primitive' is not a member type of struct 'AsyncAlgorithms.Lock'
 31 | #endif
 32 |
 33 | internal struct Lock {
    |                 `- note: 'Lock' declared here
 34 |   #if canImport(Darwin)
 35 |   typealias Primitive = os_unfair_lock
    :
166 |   }
167 |
168 |   private let buffer: ManagedBuffer<State, Lock.Primitive>
    |                                                 `- error: 'Primitive' is not a member type of struct 'AsyncAlgorithms.Lock'
169 |
170 |   init(_ initial: State) {
/host/spi-builder-workspace/.build/checkouts/swift-async-algorithms/Sources/AsyncAlgorithms/Locking.swift:168:49: error: 'Primitive' is not a member type of struct 'AsyncAlgorithms.Lock'
 31 | #endif
 32 |
 33 | internal struct Lock {
    |                 `- note: 'Lock' declared here
 34 |   #if canImport(Darwin)
 35 |   typealias Primitive = os_unfair_lock
    :
166 |   }
167 |
168 |   private let buffer: ManagedBuffer<State, Lock.Primitive>
    |                                                 `- error: 'Primitive' is not a member type of struct 'AsyncAlgorithms.Lock'
169 |
170 |   init(_ initial: State) {
[333/397] Compiling ExtrasBase64 Base32.swift
BUILD FAILURE 6.1 wasm