The Swift Package Index logo.Swift Package Index

Build Information

Failed to build DrawingTools, reference production (0d05ae), with Swift 6.4 for Android on 17 Sep 2026 19:30:42 UTC.

Build Command

bash -c docker run --pull=always --rm -v "checkouts-53886769-1":/host -w "$PWD" -e JAVA_HOME="/root/.sdkman/candidates/java/current" -e SPI_BUILD="1" -e SPI_PROCESSING="1" registry.gitlab.com/saguaro1/spi-images:android-6.4-latest swift build --swift-sdk aarch64-unknown-linux-android28 2>&1

Build Log

========================================
RunAll
========================================
Builder version: 5.1.0
Interrupt handler set up.
========================================
Checkout
========================================
Clone URL: https://github.com/RougeWare/Swift-Drawing-Tools.git
Reference: production
Initialized empty Git repository in /host/spi-builder-workspace/.git/
hint: Using 'master' as the name for the initial branch. This default branch name
hint: is subject to change. To configure the initial branch name to use in all
hint: of your new repositories, which will suppress this warning, call:
hint:
hint: 	git config --global init.defaultBranch <name>
hint:
hint: Names commonly chosen instead of 'master' are 'main', 'trunk' and
hint: 'development'. The just-created branch can be renamed via this command:
hint:
hint: 	git branch -m <name>
From https://github.com/RougeWare/Swift-Drawing-Tools
 * branch            production -> FETCH_HEAD
 * [new branch]      production -> origin/production
HEAD is now at 0d05ae2 Merge pull request #11 from RougeWare/feature/Update/RectangleTools/2.10.1
Cloned https://github.com/RougeWare/Swift-Drawing-Tools.git
Revision (git rev-parse @):
0d05ae2e0479111cd4d81f3e19149a4e91ce888e
SUCCESS checkout https://github.com/RougeWare/Swift-Drawing-Tools.git at production
========================================
Build
========================================
Selected platform:         android
Swift version:             6.4
Building package at path:  $PWD
https://github.com/RougeWare/Swift-Drawing-Tools.git
Running build ...
bash -c docker run --pull=always --rm -v "checkouts-53886769-1":/host -w "$PWD" -e JAVA_HOME="/root/.sdkman/candidates/java/current" -e SPI_BUILD="1" -e SPI_PROCESSING="1" registry.gitlab.com/saguaro1/spi-images:android-6.4-latest swift build --swift-sdk aarch64-unknown-linux-android28 2>&1
android-6.4-latest: Pulling from saguaro1/spi-images
Digest: sha256:abadcff584c273feba50641b454858d377ba30b35ea7287a94f45ebd8afd0ea0
Status: Image is up to date for registry.gitlab.com/saguaro1/spi-images:android-6.4-latest
Fetching https://github.com/RougeWare/Swift-Optional-Tools.git
Fetching https://github.com/koher/swift-image.git
Fetching https://github.com/RougeWare/Swift-Cross-Kit-Types.git
Fetching https://github.com/RougeWare/Swift-Rectangle-Tools.git
[1/3351] Fetching swift-image
[102/3424] Fetching swift-image, swift-optional-tools
Fetched https://github.com/RougeWare/Swift-Optional-Tools.git (0.35s)
[336/3351] Fetching swift-image
[2783/3405] Fetching swift-image, swift-cross-kit-types
[3338/4224] Fetching swift-image, swift-cross-kit-types, swift-rectangle-tools
Fetched https://github.com/koher/swift-image.git (0.42s)
[709/873] Fetching swift-cross-kit-types, swift-rectangle-tools
Fetched https://github.com/RougeWare/Swift-Cross-Kit-Types.git (0.44s)
Fetched https://github.com/RougeWare/Swift-Rectangle-Tools.git (0.44s)
Computing version for https://github.com/RougeWare/Swift-Cross-Kit-Types.git
Computed https://github.com/RougeWare/Swift-Cross-Kit-Types.git at 1.0.0 (0.63s)
Computing version for https://github.com/koher/swift-image.git
Computed https://github.com/koher/swift-image.git at 0.8.0 (0.14s)
Computing version for https://github.com/RougeWare/Swift-Optional-Tools.git
Computed https://github.com/RougeWare/Swift-Optional-Tools.git at 1.2.0 (0.18s)
Computing version for https://github.com/RougeWare/Swift-Rectangle-Tools.git
Computed https://github.com/RougeWare/Swift-Rectangle-Tools.git at 2.18.0 (0.15s)
Fetching https://github.com/RougeWare/Swift-MultiplicativeArithmetic.git
[1/99] Fetching swift-multiplicativearithmetic
Fetched https://github.com/RougeWare/Swift-MultiplicativeArithmetic.git (0.42s)
Computing version for https://github.com/RougeWare/Swift-MultiplicativeArithmetic.git
Computed https://github.com/RougeWare/Swift-MultiplicativeArithmetic.git at 2.1.0 (0.61s)
Creating working copy for https://github.com/RougeWare/Swift-MultiplicativeArithmetic.git
Working copy of https://github.com/RougeWare/Swift-MultiplicativeArithmetic.git resolved at 2.1.0
Creating working copy for https://github.com/RougeWare/Swift-Cross-Kit-Types.git
Working copy of https://github.com/RougeWare/Swift-Cross-Kit-Types.git resolved at 1.0.0
Creating working copy for https://github.com/RougeWare/Swift-Rectangle-Tools.git
Working copy of https://github.com/RougeWare/Swift-Rectangle-Tools.git resolved at 2.18.0
Creating working copy for https://github.com/koher/swift-image.git
Working copy of https://github.com/koher/swift-image.git resolved at 0.8.0
Creating working copy for https://github.com/RougeWare/Swift-Optional-Tools.git
Working copy of https://github.com/RougeWare/Swift-Optional-Tools.git resolved at 1.2.0
Building for debugging...
[Constructing description]
[Planning deferred tasks]
error: SwiftCompile normal aarch64 failed with a nonzero exit code. Command line:     cd /host

/host/spi-builder-workspace/.build/checkouts/Swift-Cross-Kit-Types/Sources/CrossKitTypes/Cross-Kit Color.swift:26:8: error: Unsupported platform; neither UIKit nor AppKit
24 |
25 | #else
26 | #error("Unsupported platform; neither UIKit nor AppKit")
   |        `- error: Unsupported platform; neither UIKit nor AppKit
27 | #endif
28 |
/host/spi-builder-workspace/.build/checkouts/Swift-Cross-Kit-Types/Sources/CrossKitTypes/Cross-Kit Font.swift:26:8: error: Unsupported platform; neither UIKit nor AppKit
24 |
25 | #else
26 | #error("Unsupported platform; neither UIKit nor AppKit")
   |        `- error: Unsupported platform; neither UIKit nor AppKit
27 | #endif
28 |
/host/spi-builder-workspace/.build/checkouts/Swift-Cross-Kit-Types/Sources/CrossKitTypes/Cross-Kit Image.swift:26:8: error: Unsupported platform; neither UIKit nor AppKit
24 |
25 | #else
26 | #error("Unsupported platform; neither UIKit nor AppKit")
   |        `- error: Unsupported platform; neither UIKit nor AppKit
27 | #endif
28 |
Failed frontend command:
/root/.local/share/swiftly/toolchains/6.4.x-snapshot-2026-09-04/usr/bin/swift-frontend -frontend -emit-module -experimental-skip-non-inlinable-function-bodies-without-types /host/spi-builder-workspace/.build/checkouts/Swift-Cross-Kit-Types/Sources/CrossKitTypes/Cross-Kit\ Color.swift /host/spi-builder-workspace/.build/checkouts/Swift-Cross-Kit-Types/Sources/CrossKitTypes/Cross-Kit\ Font.swift /host/spi-builder-workspace/.build/checkouts/Swift-Cross-Kit-Types/Sources/CrossKitTypes/Cross-Kit\ Image.swift -target aarch64-unknown-linux-android28 -Xllvm -aarch64-use-tbi -disable-objc-interop -sdk /android-ndk/android-ndk-r27d/toolchains/llvm/prebuilt/linux-x86_64/sysroot -sysroot /android-ndk/android-ndk-r27d/toolchains/llvm/prebuilt/linux-x86_64/sysroot -I /host/spi-builder-workspace/.build/out/Products/Debug-android-aarch64 -module-cache-path /host/spi-builder-workspace/.build/out/ModuleCache.noindex -color-diagnostics -Xcc -fcolor-diagnostics -enable-testing -g -debug-info-format\=dwarf -dwarf-version\=4 -suppress-warnings -swift-version 5 -Onone -D SWIFT_PACKAGE -D DEBUG -D SWIFT_MODULE_RESOURCE_BUNDLE_UNAVAILABLE -D Xcode -serialize-debugging-options -enable-experimental-feature DebugDescriptionMacro -empty-abi-descriptor -external-plugin-path /root/.local/share/swiftly/toolchains/6.4.x-snapshot-2026-09-04/usr/lib/swift/host/plugins/testing\#/root/.local/share/swiftly/toolchains/6.4.x-snapshot-2026-09-04/usr/bin/swift-plugin-server -validate-clang-modules-once -clang-build-session-file /host/spi-builder-workspace/.build/out/ModuleCache.noindex/Session.modulevalidation -Xcc -working-directory -Xcc /host -resource-dir /root/.swiftpm/swift-sdks/swift-6.4.x-DEVELOPMENT-SNAPSHOT-2026-09-04-a_android.artifactbundle/swift-android/swift-resources/usr/lib/swift-aarch64 -enable-anonymous-context-mangled-names -file-compilation-dir /host -Xcc -resource-dir -Xcc /android-ndk/android-ndk-r27d/toolchains/llvm/prebuilt/linux-x86_64/lib/clang/18 -Xcc -fno-omit-frame-pointer -Xcc -D_LIBCPP_HARDENING_MODE\=_LIBCPP_HARDENING_MODE_DEBUG -Xcc -fmodules-prune-interval\=86400 -Xcc -fmodules-prune-after\=345600 -Xcc -I/host/spi-builder-workspace/.build/out/Products/Debug-android-aarch64/include -Xcc -I/host/spi-builder-workspace/.build/out/Intermediates.noindex/CrossKitTypes.build/Debug-android-aarch64/CrossKitTypes-t.build/DerivedSources-normal/aarch64 -Xcc -I/host/spi-builder-workspace/.build/out/Intermediates.noindex/CrossKitTypes.build/Debug-android-aarch64/CrossKitTypes-t.build/DerivedSources/aarch64 -Xcc -I/host/spi-builder-workspace/.build/out/Intermediates.noindex/CrossKitTypes.build/Debug-android-aarch64/CrossKitTypes-t.build/DerivedSources -Xcc -DSWIFT_PACKAGE -Xcc -DDEBUG\=1 -no-auto-bridging-header-chaining -module-name CrossKitTypes -const-gather-protocols-file /host/spi-builder-workspace/.build/out/Intermediates.noindex/CrossKitTypes.build/Debug-android-aarch64/CrossKitTypes-t.build/Objects-normal/aarch64/CrossKitTypes_const_extract_protocols.json -in-process-plugin-server-path /root/.local/share/swiftly/toolchains/6.4.x-snapshot-2026-09-04/usr/lib/swift/host/libSwiftInProcPluginServer.so -plugin-path /root/.local/share/swiftly/toolchains/6.4.x-snapshot-2026-09-04/usr/lib/swift/host/plugins -plugin-path /root/.local/share/swiftly/toolchains/6.4.x-snapshot-2026-09-04/usr/local/lib/swift/host/plugins -emit-module-doc-path /host/spi-builder-workspace/.build/out/Intermediates.noindex/CrossKitTypes.build/Debug-android-aarch64/CrossKitTypes-t.build/Objects-normal/aarch64/Modules/CrossKitTypes.swiftdoc -emit-module-source-info-path /host/spi-builder-workspace/.build/out/Intermediates.noindex/CrossKitTypes.build/Debug-android-aarch64/CrossKitTypes-t.build/Objects-normal/aarch64/Modules/CrossKitTypes.swiftsourceinfo -emit-objc-header-path /host/spi-builder-workspace/.build/out/Intermediates.noindex/CrossKitTypes.build/Debug-android-aarch64/CrossKitTypes-t.build/Objects-normal/aarch64/CrossKitTypes-Swift.h -serialize-diagnostics-path /host/spi-builder-workspace/.build/out/Intermediates.noindex/CrossKitTypes.build/Debug-android-aarch64/CrossKitTypes-t.build/Objects-normal/aarch64/CrossKitTypes-primary-emit-module.dia -emit-dependencies-path /host/spi-builder-workspace/.build/out/Intermediates.noindex/CrossKitTypes.build/Debug-android-aarch64/CrossKitTypes-t.build/Objects-normal/aarch64/CrossKitTypes-primary-emit-module.d -parse-as-library -o /host/spi-builder-workspace/.build/out/Intermediates.noindex/CrossKitTypes.build/Debug-android-aarch64/CrossKitTypes-t.build/Objects-normal/aarch64/Modules/CrossKitTypes.swiftmodule
error: Build failed
BUILD FAILURE 6.4 android