The Swift Package Index logo.Swift Package Index

Build Information

Failed to build ImageZoom, reference 26.9.9 (ead2d8), with Swift 6.3 for Android on 9 Sep 2026 15:46:55 UTC.

Build Command

bash -c docker run --pull=always --rm -v "checkouts-53886769-1":/host -w "$PWD" -e JAVA_HOME="/root/.sdkman/candidates/java/current" -e SPI_BUILD="1" -e SPI_PROCESSING="1" registry.gitlab.com/saguaro1/spi-images:android-6.3-latest swift build --swift-sdk aarch64-unknown-linux-android28 2>&1

Build Log

========================================
RunAll
========================================
Builder version: 5.0.2
Interrupt handler set up.
========================================
Checkout
========================================
Clone URL: https://github.com/markbattistella/image-zoom-publish-plugin.git
Reference: 26.9.9
Initialized empty Git repository in /host/spi-builder-workspace/.git/
hint: Using 'master' as the name for the initial branch. This default branch name
hint: is subject to change. To configure the initial branch name to use in all
hint: of your new repositories, which will suppress this warning, call:
hint:
hint: 	git config --global init.defaultBranch <name>
hint:
hint: Names commonly chosen instead of 'master' are 'main', 'trunk' and
hint: 'development'. The just-created branch can be renamed via this command:
hint:
hint: 	git branch -m <name>
From https://github.com/markbattistella/image-zoom-publish-plugin
 * tag               26.9.9     -> FETCH_HEAD
HEAD is now at ead2d8e 2026-09-09
Cloned https://github.com/markbattistella/image-zoom-publish-plugin.git
Revision (git rev-parse @):
ead2d8e27b56fc8b1ef5ce715ac34e708f669f8f
SUCCESS checkout https://github.com/markbattistella/image-zoom-publish-plugin.git at 26.9.9
========================================
Build
========================================
Selected platform:         android
Swift version:             6.3
Building package at path:  $PWD
https://github.com/markbattistella/image-zoom-publish-plugin.git
Running build ...
bash -c docker run --pull=always --rm -v "checkouts-53886769-1":/host -w "$PWD" -e JAVA_HOME="/root/.sdkman/candidates/java/current" -e SPI_BUILD="1" -e SPI_PROCESSING="1" registry.gitlab.com/saguaro1/spi-images:android-6.3-latest swift build --swift-sdk aarch64-unknown-linux-android28 2>&1
android-6.3-latest: Pulling from saguaro1/spi-images
Digest: sha256:2b782c87e0bdf114eb0da12f6379a346f06569d6991407581da7dc03d1813adf
Status: Image is up to date for registry.gitlab.com/saguaro1/spi-images:android-6.3-latest
Fetching https://github.com/johnsundell/publish.git
[1/2999] Fetching publish
Fetched https://github.com/johnsundell/publish.git from cache (0.53s)
Computing version for https://github.com/johnsundell/publish.git
Computed https://github.com/johnsundell/publish.git at 0.8.0 (1.42s)
Fetching https://github.com/johnsundell/plot.git
Fetching https://github.com/johnsundell/files.git
Fetching https://github.com/johnsundell/shellout.git
Fetching https://github.com/johnsundell/codextended.git
Fetching https://github.com/johnsundell/ink.git
Fetching https://github.com/johnsundell/sweep.git
[1/1273] Fetching files
[1224/1454] Fetching files, codextended
[1405/3475] Fetching files, codextended, ink
[3416/5584] Fetching files, codextended, ink, plot
[3648/5700] Fetching files, codextended, ink, plot, sweep
Fetched https://github.com/johnsundell/sweep.git from cache (0.49s)
[4804/5584] Fetching files, codextended, ink, plot
[5585/6564] Fetching files, codextended, ink, plot, shellout
Fetched https://github.com/johnsundell/codextended.git from cache (0.54s)
Fetched https://github.com/johnsundell/files.git from cache (0.54s)
Fetched https://github.com/johnsundell/ink.git from cache (0.54s)
[2325/3089] Fetching plot, shellout
Fetched https://github.com/johnsundell/plot.git from cache (0.54s)
[226/980] Fetching shellout
Fetched https://github.com/johnsundell/shellout.git from cache (0.57s)
Computing version for https://github.com/johnsundell/sweep.git
Computed https://github.com/johnsundell/sweep.git at 0.4.0 (0.73s)
Computing version for https://github.com/johnsundell/shellout.git
Computed https://github.com/johnsundell/shellout.git at 2.3.0 (0.88s)
Computing version for https://github.com/johnsundell/codextended.git
Computed https://github.com/johnsundell/codextended.git at 0.3.0 (0.16s)
Computing version for https://github.com/johnsundell/ink.git
Computed https://github.com/johnsundell/ink.git at 0.6.0 (0.17s)
Computing version for https://github.com/johnsundell/files.git
Computed https://github.com/johnsundell/files.git at 4.3.0 (0.17s)
Computing version for https://github.com/johnsundell/plot.git
Computed https://github.com/johnsundell/plot.git at 0.14.0 (0.18s)
Creating working copy for https://github.com/johnsundell/shellout.git
Working copy of https://github.com/johnsundell/shellout.git resolved at 2.3.0
Creating working copy for https://github.com/johnsundell/sweep.git
Working copy of https://github.com/johnsundell/sweep.git resolved at 0.4.0
Creating working copy for https://github.com/johnsundell/codextended.git
Working copy of https://github.com/johnsundell/codextended.git resolved at 0.3.0
Creating working copy for https://github.com/johnsundell/ink.git
Working copy of https://github.com/johnsundell/ink.git resolved at 0.6.0
Creating working copy for https://github.com/johnsundell/files.git
Working copy of https://github.com/johnsundell/files.git resolved at 4.3.0
Creating working copy for https://github.com/johnsundell/plot.git
Working copy of https://github.com/johnsundell/plot.git resolved at 0.14.0
Creating working copy for https://github.com/johnsundell/publish.git
Working copy of https://github.com/johnsundell/publish.git resolved at 0.8.0
Building for debugging...
[0/9] Write sources
[8/9] Write swift-version-272D24FF697CF451.txt
[10/108] Emitting module ShellOut
[11/108] Emitting module Ink
[12/112] Emitting module Plot
[13/120] Compiling Plot DocumentEncoding.swift
[14/120] Compiling Plot Element.swift
[15/120] Compiling Plot ElementClosingMode.swift
[16/120] Compiling Plot ElementComponent.swift
[17/120] Compiling Plot Attribute.swift
[18/120] Compiling Plot Component.swift
[19/120] Compiling Plot ComponentAttributes.swift
[20/120] Compiling Plot ComponentBuilder.swift
[21/120] Compiling Plot ComponentContainer.swift
[22/120] Compiling Plot ComponentGroup.swift
[23/120] Compiling Plot ControlFlow.swift
[24/120] Compiling Plot Directionality.swift
[25/120] Compiling Plot Document.swift
[26/120] Compiling Plot HTMLButtonType.swift
[27/120] Compiling Plot HTMLComponents.swift
[28/120] Compiling Plot HTMLElements.swift
[29/120] Compiling Plot HTMLFormContentType.swift
[30/120] Compiling Plot HTMLFormMethod.swift
[31/120] Compiling Plot HTML.swift
[32/120] Compiling Plot PodcastMediaType.swift
[33/120] Compiling Plot PodcastType.swift
[34/120] Compiling Plot RSS.swift
[35/120] Compiling Plot ElementDefinition.swift
[36/120] Compiling Plot EmptyComponent.swift
[37/120] Compiling Plot EnvironmentKey.swift
[38/120] Compiling Plot EnvironmentValue.swift
[39/120] Compiling Ink TextStyle.swift
[40/120] Compiling Ink TextStyleMarker.swift
[41/120] Compiling Ink URL.swift
[42/120] Compiling Ink URLDeclaration.swift
[43/120] Compiling Plot AnyEnvironmentValue.swift
[44/120] Compiling Plot AnyNode.swift
[45/120] Compiling Plot ElementRenderingBuffer.swift
[46/120] Compiling Plot ElementWrapper.swift
[47/120] Compiling Plot Environment.swift
[48/120] Compiling Plot ModifiedComponent.swift
[49/120] Compiling Plot Renderer.swift
[50/120] Compiling Plot String+Escaping.swift
[51/120] Compiling Plot HTMLInputType.swift
[52/120] Compiling Plot HTMLLinkRelationship.swift
[53/120] Compiling Plot HTMLListStyle.swift
[54/120] Compiling Plot HTMLVideoFormat.swift
[55/120] Compiling Plot HTMLViewportFitMode.swift
[56/120] Compiling Plot HTMLViewportWidthMode.swift
[57/120] Compiling Plot Indentation.swift
[58/120] Compiling Plot Language.swift
[59/120] Emitting module Codextended
[60/120] Compiling Codextended Codextended.swift
[61/120] Compiling Plot HTMLAnchorRelationship.swift
[62/120] Compiling Plot HTMLAnchorTarget.swift
[63/120] Compiling Plot HTMLAttributes.swift
[64/120] Compiling Plot HTMLAudioFormat.swift
[65/121] Compiling Plot Node.swift
[66/122] Compiling Plot NodeConvertible.swift
[67/122] Compiling Plot Optional+Component.swift
[68/122] Compiling Plot PodcastAttributes.swift
[69/122] Compiling Plot PodcastComponents.swift
[70/122] Compiling Plot PodcastElements.swift
[71/122] Compiling Plot PodcastEpisodeType.swift
[72/122] Compiling Plot PodcastFeed.swift
[73/122] Compiling Plot SiteMapElements.swift
[74/122] Compiling Plot TwitterCardType.swift
[75/122] Compiling Plot URLRepresentable.swift
[76/122] Compiling Plot XML.swift
[77/122] Compiling Plot XMLAttributes.swift
[78/122] Compiling Plot XMLElements.swift
[79/122] Compiling Plot AnyAttribute.swift
[80/122] Compiling Plot AnyElement.swift
[115/122] Compiling Plot SiteMapChangeFrequency.swift
[118/123] Emitting module Sweep
[119/123] Compiling Sweep Sweep.swift
[122/124] Compiling ShellOut ShellOut.swift
[123/125] Compiling Files Files.swift
[124/125] Emitting module Files
[127/179] Compiling Publish Theme+Foundation.swift
/host/spi-builder-workspace/.build/checkouts/publish/Sources/Publish/Internal/CommandLine+Output.swift:42:38: error: cannot find type 'FILE' in scope
40 |     }
41 |
42 |     var target: UnsafeMutablePointer<FILE> {
   |                                      `- error: cannot find type 'FILE' in scope
43 |         switch self {
44 |         case .info, .warning, .success:
[128/179] Compiling Publish Theme.swift
/host/spi-builder-workspace/.build/checkouts/publish/Sources/Publish/Internal/CommandLine+Output.swift:42:38: error: cannot find type 'FILE' in scope
40 |     }
41 |
42 |     var target: UnsafeMutablePointer<FILE> {
   |                                      `- error: cannot find type 'FILE' in scope
43 |         switch self {
44 |         case .info, .warning, .success:
[129/179] Compiling Publish Video.swift
/host/spi-builder-workspace/.build/checkouts/publish/Sources/Publish/Internal/CommandLine+Output.swift:42:38: error: cannot find type 'FILE' in scope
40 |     }
41 |
42 |     var target: UnsafeMutablePointer<FILE> {
   |                                      `- error: cannot find type 'FILE' in scope
43 |         switch self {
44 |         case .info, .warning, .success:
[130/179] Compiling Publish Website.swift
/host/spi-builder-workspace/.build/checkouts/publish/Sources/Publish/Internal/CommandLine+Output.swift:42:38: error: cannot find type 'FILE' in scope
40 |     }
41 |
42 |     var target: UnsafeMutablePointer<FILE> {
   |                                      `- error: cannot find type 'FILE' in scope
43 |         switch self {
44 |         case .info, .warning, .success:
[131/179] Compiling Publish Array+Appending.swift
/host/spi-builder-workspace/.build/checkouts/publish/Sources/Publish/Internal/CommandLine+Output.swift:42:38: error: cannot find type 'FILE' in scope
40 |     }
41 |
42 |     var target: UnsafeMutablePointer<FILE> {
   |                                      `- error: cannot find type 'FILE' in scope
43 |         switch self {
44 |         case .info, .warning, .success:
[132/179] Compiling Publish CommandLine+Output.swift
/host/spi-builder-workspace/.build/checkouts/publish/Sources/Publish/Internal/CommandLine+Output.swift:42:38: error: cannot find type 'FILE' in scope
40 |     }
41 |
42 |     var target: UnsafeMutablePointer<FILE> {
   |                                      `- error: cannot find type 'FILE' in scope
43 |         switch self {
44 |         case .info, .warning, .success:
[133/179] Compiling Publish ContentError.swift
/host/spi-builder-workspace/.build/checkouts/publish/Sources/Publish/Internal/CommandLine+Output.swift:42:38: error: cannot find type 'FILE' in scope
40 |     }
41 |
42 |     var target: UnsafeMutablePointer<FILE> {
   |                                      `- error: cannot find type 'FILE' in scope
43 |         switch self {
44 |         case .info, .warning, .success:
error: emit-module command failed with exit code 1 (use -v to see invocation)
[134/186] Emitting module Publish
/host/spi-builder-workspace/.build/checkouts/publish/Sources/Publish/Internal/CommandLine+Output.swift:42:38: error: cannot find type 'FILE' in scope
40 |     }
41 |
42 |     var target: UnsafeMutablePointer<FILE> {
   |                                      `- error: cannot find type 'FILE' in scope
43 |         switch self {
44 |         case .info, .warning, .success:
[135/186] Compiling Publish SectionMap.swift
[136/186] Compiling Publish SortOrder.swift
[137/186] Compiling Publish StringWrapper.swift
[138/186] Compiling Publish Tag.swift
[139/186] Compiling Publish TagDetailsPage.swift
[140/186] Compiling Publish TagHTMLConfiguration.swift
[141/186] Compiling Publish TagListPage.swift
[142/186] Compiling Publish AnyItem.swift
[143/186] Compiling Publish Audio.swift
[144/186] Compiling Publish Content.swift
[145/186] Compiling Publish ContentProtocol.swift
[146/186] Compiling Publish DeploymentMethod.swift
[147/186] Compiling Publish Favicon.swift
[148/186] Compiling Publish FeedConfiguration.swift
[149/186] Compiling Publish HTMLFactory.swift
[150/186] Compiling Publish PlotComponents.swift
[151/186] Compiling Publish PlotEnvironmentKeys.swift
[152/186] Compiling Publish PlotModifiers.swift
[153/186] Compiling Publish Plugin.swift
[154/186] Compiling Publish PodcastAuthor.swift
[155/186] Compiling Publish PodcastCompatibleWebsiteItemMetadata.swift
[156/186] Compiling Publish PodcastEpisodeMetadata.swift
[157/186] Compiling Publish PodcastFeedConfiguration.swift
[158/186] Compiling Publish HTMLFileMode.swift
[159/186] Compiling Publish Index.swift
[160/186] Compiling Publish Item.swift
[161/186] Compiling Publish ItemRSSProperties.swift
[162/186] Compiling Publish Location.swift
[163/186] Compiling Publish Mutations.swift
[164/186] Compiling Publish Page.swift
[165/186] Compiling Publish Path.swift
[166/186] Compiling Publish PodcastError.swift
[167/186] Compiling Publish PodcastFeedGenerator.swift
[168/186] Compiling Publish PublishingPipeline.swift
[169/186] Compiling Publish RSSFeedGenerator.swift
[170/186] Compiling Publish ShellOutError+PublishingErrorConvertible.swift
[171/186] Compiling Publish SiteMapGenerator.swift
[172/186] Compiling Publish String+Normalized.swift
[173/186] Compiling Publish Predicate.swift
[174/186] Compiling Publish PublishedWebsite.swift
[175/186] Compiling Publish PublishingContext.swift
[176/186] Compiling Publish PublishingError.swift
[177/186] Compiling Publish PublishingStep.swift
[178/186] Compiling Publish RSSFeedConfiguration.swift
[179/186] Compiling Publish Section.swift
[180/186] Compiling Publish File+SwiftPackageFolder.swift
[181/186] Compiling Publish FileIOError.swift
[182/186] Compiling Publish Folder+Group.swift
[183/186] Compiling Publish HTMLGenerator.swift
[184/186] Compiling Publish MarkdownContentFactory.swift
[185/186] Compiling Publish MarkdownFileHandler.swift
[186/186] Compiling Publish MarkdownMetadataDecoder.swift
BUILD FAILURE 6.3 android