Build Information
Failed to build GRDBLogging, reference 1.0.0 (0a6f13), with Swift 6.3 for Wasm on 4 Sep 2026 16:04:46 UTC.
Build Command
bash -c docker run --pull=always --rm -v "checkouts-53886769-1":/host -w "$PWD" -e JAVA_HOME="/root/.sdkman/candidates/java/current" -e SPI_BUILD="1" -e SPI_PROCESSING="1" registry.gitlab.com/saguaro1/spi-images:wasm-6.3-latest swift build --swift-sdk swift-6.3.2-RELEASE_wasm 2>&1Build Log
========================================
RunAll
========================================
Builder version: 5.0.2
Interrupt handler set up.
========================================
Checkout
========================================
Clone URL: https://github.com/atacan/grdb-swift-log.git
Reference: 1.0.0
Initialized empty Git repository in /host/spi-builder-workspace/.git/
hint: Using 'master' as the name for the initial branch. This default branch name
hint: is subject to change. To configure the initial branch name to use in all
hint: of your new repositories, which will suppress this warning, call:
hint:
hint: git config --global init.defaultBranch <name>
hint:
hint: Names commonly chosen instead of 'master' are 'main', 'trunk' and
hint: 'development'. The just-created branch can be renamed via this command:
hint:
hint: git branch -m <name>
From https://github.com/atacan/grdb-swift-log
* tag 1.0.0 -> FETCH_HEAD
HEAD is now at 0a6f13d Harden store lifecycle and align docs with review findings
Cloned https://github.com/atacan/grdb-swift-log.git
Revision (git rev-parse @):
0a6f13dc282f1f716c40a60550e80d0b5a9aea10
SUCCESS checkout https://github.com/atacan/grdb-swift-log.git at 1.0.0
========================================
Build
========================================
Selected platform: wasm
Swift version: 6.3
Building package at path: $PWD
https://github.com/atacan/grdb-swift-log.git
Running build ...
bash -c docker run --pull=always --rm -v "checkouts-53886769-1":/host -w "$PWD" -e JAVA_HOME="/root/.sdkman/candidates/java/current" -e SPI_BUILD="1" -e SPI_PROCESSING="1" registry.gitlab.com/saguaro1/spi-images:wasm-6.3-latest swift build --swift-sdk swift-6.3.2-RELEASE_wasm 2>&1
wasm-6.3-latest: Pulling from saguaro1/spi-images
Digest: sha256:e92e38b97676c18adb57b57429ddfb766786102cb50cb918e0d9e8055d05b35d
Status: Image is up to date for registry.gitlab.com/saguaro1/spi-images:wasm-6.3-latest
Fetching https://github.com/apple/swift-log.git
Fetching https://github.com/groue/GRDB.swift
Fetching https://github.com/atacan/SwiftLogExport.git
[1/78] Fetching swiftlogexport
[79/8093] Fetching swiftlogexport, swift-log
Fetched https://github.com/atacan/SwiftLogExport.git from cache (0.56s)
Fetched https://github.com/apple/swift-log.git from cache (0.56s)
[1/113869] Fetching grdb.swift
Fetched https://github.com/groue/GRDB.swift from cache (9.47s)
Computing version for https://github.com/atacan/SwiftLogExport.git
Computed https://github.com/atacan/SwiftLogExport.git at 1.1.0 (9.61s)
Fetching https://github.com/apple/swift-collections.git
Fetching https://github.com/swift-server/swift-service-lifecycle.git
Fetching https://github.com/apple/swift-async-algorithms.git
[1/2822] Fetching swift-service-lifecycle
[961/9538] Fetching swift-service-lifecycle, swift-async-algorithms
Fetched https://github.com/swift-server/swift-service-lifecycle.git from cache (0.50s)
[3963/6716] Fetching swift-async-algorithms
[6717/33849] Fetching swift-async-algorithms, swift-collections
Fetched https://github.com/apple/swift-async-algorithms.git from cache (1.23s)
Fetched https://github.com/apple/swift-collections.git from cache (1.24s)
Computing version for https://github.com/apple/swift-async-algorithms.git
Computed https://github.com/apple/swift-async-algorithms.git at 1.1.5 (1.43s)
Computing version for https://github.com/apple/swift-collections.git
Computed https://github.com/apple/swift-collections.git at 1.6.0 (0.23s)
Computing version for https://github.com/swift-server/swift-service-lifecycle.git
Computed https://github.com/swift-server/swift-service-lifecycle.git at 2.12.0 (0.14s)
Computing version for https://github.com/apple/swift-log.git
Computed https://github.com/apple/swift-log.git at 1.15.0 (0.14s)
Computing version for https://github.com/groue/GRDB.swift
Computed https://github.com/groue/GRDB.swift at 7.11.1 (0.94s)
Creating working copy for https://github.com/apple/swift-collections.git
Working copy of https://github.com/apple/swift-collections.git resolved at 1.6.0
Creating working copy for https://github.com/groue/GRDB.swift
Working copy of https://github.com/groue/GRDB.swift resolved at 7.11.1
Creating working copy for https://github.com/swift-server/swift-service-lifecycle.git
Working copy of https://github.com/swift-server/swift-service-lifecycle.git resolved at 2.12.0
Creating working copy for https://github.com/apple/swift-async-algorithms.git
Working copy of https://github.com/apple/swift-async-algorithms.git resolved at 1.1.5
Creating working copy for https://github.com/atacan/SwiftLogExport.git
Working copy of https://github.com/atacan/SwiftLogExport.git resolved at 1.1.0
Creating working copy for https://github.com/apple/swift-log.git
Working copy of https://github.com/apple/swift-log.git resolved at 1.15.0
Building for debugging...
[0/15] Write sources
[2/15] Copying PrivacyInfo.xcprivacy
[3/15] Copying Info.plist
[4/15] Write sources
[14/15] Write swift-version-24593BA9C3E375BF.txt
[16/195] Emitting module InternalCollectionsUtilities
[17/197] Compiling ConcurrencyHelpers LockedValueBox.swift
error: emit-module command failed with exit code 1 (use -v to see invocation)
[18/197] Emitting module GRDB
<module-includes>:1:10: note: in file included from <module-includes>:1:
1 | #include "shim.h"
| `- note: in file included from <module-includes>:1:
2 |
/host/spi-builder-workspace/.build/checkouts/GRDB.swift/Sources/GRDBSQLite/shim.h:1:10: error: 'sqlite3.h' file not found
1 | #include <sqlite3.h>
| `- error: 'sqlite3.h' file not found
2 |
3 | typedef void(*_errorLogCallback)(void *pArg, int iErrCode, const char *zMsg);
/host/spi-builder-workspace/.build/checkouts/GRDB.swift/GRDB/Core/Configuration.swift:10:8: error: could not build C module 'GRDBSQLite'
8 | import SQLCipher
9 | #else // Default SPM trait must be the default. It impossible to detect from Xcode.
10 | import GRDBSQLite
| `- error: could not build C module 'GRDBSQLite'
11 | #endif
12 |
[19/218] Compiling GRDB DatabaseRegion.swift
[20/218] Compiling GRDB DatabaseRegionObservation.swift
[21/218] Compiling GRDB DatabaseSchemaCache.swift
[22/218] Compiling Logging LoggingSystem.swift
[23/219] Compiling GRDB DatabaseQueue.swift
[24/219] Compiling GRDB DatabaseReader.swift
[25/219] Compiling GRDB Configuration.swift
[26/219] Compiling GRDB Cursor.swift
[27/219] Compiling GRDB Database+SQLCipher.swift
[28/219] Compiling GRDB DatabasePool.swift
[29/219] Compiling GRDB DatabasePublishers.swift
[30/219] Compiling InternalCollectionsUtilities _SortedCollection.swift
[31/219] Compiling InternalCollectionsUtilities _UniqueCollection.swift
[32/219] Compiling GRDB Database.swift
[33/219] Compiling GRDB DatabaseBackupProgress.swift
[34/219] Compiling GRDB DatabaseCollation.swift
[35/219] Compiling GRDB DatabaseError.swift
[36/219] Compiling GRDB DatabaseFunction.swift
[37/219] Compiling GRDB Database+Schema.swift
[38/219] Compiling GRDB Database+Statements.swift
[40/220] Compiling Logging Logger.swift
[41/220] Compiling Logging Logger+Attributes.swift
[42/220] Compiling Logging Logger+With.swift
[45/313] Compiling ContainersPreview BorrowingSequence+Standard Conformances.swift
[46/313] Compiling ContainersPreview BorrowingSequence+Utilities.swift
[47/313] Compiling ContainersPreview BorrowingSequence.swift
[48/313] Compiling ContainersPreview BidirectionalContainer.swift
[49/313] Compiling ContainersPreview Container+Filter.swift
[50/317] Compiling ContainersPreview Container+SpanwiseZip.swift
[51/317] Compiling ContainersPreview Container.swift
[52/317] Compiling ContainersPreview ContainerIterator.swift
[53/317] Compiling ContainersPreview DynamicContainer.swift
[54/317] Compiling ContainersPreview MutableContainer.swift
[55/317] Compiling ContainersPreview Drain+Map.swift
[56/317] Compiling ContainersPreview Drain+Reduce.swift
[57/317] Compiling ContainersPreview Drain.swift
[58/317] Compiling ContainersPreview Producer+Collect.swift
[59/317] Compiling ContainersPreview Producer+Filter.swift
[60/317] Compiling ContainersPreview Producer+Map.swift
[61/317] Compiling ContainersPreview Producer+Reduce.swift
[62/317] Compiling ContainersPreview Producer.swift
[63/317] Compiling ContainersPreview InputSpan.swift
[64/317] Compiling ContainersPreview MutableRef.swift
[65/317] Compiling ContainersPreview BorrowingIteratorProtocol+Map.swift
[66/317] Compiling ContainersPreview BorrowingIteratorProtocol+Reduce.swift
[67/317] Compiling ContainersPreview BorrowingIteratorProtocol+SpanwiseZip.swift
[68/317] Compiling ContainersPreview BorrowingIteratorProtocol.swift
[69/317] Compiling ContainersPreview BorrowingSequence+Algorithms.swift
[70/317] Compiling ContainersPreview PermutableContainer.swift
[71/317] Compiling ContainersPreview RandomAccessContainer.swift
[72/317] Compiling ContainersPreview RangeExpression2.swift
[73/317] Compiling ContainersPreview RangeReplaceableContainer.swift
[74/317] Compiling ContainersPreview Strideable+Limits.swift
[75/317] Compiling Logging MetadataProvider.swift
[76/317] Compiling ContainersPreview BorrowingIteratorProtocol+Filter.swift
[78/317] Emitting module Logging
[79/317] Compiling ContainersPreview OutputSpan+Extras.swift
[80/317] Compiling ContainersPreview TemporaryAllocation.swift
[81/318] Emitting module ConcurrencyHelpers
[82/318] Compiling ConcurrencyHelpers Lock.swift
[83/319] Compiling ContainersPreview Ref.swift
[84/319] Compiling ContainersPreview Shared.swift
[85/319] Compiling ContainersPreview SpanIterator.swift
[86/319] Compiling ContainersPreview UniqueBox.swift
[89/319] Emitting module ContainersPreview
[92/319] Compiling ContainersPreview BorrowingIteratorProtocol+Copy.swift
[93/319] Compiling ContainersPreview BorrowingIteratorProtocol+ElementsEqual.swift
[96/324] Compiling GRDB JSONDumpFormat.swift
<module-includes>:1:10: note: in file included from <module-includes>:1:
1 | #include "shim.h"
| `- note: in file included from <module-includes>:1:
2 |
/host/spi-builder-workspace/.build/checkouts/GRDB.swift/Sources/GRDBSQLite/shim.h:1:10: error: 'sqlite3.h' file not found
1 | #include <sqlite3.h>
| `- error: 'sqlite3.h' file not found
2 |
3 | typedef void(*_errorLogCallback)(void *pArg, int iErrCode, const char *zMsg);
/host/spi-builder-workspace/.build/checkouts/GRDB.swift/GRDB/Core/Configuration.swift:10:8: error: could not build C module 'GRDBSQLite'
8 | import SQLCipher
9 | #else // Default SPM trait must be the default. It impossible to detect from Xcode.
10 | import GRDBSQLite
| `- error: could not build C module 'GRDBSQLite'
11 | #endif
12 |
[97/324] Compiling GRDB LineDumpFormat.swift
<module-includes>:1:10: note: in file included from <module-includes>:1:
1 | #include "shim.h"
| `- note: in file included from <module-includes>:1:
2 |
/host/spi-builder-workspace/.build/checkouts/GRDB.swift/Sources/GRDBSQLite/shim.h:1:10: error: 'sqlite3.h' file not found
1 | #include <sqlite3.h>
| `- error: 'sqlite3.h' file not found
2 |
3 | typedef void(*_errorLogCallback)(void *pArg, int iErrCode, const char *zMsg);
/host/spi-builder-workspace/.build/checkouts/GRDB.swift/GRDB/Core/Configuration.swift:10:8: error: could not build C module 'GRDBSQLite'
8 | import SQLCipher
9 | #else // Default SPM trait must be the default. It impossible to detect from Xcode.
10 | import GRDBSQLite
| `- error: could not build C module 'GRDBSQLite'
11 | #endif
12 |
[98/324] Compiling GRDB ListDumpFormat.swift
<module-includes>:1:10: note: in file included from <module-includes>:1:
1 | #include "shim.h"
| `- note: in file included from <module-includes>:1:
2 |
/host/spi-builder-workspace/.build/checkouts/GRDB.swift/Sources/GRDBSQLite/shim.h:1:10: error: 'sqlite3.h' file not found
1 | #include <sqlite3.h>
| `- error: 'sqlite3.h' file not found
2 |
3 | typedef void(*_errorLogCallback)(void *pArg, int iErrCode, const char *zMsg);
/host/spi-builder-workspace/.build/checkouts/GRDB.swift/GRDB/Core/Configuration.swift:10:8: error: could not build C module 'GRDBSQLite'
8 | import SQLCipher
9 | #else // Default SPM trait must be the default. It impossible to detect from Xcode.
10 | import GRDBSQLite
| `- error: could not build C module 'GRDBSQLite'
11 | #endif
12 |
[99/324] Compiling GRDB QuoteDumpFormat.swift
<module-includes>:1:10: note: in file included from <module-includes>:1:
1 | #include "shim.h"
| `- note: in file included from <module-includes>:1:
2 |
/host/spi-builder-workspace/.build/checkouts/GRDB.swift/Sources/GRDBSQLite/shim.h:1:10: error: 'sqlite3.h' file not found
1 | #include <sqlite3.h>
| `- error: 'sqlite3.h' file not found
2 |
3 | typedef void(*_errorLogCallback)(void *pArg, int iErrCode, const char *zMsg);
/host/spi-builder-workspace/.build/checkouts/GRDB.swift/GRDB/Core/Configuration.swift:10:8: error: could not build C module 'GRDBSQLite'
8 | import SQLCipher
9 | #else // Default SPM trait must be the default. It impossible to detect from Xcode.
10 | import GRDBSQLite
| `- error: could not build C module 'GRDBSQLite'
11 | #endif
12 |
[100/324] Compiling GRDB FTS3.swift
<module-includes>:1:10: note: in file included from <module-includes>:1:
1 | #include "shim.h"
| `- note: in file included from <module-includes>:1:
2 |
/host/spi-builder-workspace/.build/checkouts/GRDB.swift/Sources/GRDBSQLite/shim.h:1:10: error: 'sqlite3.h' file not found
1 | #include <sqlite3.h>
| `- error: 'sqlite3.h' file not found
2 |
3 | typedef void(*_errorLogCallback)(void *pArg, int iErrCode, const char *zMsg);
/host/spi-builder-workspace/.build/checkouts/GRDB.swift/GRDB/Core/Configuration.swift:10:8: error: could not build C module 'GRDBSQLite'
8 | import SQLCipher
9 | #else // Default SPM trait must be the default. It impossible to detect from Xcode.
10 | import GRDBSQLite
| `- error: could not build C module 'GRDBSQLite'
11 | #endif
12 |
[101/324] Compiling GRDB FTS3Pattern.swift
<module-includes>:1:10: note: in file included from <module-includes>:1:
1 | #include "shim.h"
| `- note: in file included from <module-includes>:1:
2 |
/host/spi-builder-workspace/.build/checkouts/GRDB.swift/Sources/GRDBSQLite/shim.h:1:10: error: 'sqlite3.h' file not found
1 | #include <sqlite3.h>
| `- error: 'sqlite3.h' file not found
2 |
3 | typedef void(*_errorLogCallback)(void *pArg, int iErrCode, const char *zMsg);
/host/spi-builder-workspace/.build/checkouts/GRDB.swift/GRDB/Core/Configuration.swift:10:8: error: could not build C module 'GRDBSQLite'
8 | import SQLCipher
9 | #else // Default SPM trait must be the default. It impossible to detect from Xcode.
10 | import GRDBSQLite
| `- error: could not build C module 'GRDBSQLite'
11 | #endif
12 |
[102/324] Compiling GRDB FTS3TokenizerDescriptor.swift
<module-includes>:1:10: note: in file included from <module-includes>:1:
1 | #include "shim.h"
| `- note: in file included from <module-includes>:1:
2 |
/host/spi-builder-workspace/.build/checkouts/GRDB.swift/Sources/GRDBSQLite/shim.h:1:10: error: 'sqlite3.h' file not found
1 | #include <sqlite3.h>
| `- error: 'sqlite3.h' file not found
2 |
3 | typedef void(*_errorLogCallback)(void *pArg, int iErrCode, const char *zMsg);
/host/spi-builder-workspace/.build/checkouts/GRDB.swift/GRDB/Core/Configuration.swift:10:8: error: could not build C module 'GRDBSQLite'
8 | import SQLCipher
9 | #else // Default SPM trait must be the default. It impossible to detect from Xcode.
10 | import GRDBSQLite
| `- error: could not build C module 'GRDBSQLite'
11 | #endif
12 |
[103/324] Compiling GRDB FTS4.swift
<module-includes>:1:10: note: in file included from <module-includes>:1:
1 | #include "shim.h"
| `- note: in file included from <module-includes>:1:
2 |
/host/spi-builder-workspace/.build/checkouts/GRDB.swift/Sources/GRDBSQLite/shim.h:1:10: error: 'sqlite3.h' file not found
1 | #include <sqlite3.h>
| `- error: 'sqlite3.h' file not found
2 |
3 | typedef void(*_errorLogCallback)(void *pArg, int iErrCode, const char *zMsg);
/host/spi-builder-workspace/.build/checkouts/GRDB.swift/GRDB/Core/Configuration.swift:10:8: error: could not build C module 'GRDBSQLite'
8 | import SQLCipher
9 | #else // Default SPM trait must be the default. It impossible to detect from Xcode.
10 | import GRDBSQLite
| `- error: could not build C module 'GRDBSQLite'
11 | #endif
12 |
[104/324] Compiling GRDB FTS5.swift
<module-includes>:1:10: note: in file included from <module-includes>:1:
1 | #include "shim.h"
| `- note: in file included from <module-includes>:1:
2 |
/host/spi-builder-workspace/.build/checkouts/GRDB.swift/Sources/GRDBSQLite/shim.h:1:10: error: 'sqlite3.h' file not found
1 | #include <sqlite3.h>
| `- error: 'sqlite3.h' file not found
2 |
3 | typedef void(*_errorLogCallback)(void *pArg, int iErrCode, const char *zMsg);
/host/spi-builder-workspace/.build/checkouts/GRDB.swift/GRDB/Core/Configuration.swift:10:8: error: could not build C module 'GRDBSQLite'
8 | import SQLCipher
9 | #else // Default SPM trait must be the default. It impossible to detect from Xcode.
10 | import GRDBSQLite
| `- error: could not build C module 'GRDBSQLite'
11 | #endif
12 |
[105/324] Compiling GRDB FTS5CustomTokenizer.swift
<module-includes>:1:10: note: in file included from <module-includes>:1:
1 | #include "shim.h"
| `- note: in file included from <module-includes>:1:
2 |
/host/spi-builder-workspace/.build/checkouts/GRDB.swift/Sources/GRDBSQLite/shim.h:1:10: error: 'sqlite3.h' file not found
1 | #include <sqlite3.h>
| `- error: 'sqlite3.h' file not found
2 |
3 | typedef void(*_errorLogCallback)(void *pArg, int iErrCode, const char *zMsg);
/host/spi-builder-workspace/.build/checkouts/GRDB.swift/GRDB/Core/Configuration.swift:10:8: error: could not build C module 'GRDBSQLite'
8 | import SQLCipher
9 | #else // Default SPM trait must be the default. It impossible to detect from Xcode.
10 | import GRDBSQLite
| `- error: could not build C module 'GRDBSQLite'
11 | #endif
12 |
[106/324] Compiling GRDB FTS5Pattern.swift
<module-includes>:1:10: note: in file included from <module-includes>:1:
1 | #include "shim.h"
| `- note: in file included from <module-includes>:1:
2 |
/host/spi-builder-workspace/.build/checkouts/GRDB.swift/Sources/GRDBSQLite/shim.h:1:10: error: 'sqlite3.h' file not found
1 | #include <sqlite3.h>
| `- error: 'sqlite3.h' file not found
2 |
3 | typedef void(*_errorLogCallback)(void *pArg, int iErrCode, const char *zMsg);
/host/spi-builder-workspace/.build/checkouts/GRDB.swift/GRDB/Core/Configuration.swift:10:8: error: could not build C module 'GRDBSQLite'
8 | import SQLCipher
9 | #else // Default SPM trait must be the default. It impossible to detect from Xcode.
10 | import GRDBSQLite
| `- error: could not build C module 'GRDBSQLite'
11 | #endif
12 |
[107/324] Compiling GRDB FTS5Tokenizer.swift
<module-includes>:1:10: note: in file included from <module-includes>:1:
1 | #include "shim.h"
| `- note: in file included from <module-includes>:1:
2 |
/host/spi-builder-workspace/.build/checkouts/GRDB.swift/Sources/GRDBSQLite/shim.h:1:10: error: 'sqlite3.h' file not found
1 | #include <sqlite3.h>
| `- error: 'sqlite3.h' file not found
2 |
3 | typedef void(*_errorLogCallback)(void *pArg, int iErrCode, const char *zMsg);
/host/spi-builder-workspace/.build/checkouts/GRDB.swift/GRDB/Core/Configuration.swift:10:8: error: could not build C module 'GRDBSQLite'
8 | import SQLCipher
9 | #else // Default SPM trait must be the default. It impossible to detect from Xcode.
10 | import GRDBSQLite
| `- error: could not build C module 'GRDBSQLite'
11 | #endif
12 |
[108/324] Compiling GRDB FTS5TokenizerDescriptor.swift
<module-includes>:1:10: note: in file included from <module-includes>:1:
1 | #include "shim.h"
| `- note: in file included from <module-includes>:1:
2 |
/host/spi-builder-workspace/.build/checkouts/GRDB.swift/Sources/GRDBSQLite/shim.h:1:10: error: 'sqlite3.h' file not found
1 | #include <sqlite3.h>
| `- error: 'sqlite3.h' file not found
2 |
3 | typedef void(*_errorLogCallback)(void *pArg, int iErrCode, const char *zMsg);
/host/spi-builder-workspace/.build/checkouts/GRDB.swift/GRDB/Core/Configuration.swift:10:8: error: could not build C module 'GRDBSQLite'
8 | import SQLCipher
9 | #else // Default SPM trait must be the default. It impossible to detect from Xcode.
10 | import GRDBSQLite
| `- error: could not build C module 'GRDBSQLite'
11 | #endif
12 |
[109/324] Compiling GRDB FTS5WrapperTokenizer.swift
<module-includes>:1:10: note: in file included from <module-includes>:1:
1 | #include "shim.h"
| `- note: in file included from <module-includes>:1:
2 |
/host/spi-builder-workspace/.build/checkouts/GRDB.swift/Sources/GRDBSQLite/shim.h:1:10: error: 'sqlite3.h' file not found
1 | #include <sqlite3.h>
| `- error: 'sqlite3.h' file not found
2 |
3 | typedef void(*_errorLogCallback)(void *pArg, int iErrCode, const char *zMsg);
/host/spi-builder-workspace/.build/checkouts/GRDB.swift/GRDB/Core/Configuration.swift:10:8: error: could not build C module 'GRDBSQLite'
8 | import SQLCipher
9 | #else // Default SPM trait must be the default. It impossible to detect from Xcode.
10 | import GRDBSQLite
| `- error: could not build C module 'GRDBSQLite'
11 | #endif
12 |
[110/324] Compiling GRDB Fixits.swift
<module-includes>:1:10: note: in file included from <module-includes>:1:
1 | #include "shim.h"
| `- note: in file included from <module-includes>:1:
2 |
/host/spi-builder-workspace/.build/checkouts/GRDB.swift/Sources/GRDBSQLite/shim.h:1:10: error: 'sqlite3.h' file not found
1 | #include <sqlite3.h>
| `- error: 'sqlite3.h' file not found
2 |
3 | typedef void(*_errorLogCallback)(void *pArg, int iErrCode, const char *zMsg);
/host/spi-builder-workspace/.build/checkouts/GRDB.swift/GRDB/Core/Configuration.swift:10:8: error: could not build C module 'GRDBSQLite'
8 | import SQLCipher
9 | #else // Default SPM trait must be the default. It impossible to detect from Xcode.
10 | import GRDBSQLite
| `- error: could not build C module 'GRDBSQLite'
11 | #endif
12 |
[111/324] Compiling GRDB JSONColumn.swift
<module-includes>:1:10: note: in file included from <module-includes>:1:
1 | #include "shim.h"
| `- note: in file included from <module-includes>:1:
2 |
/host/spi-builder-workspace/.build/checkouts/GRDB.swift/Sources/GRDBSQLite/shim.h:1:10: error: 'sqlite3.h' file not found
1 | #include <sqlite3.h>
| `- error: 'sqlite3.h' file not found
2 |
3 | typedef void(*_errorLogCallback)(void *pArg, int iErrCode, const char *zMsg);
/host/spi-builder-workspace/.build/checkouts/GRDB.swift/GRDB/Core/Configuration.swift:10:8: error: could not build C module 'GRDBSQLite'
8 | import SQLCipher
9 | #else // Default SPM trait must be the default. It impossible to detect from Xcode.
10 | import GRDBSQLite
| `- error: could not build C module 'GRDBSQLite'
11 | #endif
12 |
[112/324] Compiling GRDB SQLJSONExpressible.swift
<module-includes>:1:10: note: in file included from <module-includes>:1:
1 | #include "shim.h"
| `- note: in file included from <module-includes>:1:
2 |
/host/spi-builder-workspace/.build/checkouts/GRDB.swift/Sources/GRDBSQLite/shim.h:1:10: error: 'sqlite3.h' file not found
1 | #include <sqlite3.h>
| `- error: 'sqlite3.h' file not found
2 |
3 | typedef void(*_errorLogCallback)(void *pArg, int iErrCode, const char *zMsg);
/host/spi-builder-workspace/.build/checkouts/GRDB.swift/GRDB/Core/Configuration.swift:10:8: error: could not build C module 'GRDBSQLite'
8 | import SQLCipher
9 | #else // Default SPM trait must be the default. It impossible to detect from Xcode.
10 | import GRDBSQLite
| `- error: could not build C module 'GRDBSQLite'
11 | #endif
12 |
[113/324] Compiling GRDB SQLJSONFunctions.swift
<module-includes>:1:10: note: in file included from <module-includes>:1:
1 | #include "shim.h"
| `- note: in file included from <module-includes>:1:
2 |
/host/spi-builder-workspace/.build/checkouts/GRDB.swift/Sources/GRDBSQLite/shim.h:1:10: error: 'sqlite3.h' file not found
1 | #include <sqlite3.h>
| `- error: 'sqlite3.h' file not found
2 |
3 | typedef void(*_errorLogCallback)(void *pArg, int iErrCode, const char *zMsg);
/host/spi-builder-workspace/.build/checkouts/GRDB.swift/GRDB/Core/Configuration.swift:10:8: error: could not build C module 'GRDBSQLite'
8 | import SQLCipher
9 | #else // Default SPM trait must be the default. It impossible to detect from Xcode.
10 | import GRDBSQLite
| `- error: could not build C module 'GRDBSQLite'
11 | #endif
12 |
[114/324] Compiling GRDB DatabaseMigrator.swift
<module-includes>:1:10: note: in file included from <module-includes>:1:
1 | #include "shim.h"
| `- note: in file included from <module-includes>:1:
2 |
/host/spi-builder-workspace/.build/checkouts/GRDB.swift/Sources/GRDBSQLite/shim.h:1:10: error: 'sqlite3.h' file not found
1 | #include <sqlite3.h>
| `- error: 'sqlite3.h' file not found
2 |
3 | typedef void(*_errorLogCallback)(void *pArg, int iErrCode, const char *zMsg);
/host/spi-builder-workspace/.build/checkouts/GRDB.swift/GRDB/Core/Configuration.swift:10:8: error: could not build C module 'GRDBSQLite'
8 | import SQLCipher
9 | #else // Default SPM trait must be the default. It impossible to detect from Xcode.
10 | import GRDBSQLite
| `- error: could not build C module 'GRDBSQLite'
11 | #endif
12 |
[115/324] Compiling GRDB Migration.swift
<module-includes>:1:10: note: in file included from <module-includes>:1:
1 | #include "shim.h"
| `- note: in file included from <module-includes>:1:
2 |
/host/spi-builder-workspace/.build/checkouts/GRDB.swift/Sources/GRDBSQLite/shim.h:1:10: error: 'sqlite3.h' file not found
1 | #include <sqlite3.h>
| `- error: 'sqlite3.h' file not found
2 |
3 | typedef void(*_errorLogCallback)(void *pArg, int iErrCode, const char *zMsg);
/host/spi-builder-workspace/.build/checkouts/GRDB.swift/GRDB/Core/Configuration.swift:10:8: error: could not build C module 'GRDBSQLite'
8 | import SQLCipher
9 | #else // Default SPM trait must be the default. It impossible to detect from Xcode.
10 | import GRDBSQLite
| `- error: could not build C module 'GRDBSQLite'
11 | #endif
12 |
[116/324] Compiling GRDB FTS3+QueryInterface.swift
<module-includes>:1:10: note: in file included from <module-includes>:1:
1 | #include "shim.h"
| `- note: in file included from <module-includes>:1:
2 |
/host/spi-builder-workspace/.build/checkouts/GRDB.swift/Sources/GRDBSQLite/shim.h:1:10: error: 'sqlite3.h' file not found
1 | #include <sqlite3.h>
| `- error: 'sqlite3.h' file not found
2 |
3 | typedef void(*_errorLogCallback)(void *pArg, int iErrCode, const char *zMsg);
/host/spi-builder-workspace/.build/checkouts/GRDB.swift/GRDB/Core/Configuration.swift:10:8: error: could not build C module 'GRDBSQLite'
8 | import SQLCipher
9 | #else // Default SPM trait must be the default. It impossible to detect from Xcode.
10 | import GRDBSQLite
| `- error: could not build C module 'GRDBSQLite'
11 | #endif
12 |
[117/344] Compiling GRDB NSData.swift
<module-includes>:1:10: note: in file included from <module-includes>:1:
1 | #include "shim.h"
| `- note: in file included from <module-includes>:1:
2 |
/host/spi-builder-workspace/.build/checkouts/GRDB.swift/Sources/GRDBSQLite/shim.h:1:10: error: 'sqlite3.h' file not found
1 | #include <sqlite3.h>
| `- error: 'sqlite3.h' file not found
2 |
3 | typedef void(*_errorLogCallback)(void *pArg, int iErrCode, const char *zMsg);
/host/spi-builder-workspace/.build/checkouts/GRDB.swift/GRDB/Core/Configuration.swift:10:8: error: could not build C module 'GRDBSQLite'
8 | import SQLCipher
9 | #else // Default SPM trait must be the default. It impossible to detect from Xcode.
10 | import GRDBSQLite
| `- error: could not build C module 'GRDBSQLite'
11 | #endif
12 |
[118/344] Compiling GRDB NSNull.swift
<module-includes>:1:10: note: in file included from <module-includes>:1:
1 | #include "shim.h"
| `- note: in file included from <module-includes>:1:
2 |
/host/spi-builder-workspace/.build/checkouts/GRDB.swift/Sources/GRDBSQLite/shim.h:1:10: error: 'sqlite3.h' file not found
1 | #include <sqlite3.h>
| `- error: 'sqlite3.h' file not found
2 |
3 | typedef void(*_errorLogCallback)(void *pArg, int iErrCode, const char *zMsg);
/host/spi-builder-workspace/.build/checkouts/GRDB.swift/GRDB/Core/Configuration.swift:10:8: error: could not build C module 'GRDBSQLite'
8 | import SQLCipher
9 | #else // Default SPM trait must be the default. It impossible to detect from Xcode.
10 | import GRDBSQLite
| `- error: could not build C module 'GRDBSQLite'
11 | #endif
12 |
[119/344] Compiling GRDB NSNumber.swift
<module-includes>:1:10: note: in file included from <module-includes>:1:
1 | #include "shim.h"
| `- note: in file included from <module-includes>:1:
2 |
/host/spi-builder-workspace/.build/checkouts/GRDB.swift/Sources/GRDBSQLite/shim.h:1:10: error: 'sqlite3.h' file not found
1 | #include <sqlite3.h>
| `- error: 'sqlite3.h' file not found
2 |
3 | typedef void(*_errorLogCallback)(void *pArg, int iErrCode, const char *zMsg);
/host/spi-builder-workspace/.build/checkouts/GRDB.swift/GRDB/Core/Configuration.swift:10:8: error: could not build C module 'GRDBSQLite'
8 | import SQLCipher
9 | #else // Default SPM trait must be the default. It impossible to detect from Xcode.
10 | import GRDBSQLite
| `- error: could not build C module 'GRDBSQLite'
11 | #endif
12 |
[120/344] Compiling GRDB NSString.swift
<module-includes>:1:10: note: in file included from <module-includes>:1:
1 | #include "shim.h"
| `- note: in file included from <module-includes>:1:
2 |
/host/spi-builder-workspace/.build/checkouts/GRDB.swift/Sources/GRDBSQLite/shim.h:1:10: error: 'sqlite3.h' file not found
1 | #include <sqlite3.h>
| `- error: 'sqlite3.h' file not found
2 |
3 | typedef void(*_errorLogCallback)(void *pArg, int iErrCode, const char *zMsg);
/host/spi-builder-workspace/.build/checkouts/GRDB.swift/GRDB/Core/Configuration.swift:10:8: error: could not build C module 'GRDBSQLite'
8 | import SQLCipher
9 | #else // Default SPM trait must be the default. It impossible to detect from Xcode.
10 | import GRDBSQLite
| `- error: could not build C module 'GRDBSQLite'
11 | #endif
12 |
[121/344] Compiling GRDB SQLiteDateParser.swift
<module-includes>:1:10: note: in file included from <module-includes>:1:
1 | #include "shim.h"
| `- note: in file included from <module-includes>:1:
2 |
/host/spi-builder-workspace/.build/checkouts/GRDB.swift/Sources/GRDBSQLite/shim.h:1:10: error: 'sqlite3.h' file not found
1 | #include <sqlite3.h>
| `- error: 'sqlite3.h' file not found
2 |
3 | typedef void(*_errorLogCallback)(void *pArg, int iErrCode, const char *zMsg);
/host/spi-builder-workspace/.build/checkouts/GRDB.swift/GRDB/Core/Configuration.swift:10:8: error: could not build C module 'GRDBSQLite'
8 | import SQLCipher
9 | #else // Default SPM trait must be the default. It impossible to detect from Xcode.
10 | import GRDBSQLite
| `- error: could not build C module 'GRDBSQLite'
11 | #endif
12 |
[122/344] Compiling GRDB URL.swift
<module-includes>:1:10: note: in file included from <module-includes>:1:
1 | #include "shim.h"
| `- note: in file included from <module-includes>:1:
2 |
/host/spi-builder-workspace/.build/checkouts/GRDB.swift/Sources/GRDBSQLite/shim.h:1:10: error: 'sqlite3.h' file not found
1 | #include <sqlite3.h>
| `- error: 'sqlite3.h' file not found
2 |
3 | typedef void(*_errorLogCallback)(void *pArg, int iErrCode, const char *zMsg);
/host/spi-builder-workspace/.build/checkouts/GRDB.swift/GRDB/Core/Configuration.swift:10:8: error: could not build C module 'GRDBSQLite'
8 | import SQLCipher
9 | #else // Default SPM trait must be the default. It impossible to detect from Xcode.
10 | import GRDBSQLite
| `- error: could not build C module 'GRDBSQLite'
11 | #endif
12 |
[123/344] Compiling GRDB UUID.swift
<module-includes>:1:10: note: in file included from <module-includes>:1:
1 | #include "shim.h"
| `- note: in file included from <module-includes>:1:
2 |
/host/spi-builder-workspace/.build/checkouts/GRDB.swift/Sources/GRDBSQLite/shim.h:1:10: error: 'sqlite3.h' file not found
1 | #include <sqlite3.h>
| `- error: 'sqlite3.h' file not found
2 |
3 | typedef void(*_errorLogCallback)(void *pArg, int iErrCode, const char *zMsg);
/host/spi-builder-workspace/.build/checkouts/GRDB.swift/GRDB/Core/Configuration.swift:10:8: error: could not build C module 'GRDBSQLite'
8 | import SQLCipher
9 | #else // Default SPM trait must be the default. It impossible to detect from Xcode.
10 | import GRDBSQLite
| `- error: could not build C module 'GRDBSQLite'
11 | #endif
12 |
[124/344] Compiling GRDB DatabaseValueConvertible+Decodable.swift
<module-includes>:1:10: note: in file included from <module-includes>:1:
1 | #include "shim.h"
| `- note: in file included from <module-includes>:1:
2 |
/host/spi-builder-workspace/.build/checkouts/GRDB.swift/Sources/GRDBSQLite/shim.h:1:10: error: 'sqlite3.h' file not found
1 | #include <sqlite3.h>
| `- error: 'sqlite3.h' file not found
2 |
3 | typedef void(*_errorLogCallback)(void *pArg, int iErrCode, const char *zMsg);
/host/spi-builder-workspace/.build/checkouts/GRDB.swift/GRDB/Core/Configuration.swift:10:8: error: could not build C module 'GRDBSQLite'
8 | import SQLCipher
9 | #else // Default SPM trait must be the default. It impossible to detect from Xcode.
10 | import GRDBSQLite
| `- error: could not build C module 'GRDBSQLite'
11 | #endif
12 |
[125/344] Compiling GRDB DatabaseValueConvertible+Encodable.swift
<module-includes>:1:10: note: in file included from <module-includes>:1:
1 | #include "shim.h"
| `- note: in file included from <module-includes>:1:
2 |
/host/spi-builder-workspace/.build/checkouts/GRDB.swift/Sources/GRDBSQLite/shim.h:1:10: error: 'sqlite3.h' file not found
1 | #include <sqlite3.h>
| `- error: 'sqlite3.h' file not found
2 |
3 | typedef void(*_errorLogCallback)(void *pArg, int iErrCode, const char *zMsg);
/host/spi-builder-workspace/.build/checkouts/GRDB.swift/GRDB/Core/Configuration.swift:10:8: error: could not build C module 'GRDBSQLite'
8 | import SQLCipher
9 | #else // Default SPM trait must be the default. It impossible to detect from Xcode.
10 | import GRDBSQLite
| `- error: could not build C module 'GRDBSQLite'
11 | #endif
12 |
[126/344] Compiling GRDB DatabaseValueConvertible+RawRepresentable.swift
<module-includes>:1:10: note: in file included from <module-includes>:1:
1 | #include "shim.h"
| `- note: in file included from <module-includes>:1:
2 |
/host/spi-builder-workspace/.build/checkouts/GRDB.swift/Sources/GRDBSQLite/shim.h:1:10: error: 'sqlite3.h' file not found
1 | #include <sqlite3.h>
| `- error: 'sqlite3.h' file not found
2 |
3 | typedef void(*_errorLogCallback)(void *pArg, int iErrCode, const char *zMsg);
/host/spi-builder-workspace/.build/checkouts/GRDB.swift/GRDB/Core/Configuration.swift:10:8: error: could not build C module 'GRDBSQLite'
8 | import SQLCipher
9 | #else // Default SPM trait must be the default. It impossible to detect from Xcode.
10 | import GRDBSQLite
| `- error: could not build C module 'GRDBSQLite'
11 | #endif
12 |
[127/344] Compiling GRDB JSONRequiredEncoder.swift
<module-includes>:1:10: note: in file included from <module-includes>:1:
1 | #include "shim.h"
| `- note: in file included from <module-includes>:1:
2 |
/host/spi-builder-workspace/.build/checkouts/GRDB.swift/Sources/GRDBSQLite/shim.h:1:10: error: 'sqlite3.h' file not found
1 | #include <sqlite3.h>
| `- error: 'sqlite3.h' file not found
2 |
3 | typedef void(*_errorLogCallback)(void *pArg, int iErrCode, const char *zMsg);
/host/spi-builder-workspace/.build/checkouts/GRDB.swift/GRDB/Core/Configuration.swift:10:8: error: could not build C module 'GRDBSQLite'
8 | import SQLCipher
9 | #else // Default SPM trait must be the default. It impossible to detect from Xcode.
10 | import GRDBSQLite
| `- error: could not build C module 'GRDBSQLite'
11 | #endif
12 |
[128/344] Compiling GRDB Optional.swift
<module-includes>:1:10: note: in file included from <module-includes>:1:
1 | #include "shim.h"
| `- note: in file included from <module-includes>:1:
2 |
/host/spi-builder-workspace/.build/checkouts/GRDB.swift/Sources/GRDBSQLite/shim.h:1:10: error: 'sqlite3.h' file not found
1 | #include <sqlite3.h>
| `- error: 'sqlite3.h' file not found
2 |
3 | typedef void(*_errorLogCallback)(void *pArg, int iErrCode, const char *zMsg);
/host/spi-builder-workspace/.build/checkouts/GRDB.swift/GRDB/Core/Configuration.swift:10:8: error: could not build C module 'GRDBSQLite'
8 | import SQLCipher
9 | #else // Default SPM trait must be the default. It impossible to detect from Xcode.
10 | import GRDBSQLite
| `- error: could not build C module 'GRDBSQLite'
11 | #endif
12 |
[129/344] Compiling GRDB StandardLibrary.swift
<module-includes>:1:10: note: in file included from <module-includes>:1:
1 | #include "shim.h"
| `- note: in file included from <module-includes>:1:
2 |
/host/spi-builder-workspace/.build/checkouts/GRDB.swift/Sources/GRDBSQLite/shim.h:1:10: error: 'sqlite3.h' file not found
1 | #include <sqlite3.h>
| `- error: 'sqlite3.h' file not found
2 |
3 | typedef void(*_errorLogCallback)(void *pArg, int iErrCode, const char *zMsg);
/host/spi-builder-workspace/.build/checkouts/GRDB.swift/GRDB/Core/Configuration.swift:10:8: error: could not build C module 'GRDBSQLite'
8 | import SQLCipher
9 | #else // Default SPM trait must be the default. It impossible to detect from Xcode.
10 | import GRDBSQLite
| `- error: could not build C module 'GRDBSQLite'
11 | #endif
12 |
[130/344] Compiling GRDB TransactionClock.swift
<module-includes>:1:10: note: in file included from <module-includes>:1:
1 | #include "shim.h"
| `- note: in file included from <module-includes>:1:
2 |
/host/spi-builder-workspace/.build/checkouts/GRDB.swift/Sources/GRDBSQLite/shim.h:1:10: error: 'sqlite3.h' file not found
1 | #include <sqlite3.h>
| `- error: 'sqlite3.h' file not found
2 |
3 | typedef void(*_errorLogCallback)(void *pArg, int iErrCode, const char *zMsg);
/host/spi-builder-workspace/.build/checkouts/GRDB.swift/GRDB/Core/Configuration.swift:10:8: error: could not build C module 'GRDBSQLite'
8 | import SQLCipher
9 | #else // Default SPM trait must be the default. It impossible to detect from Xcode.
10 | import GRDBSQLite
| `- error: could not build C module 'GRDBSQLite'
11 | #endif
12 |
[131/344] Compiling GRDB TransactionObserver.swift
<module-includes>:1:10: note: in file included from <module-includes>:1:
1 | #include "shim.h"
| `- note: in file included from <module-includes>:1:
2 |
/host/spi-builder-workspace/.build/checkouts/GRDB.swift/Sources/GRDBSQLite/shim.h:1:10: error: 'sqlite3.h' file not found
1 | #include <sqlite3.h>
| `- error: 'sqlite3.h' file not found
2 |
3 | typedef void(*_errorLogCallback)(void *pArg, int iErrCode, const char *zMsg);
/host/spi-builder-workspace/.build/checkouts/GRDB.swift/GRDB/Core/Configuration.swift:10:8: error: could not build C module 'GRDBSQLite'
8 | import SQLCipher
9 | #else // Default SPM trait must be the default. It impossible to detect from Xcode.
10 | import GRDBSQLite
| `- error: could not build C module 'GRDBSQLite'
11 | #endif
12 |
[132/344] Compiling GRDB WALSnapshot.swift
<module-includes>:1:10: note: in file included from <module-includes>:1:
1 | #include "shim.h"
| `- note: in file included from <module-includes>:1:
2 |
/host/spi-builder-workspace/.build/checkouts/GRDB.swift/Sources/GRDBSQLite/shim.h:1:10: error: 'sqlite3.h' file not found
1 | #include <sqlite3.h>
| `- error: 'sqlite3.h' file not found
2 |
3 | typedef void(*_errorLogCallback)(void *pArg, int iErrCode, const char *zMsg);
/host/spi-builder-workspace/.build/checkouts/GRDB.swift/GRDB/Core/Configuration.swift:10:8: error: could not build C module 'GRDBSQLite'
8 | import SQLCipher
9 | #else // Default SPM trait must be the default. It impossible to detect from Xcode.
10 | import GRDBSQLite
| `- error: could not build C module 'GRDBSQLite'
11 | #endif
12 |
[133/344] Compiling GRDB WALSnapshotTransaction.swift
<module-includes>:1:10: note: in file included from <module-includes>:1:
1 | #include "shim.h"
| `- note: in file included from <module-includes>:1:
2 |
/host/spi-builder-workspace/.build/checkouts/GRDB.swift/Sources/GRDBSQLite/shim.h:1:10: error: 'sqlite3.h' file not found
1 | #include <sqlite3.h>
| `- error: 'sqlite3.h' file not found
2 |
3 | typedef void(*_errorLogCallback)(void *pArg, int iErrCode, const char *zMsg);
/host/spi-builder-workspace/.build/checkouts/GRDB.swift/GRDB/Core/Configuration.swift:10:8: error: could not build C module 'GRDBSQLite'
8 | import SQLCipher
9 | #else // Default SPM trait must be the default. It impossible to detect from Xcode.
10 | import GRDBSQLite
| `- error: could not build C module 'GRDBSQLite'
11 | #endif
12 |
[134/344] Compiling GRDB Database+Dump.swift
<module-includes>:1:10: note: in file included from <module-includes>:1:
1 | #include "shim.h"
| `- note: in file included from <module-includes>:1:
2 |
/host/spi-builder-workspace/.build/checkouts/GRDB.swift/Sources/GRDBSQLite/shim.h:1:10: error: 'sqlite3.h' file not found
1 | #include <sqlite3.h>
| `- error: 'sqlite3.h' file not found
2 |
3 | typedef void(*_errorLogCallback)(void *pArg, int iErrCode, const char *zMsg);
/host/spi-builder-workspace/.build/checkouts/GRDB.swift/GRDB/Core/Configuration.swift:10:8: error: could not build C module 'GRDBSQLite'
8 | import SQLCipher
9 | #else // Default SPM trait must be the default. It impossible to detect from Xcode.
10 | import GRDBSQLite
| `- error: could not build C module 'GRDBSQLite'
11 | #endif
12 |
[135/344] Compiling GRDB DatabaseReader+dump.swift
<module-includes>:1:10: note: in file included from <module-includes>:1:
1 | #include "shim.h"
| `- note: in file included from <module-includes>:1:
2 |
/host/spi-builder-workspace/.build/checkouts/GRDB.swift/Sources/GRDBSQLite/shim.h:1:10: error: 'sqlite3.h' file not found
1 | #include <sqlite3.h>
| `- error: 'sqlite3.h' file not found
2 |
3 | typedef void(*_errorLogCallback)(void *pArg, int iErrCode, const char *zMsg);
/host/spi-builder-workspace/.build/checkouts/GRDB.swift/GRDB/Core/Configuration.swift:10:8: error: could not build C module 'GRDBSQLite'
8 | import SQLCipher
9 | #else // Default SPM trait must be the default. It impossible to detect from Xcode.
10 | import GRDBSQLite
| `- error: could not build C module 'GRDBSQLite'
11 | #endif
12 |
[136/344] Compiling GRDB DumpFormat.swift
<module-includes>:1:10: note: in file included from <module-includes>:1:
1 | #include "shim.h"
| `- note: in file included from <module-includes>:1:
2 |
/host/spi-builder-workspace/.build/checkouts/GRDB.swift/Sources/GRDBSQLite/shim.h:1:10: error: 'sqlite3.h' file not found
1 | #include <sqlite3.h>
| `- error: 'sqlite3.h' file not found
2 |
3 | typedef void(*_errorLogCallback)(void *pArg, int iErrCode, const char *zMsg);
/host/spi-builder-workspace/.build/checkouts/GRDB.swift/GRDB/Core/Configuration.swift:10:8: error: could not build C module 'GRDBSQLite'
8 | import SQLCipher
9 | #else // Default SPM trait must be the default. It impossible to detect from Xcode.
10 | import GRDBSQLite
| `- error: could not build C module 'GRDBSQLite'
11 | #endif
12 |
[137/344] Compiling GRDB DebugDumpFormat.swift
<module-includes>:1:10: note: in file included from <module-includes>:1:
1 | #include "shim.h"
| `- note: in file included from <module-includes>:1:
2 |
/host/spi-builder-workspace/.build/checkouts/GRDB.swift/Sources/GRDBSQLite/shim.h:1:10: error: 'sqlite3.h' file not found
1 | #include <sqlite3.h>
| `- error: 'sqlite3.h' file not found
2 |
3 | typedef void(*_errorLogCallback)(void *pArg, int iErrCode, const char *zMsg);
/host/spi-builder-workspace/.build/checkouts/GRDB.swift/GRDB/Core/Configuration.swift:10:8: error: could not build C module 'GRDBSQLite'
8 | import SQLCipher
9 | #else // Default SPM trait must be the default. It impossible to detect from Xcode.
10 | import GRDBSQLite
| `- error: could not build C module 'GRDBSQLite'
11 | #endif
12 |
[138/344] Compiling GRDB DatabaseValueConvertible.swift
<module-includes>:1:10: note: in file included from <module-includes>:1:
1 | #include "shim.h"
| `- note: in file included from <module-includes>:1:
2 |
/host/spi-builder-workspace/.build/checkouts/GRDB.swift/Sources/GRDBSQLite/shim.h:1:10: error: 'sqlite3.h' file not found
1 | #include <sqlite3.h>
| `- error: 'sqlite3.h' file not found
2 |
3 | typedef void(*_errorLogCallback)(void *pArg, int iErrCode, const char *zMsg);
/host/spi-builder-workspace/.build/checkouts/GRDB.swift/GRDB/Core/Configuration.swift:10:8: error: could not build C module 'GRDBSQLite'
8 | import SQLCipher
9 | #else // Default SPM trait must be the default. It impossible to detect from Xcode.
10 | import GRDBSQLite
| `- error: could not build C module 'GRDBSQLite'
11 | #endif
12 |
[139/344] Compiling GRDB DatabaseWriter.swift
<module-includes>:1:10: note: in file included from <module-includes>:1:
1 | #include "shim.h"
| `- note: in file included from <module-includes>:1:
2 |
/host/spi-builder-workspace/.build/checkouts/GRDB.swift/Sources/GRDBSQLite/shim.h:1:10: error: 'sqlite3.h' file not found
1 | #include <sqlite3.h>
| `- error: 'sqlite3.h' file not found
2 |
3 | typedef void(*_errorLogCallback)(void *pArg, int iErrCode, const char *zMsg);
/host/spi-builder-workspace/.build/checkouts/GRDB.swift/GRDB/Core/Configuration.swift:10:8: error: could not build C module 'GRDBSQLite'
8 | import SQLCipher
9 | #else // Default SPM trait must be the default. It impossible to detect from Xcode.
10 | import GRDBSQLite
| `- error: could not build C module 'GRDBSQLite'
11 | #endif
12 |
[140/344] Compiling GRDB DispatchQueueActor.swift
<module-includes>:1:10: note: in file included from <module-includes>:1:
1 | #include "shim.h"
| `- note: in file included from <module-includes>:1:
2 |
/host/spi-builder-workspace/.build/checkouts/GRDB.swift/Sources/GRDBSQLite/shim.h:1:10: error: 'sqlite3.h' file not found
1 | #include <sqlite3.h>
| `- error: 'sqlite3.h' file not found
2 |
3 | typedef void(*_errorLogCallback)(void *pArg, int iErrCode, const char *zMsg);
/host/spi-builder-workspace/.build/checkouts/GRDB.swift/GRDB/Core/Configuration.swift:10:8: error: could not build C module 'GRDBSQLite'
8 | import SQLCipher
9 | #else // Default SPM trait must be the default. It impossible to detect from Xcode.
10 | import GRDBSQLite
| `- error: could not build C module 'GRDBSQLite'
11 | #endif
12 |
[141/344] Compiling GRDB FetchRequest.swift
<module-includes>:1:10: note: in file included from <module-includes>:1:
1 | #include "shim.h"
| `- note: in file included from <module-includes>:1:
2 |
/host/spi-builder-workspace/.build/checkouts/GRDB.swift/Sources/GRDBSQLite/shim.h:1:10: error: 'sqlite3.h' file not found
1 | #include <sqlite3.h>
| `- error: 'sqlite3.h' file not found
2 |
3 | typedef void(*_errorLogCallback)(void *pArg, int iErrCode, const char *zMsg);
/host/spi-builder-workspace/.build/checkouts/GRDB.swift/GRDB/Core/Configuration.swift:10:8: error: could not build C module 'GRDBSQLite'
8 | import SQLCipher
9 | #else // Default SPM trait must be the default. It impossible to detect from Xcode.
10 | import GRDBSQLite
| `- error: could not build C module 'GRDBSQLite'
11 | #endif
12 |
[142/344] Compiling GRDB Row.swift
<module-includes>:1:10: note: in file included from <module-includes>:1:
1 | #include "shim.h"
| `- note: in file included from <module-includes>:1:
2 |
/host/spi-builder-workspace/.build/checkouts/GRDB.swift/Sources/GRDBSQLite/shim.h:1:10: error: 'sqlite3.h' file not found
1 | #include <sqlite3.h>
| `- error: 'sqlite3.h' file not found
2 |
3 | typedef void(*_errorLogCallback)(void *pArg, int iErrCode, const char *zMsg);
/host/spi-builder-workspace/.build/checkouts/GRDB.swift/GRDB/Core/Configuration.swift:10:8: error: could not build C module 'GRDBSQLite'
8 | import SQLCipher
9 | #else // Default SPM trait must be the default. It impossible to detect from Xcode.
10 | import GRDBSQLite
| `- error: could not build C module 'GRDBSQLite'
11 | #endif
12 |
[143/344] Compiling GRDB RowAdapter.swift
<module-includes>:1:10: note: in file included from <module-includes>:1:
1 | #include "shim.h"
| `- note: in file included from <module-includes>:1:
2 |
/host/spi-builder-workspace/.build/checkouts/GRDB.swift/Sources/GRDBSQLite/shim.h:1:10: error: 'sqlite3.h' file not found
1 | #include <sqlite3.h>
| `- error: 'sqlite3.h' file not found
2 |
3 | typedef void(*_errorLogCallback)(void *pArg, int iErrCode, const char *zMsg);
/host/spi-builder-workspace/.build/checkouts/GRDB.swift/GRDB/Core/Configuration.swift:10:8: error: could not build C module 'GRDBSQLite'
8 | import SQLCipher
9 | #else // Default SPM trait must be the default. It impossible to detect from Xcode.
10 | import GRDBSQLite
| `- error: could not build C module 'GRDBSQLite'
11 | #endif
12 |
[144/344] Compiling GRDB RowDecodingError.swift
<module-includes>:1:10: note: in file included from <module-includes>:1:
1 | #include "shim.h"
| `- note: in file included from <module-includes>:1:
2 |
/host/spi-builder-workspace/.build/checkouts/GRDB.swift/Sources/GRDBSQLite/shim.h:1:10: error: 'sqlite3.h' file not found
1 | #include <sqlite3.h>
| `- error: 'sqlite3.h' file not found
2 |
3 | typedef void(*_errorLogCallback)(void *pArg, int iErrCode, const char *zMsg);
/host/spi-builder-workspace/.build/checkouts/GRDB.swift/GRDB/Core/Configuration.swift:10:8: error: could not build C module 'GRDBSQLite'
8 | import SQLCipher
9 | #else // Default SPM trait must be the default. It impossible to detect from Xcode.
10 | import GRDBSQLite
| `- error: could not build C module 'GRDBSQLite'
11 | #endif
12 |
[145/344] Compiling GRDB SQL.swift
<module-includes>:1:10: note: in file included from <module-includes>:1:
1 | #include "shim.h"
| `- note: in file included from <module-includes>:1:
2 |
/host/spi-builder-workspace/.build/checkouts/GRDB.swift/Sources/GRDBSQLite/shim.h:1:10: error: 'sqlite3.h' file not found
1 | #include <sqlite3.h>
| `- error: 'sqlite3.h' file not found
2 |
3 | typedef void(*_errorLogCallback)(void *pArg, int iErrCode, const char *zMsg);
/host/spi-builder-workspace/.build/checkouts/GRDB.swift/GRDB/Core/Configuration.swift:10:8: error: could not build C module 'GRDBSQLite'
8 | import SQLCipher
9 | #else // Default SPM trait must be the default. It impossible to detect from Xcode.
10 | import GRDBSQLite
| `- error: could not build C module 'GRDBSQLite'
11 | #endif
12 |
[146/344] Compiling GRDB SQLInterpolation.swift
<module-includes>:1:10: note: in file included from <module-includes>:1:
1 | #include "shim.h"
| `- note: in file included from <module-includes>:1:
2 |
/host/spi-builder-workspace/.build/checkouts/GRDB.swift/Sources/GRDBSQLite/shim.h:1:10: error: 'sqlite3.h' file not found
1 | #include <sqlite3.h>
| `- error: 'sqlite3.h' file not found
2 |
3 | typedef void(*_errorLogCallback)(void *pArg, int iErrCode, const char *zMsg);
/host/spi-builder-workspace/.build/checkouts/GRDB.swift/GRDB/Core/Configuration.swift:10:8: error: could not build C module 'GRDBSQLite'
8 | import SQLCipher
9 | #else // Default SPM trait must be the default. It impossible to detect from Xcode.
10 | import GRDBSQLite
| `- error: could not build C module 'GRDBSQLite'
11 | #endif
12 |
[147/344] Compiling GRDB SQLRequest.swift
<module-includes>:1:10: note: in file included from <module-includes>:1:
1 | #include "shim.h"
| `- note: in file included from <module-includes>:1:
2 |
/host/spi-builder-workspace/.build/checkouts/GRDB.swift/Sources/GRDBSQLite/shim.h:1:10: error: 'sqlite3.h' file not found
1 | #include <sqlite3.h>
| `- error: 'sqlite3.h' file not found
2 |
3 | typedef void(*_errorLogCallback)(void *pArg, int iErrCode, const char *zMsg);
/host/spi-builder-workspace/.build/checkouts/GRDB.swift/GRDB/Core/Configuration.swift:10:8: error: could not build C module 'GRDBSQLite'
8 | import SQLCipher
9 | #else // Default SPM trait must be the default. It impossible to detect from Xcode.
10 | import GRDBSQLite
| `- error: could not build C module 'GRDBSQLite'
11 | #endif
12 |
[148/344] Compiling GRDB SchedulingWatchdog.swift
<module-includes>:1:10: note: in file included from <module-includes>:1:
1 | #include "shim.h"
| `- note: in file included from <module-includes>:1:
2 |
/host/spi-builder-workspace/.build/checkouts/GRDB.swift/Sources/GRDBSQLite/shim.h:1:10: error: 'sqlite3.h' file not found
1 | #include <sqlite3.h>
| `- error: 'sqlite3.h' file not found
2 |
3 | typedef void(*_errorLogCallback)(void *pArg, int iErrCode, const char *zMsg);
/host/spi-builder-workspace/.build/checkouts/GRDB.swift/GRDB/Core/Configuration.swift:10:8: error: could not build C module 'GRDBSQLite'
8 | import SQLCipher
9 | #else // Default SPM trait must be the default. It impossible to detect from Xcode.
10 | import GRDBSQLite
| `- error: could not build C module 'GRDBSQLite'
11 | #endif
12 |
[149/344] Compiling GRDB SerializedDatabase.swift
<module-includes>:1:10: note: in file included from <module-includes>:1:
1 | #include "shim.h"
| `- note: in file included from <module-includes>:1:
2 |
/host/spi-builder-workspace/.build/checkouts/GRDB.swift/Sources/GRDBSQLite/shim.h:1:10: error: 'sqlite3.h' file not found
1 | #include <sqlite3.h>
| `- error: 'sqlite3.h' file not found
2 |
3 | typedef void(*_errorLogCallback)(void *pArg, int iErrCode, const char *zMsg);
/host/spi-builder-workspace/.build/checkouts/GRDB.swift/GRDB/Core/Configuration.swift:10:8: error: could not build C module 'GRDBSQLite'
8 | import SQLCipher
9 | #else // Default SPM trait must be the default. It impossible to detect from Xcode.
10 | import GRDBSQLite
| `- error: could not build C module 'GRDBSQLite'
11 | #endif
12 |
[150/344] Compiling GRDB Statement.swift
<module-includes>:1:10: note: in file included from <module-includes>:1:
1 | #include "shim.h"
| `- note: in file included from <module-includes>:1:
2 |
/host/spi-builder-workspace/.build/checkouts/GRDB.swift/Sources/GRDBSQLite/shim.h:1:10: error: 'sqlite3.h' file not found
1 | #include <sqlite3.h>
| `- error: 'sqlite3.h' file not found
2 |
3 | typedef void(*_errorLogCallback)(void *pArg, int iErrCode, const char *zMsg);
/host/spi-builder-workspace/.build/checkouts/GRDB.swift/GRDB/Core/Configuration.swift:10:8: error: could not build C module 'GRDBSQLite'
8 | import SQLCipher
9 | #else // Default SPM trait must be the default. It impossible to detect from Xcode.
10 | import GRDBSQLite
| `- error: could not build C module 'GRDBSQLite'
11 | #endif
12 |
[151/344] Compiling GRDB StatementAuthorizer.swift
<module-includes>:1:10: note: in file included from <module-includes>:1:
1 | #include "shim.h"
| `- note: in file included from <module-includes>:1:
2 |
/host/spi-builder-workspace/.build/checkouts/GRDB.swift/Sources/GRDBSQLite/shim.h:1:10: error: 'sqlite3.h' file not found
1 | #include <sqlite3.h>
| `- error: 'sqlite3.h' file not found
2 |
3 | typedef void(*_errorLogCallback)(void *pArg, int iErrCode, const char *zMsg);
/host/spi-builder-workspace/.build/checkouts/GRDB.swift/GRDB/Core/Configuration.swift:10:8: error: could not build C module 'GRDBSQLite'
8 | import SQLCipher
9 | #else // Default SPM trait must be the default. It impossible to detect from Xcode.
10 | import GRDBSQLite
| `- error: could not build C module 'GRDBSQLite'
11 | #endif
12 |
[152/344] Compiling GRDB StatementColumnConvertible.swift
<module-includes>:1:10: note: in file included from <module-includes>:1:
1 | #include "shim.h"
| `- note: in file included from <module-includes>:1:
2 |
/host/spi-builder-workspace/.build/checkouts/GRDB.swift/Sources/GRDBSQLite/shim.h:1:10: error: 'sqlite3.h' file not found
1 | #include <sqlite3.h>
| `- error: 'sqlite3.h' file not found
2 |
3 | typedef void(*_errorLogCallback)(void *pArg, int iErrCode, const char *zMsg);
/host/spi-builder-workspace/.build/checkouts/GRDB.swift/GRDB/Core/Configuration.swift:10:8: error: could not build C module 'GRDBSQLite'
8 | import SQLCipher
9 | #else // Default SPM trait must be the default. It impossible to detect from Xcode.
10 | import GRDBSQLite
| `- error: could not build C module 'GRDBSQLite'
11 | #endif
12 |
[153/344] Compiling GRDB CGFloat.swift
<module-includes>:1:10: note: in file included from <module-includes>:1:
1 | #include "shim.h"
| `- note: in file included from <module-includes>:1:
2 |
/host/spi-builder-workspace/.build/checkouts/GRDB.swift/Sources/GRDBSQLite/shim.h:1:10: error: 'sqlite3.h' file not found
1 | #include <sqlite3.h>
| `- error: 'sqlite3.h' file not found
2 |
3 | typedef void(*_errorLogCallback)(void *pArg, int iErrCode, const char *zMsg);
/host/spi-builder-workspace/.build/checkouts/GRDB.swift/GRDB/Core/Configuration.swift:10:8: error: could not build C module 'GRDBSQLite'
8 | import SQLCipher
9 | #else // Default SPM trait must be the default. It impossible to detect from Xcode.
10 | import GRDBSQLite
| `- error: could not build C module 'GRDBSQLite'
11 | #endif
12 |
[154/344] Compiling GRDB Data.swift
<module-includes>:1:10: note: in file included from <module-includes>:1:
1 | #include "shim.h"
| `- note: in file included from <module-includes>:1:
2 |
/host/spi-builder-workspace/.build/checkouts/GRDB.swift/Sources/GRDBSQLite/shim.h:1:10: error: 'sqlite3.h' file not found
1 | #include <sqlite3.h>
| `- error: 'sqlite3.h' file not found
2 |
3 | typedef void(*_errorLogCallback)(void *pArg, int iErrCode, const char *zMsg);
/host/spi-builder-workspace/.build/checkouts/GRDB.swift/GRDB/Core/Configuration.swift:10:8: error: could not build C module 'GRDBSQLite'
8 | import SQLCipher
9 | #else // Default SPM trait must be the default. It impossible to detect from Xcode.
10 | import GRDBSQLite
| `- error: could not build C module 'GRDBSQLite'
11 | #endif
12 |
[155/344] Compiling GRDB DatabaseDateComponents.swift
<module-includes>:1:10: note: in file included from <module-includes>:1:
1 | #include "shim.h"
| `- note: in file included from <module-includes>:1:
2 |
/host/spi-builder-workspace/.build/checkouts/GRDB.swift/Sources/GRDBSQLite/shim.h:1:10: error: 'sqlite3.h' file not found
1 | #include <sqlite3.h>
| `- error: 'sqlite3.h' file not found
2 |
3 | typedef void(*_errorLogCallback)(void *pArg, int iErrCode, const char *zMsg);
/host/spi-builder-workspace/.build/checkouts/GRDB.swift/GRDB/Core/Configuration.swift:10:8: error: could not build C module 'GRDBSQLite'
8 | import SQLCipher
9 | #else // Default SPM trait must be the default. It impossible to detect from Xcode.
10 | import GRDBSQLite
| `- error: could not build C module 'GRDBSQLite'
11 | #endif
12 |
[156/344] Compiling GRDB DatabaseValueConvertible+ReferenceConvertible.swift
<module-includes>:1:10: note: in file included from <module-includes>:1:
1 | #include "shim.h"
| `- note: in file included from <module-includes>:1:
2 |
/host/spi-builder-workspace/.build/checkouts/GRDB.swift/Sources/GRDBSQLite/shim.h:1:10: error: 'sqlite3.h' file not found
1 | #include <sqlite3.h>
| `- error: 'sqlite3.h' file not found
2 |
3 | typedef void(*_errorLogCallback)(void *pArg, int iErrCode, const char *zMsg);
/host/spi-builder-workspace/.build/checkouts/GRDB.swift/GRDB/Core/Configuration.swift:10:8: error: could not build C module 'GRDBSQLite'
8 | import SQLCipher
9 | #else // Default SPM trait must be the default. It impossible to detect from Xcode.
10 | import GRDBSQLite
| `- error: could not build C module 'GRDBSQLite'
11 | #endif
12 |
[157/344] Compiling GRDB Date.swift
<module-includes>:1:10: note: in file included from <module-includes>:1:
1 | #include "shim.h"
| `- note: in file included from <module-includes>:1:
2 |
/host/spi-builder-workspace/.build/checkouts/GRDB.swift/Sources/GRDBSQLite/shim.h:1:10: error: 'sqlite3.h' file not found
1 | #include <sqlite3.h>
| `- error: 'sqlite3.h' file not found
2 |
3 | typedef void(*_errorLogCallback)(void *pArg, int iErrCode, const char *zMsg);
/host/spi-builder-workspace/.build/checkouts/GRDB.swift/GRDB/Core/Configuration.swift:10:8: error: could not build C module 'GRDBSQLite'
8 | import SQLCipher
9 | #else // Default SPM trait must be the default. It impossible to detect from Xcode.
10 | import GRDBSQLite
| `- error: could not build C module 'GRDBSQLite'
11 | #endif
12 |
[158/344] Compiling GRDB Decimal.swift
<module-includes>:1:10: note: in file included from <module-includes>:1:
1 | #include "shim.h"
| `- note: in file included from <module-includes>:1:
2 |
/host/spi-builder-workspace/.build/checkouts/GRDB.swift/Sources/GRDBSQLite/shim.h:1:10: error: 'sqlite3.h' file not found
1 | #include <sqlite3.h>
| `- error: 'sqlite3.h' file not found
2 |
3 | typedef void(*_errorLogCallback)(void *pArg, int iErrCode, const char *zMsg);
/host/spi-builder-workspace/.build/checkouts/GRDB.swift/GRDB/Core/Configuration.swift:10:8: error: could not build C module 'GRDBSQLite'
8 | import SQLCipher
9 | #else // Default SPM trait must be the default. It impossible to detect from Xcode.
10 | import GRDBSQLite
| `- error: could not build C module 'GRDBSQLite'
11 | #endif
12 |
[159/344] Compiling OrderedCollections OrderedDictionary+Deprecations.swift
<module-includes>:1:10: note: in file included from <module-includes>:1:
1 | #include "shim.h"
| `- note: in file included from <module-includes>:1:
2 |
/host/spi-builder-workspace/.build/checkouts/GRDB.swift/Sources/GRDBSQLite/shim.h:1:10: error: 'sqlite3.h' file not found
1 | #include <sqlite3.h>
| `- error: 'sqlite3.h' file not found
2 |
3 | typedef void(*_errorLogCallback)(void *pArg, int iErrCode, const char *zMsg);
/host/spi-builder-workspace/.build/checkouts/GRDB.swift/GRDB/Core/Configuration.swift:10:8: error: could not build C module 'GRDBSQLite'
8 | import SQLCipher
9 | #else // Default SPM trait must be the default. It impossible to detect from Xcode.
10 | import GRDBSQLite
| `- error: could not build C module 'GRDBSQLite'
11 | #endif
12 |
[160/344] Compiling OrderedCollections OrderedDictionary+Descriptions.swift
<module-includes>:1:10: note: in file included from <module-includes>:1:
1 | #include "shim.h"
| `- note: in file included from <module-includes>:1:
2 |
/host/spi-builder-workspace/.build/checkouts/GRDB.swift/Sources/GRDBSQLite/shim.h:1:10: error: 'sqlite3.h' file not found
1 | #include <sqlite3.h>
| `- error: 'sqlite3.h' file not found
2 |
3 | typedef void(*_errorLogCallback)(void *pArg, int iErrCode, const char *zMsg);
/host/spi-builder-workspace/.build/checkouts/GRDB.swift/GRDB/Core/Configuration.swift:10:8: error: could not build C module 'GRDBSQLite'
8 | import SQLCipher
9 | #else // Default SPM trait must be the default. It impossible to detect from Xcode.
10 | import GRDBSQLite
| `- error: could not build C module 'GRDBSQLite'
11 | #endif
12 |
[161/344] Compiling OrderedCollections OrderedDictionary+Elements.SubSequence.swift
<module-includes>:1:10: note: in file included from <module-includes>:1:
1 | #include "shim.h"
| `- note: in file included from <module-includes>:1:
2 |
/host/spi-builder-workspace/.build/checkouts/GRDB.swift/Sources/GRDBSQLite/shim.h:1:10: error: 'sqlite3.h' file not found
1 | #include <sqlite3.h>
| `- error: 'sqlite3.h' file not found
2 |
3 | typedef void(*_errorLogCallback)(void *pArg, int iErrCode, const char *zMsg);
/host/spi-builder-workspace/.build/checkouts/GRDB.swift/GRDB/Core/Configuration.swift:10:8: error: could not build C module 'GRDBSQLite'
8 | import SQLCipher
9 | #else // Default SPM trait must be the default. It impossible to detect from Xcode.
10 | import GRDBSQLite
| `- error: could not build C module 'GRDBSQLite'
11 | #endif
12 |
[162/344] Compiling OrderedCollections OrderedDictionary+Elements.swift
<module-includes>:1:10: note: in file included from <module-includes>:1:
1 | #include "shim.h"
| `- note: in file included from <module-includes>:1:
2 |
/host/spi-builder-workspace/.build/checkouts/GRDB.swift/Sources/GRDBSQLite/shim.h:1:10: error: 'sqlite3.h' file not found
1 | #include <sqlite3.h>
| `- error: 'sqlite3.h' file not found
2 |
3 | typedef void(*_errorLogCallback)(void *pArg, int iErrCode, const char *zMsg);
/host/spi-builder-workspace/.build/checkouts/GRDB.swift/GRDB/Core/Configuration.swift:10:8: error: could not build C module 'GRDBSQLite'
8 | import SQLCipher
9 | #else // Default SPM trait must be the default. It impossible to detect from Xcode.
10 | import GRDBSQLite
| `- error: could not build C module 'GRDBSQLite'
11 | #endif
12 |
[163/344] Compiling OrderedCollections OrderedDictionary+Equatable.swift
<module-includes>:1:10: note: in file included from <module-includes>:1:
1 | #include "shim.h"
| `- note: in file included from <module-includes>:1:
2 |
/host/spi-builder-workspace/.build/checkouts/GRDB.swift/Sources/GRDBSQLite/shim.h:1:10: error: 'sqlite3.h' file not found
1 | #include <sqlite3.h>
| `- error: 'sqlite3.h' file not found
2 |
3 | typedef void(*_errorLogCallback)(void *pArg, int iErrCode, const char *zMsg);
/host/spi-builder-workspace/.build/checkouts/GRDB.swift/GRDB/Core/Configuration.swift:10:8: error: could not build C module 'GRDBSQLite'
8 | import SQLCipher
9 | #else // Default SPM trait must be the default. It impossible to detect from Xcode.
10 | import GRDBSQLite
| `- error: could not build C module 'GRDBSQLite'
11 | #endif
12 |
[164/344] Compiling OrderedCollections OrderedDictionary+ExpressibleByDictionaryLiteral.swift
<module-includes>:1:10: note: in file included from <module-includes>:1:
1 | #include "shim.h"
| `- note: in file included from <module-includes>:1:
2 |
/host/spi-builder-workspace/.build/checkouts/GRDB.swift/Sources/GRDBSQLite/shim.h:1:10: error: 'sqlite3.h' file not found
1 | #include <sqlite3.h>
| `- error: 'sqlite3.h' file not found
2 |
3 | typedef void(*_errorLogCallback)(void *pArg, int iErrCode, const char *zMsg);
/host/spi-builder-workspace/.build/checkouts/GRDB.swift/GRDB/Core/Configuration.swift:10:8: error: could not build C module 'GRDBSQLite'
8 | import SQLCipher
9 | #else // Default SPM trait must be the default. It impossible to detect from Xcode.
10 | import GRDBSQLite
| `- error: could not build C module 'GRDBSQLite'
11 | #endif
12 |
[165/344] Compiling OrderedCollections OrderedSet+Partial SetAlgebra isSuperset.swift
<module-includes>:1:10: note: in file included from <module-includes>:1:
1 | #include "shim.h"
| `- note: in file included from <module-includes>:1:
2 |
/host/spi-builder-workspace/.build/checkouts/GRDB.swift/Sources/GRDBSQLite/shim.h:1:10: error: 'sqlite3.h' file not found
1 | #include <sqlite3.h>
| `- error: 'sqlite3.h' file not found
2 |
3 | typedef void(*_errorLogCallback)(void *pArg, int iErrCode, const char *zMsg);
/host/spi-builder-workspace/.build/checkouts/GRDB.swift/GRDB/Core/Configuration.swift:10:8: error: could not build C module 'GRDBSQLite'
8 | import SQLCipher
9 | #else // Default SPM trait must be the default. It impossible to detect from Xcode.
10 | import GRDBSQLite
| `- error: could not build C module 'GRDBSQLite'
11 | #endif
12 |
[166/344] Compiling OrderedCollections OrderedSet+Partial SetAlgebra subtract.swift
<module-includes>:1:10: note: in file included from <module-includes>:1:
1 | #include "shim.h"
| `- note: in file included from <module-includes>:1:
2 |
/host/spi-builder-workspace/.build/checkouts/GRDB.swift/Sources/GRDBSQLite/shim.h:1:10: error: 'sqlite3.h' file not found
1 | #include <sqlite3.h>
| `- error: 'sqlite3.h' file not found
2 |
3 | typedef void(*_errorLogCallback)(void *pArg, int iErrCode, const char *zMsg);
/host/spi-builder-workspace/.build/checkouts/GRDB.swift/GRDB/Core/Configuration.swift:10:8: error: could not build C module 'GRDBSQLite'
8 | import SQLCipher
9 | #else // Default SPM trait must be the default. It impossible to detect from Xcode.
10 | import GRDBSQLite
| `- error: could not build C module 'GRDBSQLite'
11 | #endif
12 |
[167/344] Compiling OrderedCollections OrderedSet+Partial SetAlgebra subtracting.swift
<module-includes>:1:10: note: in file included from <module-includes>:1:
1 | #include "shim.h"
| `- note: in file included from <module-includes>:1:
2 |
/host/spi-builder-workspace/.build/checkouts/GRDB.swift/Sources/GRDBSQLite/shim.h:1:10: error: 'sqlite3.h' file not found
1 | #include <sqlite3.h>
| `- error: 'sqlite3.h' file not found
2 |
3 | typedef void(*_errorLogCallback)(void *pArg, int iErrCode, const char *zMsg);
/host/spi-builder-workspace/.build/checkouts/GRDB.swift/GRDB/Core/Configuration.swift:10:8: error: could not build C module 'GRDBSQLite'
8 | import SQLCipher
9 | #else // Default SPM trait must be the default. It impossible to detect from Xcode.
10 | import GRDBSQLite
| `- error: could not build C module 'GRDBSQLite'
11 | #endif
12 |
[168/344] Compiling OrderedCollections OrderedSet+Partial SetAlgebra symmetricDifference.swift
<module-includes>:1:10: note: in file included from <module-includes>:1:
1 | #include "shim.h"
| `- note: in file included from <module-includes>:1:
2 |
/host/spi-builder-workspace/.build/checkouts/GRDB.swift/Sources/GRDBSQLite/shim.h:1:10: error: 'sqlite3.h' file not found
1 | #include <sqlite3.h>
| `- error: 'sqlite3.h' file not found
2 |
3 | typedef void(*_errorLogCallback)(void *pArg, int iErrCode, const char *zMsg);
/host/spi-builder-workspace/.build/checkouts/GRDB.swift/GRDB/Core/Configuration.swift:10:8: error: could not build C module 'GRDBSQLite'
8 | import SQLCipher
9 | #else // Default SPM trait must be the default. It impossible to detect from Xcode.
10 | import GRDBSQLite
| `- error: could not build C module 'GRDBSQLite'
11 | #endif
12 |
[169/344] Compiling OrderedCollections OrderedSet+Partial SetAlgebra union.swift
<module-includes>:1:10: note: in file included from <module-includes>:1:
1 | #include "shim.h"
| `- note: in file included from <module-includes>:1:
2 |
/host/spi-builder-workspace/.build/checkouts/GRDB.swift/Sources/GRDBSQLite/shim.h:1:10: error: 'sqlite3.h' file not found
1 | #include <sqlite3.h>
| `- error: 'sqlite3.h' file not found
2 |
3 | typedef void(*_errorLogCallback)(void *pArg, int iErrCode, const char *zMsg);
/host/spi-builder-workspace/.build/checkouts/GRDB.swift/GRDB/Core/Configuration.swift:10:8: error: could not build C module 'GRDBSQLite'
8 | import SQLCipher
9 | #else // Default SPM trait must be the default. It impossible to detect from Xcode.
10 | import GRDBSQLite
| `- error: could not build C module 'GRDBSQLite'
11 | #endif
12 |
[170/344] Compiling OrderedCollections OrderedSet+Partial SetAlgebra+Basics.swift
<module-includes>:1:10: note: in file included from <module-includes>:1:
1 | #include "shim.h"
| `- note: in file included from <module-includes>:1:
2 |
/host/spi-builder-workspace/.build/checkouts/GRDB.swift/Sources/GRDBSQLite/shim.h:1:10: error: 'sqlite3.h' file not found
1 | #include <sqlite3.h>
| `- error: 'sqlite3.h' file not found
2 |
3 | typedef void(*_errorLogCallback)(void *pArg, int iErrCode, const char *zMsg);
/host/spi-builder-workspace/.build/checkouts/GRDB.swift/GRDB/Core/Configuration.swift:10:8: error: could not build C module 'GRDBSQLite'
8 | import SQLCipher
9 | #else // Default SPM trait must be the default. It impossible to detect from Xcode.
10 | import GRDBSQLite
| `- error: could not build C module 'GRDBSQLite'
11 | #endif
12 |
[171/344] Compiling OrderedCollections OrderedSet+RandomAccessCollection.swift
<module-includes>:1:10: note: in file included from <module-includes>:1:
1 | #include "shim.h"
| `- note: in file included from <module-includes>:1:
2 |
/host/spi-builder-workspace/.build/checkouts/GRDB.swift/Sources/GRDBSQLite/shim.h:1:10: error: 'sqlite3.h' file not found
1 | #include <sqlite3.h>
| `- error: 'sqlite3.h' file not found
2 |
3 | typedef void(*_errorLogCallback)(void *pArg, int iErrCode, const char *zMsg);
/host/spi-builder-workspace/.build/checkouts/GRDB.swift/GRDB/Core/Configuration.swift:10:8: error: could not build C module 'GRDBSQLite'
8 | import SQLCipher
9 | #else // Default SPM trait must be the default. It impossible to detect from Xcode.
10 | import GRDBSQLite
| `- error: could not build C module 'GRDBSQLite'
11 | #endif
12 |
[172/344] Compiling OrderedCollections OrderedSet+ReserveCapacity.swift
<module-includes>:1:10: note: in file included from <module-includes>:1:
1 | #include "shim.h"
| `- note: in file included from <module-includes>:1:
2 |
/host/spi-builder-workspace/.build/checkouts/GRDB.swift/Sources/GRDBSQLite/shim.h:1:10: error: 'sqlite3.h' file not found
1 | #include <sqlite3.h>
| `- error: 'sqlite3.h' file not found
2 |
3 | typedef void(*_errorLogCallback)(void *pArg, int iErrCode, const char *zMsg);
/host/spi-builder-workspace/.build/checkouts/GRDB.swift/GRDB/Core/Configuration.swift:10:8: error: could not build C module 'GRDBSQLite'
8 | import SQLCipher
9 | #else // Default SPM trait must be the default. It impossible to detect from Xcode.
10 | import GRDBSQLite
| `- error: could not build C module 'GRDBSQLite'
11 | #endif
12 |
[173/344] Compiling GRDB PersistableRecord+Save.swift
<module-includes>:1:10: note: in file included from <module-includes>:1:
1 | #include "shim.h"
| `- note: in file included from <module-includes>:1:
2 |
/host/spi-builder-workspace/.build/checkouts/GRDB.swift/Sources/GRDBSQLite/shim.h:1:10: error: 'sqlite3.h' file not found
1 | #include <sqlite3.h>
| `- error: 'sqlite3.h' file not found
2 |
3 | typedef void(*_errorLogCallback)(void *pArg, int iErrCode, const char *zMsg);
/host/spi-builder-workspace/.build/checkouts/GRDB.swift/GRDB/Core/Configuration.swift:10:8: error: could not build C module 'GRDBSQLite'
8 | import SQLCipher
9 | #else // Default SPM trait must be the default. It impossible to detect from Xcode.
10 | import GRDBSQLite
| `- error: could not build C module 'GRDBSQLite'
11 | #endif
12 |
[174/344] Compiling GRDB PersistableRecord+Upsert.swift
<module-includes>:1:10: note: in file included from <module-includes>:1:
1 | #include "shim.h"
| `- note: in file included from <module-includes>:1:
2 |
/host/spi-builder-workspace/.build/checkouts/GRDB.swift/Sources/GRDBSQLite/shim.h:1:10: error: 'sqlite3.h' file not found
1 | #include <sqlite3.h>
| `- error: 'sqlite3.h' file not found
2 |
3 | typedef void(*_errorLogCallback)(void *pArg, int iErrCode, const char *zMsg);
/host/spi-builder-workspace/.build/checkouts/GRDB.swift/GRDB/Core/Configuration.swift:10:8: error: could not build C module 'GRDBSQLite'
8 | import SQLCipher
9 | #else // Default SPM trait must be the default. It impossible to detect from Xcode.
10 | import GRDBSQLite
| `- error: could not build C module 'GRDBSQLite'
11 | #endif
12 |
[175/344] Compiling GRDB PersistableRecord.swift
<module-includes>:1:10: note: in file included from <module-includes>:1:
1 | #include "shim.h"
| `- note: in file included from <module-includes>:1:
2 |
/host/spi-builder-workspace/.build/checkouts/GRDB.swift/Sources/GRDBSQLite/shim.h:1:10: error: 'sqlite3.h' file not found
1 | #include <sqlite3.h>
| `- error: 'sqlite3.h' file not found
2 |
3 | typedef void(*_errorLogCallback)(void *pArg, int iErrCode, const char *zMsg);
/host/spi-builder-workspace/.build/checkouts/GRDB.swift/GRDB/Core/Configuration.swift:10:8: error: could not build C module 'GRDBSQLite'
8 | import SQLCipher
9 | #else // Default SPM trait must be the default. It impossible to detect from Xcode.
10 | import GRDBSQLite
| `- error: could not build C module 'GRDBSQLite'
11 | #endif
12 |
[176/344] Compiling GRDB Record.swift
<module-includes>:1:10: note: in file included from <module-includes>:1:
1 | #include "shim.h"
| `- note: in file included from <module-includes>:1:
2 |
/host/spi-builder-workspace/.build/checkouts/GRDB.swift/Sources/GRDBSQLite/shim.h:1:10: error: 'sqlite3.h' file not found
1 | #include <sqlite3.h>
| `- error: 'sqlite3.h' file not found
2 |
3 | typedef void(*_errorLogCallback)(void *pArg, int iErrCode, const char *zMsg);
/host/spi-builder-workspace/.build/checkouts/GRDB.swift/GRDB/Core/Configuration.swift:10:8: error: could not build C module 'GRDBSQLite'
8 | import SQLCipher
9 | #else // Default SPM trait must be the default. It impossible to detect from Xcode.
10 | import GRDBSQLite
| `- error: could not build C module 'GRDBSQLite'
11 | #endif
12 |
[177/344] Compiling GRDB TableRecord.swift
<module-includes>:1:10: note: in file included from <module-includes>:1:
1 | #include "shim.h"
| `- note: in file included from <module-includes>:1:
2 |
/host/spi-builder-workspace/.build/checkouts/GRDB.swift/Sources/GRDBSQLite/shim.h:1:10: error: 'sqlite3.h' file not found
1 | #include <sqlite3.h>
| `- error: 'sqlite3.h' file not found
2 |
3 | typedef void(*_errorLogCallback)(void *pArg, int iErrCode, const char *zMsg);
/host/spi-builder-workspace/.build/checkouts/GRDB.swift/GRDB/Core/Configuration.swift:10:8: error: could not build C module 'GRDBSQLite'
8 | import SQLCipher
9 | #else // Default SPM trait must be the default. It impossible to detect from Xcode.
10 | import GRDBSQLite
| `- error: could not build C module 'GRDBSQLite'
11 | #endif
12 |
[178/344] Compiling GRDB CaseInsensitiveIdentifier.swift
<module-includes>:1:10: note: in file included from <module-includes>:1:
1 | #include "shim.h"
| `- note: in file included from <module-includes>:1:
2 |
/host/spi-builder-workspace/.build/checkouts/GRDB.swift/Sources/GRDBSQLite/shim.h:1:10: error: 'sqlite3.h' file not found
1 | #include <sqlite3.h>
| `- error: 'sqlite3.h' file not found
2 |
3 | typedef void(*_errorLogCallback)(void *pArg, int iErrCode, const char *zMsg);
/host/spi-builder-workspace/.build/checkouts/GRDB.swift/GRDB/Core/Configuration.swift:10:8: error: could not build C module 'GRDBSQLite'
8 | import SQLCipher
9 | #else // Default SPM trait must be the default. It impossible to detect from Xcode.
10 | import GRDBSQLite
| `- error: could not build C module 'GRDBSQLite'
11 | #endif
12 |
[179/344] Compiling GRDB Inflections+English.swift
<module-includes>:1:10: note: in file included from <module-includes>:1:
1 | #include "shim.h"
| `- note: in file included from <module-includes>:1:
2 |
/host/spi-builder-workspace/.build/checkouts/GRDB.swift/Sources/GRDBSQLite/shim.h:1:10: error: 'sqlite3.h' file not found
1 | #include <sqlite3.h>
| `- error: 'sqlite3.h' file not found
2 |
3 | typedef void(*_errorLogCallback)(void *pArg, int iErrCode, const char *zMsg);
/host/spi-builder-workspace/.build/checkouts/GRDB.swift/GRDB/Core/Configuration.swift:10:8: error: could not build C module 'GRDBSQLite'
8 | import SQLCipher
9 | #else // Default SPM trait must be the default. It impossible to detect from Xcode.
10 | import GRDBSQLite
| `- error: could not build C module 'GRDBSQLite'
11 | #endif
12 |
[180/364] Emitting module UnixSignals
[181/364] Compiling UnixSignals UnixSignal.swift
[182/364] Compiling DequeModule Deque+Extras.swift
<module-includes>:1:10: note: in file included from <module-includes>:1:
1 | #include "shim.h"
| `- note: in file included from <module-includes>:1:
2 |
/host/spi-builder-workspace/.build/checkouts/GRDB.swift/Sources/GRDBSQLite/shim.h:1:10: error: 'sqlite3.h' file not found
1 | #include <sqlite3.h>
| `- error: 'sqlite3.h' file not found
2 |
3 | typedef void(*_errorLogCallback)(void *pArg, int iErrCode, const char *zMsg);
/host/spi-builder-workspace/.build/checkouts/GRDB.swift/GRDB/Core/Configuration.swift:10:8: error: could not build C module 'GRDBSQLite'
8 | import SQLCipher
9 | #else // Default SPM trait must be the default. It impossible to detect from Xcode.
10 | import GRDBSQLite
| `- error: could not build C module 'GRDBSQLite'
11 | #endif
12 |
[183/364] Compiling DequeModule Deque+Hashable.swift
<module-includes>:1:10: note: in file included from <module-includes>:1:
1 | #include "shim.h"
| `- note: in file included from <module-includes>:1:
2 |
/host/spi-builder-workspace/.build/checkouts/GRDB.swift/Sources/GRDBSQLite/shim.h:1:10: error: 'sqlite3.h' file not found
1 | #include <sqlite3.h>
| `- error: 'sqlite3.h' file not found
2 |
3 | typedef void(*_errorLogCallback)(void *pArg, int iErrCode, const char *zMsg);
/host/spi-builder-workspace/.build/checkouts/GRDB.swift/GRDB/Core/Configuration.swift:10:8: error: could not build C module 'GRDBSQLite'
8 | import SQLCipher
9 | #else // Default SPM trait must be the default. It impossible to detect from Xcode.
10 | import GRDBSQLite
| `- error: could not build C module 'GRDBSQLite'
11 | #endif
12 |
[184/364] Compiling DequeModule Deque+Testing.swift
<module-includes>:1:10: note: in file included from <module-includes>:1:
1 | #include "shim.h"
| `- note: in file included from <module-includes>:1:
2 |
/host/spi-builder-workspace/.build/checkouts/GRDB.swift/Sources/GRDBSQLite/shim.h:1:10: error: 'sqlite3.h' file not found
1 | #include <sqlite3.h>
| `- error: 'sqlite3.h' file not found
2 |
3 | typedef void(*_errorLogCallback)(void *pArg, int iErrCode, const char *zMsg);
/host/spi-builder-workspace/.build/checkouts/GRDB.swift/GRDB/Core/Configuration.swift:10:8: error: could not build C module 'GRDBSQLite'
8 | import SQLCipher
9 | #else // Default SPM trait must be the default. It impossible to detect from Xcode.
10 | import GRDBSQLite
| `- error: could not build C module 'GRDBSQLite'
11 | #endif
12 |
[185/364] Compiling DequeModule Deque._Storage.swift
<module-includes>:1:10: note: in file included from <module-includes>:1:
1 | #include "shim.h"
| `- note: in file included from <module-includes>:1:
2 |
/host/spi-builder-workspace/.build/checkouts/GRDB.swift/Sources/GRDBSQLite/shim.h:1:10: error: 'sqlite3.h' file not found
1 | #include <sqlite3.h>
| `- error: 'sqlite3.h' file not found
2 |
3 | typedef void(*_errorLogCallback)(void *pArg, int iErrCode, const char *zMsg);
/host/spi-builder-workspace/.build/checkouts/GRDB.swift/GRDB/Core/Configuration.swift:10:8: error: could not build C module 'GRDBSQLite'
8 | import SQLCipher
9 | #else // Default SPM trait must be the default. It impossible to detect from Xcode.
10 | import GRDBSQLite
| `- error: could not build C module 'GRDBSQLite'
11 | #endif
12 |
[186/364] Compiling DequeModule Deque._UnsafeHandle.swift
<module-includes>:1:10: note: in file included from <module-includes>:1:
1 | #include "shim.h"
| `- note: in file included from <module-includes>:1:
2 |
/host/spi-builder-workspace/.build/checkouts/GRDB.swift/Sources/GRDBSQLite/shim.h:1:10: error: 'sqlite3.h' file not found
1 | #include <sqlite3.h>
| `- error: 'sqlite3.h' file not found
2 |
3 | typedef void(*_errorLogCallback)(void *pArg, int iErrCode, const char *zMsg);
/host/spi-builder-workspace/.build/checkouts/GRDB.swift/GRDB/Core/Configuration.swift:10:8: error: could not build C module 'GRDBSQLite'
8 | import SQLCipher
9 | #else // Default SPM trait must be the default. It impossible to detect from Xcode.
10 | import GRDBSQLite
| `- error: could not build C module 'GRDBSQLite'
11 | #endif
12 |
[187/364] Compiling DequeModule Deque.swift
<module-includes>:1:10: note: in file included from <module-includes>:1:
1 | #include "shim.h"
| `- note: in file included from <module-includes>:1:
2 |
/host/spi-builder-workspace/.build/checkouts/GRDB.swift/Sources/GRDBSQLite/shim.h:1:10: error: 'sqlite3.h' file not found
1 | #include <sqlite3.h>
| `- error: 'sqlite3.h' file not found
2 |
3 | typedef void(*_errorLogCallback)(void *pArg, int iErrCode, const char *zMsg);
/host/spi-builder-workspace/.build/checkouts/GRDB.swift/GRDB/Core/Configuration.swift:10:8: error: could not build C module 'GRDBSQLite'
8 | import SQLCipher
9 | #else // Default SPM trait must be the default. It impossible to detect from Xcode.
10 | import GRDBSQLite
| `- error: could not build C module 'GRDBSQLite'
11 | #endif
12 |
[188/364] Compiling DequeModule RigidDeque+Equatable.swift
<module-includes>:1:10: note: in file included from <module-includes>:1:
1 | #include "shim.h"
| `- note: in file included from <module-includes>:1:
2 |
/host/spi-builder-workspace/.build/checkouts/GRDB.swift/Sources/GRDBSQLite/shim.h:1:10: error: 'sqlite3.h' file not found
1 | #include <sqlite3.h>
| `- error: 'sqlite3.h' file not found
2 |
3 | typedef void(*_errorLogCallback)(void *pArg, int iErrCode, const char *zMsg);
/host/spi-builder-workspace/.build/checkouts/GRDB.swift/GRDB/Core/Configuration.swift:10:8: error: could not build C module 'GRDBSQLite'
8 | import SQLCipher
9 | #else // Default SPM trait must be the default. It impossible to detect from Xcode.
10 | import GRDBSQLite
| `- error: could not build C module 'GRDBSQLite'
11 | #endif
12 |
[189/364] Compiling DequeModule RigidDeque+Experimental.swift
<module-includes>:1:10: note: in file included from <module-includes>:1:
1 | #include "shim.h"
| `- note: in file included from <module-includes>:1:
2 |
/host/spi-builder-workspace/.build/checkouts/GRDB.swift/Sources/GRDBSQLite/shim.h:1:10: error: 'sqlite3.h' file not found
1 | #include <sqlite3.h>
| `- error: 'sqlite3.h' file not found
2 |
3 | typedef void(*_errorLogCallback)(void *pArg, int iErrCode, const char *zMsg);
/host/spi-builder-workspace/.build/checkouts/GRDB.swift/GRDB/Core/Configuration.swift:10:8: error: could not build C module 'GRDBSQLite'
8 | import SQLCipher
9 | #else // Default SPM trait must be the default. It impossible to detect from Xcode.
10 | import GRDBSQLite
| `- error: could not build C module 'GRDBSQLite'
11 | #endif
12 |
[190/364] Compiling DequeModule RigidDeque+Hashable.swift
<module-includes>:1:10: note: in file included from <module-includes>:1:
1 | #include "shim.h"
| `- note: in file included from <module-includes>:1:
2 |
/host/spi-builder-workspace/.build/checkouts/GRDB.swift/Sources/GRDBSQLite/shim.h:1:10: error: 'sqlite3.h' file not found
1 | #include <sqlite3.h>
| `- error: 'sqlite3.h' file not found
2 |
3 | typedef void(*_errorLogCallback)(void *pArg, int iErrCode, const char *zMsg);
/host/spi-builder-workspace/.build/checkouts/GRDB.swift/GRDB/Core/Configuration.swift:10:8: error: could not build C module 'GRDBSQLite'
8 | import SQLCipher
9 | #else // Default SPM trait must be the default. It impossible to detect from Xcode.
10 | import GRDBSQLite
| `- error: could not build C module 'GRDBSQLite'
11 | #endif
12 |
[191/364] Compiling DequeModule RigidDeque+Initializers.swift
<module-includes>:1:10: note: in file included from <module-includes>:1:
1 | #include "shim.h"
| `- note: in file included from <module-includes>:1:
2 |
/host/spi-builder-workspace/.build/checkouts/GRDB.swift/Sources/GRDBSQLite/shim.h:1:10: error: 'sqlite3.h' file not found
1 | #include <sqlite3.h>
| `- error: 'sqlite3.h' file not found
2 |
3 | typedef void(*_errorLogCallback)(void *pArg, int iErrCode, const char *zMsg);
/host/spi-builder-workspace/.build/checkouts/GRDB.swift/GRDB/Core/Configuration.swift:10:8: error: could not build C module 'GRDBSQLite'
8 | import SQLCipher
9 | #else // Default SPM trait must be the default. It impossible to detect from Xcode.
10 | import GRDBSQLite
| `- error: could not build C module 'GRDBSQLite'
11 | #endif
12 |
[192/364] Compiling DequeModule RigidDeque+Insertions.swift
<module-includes>:1:10: note: in file included from <module-includes>:1:
1 | #include "shim.h"
| `- note: in file included from <module-includes>:1:
2 |
/host/spi-builder-workspace/.build/checkouts/GRDB.swift/Sources/GRDBSQLite/shim.h:1:10: error: 'sqlite3.h' file not found
1 | #include <sqlite3.h>
| `- error: 'sqlite3.h' file not found
2 |
3 | typedef void(*_errorLogCallback)(void *pArg, int iErrCode, const char *zMsg);
/host/spi-builder-workspace/.build/checkouts/GRDB.swift/GRDB/Core/Configuration.swift:10:8: error: could not build C module 'GRDBSQLite'
8 | import SQLCipher
9 | #else // Default SPM trait must be the default. It impossible to detect from Xcode.
10 | import GRDBSQLite
| `- error: could not build C module 'GRDBSQLite'
11 | #endif
12 |
[193/364] Compiling DequeModule RigidDeque+Prepend.swift
<module-includes>:1:10: note: in file included from <module-includes>:1:
1 | #include "shim.h"
| `- note: in file included from <module-includes>:1:
2 |
/host/spi-builder-workspace/.build/checkouts/GRDB.swift/Sources/GRDBSQLite/shim.h:1:10: error: 'sqlite3.h' file not found
1 | #include <sqlite3.h>
| `- error: 'sqlite3.h' file not found
2 |
3 | typedef void(*_errorLogCallback)(void *pArg, int iErrCode, const char *zMsg);
/host/spi-builder-workspace/.build/checkouts/GRDB.swift/GRDB/Core/Configuration.swift:10:8: error: could not build C module 'GRDBSQLite'
8 | import SQLCipher
9 | #else // Default SPM trait must be the default. It impossible to detect from Xcode.
10 | import GRDBSQLite
| `- error: could not build C module 'GRDBSQLite'
11 | #endif
12 |
[194/364] Compiling DequeModule Deque+Codable.swift
<module-includes>:1:10: note: in file included from <module-includes>:1:
1 | #include "shim.h"
| `- note: in file included from <module-includes>:1:
2 |
/host/spi-builder-workspace/.build/checkouts/GRDB.swift/Sources/GRDBSQLite/shim.h:1:10: error: 'sqlite3.h' file not found
1 | #include <sqlite3.h>
| `- error: 'sqlite3.h' file not found
2 |
3 | typedef void(*_errorLogCallback)(void *pArg, int iErrCode, const char *zMsg);
/host/spi-builder-workspace/.build/checkouts/GRDB.swift/GRDB/Core/Configuration.swift:10:8: error: could not build C module 'GRDBSQLite'
8 | import SQLCipher
9 | #else // Default SPM trait must be the default. It impossible to detect from Xcode.
10 | import GRDBSQLite
| `- error: could not build C module 'GRDBSQLite'
11 | #endif
12 |
[195/364] Compiling DequeModule Deque+Collection.swift
<module-includes>:1:10: note: in file included from <module-includes>:1:
1 | #include "shim.h"
| `- note: in file included from <module-includes>:1:
2 |
/host/spi-builder-workspace/.build/checkouts/GRDB.swift/Sources/GRDBSQLite/shim.h:1:10: error: 'sqlite3.h' file not found
1 | #include <sqlite3.h>
| `- error: 'sqlite3.h' file not found
2 |
3 | typedef void(*_errorLogCallback)(void *pArg, int iErrCode, const char *zMsg);
/host/spi-builder-workspace/.build/checkouts/GRDB.swift/GRDB/Core/Configuration.swift:10:8: error: could not build C module 'GRDBSQLite'
8 | import SQLCipher
9 | #else // Default SPM trait must be the default. It impossible to detect from Xcode.
10 | import GRDBSQLite
| `- error: could not build C module 'GRDBSQLite'
11 | #endif
12 |
[196/364] Compiling DequeModule Deque+CustomReflectable.swift
<module-includes>:1:10: note: in file included from <module-includes>:1:
1 | #include "shim.h"
| `- note: in file included from <module-includes>:1:
2 |
/host/spi-builder-workspace/.build/checkouts/GRDB.swift/Sources/GRDBSQLite/shim.h:1:10: error: 'sqlite3.h' file not found
1 | #include <sqlite3.h>
| `- error: 'sqlite3.h' file not found
2 |
3 | typedef void(*_errorLogCallback)(void *pArg, int iErrCode, const char *zMsg);
/host/spi-builder-workspace/.build/checkouts/GRDB.swift/GRDB/Core/Configuration.swift:10:8: error: could not build C module 'GRDBSQLite'
8 | import SQLCipher
9 | #else // Default SPM trait must be the default. It impossible to detect from Xcode.
10 | import GRDBSQLite
| `- error: could not build C module 'GRDBSQLite'
11 | #endif
12 |
[197/364] Compiling DequeModule Deque+Descriptions.swift
<module-includes>:1:10: note: in file included from <module-includes>:1:
1 | #include "shim.h"
| `- note: in file included from <module-includes>:1:
2 |
/host/spi-builder-workspace/.build/checkouts/GRDB.swift/Sources/GRDBSQLite/shim.h:1:10: error: 'sqlite3.h' file not found
1 | #include <sqlite3.h>
| `- error: 'sqlite3.h' file not found
2 |
3 | typedef void(*_errorLogCallback)(void *pArg, int iErrCode, const char *zMsg);
/host/spi-builder-workspace/.build/checkouts/GRDB.swift/GRDB/Core/Configuration.swift:10:8: error: could not build C module 'GRDBSQLite'
8 | import SQLCipher
9 | #else // Default SPM trait must be the default. It impossible to detect from Xcode.
10 | import GRDBSQLite
| `- error: could not build C module 'GRDBSQLite'
11 | #endif
12 |
[198/364] Compiling DequeModule Deque+Equatable.swift
<module-includes>:1:10: note: in file included from <module-includes>:1:
1 | #include "shim.h"
| `- note: in file included from <module-includes>:1:
2 |
/host/spi-builder-workspace/.build/checkouts/GRDB.swift/Sources/GRDBSQLite/shim.h:1:10: error: 'sqlite3.h' file not found
1 | #include <sqlite3.h>
| `- error: 'sqlite3.h' file not found
2 |
3 | typedef void(*_errorLogCallback)(void *pArg, int iErrCode, const char *zMsg);
/host/spi-builder-workspace/.build/checkouts/GRDB.swift/GRDB/Core/Configuration.swift:10:8: error: could not build C module 'GRDBSQLite'
8 | import SQLCipher
9 | #else // Default SPM trait must be the default. It impossible to detect from Xcode.
10 | import GRDBSQLite
| `- error: could not build C module 'GRDBSQLite'
11 | #endif
12 |
[199/364] Compiling DequeModule Deque+ExpressibleByArrayLiteral.swift
<module-includes>:1:10: note: in file included from <module-includes>:1:
1 | #include "shim.h"
| `- note: in file included from <module-includes>:1:
2 |
/host/spi-builder-workspace/.build/checkouts/GRDB.swift/Sources/GRDBSQLite/shim.h:1:10: error: 'sqlite3.h' file not found
1 | #include <sqlite3.h>
| `- error: 'sqlite3.h' file not found
2 |
3 | typedef void(*_errorLogCallback)(void *pArg, int iErrCode, const char *zMsg);
/host/spi-builder-workspace/.build/checkouts/GRDB.swift/GRDB/Core/Configuration.swift:10:8: error: could not build C module 'GRDBSQLite'
8 | import SQLCipher
9 | #else // Default SPM trait must be the default. It impossible to detect from Xcode.
10 | import GRDBSQLite
| `- error: could not build C module 'GRDBSQLite'
11 | #endif
12 |
[200/364] Compiling DequeModule RigidDeque+Removals.swift
<module-includes>:1:10: note: in file included from <module-includes>:1:
1 | #include "shim.h"
| `- note: in file included from <module-includes>:1:
2 |
/host/spi-builder-workspace/.build/checkouts/GRDB.swift/Sources/GRDBSQLite/shim.h:1:10: error: 'sqlite3.h' file not found
1 | #include <sqlite3.h>
| `- error: 'sqlite3.h' file not found
2 |
3 | typedef void(*_errorLogCallback)(void *pArg, int iErrCode, const char *zMsg);
/host/spi-builder-workspace/.build/checkouts/GRDB.swift/GRDB/Core/Configuration.swift:10:8: error: could not build C module 'GRDBSQLite'
8 | import SQLCipher
9 | #else // Default SPM trait must be the default. It impossible to detect from Xcode.
10 | import GRDBSQLite
| `- error: could not build C module 'GRDBSQLite'
11 | #endif
12 |
[201/364] Compiling DequeModule RigidDeque+Replacements.swift
<module-includes>:1:10: note: in file included from <module-includes>:1:
1 | #include "shim.h"
| `- note: in file included from <module-includes>:1:
2 |
/host/spi-builder-workspace/.build/checkouts/GRDB.swift/Sources/GRDBSQLite/shim.h:1:10: error: 'sqlite3.h' file not found
1 | #include <sqlite3.h>
| `- error: 'sqlite3.h' file not found
2 |
3 | typedef void(*_errorLogCallback)(void *pArg, int iErrCode, const char *zMsg);
/host/spi-builder-workspace/.build/checkouts/GRDB.swift/GRDB/Core/Configuration.swift:10:8: error: could not build C module 'GRDBSQLite'
8 | import SQLCipher
9 | #else // Default SPM trait must be the default. It impossible to detect from Xcode.
10 | import GRDBSQLite
| `- error: could not build C module 'GRDBSQLite'
11 | #endif
12 |
[202/364] Compiling DequeModule RigidDeque+Testing.swift
<module-includes>:1:10: note: in file included from <module-includes>:1:
1 | #include "shim.h"
| `- note: in file included from <module-includes>:1:
2 |
/host/spi-builder-workspace/.build/checkouts/GRDB.swift/Sources/GRDBSQLite/shim.h:1:10: error: 'sqlite3.h' file not found
1 | #include <sqlite3.h>
| `- error: 'sqlite3.h' file not found
2 |
3 | typedef void(*_errorLogCallback)(void *pArg, int iErrCode, const char *zMsg);
/host/spi-builder-workspace/.build/checkouts/GRDB.swift/GRDB/Core/Configuration.swift:10:8: error: could not build C module 'GRDBSQLite'
8 | import SQLCipher
9 | #else // Default SPM trait must be the default. It impossible to detect from Xcode.
10 | import GRDBSQLite
| `- error: could not build C module 'GRDBSQLite'
11 | #endif
12 |
[203/364] Compiling DequeModule RigidDeque.swift
<module-includes>:1:10: note: in file included from <module-includes>:1:
1 | #include "shim.h"
| `- note: in file included from <module-includes>:1:
2 |
/host/spi-builder-workspace/.build/checkouts/GRDB.swift/Sources/GRDBSQLite/shim.h:1:10: error: 'sqlite3.h' file not found
1 | #include <sqlite3.h>
| `- error: 'sqlite3.h' file not found
2 |
3 | typedef void(*_errorLogCallback)(void *pArg, int iErrCode, const char *zMsg);
/host/spi-builder-workspace/.build/checkouts/GRDB.swift/GRDB/Core/Configuration.swift:10:8: error: could not build C module 'GRDBSQLite'
8 | import SQLCipher
9 | #else // Default SPM trait must be the default. It impossible to detect from Xcode.
10 | import GRDBSQLite
| `- error: could not build C module 'GRDBSQLite'
11 | #endif
12 |
[204/364] Compiling DequeModule UniqueDeque+Append.swift
<module-includes>:1:10: note: in file included from <module-includes>:1:
1 | #include "shim.h"
| `- note: in file included from <module-includes>:1:
2 |
/host/spi-builder-workspace/.build/checkouts/GRDB.swift/Sources/GRDBSQLite/shim.h:1:10: error: 'sqlite3.h' file not found
1 | #include <sqlite3.h>
| `- error: 'sqlite3.h' file not found
2 |
3 | typedef void(*_errorLogCallback)(void *pArg, int iErrCode, const char *zMsg);
/host/spi-builder-workspace/.build/checkouts/GRDB.swift/GRDB/Core/Configuration.swift:10:8: error: could not build C module 'GRDBSQLite'
8 | import SQLCipher
9 | #else // Default SPM trait must be the default. It impossible to detect from Xcode.
10 | import GRDBSQLite
| `- error: could not build C module 'GRDBSQLite'
11 | #endif
12 |
[205/364] Compiling DequeModule UniqueDeque+Consumption.swift
<module-includes>:1:10: note: in file included from <module-includes>:1:
1 | #include "shim.h"
| `- note: in file included from <module-includes>:1:
2 |
/host/spi-builder-workspace/.build/checkouts/GRDB.swift/Sources/GRDBSQLite/shim.h:1:10: error: 'sqlite3.h' file not found
1 | #include <sqlite3.h>
| `- error: 'sqlite3.h' file not found
2 |
3 | typedef void(*_errorLogCallback)(void *pArg, int iErrCode, const char *zMsg);
/host/spi-builder-workspace/.build/checkouts/GRDB.swift/GRDB/Core/Configuration.swift:10:8: error: could not build C module 'GRDBSQLite'
8 | import SQLCipher
9 | #else // Default SPM trait must be the default. It impossible to detect from Xcode.
10 | import GRDBSQLite
| `- error: could not build C module 'GRDBSQLite'
11 | #endif
12 |
[206/364] Compiling DequeModule _DequeBuffer.swift
<module-includes>:1:10: note: in file included from <module-includes>:1:
1 | #include "shim.h"
| `- note: in file included from <module-includes>:1:
2 |
/host/spi-builder-workspace/.build/checkouts/GRDB.swift/Sources/GRDBSQLite/shim.h:1:10: error: 'sqlite3.h' file not found
1 | #include <sqlite3.h>
| `- error: 'sqlite3.h' file not found
2 |
3 | typedef void(*_errorLogCallback)(void *pArg, int iErrCode, const char *zMsg);
/host/spi-builder-workspace/.build/checkouts/GRDB.swift/GRDB/Core/Configuration.swift:10:8: error: could not build C module 'GRDBSQLite'
8 | import SQLCipher
9 | #else // Default SPM trait must be the default. It impossible to detect from Xcode.
10 | import GRDBSQLite
| `- error: could not build C module 'GRDBSQLite'
11 | #endif
12 |
[207/364] Compiling DequeModule _DequeBufferHeader.swift
<module-includes>:1:10: note: in file included from <module-includes>:1:
1 | #include "shim.h"
| `- note: in file included from <module-includes>:1:
2 |
/host/spi-builder-workspace/.build/checkouts/GRDB.swift/Sources/GRDBSQLite/shim.h:1:10: error: 'sqlite3.h' file not found
1 | #include <sqlite3.h>
| `- error: 'sqlite3.h' file not found
2 |
3 | typedef void(*_errorLogCallback)(void *pArg, int iErrCode, const char *zMsg);
/host/spi-builder-workspace/.build/checkouts/GRDB.swift/GRDB/Core/Configuration.swift:10:8: error: could not build C module 'GRDBSQLite'
8 | import SQLCipher
9 | #else // Default SPM trait must be the default. It impossible to detect from Xcode.
10 | import GRDBSQLite
| `- error: could not build C module 'GRDBSQLite'
11 | #endif
12 |
[208/364] Compiling DequeModule RigidDeque+Append.swift
<module-includes>:1:10: note: in file included from <module-includes>:1:
1 | #include "shim.h"
| `- note: in file included from <module-includes>:1:
2 |
/host/spi-builder-workspace/.build/checkouts/GRDB.swift/Sources/GRDBSQLite/shim.h:1:10: error: 'sqlite3.h' file not found
1 | #include <sqlite3.h>
| `- error: 'sqlite3.h' file not found
2 |
3 | typedef void(*_errorLogCallback)(void *pArg, int iErrCode, const char *zMsg);
/host/spi-builder-workspace/.build/checkouts/GRDB.swift/GRDB/Core/Configuration.swift:10:8: error: could not build C module 'GRDBSQLite'
8 | import SQLCipher
9 | #else // Default SPM trait must be the default. It impossible to detect from Xcode.
10 | import GRDBSQLite
| `- error: could not build C module 'GRDBSQLite'
11 | #endif
12 |
[209/364] Compiling DequeModule RigidDeque+Consumption.swift
<module-includes>:1:10: note: in file included from <module-includes>:1:
1 | #include "shim.h"
| `- note: in file included from <module-includes>:1:
2 |
/host/spi-builder-workspace/.build/checkouts/GRDB.swift/Sources/GRDBSQLite/shim.h:1:10: error: 'sqlite3.h' file not found
1 | #include <sqlite3.h>
| `- error: 'sqlite3.h' file not found
2 |
3 | typedef void(*_errorLogCallback)(void *pArg, int iErrCode, const char *zMsg);
/host/spi-builder-workspace/.build/checkouts/GRDB.swift/GRDB/Core/Configuration.swift:10:8: error: could not build C module 'GRDBSQLite'
8 | import SQLCipher
9 | #else // Default SPM trait must be the default. It impossible to detect from Xcode.
10 | import GRDBSQLite
| `- error: could not build C module 'GRDBSQLite'
11 | #endif
12 |
[210/364] Compiling DequeModule RigidDeque+Container.swift
<module-includes>:1:10: note: in file included from <module-includes>:1:
1 | #include "shim.h"
| `- note: in file included from <module-includes>:1:
2 |
/host/spi-builder-workspace/.build/checkouts/GRDB.swift/Sources/GRDBSQLite/shim.h:1:10: error: 'sqlite3.h' file not found
1 | #include <sqlite3.h>
| `- error: 'sqlite3.h' file not found
2 |
3 | typedef void(*_errorLogCallback)(void *pArg, int iErrCode, const char *zMsg);
/host/spi-builder-workspace/.build/checkouts/GRDB.swift/GRDB/Core/Configuration.swift:10:8: error: could not build C module 'GRDBSQLite'
8 | import SQLCipher
9 | #else // Default SPM trait must be the default. It impossible to detect from Xcode.
10 | import GRDBSQLite
| `- error: could not build C module 'GRDBSQLite'
11 | #endif
12 |
[211/364] Compiling DequeModule RigidDeque+Descriptions.swift
<module-includes>:1:10: note: in file included from <module-includes>:1:
1 | #include "shim.h"
| `- note: in file included from <module-includes>:1:
2 |
/host/spi-builder-workspace/.build/checkouts/GRDB.swift/Sources/GRDBSQLite/shim.h:1:10: error: 'sqlite3.h' file not found
1 | #include <sqlite3.h>
| `- error: 'sqlite3.h' file not found
2 |
3 | typedef void(*_errorLogCallback)(void *pArg, int iErrCode, const char *zMsg);
/host/spi-builder-workspace/.build/checkouts/GRDB.swift/GRDB/Core/Configuration.swift:10:8: error: could not build C module 'GRDBSQLite'
8 | import SQLCipher
9 | #else // Default SPM trait must be the default. It impossible to detect from Xcode.
10 | import GRDBSQLite
| `- error: could not build C module 'GRDBSQLite'
11 | #endif
12 |
[212/364] Compiling DequeModule UniqueDeque+Hashable.swift
<module-includes>:1:10: note: in file included from <module-includes>:1:
1 | #include "shim.h"
| `- note: in file included from <module-includes>:1:
2 |
/host/spi-builder-workspace/.build/checkouts/GRDB.swift/Sources/GRDBSQLite/shim.h:1:10: error: 'sqlite3.h' file not found
1 | #include <sqlite3.h>
| `- error: 'sqlite3.h' file not found
2 |
3 | typedef void(*_errorLogCallback)(void *pArg, int iErrCode, const char *zMsg);
/host/spi-builder-workspace/.build/checkouts/GRDB.swift/GRDB/Core/Configuration.swift:10:8: error: could not build C module 'GRDBSQLite'
8 | import SQLCipher
9 | #else // Default SPM trait must be the default. It impossible to detect from Xcode.
10 | import GRDBSQLite
| `- error: could not build C module 'GRDBSQLite'
11 | #endif
12 |
[213/364] Compiling DequeModule UniqueDeque+Initializers.swift
<module-includes>:1:10: note: in file included from <module-includes>:1:
1 | #include "shim.h"
| `- note: in file included from <module-includes>:1:
2 |
/host/spi-builder-workspace/.build/checkouts/GRDB.swift/Sources/GRDBSQLite/shim.h:1:10: error: 'sqlite3.h' file not found
1 | #include <sqlite3.h>
| `- error: 'sqlite3.h' file not found
2 |
3 | typedef void(*_errorLogCallback)(void *pArg, int iErrCode, const char *zMsg);
/host/spi-builder-workspace/.build/checkouts/GRDB.swift/GRDB/Core/Configuration.swift:10:8: error: could not build C module 'GRDBSQLite'
8 | import SQLCipher
9 | #else // Default SPM trait must be the default. It impossible to detect from Xcode.
10 | import GRDBSQLite
| `- error: could not build C module 'GRDBSQLite'
11 | #endif
12 |
[214/364] Compiling DequeModule UniqueDeque+Insertions.swift
<module-includes>:1:10: note: in file included from <module-includes>:1:
1 | #include "shim.h"
| `- note: in file included from <module-includes>:1:
2 |
/host/spi-builder-workspace/.build/checkouts/GRDB.swift/Sources/GRDBSQLite/shim.h:1:10: error: 'sqlite3.h' file not found
1 | #include <sqlite3.h>
| `- error: 'sqlite3.h' file not found
2 |
3 | typedef void(*_errorLogCallback)(void *pArg, int iErrCode, const char *zMsg);
/host/spi-builder-workspace/.build/checkouts/GRDB.swift/GRDB/Core/Configuration.swift:10:8: error: could not build C module 'GRDBSQLite'
8 | import SQLCipher
9 | #else // Default SPM trait must be the default. It impossible to detect from Xcode.
10 | import GRDBSQLite
| `- error: could not build C module 'GRDBSQLite'
11 | #endif
12 |
[215/364] Compiling DequeModule UniqueDeque+Prepend.swift
<module-includes>:1:10: note: in file included from <module-includes>:1:
1 | #include "shim.h"
| `- note: in file included from <module-includes>:1:
2 |
/host/spi-builder-workspace/.build/checkouts/GRDB.swift/Sources/GRDBSQLite/shim.h:1:10: error: 'sqlite3.h' file not found
1 | #include <sqlite3.h>
| `- error: 'sqlite3.h' file not found
2 |
3 | typedef void(*_errorLogCallback)(void *pArg, int iErrCode, const char *zMsg);
/host/spi-builder-workspace/.build/checkouts/GRDB.swift/GRDB/Core/Configuration.swift:10:8: error: could not build C module 'GRDBSQLite'
8 | import SQLCipher
9 | #else // Default SPM trait must be the default. It impossible to detect from Xcode.
10 | import GRDBSQLite
| `- error: could not build C module 'GRDBSQLite'
11 | #endif
12 |
[216/364] Compiling DequeModule UniqueDeque+Removals.swift
<module-includes>:1:10: note: in file included from <module-includes>:1:
1 | #include "shim.h"
| `- note: in file included from <module-includes>:1:
2 |
/host/spi-builder-workspace/.build/checkouts/GRDB.swift/Sources/GRDBSQLite/shim.h:1:10: error: 'sqlite3.h' file not found
1 | #include <sqlite3.h>
| `- error: 'sqlite3.h' file not found
2 |
3 | typedef void(*_errorLogCallback)(void *pArg, int iErrCode, const char *zMsg);
/host/spi-builder-workspace/.build/checkouts/GRDB.swift/GRDB/Core/Configuration.swift:10:8: error: could not build C module 'GRDBSQLite'
8 | import SQLCipher
9 | #else // Default SPM trait must be the default. It impossible to detect from Xcode.
10 | import GRDBSQLite
| `- error: could not build C module 'GRDBSQLite'
11 | #endif
12 |
[217/364] Compiling DequeModule UniqueDeque+Container.swift
<module-includes>:1:10: note: in file included from <module-includes>:1:
1 | #include "shim.h"
| `- note: in file included from <module-includes>:1:
2 |
/host/spi-builder-workspace/.build/checkouts/GRDB.swift/Sources/GRDBSQLite/shim.h:1:10: error: 'sqlite3.h' file not found
1 | #include <sqlite3.h>
| `- error: 'sqlite3.h' file not found
2 |
3 | typedef void(*_errorLogCallback)(void *pArg, int iErrCode, const char *zMsg);
/host/spi-builder-workspace/.build/checkouts/GRDB.swift/GRDB/Core/Configuration.swift:10:8: error: could not build C module 'GRDBSQLite'
8 | import SQLCipher
9 | #else // Default SPM trait must be the default. It impossible to detect from Xcode.
10 | import GRDBSQLite
| `- error: could not build C module 'GRDBSQLite'
11 | #endif
12 |
[218/364] Compiling DequeModule UniqueDeque+Deprecated.swift
<module-includes>:1:10: note: in file included from <module-includes>:1:
1 | #include "shim.h"
| `- note: in file included from <module-includes>:1:
2 |
/host/spi-builder-workspace/.build/checkouts/GRDB.swift/Sources/GRDBSQLite/shim.h:1:10: error: 'sqlite3.h' file not found
1 | #include <sqlite3.h>
| `- error: 'sqlite3.h' file not found
2 |
3 | typedef void(*_errorLogCallback)(void *pArg, int iErrCode, const char *zMsg);
/host/spi-builder-workspace/.build/checkouts/GRDB.swift/GRDB/Core/Configuration.swift:10:8: error: could not build C module 'GRDBSQLite'
8 | import SQLCipher
9 | #else // Default SPM trait must be the default. It impossible to detect from Xcode.
10 | import GRDBSQLite
| `- error: could not build C module 'GRDBSQLite'
11 | #endif
12 |
[219/364] Compiling DequeModule UniqueDeque+Descriptions.swift
<module-includes>:1:10: note: in file included from <module-includes>:1:
1 | #include "shim.h"
| `- note: in file included from <module-includes>:1:
2 |
/host/spi-builder-workspace/.build/checkouts/GRDB.swift/Sources/GRDBSQLite/shim.h:1:10: error: 'sqlite3.h' file not found
1 | #include <sqlite3.h>
| `- error: 'sqlite3.h' file not found
2 |
3 | typedef void(*_errorLogCallback)(void *pArg, int iErrCode, const char *zMsg);
/host/spi-builder-workspace/.build/checkouts/GRDB.swift/GRDB/Core/Configuration.swift:10:8: error: could not build C module 'GRDBSQLite'
8 | import SQLCipher
9 | #else // Default SPM trait must be the default. It impossible to detect from Xcode.
10 | import GRDBSQLite
| `- error: could not build C module 'GRDBSQLite'
11 | #endif
12 |
[220/364] Compiling DequeModule UniqueDeque+Equatable.swift
<module-includes>:1:10: note: in file included from <module-includes>:1:
1 | #include "shim.h"
| `- note: in file included from <module-includes>:1:
2 |
/host/spi-builder-workspace/.build/checkouts/GRDB.swift/Sources/GRDBSQLite/shim.h:1:10: error: 'sqlite3.h' file not found
1 | #include <sqlite3.h>
| `- error: 'sqlite3.h' file not found
2 |
3 | typedef void(*_errorLogCallback)(void *pArg, int iErrCode, const char *zMsg);
/host/spi-builder-workspace/.build/checkouts/GRDB.swift/GRDB/Core/Configuration.swift:10:8: error: could not build C module 'GRDBSQLite'
8 | import SQLCipher
9 | #else // Default SPM trait must be the default. It impossible to detect from Xcode.
10 | import GRDBSQLite
| `- error: could not build C module 'GRDBSQLite'
11 | #endif
12 |
[221/364] Compiling DequeModule UniqueDeque+Experimental.swift
<module-includes>:1:10: note: in file included from <module-includes>:1:
1 | #include "shim.h"
| `- note: in file included from <module-includes>:1:
2 |
/host/spi-builder-workspace/.build/checkouts/GRDB.swift/Sources/GRDBSQLite/shim.h:1:10: error: 'sqlite3.h' file not found
1 | #include <sqlite3.h>
| `- error: 'sqlite3.h' file not found
2 |
3 | typedef void(*_errorLogCallback)(void *pArg, int iErrCode, const char *zMsg);
/host/spi-builder-workspace/.build/checkouts/GRDB.swift/GRDB/Core/Configuration.swift:10:8: error: could not build C module 'GRDBSQLite'
8 | import SQLCipher
9 | #else // Default SPM trait must be the default. It impossible to detect from Xcode.
10 | import GRDBSQLite
| `- error: could not build C module 'GRDBSQLite'
11 | #endif
12 |
[222/364] Compiling OrderedCollections OrderedDictionary+Codable.swift
<module-includes>:1:10: note: in file included from <module-includes>:1:
1 | #include "shim.h"
| `- note: in file included from <module-includes>:1:
2 |
/host/spi-builder-workspace/.build/checkouts/GRDB.swift/Sources/GRDBSQLite/shim.h:1:10: error: 'sqlite3.h' file not found
1 | #include <sqlite3.h>
| `- error: 'sqlite3.h' file not found
2 |
3 | typedef void(*_errorLogCallback)(void *pArg, int iErrCode, const char *zMsg);
/host/spi-builder-workspace/.build/checkouts/GRDB.swift/GRDB/Core/Configuration.swift:10:8: error: could not build C module 'GRDBSQLite'
8 | import SQLCipher
9 | #else // Default SPM trait must be the default. It impossible to detect from Xcode.
10 | import GRDBSQLite
| `- error: could not build C module 'GRDBSQLite'
11 | #endif
12 |
[223/364] Compiling OrderedCollections OrderedDictionary+CustomReflectable.swift
<module-includes>:1:10: note: in file included from <module-includes>:1:
1 | #include "shim.h"
| `- note: in file included from <module-includes>:1:
2 |
/host/spi-builder-workspace/.build/checkouts/GRDB.swift/Sources/GRDBSQLite/shim.h:1:10: error: 'sqlite3.h' file not found
1 | #include <sqlite3.h>
| `- error: 'sqlite3.h' file not found
2 |
3 | typedef void(*_errorLogCallback)(void *pArg, int iErrCode, const char *zMsg);
/host/spi-builder-workspace/.build/checkouts/GRDB.swift/GRDB/Core/Configuration.swift:10:8: error: could not build C module 'GRDBSQLite'
8 | import SQLCipher
9 | #else // Default SPM trait must be the default. It impossible to detect from Xcode.
10 | import GRDBSQLite
| `- error: could not build C module 'GRDBSQLite'
11 | #endif
12 |
[224/364] Compiling GRDB FTS5+QueryInterface.swift
<module-includes>:1:10: note: in file included from <module-includes>:1:
1 | #include "shim.h"
| `- note: in file included from <module-includes>:1:
2 |
/host/spi-builder-workspace/.build/checkouts/GRDB.swift/Sources/GRDBSQLite/shim.h:1:10: error: 'sqlite3.h' file not found
1 | #include <sqlite3.h>
| `- error: 'sqlite3.h' file not found
2 |
3 | typedef void(*_errorLogCallback)(void *pArg, int iErrCode, const char *zMsg);
/host/spi-builder-workspace/.build/checkouts/GRDB.swift/GRDB/Core/Configuration.swift:10:8: error: could not build C module 'GRDBSQLite'
8 | import SQLCipher
9 | #else // Default SPM trait must be the default. It impossible to detect from Xcode.
10 | import GRDBSQLite
| `- error: could not build C module 'GRDBSQLite'
11 | #endif
12 |
[225/364] Compiling GRDB ForeignKey.swift
<module-includes>:1:10: note: in file included from <module-includes>:1:
1 | #include "shim.h"
| `- note: in file included from <module-includes>:1:
2 |
/host/spi-builder-workspace/.build/checkouts/GRDB.swift/Sources/GRDBSQLite/shim.h:1:10: error: 'sqlite3.h' file not found
1 | #include <sqlite3.h>
| `- error: 'sqlite3.h' file not found
2 |
3 | typedef void(*_errorLogCallback)(void *pArg, int iErrCode, const char *zMsg);
/host/spi-builder-workspace/.build/checkouts/GRDB.swift/GRDB/Core/Configuration.swift:10:8: error: could not build C module 'GRDBSQLite'
8 | import SQLCipher
9 | #else // Default SPM trait must be the default. It impossible to detect from Xcode.
10 | import GRDBSQLite
| `- error: could not build C module 'GRDBSQLite'
11 | #endif
12 |
[226/364] Compiling GRDB Association.swift
<module-includes>:1:10: note: in file included from <module-includes>:1:
1 | #include "shim.h"
| `- note: in file included from <module-includes>:1:
2 |
/host/spi-builder-workspace/.build/checkouts/GRDB.swift/Sources/GRDBSQLite/shim.h:1:10: error: 'sqlite3.h' file not found
1 | #include <sqlite3.h>
| `- error: 'sqlite3.h' file not found
2 |
3 | typedef void(*_errorLogCallback)(void *pArg, int iErrCode, const char *zMsg);
/host/spi-builder-workspace/.build/checkouts/GRDB.swift/GRDB/Core/Configuration.swift:10:8: error: could not build C module 'GRDBSQLite'
8 | import SQLCipher
9 | #else // Default SPM trait must be the default. It impossible to detect from Xcode.
10 | import GRDBSQLite
| `- error: could not build C module 'GRDBSQLite'
11 | #endif
12 |
[227/364] Compiling GRDB AssociationAggregate.swift
<module-includes>:1:10: note: in file included from <module-includes>:1:
1 | #include "shim.h"
| `- note: in file included from <module-includes>:1:
2 |
/host/spi-builder-workspace/.build/checkouts/GRDB.swift/Sources/GRDBSQLite/shim.h:1:10: error: 'sqlite3.h' file not found
1 | #include <sqlite3.h>
| `- error: 'sqlite3.h' file not found
2 |
3 | typedef void(*_errorLogCallback)(void *pArg, int iErrCode, const char *zMsg);
/host/spi-builder-workspace/.build/checkouts/GRDB.swift/GRDB/Core/Configuration.swift:10:8: error: could not build C module 'GRDBSQLite'
8 | import SQLCipher
9 | #else // Default SPM trait must be the default. It impossible to detect from Xcode.
10 | import GRDBSQLite
| `- error: could not build C module 'GRDBSQLite'
11 | #endif
12 |
[228/364] Compiling GRDB BelongsToAssociation.swift
<module-includes>:1:10: note: in file included from <module-includes>:1:
1 | #include "shim.h"
| `- note: in file included from <module-includes>:1:
2 |
/host/spi-builder-workspace/.build/checkouts/GRDB.swift/Sources/GRDBSQLite/shim.h:1:10: error: 'sqlite3.h' file not found
1 | #include <sqlite3.h>
| `- error: 'sqlite3.h' file not found
2 |
3 | typedef void(*_errorLogCallback)(void *pArg, int iErrCode, const char *zMsg);
/host/spi-builder-workspace/.build/checkouts/GRDB.swift/GRDB/Core/Configuration.swift:10:8: error: could not build C module 'GRDBSQLite'
8 | import SQLCipher
9 | #else // Default SPM trait must be the default. It impossible to detect from Xcode.
10 | import GRDBSQLite
| `- error: could not build C module 'GRDBSQLite'
11 | #endif
12 |
[229/364] Compiling GRDB HasManyAssociation.swift
<module-includes>:1:10: note: in file included from <module-includes>:1:
1 | #include "shim.h"
| `- note: in file included from <module-includes>:1:
2 |
/host/spi-builder-workspace/.build/checkouts/GRDB.swift/Sources/GRDBSQLite/shim.h:1:10: error: 'sqlite3.h' file not found
1 | #include <sqlite3.h>
| `- error: 'sqlite3.h' file not found
2 |
3 | typedef void(*_errorLogCallback)(void *pArg, int iErrCode, const char *zMsg);
/host/spi-builder-workspace/.build/checkouts/GRDB.swift/GRDB/Core/Configuration.swift:10:8: error: could not build C module 'GRDBSQLite'
8 | import SQLCipher
9 | #else // Default SPM trait must be the default. It impossible to detect from Xcode.
10 | import GRDBSQLite
| `- error: could not build C module 'GRDBSQLite'
11 | #endif
12 |
[230/364] Compiling GRDB HasManyThroughAssociation.swift
<module-includes>:1:10: note: in file included from <module-includes>:1:
1 | #include "shim.h"
| `- note: in file included from <module-includes>:1:
2 |
/host/spi-builder-workspace/.build/checkouts/GRDB.swift/Sources/GRDBSQLite/shim.h:1:10: error: 'sqlite3.h' file not found
1 | #include <sqlite3.h>
| `- error: 'sqlite3.h' file not found
2 |
3 | typedef void(*_errorLogCallback)(void *pArg, int iErrCode, const char *zMsg);
/host/spi-builder-workspace/.build/checkouts/GRDB.swift/GRDB/Core/Configuration.swift:10:8: error: could not build C module 'GRDBSQLite'
8 | import SQLCipher
9 | #else // Default SPM trait must be the default. It impossible to detect from Xcode.
10 | import GRDBSQLite
| `- error: could not build C module 'GRDBSQLite'
11 | #endif
12 |
[231/364] Compiling GRDB HasOneAssociation.swift
<module-includes>:1:10: note: in file included from <module-includes>:1:
1 | #include "shim.h"
| `- note: in file included from <module-includes>:1:
2 |
/host/spi-builder-workspace/.build/checkouts/GRDB.swift/Sources/GRDBSQLite/shim.h:1:10: error: 'sqlite3.h' file not found
1 | #include <sqlite3.h>
| `- error: 'sqlite3.h' file not found
2 |
3 | typedef void(*_errorLogCallback)(void *pArg, int iErrCode, const char *zMsg);
/host/spi-builder-workspace/.build/checkouts/GRDB.swift/GRDB/Core/Configuration.swift:10:8: error: could not build C module 'GRDBSQLite'
8 | import SQLCipher
9 | #else // Default SPM trait must be the default. It impossible to detect from Xcode.
10 | import GRDBSQLite
| `- error: could not build C module 'GRDBSQLite'
11 | #endif
12 |
[232/364] Compiling GRDB HasOneThroughAssociation.swift
<module-includes>:1:10: note: in file included from <module-includes>:1:
1 | #include "shim.h"
| `- note: in file included from <module-includes>:1:
2 |
/host/spi-builder-workspace/.build/checkouts/GRDB.swift/Sources/GRDBSQLite/shim.h:1:10: error: 'sqlite3.h' file not found
1 | #include <sqlite3.h>
| `- error: 'sqlite3.h' file not found
2 |
3 | typedef void(*_errorLogCallback)(void *pArg, int iErrCode, const char *zMsg);
/host/spi-builder-workspace/.build/checkouts/GRDB.swift/GRDB/Core/Configuration.swift:10:8: error: could not build C module 'GRDBSQLite'
8 | import SQLCipher
9 | #else // Default SPM trait must be the default. It impossible to detect from Xcode.
10 | import GRDBSQLite
| `- error: could not build C module 'GRDBSQLite'
11 | #endif
12 |
[233/364] Compiling GRDB JoinAssociation.swift
<module-includes>:1:10: note: in file included from <module-includes>:1:
1 | #include "shim.h"
| `- note: in file included from <module-includes>:1:
2 |
/host/spi-builder-workspace/.build/checkouts/GRDB.swift/Sources/GRDBSQLite/shim.h:1:10: error: 'sqlite3.h' file not found
1 | #include <sqlite3.h>
| `- error: 'sqlite3.h' file not found
2 |
3 | typedef void(*_errorLogCallback)(void *pArg, int iErrCode, const char *zMsg);
/host/spi-builder-workspace/.build/checkouts/GRDB.swift/GRDB/Core/Configuration.swift:10:8: error: could not build C module 'GRDBSQLite'
8 | import SQLCipher
9 | #else // Default SPM trait must be the default. It impossible to detect from Xcode.
10 | import GRDBSQLite
| `- error: could not build C module 'GRDBSQLite'
11 | #endif
12 |
[234/364] Compiling GRDB CommonTableExpression.swift
<module-includes>:1:10: note: in file included from <module-includes>:1:
1 | #include "shim.h"
| `- note: in file included from <module-includes>:1:
2 |
/host/spi-builder-workspace/.build/checkouts/GRDB.swift/Sources/GRDBSQLite/shim.h:1:10: error: 'sqlite3.h' file not found
1 | #include <sqlite3.h>
| `- error: 'sqlite3.h' file not found
2 |
3 | typedef void(*_errorLogCallback)(void *pArg, int iErrCode, const char *zMsg);
/host/spi-builder-workspace/.build/checkouts/GRDB.swift/GRDB/Core/Configuration.swift:10:8: error: could not build C module 'GRDBSQLite'
8 | import SQLCipher
9 | #else // Default SPM trait must be the default. It impossible to detect from Xcode.
10 | import GRDBSQLite
| `- error: could not build C module 'GRDBSQLite'
11 | #endif
12 |
[235/364] Compiling GRDB QueryInterfaceRequest.swift
<module-includes>:1:10: note: in file included from <module-includes>:1:
1 | #include "shim.h"
| `- note: in file included from <module-includes>:1:
2 |
/host/spi-builder-workspace/.build/checkouts/GRDB.swift/Sources/GRDBSQLite/shim.h:1:10: error: 'sqlite3.h' file not found
1 | #include <sqlite3.h>
| `- error: 'sqlite3.h' file not found
2 |
3 | typedef void(*_errorLogCallback)(void *pArg, int iErrCode, const char *zMsg);
/host/spi-builder-workspace/.build/checkouts/GRDB.swift/GRDB/Core/Configuration.swift:10:8: error: could not build C module 'GRDBSQLite'
8 | import SQLCipher
9 | #else // Default SPM trait must be the default. It impossible to detect from Xcode.
10 | import GRDBSQLite
| `- error: could not build C module 'GRDBSQLite'
11 | #endif
12 |
[236/364] Compiling GRDB RequestProtocols.swift
<module-includes>:1:10: note: in file included from <module-includes>:1:
1 | #include "shim.h"
| `- note: in file included from <module-includes>:1:
2 |
/host/spi-builder-workspace/.build/checkouts/GRDB.swift/Sources/GRDBSQLite/shim.h:1:10: error: 'sqlite3.h' file not found
1 | #include <sqlite3.h>
| `- error: 'sqlite3.h' file not found
2 |
3 | typedef void(*_errorLogCallback)(void *pArg, int iErrCode, const char *zMsg);
/host/spi-builder-workspace/.build/checkouts/GRDB.swift/GRDB/Core/Configuration.swift:10:8: error: could not build C module 'GRDBSQLite'
8 | import SQLCipher
9 | #else // Default SPM trait must be the default. It impossible to detect from Xcode.
10 | import GRDBSQLite
| `- error: could not build C module 'GRDBSQLite'
11 | #endif
12 |
[237/364] Compiling GRDB Column.swift
<module-includes>:1:10: note: in file included from <module-includes>:1:
1 | #include "shim.h"
| `- note: in file included from <module-includes>:1:
2 |
/host/spi-builder-workspace/.build/checkouts/GRDB.swift/Sources/GRDBSQLite/shim.h:1:10: error: 'sqlite3.h' file not found
1 | #include <sqlite3.h>
| `- error: 'sqlite3.h' file not found
2 |
3 | typedef void(*_errorLogCallback)(void *pArg, int iErrCode, const char *zMsg);
/host/spi-builder-workspace/.build/checkouts/GRDB.swift/GRDB/Core/Configuration.swift:10:8: error: could not build C module 'GRDBSQLite'
8 | import SQLCipher
9 | #else // Default SPM trait must be the default. It impossible to detect from Xcode.
10 | import GRDBSQLite
| `- error: could not build C module 'GRDBSQLite'
11 | #endif
12 |
[238/364] Compiling GRDB DatabasePromise.swift
<module-includes>:1:10: note: in file included from <module-includes>:1:
1 | #include "shim.h"
| `- note: in file included from <module-includes>:1:
2 |
/host/spi-builder-workspace/.build/checkouts/GRDB.swift/Sources/GRDBSQLite/shim.h:1:10: error: 'sqlite3.h' file not found
1 | #include <sqlite3.h>
| `- error: 'sqlite3.h' file not found
2 |
3 | typedef void(*_errorLogCallback)(void *pArg, int iErrCode, const char *zMsg);
/host/spi-builder-workspace/.build/checkouts/GRDB.swift/GRDB/Core/Configuration.swift:10:8: error: could not build C module 'GRDBSQLite'
8 | import SQLCipher
9 | #else // Default SPM trait must be the default. It impossible to detect from Xcode.
10 | import GRDBSQLite
| `- error: could not build C module 'GRDBSQLite'
11 | #endif
12 |
[239/364] Compiling GRDB SQLAssociation.swift
<module-includes>:1:10: note: in file included from <module-includes>:1:
1 | #include "shim.h"
| `- note: in file included from <module-includes>:1:
2 |
/host/spi-builder-workspace/.build/checkouts/GRDB.swift/Sources/GRDBSQLite/shim.h:1:10: error: 'sqlite3.h' file not found
1 | #include <sqlite3.h>
| `- error: 'sqlite3.h' file not found
2 |
3 | typedef void(*_errorLogCallback)(void *pArg, int iErrCode, const char *zMsg);
/host/spi-builder-workspace/.build/checkouts/GRDB.swift/GRDB/Core/Configuration.swift:10:8: error: could not build C module 'GRDBSQLite'
8 | import SQLCipher
9 | #else // Default SPM trait must be the default. It impossible to detect from Xcode.
10 | import GRDBSQLite
| `- error: could not build C module 'GRDBSQLite'
11 | #endif
12 |
[240/364] Compiling GRDB SQLCollection.swift
<module-includes>:1:10: note: in file included from <module-includes>:1:
1 | #include "shim.h"
| `- note: in file included from <module-includes>:1:
2 |
/host/spi-builder-workspace/.build/checkouts/GRDB.swift/Sources/GRDBSQLite/shim.h:1:10: error: 'sqlite3.h' file not found
1 | #include <sqlite3.h>
| `- error: 'sqlite3.h' file not found
2 |
3 | typedef void(*_errorLogCallback)(void *pArg, int iErrCode, const char *zMsg);
/host/spi-builder-workspace/.build/checkouts/GRDB.swift/GRDB/Core/Configuration.swift:10:8: error: could not build C module 'GRDBSQLite'
8 | import SQLCipher
9 | #else // Default SPM trait must be the default. It impossible to detect from Xcode.
10 | import GRDBSQLite
| `- error: could not build C module 'GRDBSQLite'
11 | #endif
12 |
[241/364] Compiling GRDB SQLExpression.swift
<module-includes>:1:10: note: in file included from <module-includes>:1:
1 | #include "shim.h"
| `- note: in file included from <module-includes>:1:
2 |
/host/spi-builder-workspace/.build/checkouts/GRDB.swift/Sources/GRDBSQLite/shim.h:1:10: error: 'sqlite3.h' file not found
1 | #include <sqlite3.h>
| `- error: 'sqlite3.h' file not found
2 |
3 | typedef void(*_errorLogCallback)(void *pArg, int iErrCode, const char *zMsg);
/host/spi-builder-workspace/.build/checkouts/GRDB.swift/GRDB/Core/Configuration.swift:10:8: error: could not build C module 'GRDBSQLite'
8 | import SQLCipher
9 | #else // Default SPM trait must be the default. It impossible to detect from Xcode.
10 | import GRDBSQLite
| `- error: could not build C module 'GRDBSQLite'
11 | #endif
12 |
[242/364] Compiling GRDB SQLForeignKeyRequest.swift
<module-includes>:1:10: note: in file included from <module-includes>:1:
1 | #include "shim.h"
| `- note: in file included from <module-includes>:1:
2 |
/host/spi-builder-workspace/.build/checkouts/GRDB.swift/Sources/GRDBSQLite/shim.h:1:10: error: 'sqlite3.h' file not found
1 | #include <sqlite3.h>
| `- error: 'sqlite3.h' file not found
2 |
3 | typedef void(*_errorLogCallback)(void *pArg, int iErrCode, const char *zMsg);
/host/spi-builder-workspace/.build/checkouts/GRDB.swift/GRDB/Core/Configuration.swift:10:8: error: could not build C module 'GRDBSQLite'
8 | import SQLCipher
9 | #else // Default SPM trait must be the default. It impossible to detect from Xcode.
10 | import GRDBSQLite
| `- error: could not build C module 'GRDBSQLite'
11 | #endif
12 |
[243/364] Compiling GRDB SQLFunctions.swift
<module-includes>:1:10: note: in file included from <module-includes>:1:
1 | #include "shim.h"
| `- note: in file included from <module-includes>:1:
2 |
/host/spi-builder-workspace/.build/checkouts/GRDB.swift/Sources/GRDBSQLite/shim.h:1:10: error: 'sqlite3.h' file not found
1 | #include <sqlite3.h>
| `- error: 'sqlite3.h' file not found
2 |
3 | typedef void(*_errorLogCallback)(void *pArg, int iErrCode, const char *zMsg);
/host/spi-builder-workspace/.build/checkouts/GRDB.swift/GRDB/Core/Configuration.swift:10:8: error: could not build C module 'GRDBSQLite'
8 | import SQLCipher
9 | #else // Default SPM trait must be the default. It impossible to detect from Xcode.
10 | import GRDBSQLite
| `- error: could not build C module 'GRDBSQLite'
11 | #endif
12 |
[244/364] Compiling GRDB SQLOperators.swift
<module-includes>:1:10: note: in file included from <module-includes>:1:
1 | #include "shim.h"
| `- note: in file included from <module-includes>:1:
2 |
/host/spi-builder-workspace/.build/checkouts/GRDB.swift/Sources/GRDBSQLite/shim.h:1:10: error: 'sqlite3.h' file not found
1 | #include <sqlite3.h>
| `- error: 'sqlite3.h' file not found
2 |
3 | typedef void(*_errorLogCallback)(void *pArg, int iErrCode, const char *zMsg);
/host/spi-builder-workspace/.build/checkouts/GRDB.swift/GRDB/Core/Configuration.swift:10:8: error: could not build C module 'GRDBSQLite'
8 | import SQLCipher
9 | #else // Default SPM trait must be the default. It impossible to detect from Xcode.
10 | import GRDBSQLite
| `- error: could not build C module 'GRDBSQLite'
11 | #endif
12 |
[258/376] Compiling UnixSignals UnixSignalsSequence.swift
[259/377] Compiling GRDB Inflections.swift
<module-includes>:1:10: note: in file included from <module-includes>:1:
1 | #include "shim.h"
| `- note: in file included from <module-includes>:1:
2 |
/host/spi-builder-workspace/.build/checkouts/GRDB.swift/Sources/GRDBSQLite/shim.h:1:10: error: 'sqlite3.h' file not found
1 | #include <sqlite3.h>
| `- error: 'sqlite3.h' file not found
2 |
3 | typedef void(*_errorLogCallback)(void *pArg, int iErrCode, const char *zMsg);
/host/spi-builder-workspace/.build/checkouts/GRDB.swift/GRDB/Core/Configuration.swift:10:8: error: could not build C module 'GRDBSQLite'
8 | import SQLCipher
9 | #else // Default SPM trait must be the default. It impossible to detect from Xcode.
10 | import GRDBSQLite
| `- error: could not build C module 'GRDBSQLite'
11 | #endif
12 |
[260/377] Compiling GRDB Mutex.swift
<module-includes>:1:10: note: in file included from <module-includes>:1:
1 | #include "shim.h"
| `- note: in file included from <module-includes>:1:
2 |
/host/spi-builder-workspace/.build/checkouts/GRDB.swift/Sources/GRDBSQLite/shim.h:1:10: error: 'sqlite3.h' file not found
1 | #include <sqlite3.h>
| `- error: 'sqlite3.h' file not found
2 |
3 | typedef void(*_errorLogCallback)(void *pArg, int iErrCode, const char *zMsg);
/host/spi-builder-workspace/.build/checkouts/GRDB.swift/GRDB/Core/Configuration.swift:10:8: error: could not build C module 'GRDBSQLite'
8 | import SQLCipher
9 | #else // Default SPM trait must be the default. It impossible to detect from Xcode.
10 | import GRDBSQLite
| `- error: could not build C module 'GRDBSQLite'
11 | #endif
12 |
[261/377] Compiling GRDB OnDemandFuture.swift
<module-includes>:1:10: note: in file included from <module-includes>:1:
1 | #include "shim.h"
| `- note: in file included from <module-includes>:1:
2 |
/host/spi-builder-workspace/.build/checkouts/GRDB.swift/Sources/GRDBSQLite/shim.h:1:10: error: 'sqlite3.h' file not found
1 | #include <sqlite3.h>
| `- error: 'sqlite3.h' file not found
2 |
3 | typedef void(*_errorLogCallback)(void *pArg, int iErrCode, const char *zMsg);
/host/spi-builder-workspace/.build/checkouts/GRDB.swift/GRDB/Core/Configuration.swift:10:8: error: could not build C module 'GRDBSQLite'
8 | import SQLCipher
9 | #else // Default SPM trait must be the default. It impossible to detect from Xcode.
10 | import GRDBSQLite
| `- error: could not build C module 'GRDBSQLite'
11 | #endif
12 |
[262/377] Compiling GRDB OrderedDictionary.swift
<module-includes>:1:10: note: in file included from <module-includes>:1:
1 | #include "shim.h"
| `- note: in file included from <module-includes>:1:
2 |
/host/spi-builder-workspace/.build/checkouts/GRDB.swift/Sources/GRDBSQLite/shim.h:1:10: error: 'sqlite3.h' file not found
1 | #include <sqlite3.h>
| `- error: 'sqlite3.h' file not found
2 |
3 | typedef void(*_errorLogCallback)(void *pArg, int iErrCode, const char *zMsg);
/host/spi-builder-workspace/.build/checkouts/GRDB.swift/GRDB/Core/Configuration.swift:10:8: error: could not build C module 'GRDBSQLite'
8 | import SQLCipher
9 | #else // Default SPM trait must be the default. It impossible to detect from Xcode.
10 | import GRDBSQLite
| `- error: could not build C module 'GRDBSQLite'
11 | #endif
12 |
[263/377] Compiling GRDB Pool.swift
<module-includes>:1:10: note: in file included from <module-includes>:1:
1 | #include "shim.h"
| `- note: in file included from <module-includes>:1:
2 |
/host/spi-builder-workspace/.build/checkouts/GRDB.swift/Sources/GRDBSQLite/shim.h:1:10: error: 'sqlite3.h' file not found
1 | #include <sqlite3.h>
| `- error: 'sqlite3.h' file not found
2 |
3 | typedef void(*_errorLogCallback)(void *pArg, int iErrCode, const char *zMsg);
/host/spi-builder-workspace/.build/checkouts/GRDB.swift/GRDB/Core/Configuration.swift:10:8: error: could not build C module 'GRDBSQLite'
8 | import SQLCipher
9 | #else // Default SPM trait must be the default. It impossible to detect from Xcode.
10 | import GRDBSQLite
| `- error: could not build C module 'GRDBSQLite'
11 | #endif
12 |
[264/377] Compiling GRDB ReadWriteLock.swift
<module-includes>:1:10: note: in file included from <module-includes>:1:
1 | #include "shim.h"
| `- note: in file included from <module-includes>:1:
2 |
/host/spi-builder-workspace/.build/checkouts/GRDB.swift/Sources/GRDBSQLite/shim.h:1:10: error: 'sqlite3.h' file not found
1 | #include <sqlite3.h>
| `- error: 'sqlite3.h' file not found
2 |
3 | typedef void(*_errorLogCallback)(void *pArg, int iErrCode, const char *zMsg);
/host/spi-builder-workspace/.build/checkouts/GRDB.swift/GRDB/Core/Configuration.swift:10:8: error: could not build C module 'GRDBSQLite'
8 | import SQLCipher
9 | #else // Default SPM trait must be the default. It impossible to detect from Xcode.
10 | import GRDBSQLite
| `- error: could not build C module 'GRDBSQLite'
11 | #endif
12 |
[265/377] Compiling GRDB ReceiveValuesOn.swift
<module-includes>:1:10: note: in file included from <module-includes>:1:
1 | #include "shim.h"
| `- note: in file included from <module-includes>:1:
2 |
/host/spi-builder-workspace/.build/checkouts/GRDB.swift/Sources/GRDBSQLite/shim.h:1:10: error: 'sqlite3.h' file not found
1 | #include <sqlite3.h>
| `- error: 'sqlite3.h' file not found
2 |
3 | typedef void(*_errorLogCallback)(void *pArg, int iErrCode, const char *zMsg);
/host/spi-builder-workspace/.build/checkouts/GRDB.swift/GRDB/Core/Configuration.swift:10:8: error: could not build C module 'GRDBSQLite'
8 | import SQLCipher
9 | #else // Default SPM trait must be the default. It impossible to detect from Xcode.
10 | import GRDBSQLite
| `- error: could not build C module 'GRDBSQLite'
11 | #endif
12 |
[266/377] Compiling GRDB Refinable.swift
<module-includes>:1:10: note: in file included from <module-includes>:1:
1 | #include "shim.h"
| `- note: in file included from <module-includes>:1:
2 |
/host/spi-builder-workspace/.build/checkouts/GRDB.swift/Sources/GRDBSQLite/shim.h:1:10: error: 'sqlite3.h' file not found
1 | #include <sqlite3.h>
| `- error: 'sqlite3.h' file not found
2 |
3 | typedef void(*_errorLogCallback)(void *pArg, int iErrCode, const char *zMsg);
/host/spi-builder-workspace/.build/checkouts/GRDB.swift/GRDB/Core/Configuration.swift:10:8: error: could not build C module 'GRDBSQLite'
8 | import SQLCipher
9 | #else // Default SPM trait must be the default. It impossible to detect from Xcode.
10 | import GRDBSQLite
| `- error: could not build C module 'GRDBSQLite'
11 | #endif
12 |
[267/377] Compiling GRDB Utils.swift
<module-includes>:1:10: note: in file included from <module-includes>:1:
1 | #include "shim.h"
| `- note: in file included from <module-includes>:1:
2 |
/host/spi-builder-workspace/.build/checkouts/GRDB.swift/Sources/GRDBSQLite/shim.h:1:10: error: 'sqlite3.h' file not found
1 | #include <sqlite3.h>
| `- error: 'sqlite3.h' file not found
2 |
3 | typedef void(*_errorLogCallback)(void *pArg, int iErrCode, const char *zMsg);
/host/spi-builder-workspace/.build/checkouts/GRDB.swift/GRDB/Core/Configuration.swift:10:8: error: could not build C module 'GRDBSQLite'
8 | import SQLCipher
9 | #else // Default SPM trait must be the default. It impossible to detect from Xcode.
10 | import GRDBSQLite
| `- error: could not build C module 'GRDBSQLite'
11 | #endif
12 |
[268/377] Compiling GRDB DatabaseCancellable.swift
<module-includes>:1:10: note: in file included from <module-includes>:1:
1 | #include "shim.h"
| `- note: in file included from <module-includes>:1:
2 |
/host/spi-builder-workspace/.build/checkouts/GRDB.swift/Sources/GRDBSQLite/shim.h:1:10: error: 'sqlite3.h' file not found
1 | #include <sqlite3.h>
| `- error: 'sqlite3.h' file not found
2 |
3 | typedef void(*_errorLogCallback)(void *pArg, int iErrCode, const char *zMsg);
/host/spi-builder-workspace/.build/checkouts/GRDB.swift/GRDB/Core/Configuration.swift:10:8: error: could not build C module 'GRDBSQLite'
8 | import SQLCipher
9 | #else // Default SPM trait must be the default. It impossible to detect from Xcode.
10 | import GRDBSQLite
| `- error: could not build C module 'GRDBSQLite'
11 | #endif
12 |
[269/377] Compiling GRDB ValueConcurrentObserver.swift
<module-includes>:1:10: note: in file included from <module-includes>:1:
1 | #include "shim.h"
| `- note: in file included from <module-includes>:1:
2 |
/host/spi-builder-workspace/.build/checkouts/GRDB.swift/Sources/GRDBSQLite/shim.h:1:10: error: 'sqlite3.h' file not found
1 | #include <sqlite3.h>
| `- error: 'sqlite3.h' file not found
2 |
3 | typedef void(*_errorLogCallback)(void *pArg, int iErrCode, const char *zMsg);
/host/spi-builder-workspace/.build/checkouts/GRDB.swift/GRDB/Core/Configuration.swift:10:8: error: could not build C module 'GRDBSQLite'
8 | import SQLCipher
9 | #else // Default SPM trait must be the default. It impossible to detect from Xcode.
10 | import GRDBSQLite
| `- error: could not build C module 'GRDBSQLite'
11 | #endif
12 |
[270/377] Compiling GRDB ValueWriteOnlyObserver.swift
<module-includes>:1:10: note: in file included from <module-includes>:1:
1 | #include "shim.h"
| `- note: in file included from <module-includes>:1:
2 |
/host/spi-builder-workspace/.build/checkouts/GRDB.swift/Sources/GRDBSQLite/shim.h:1:10: error: 'sqlite3.h' file not found
1 | #include <sqlite3.h>
| `- error: 'sqlite3.h' file not found
2 |
3 | typedef void(*_errorLogCallback)(void *pArg, int iErrCode, const char *zMsg);
/host/spi-builder-workspace/.build/checkouts/GRDB.swift/GRDB/Core/Configuration.swift:10:8: error: could not build C module 'GRDBSQLite'
8 | import SQLCipher
9 | #else // Default SPM trait must be the default. It impossible to detect from Xcode.
10 | import GRDBSQLite
| `- error: could not build C module 'GRDBSQLite'
11 | #endif
12 |
[271/377] Compiling GRDB Fetch.swift
<module-includes>:1:10: note: in file included from <module-includes>:1:
1 | #include "shim.h"
| `- note: in file included from <module-includes>:1:
2 |
/host/spi-builder-workspace/.build/checkouts/GRDB.swift/Sources/GRDBSQLite/shim.h:1:10: error: 'sqlite3.h' file not found
1 | #include <sqlite3.h>
| `- error: 'sqlite3.h' file not found
2 |
3 | typedef void(*_errorLogCallback)(void *pArg, int iErrCode, const char *zMsg);
/host/spi-builder-workspace/.build/checkouts/GRDB.swift/GRDB/Core/Configuration.swift:10:8: error: could not build C module 'GRDBSQLite'
8 | import SQLCipher
9 | #else // Default SPM trait must be the default. It impossible to detect from Xcode.
10 | import GRDBSQLite
| `- error: could not build C module 'GRDBSQLite'
11 | #endif
12 |
[272/377] Compiling GRDB Map.swift
<module-includes>:1:10: note: in file included from <module-includes>:1:
1 | #include "shim.h"
| `- note: in file included from <module-includes>:1:
2 |
/host/spi-builder-workspace/.build/checkouts/GRDB.swift/Sources/GRDBSQLite/shim.h:1:10: error: 'sqlite3.h' file not found
1 | #include <sqlite3.h>
| `- error: 'sqlite3.h' file not found
2 |
3 | typedef void(*_errorLogCallback)(void *pArg, int iErrCode, const char *zMsg);
/host/spi-builder-workspace/.build/checkouts/GRDB.swift/GRDB/Core/Configuration.swift:10:8: error: could not build C module 'GRDBSQLite'
8 | import SQLCipher
9 | #else // Default SPM trait must be the default. It impossible to detect from Xcode.
10 | import GRDBSQLite
| `- error: could not build C module 'GRDBSQLite'
11 | #endif
12 |
[273/377] Compiling GRDB RemoveDuplicates.swift
<module-includes>:1:10: note: in file included from <module-includes>:1:
1 | #include "shim.h"
| `- note: in file included from <module-includes>:1:
2 |
/host/spi-builder-workspace/.build/checkouts/GRDB.swift/Sources/GRDBSQLite/shim.h:1:10: error: 'sqlite3.h' file not found
1 | #include <sqlite3.h>
| `- error: 'sqlite3.h' file not found
2 |
3 | typedef void(*_errorLogCallback)(void *pArg, int iErrCode, const char *zMsg);
/host/spi-builder-workspace/.build/checkouts/GRDB.swift/GRDB/Core/Configuration.swift:10:8: error: could not build C module 'GRDBSQLite'
8 | import SQLCipher
9 | #else // Default SPM trait must be the default. It impossible to detect from Xcode.
10 | import GRDBSQLite
| `- error: could not build C module 'GRDBSQLite'
11 | #endif
12 |
[274/377] Compiling GRDB Trace.swift
<module-includes>:1:10: note: in file included from <module-includes>:1:
1 | #include "shim.h"
| `- note: in file included from <module-includes>:1:
2 |
/host/spi-builder-workspace/.build/checkouts/GRDB.swift/Sources/GRDBSQLite/shim.h:1:10: error: 'sqlite3.h' file not found
1 | #include <sqlite3.h>
| `- error: 'sqlite3.h' file not found
2 |
3 | typedef void(*_errorLogCallback)(void *pArg, int iErrCode, const char *zMsg);
/host/spi-builder-workspace/.build/checkouts/GRDB.swift/GRDB/Core/Configuration.swift:10:8: error: could not build C module 'GRDBSQLite'
8 | import SQLCipher
9 | #else // Default SPM trait must be the default. It impossible to detect from Xcode.
10 | import GRDBSQLite
| `- error: could not build C module 'GRDBSQLite'
11 | #endif
12 |
[275/377] Compiling GRDB ValueReducer.swift
<module-includes>:1:10: note: in file included from <module-includes>:1:
1 | #include "shim.h"
| `- note: in file included from <module-includes>:1:
2 |
/host/spi-builder-workspace/.build/checkouts/GRDB.swift/Sources/GRDBSQLite/shim.h:1:10: error: 'sqlite3.h' file not found
1 | #include <sqlite3.h>
| `- error: 'sqlite3.h' file not found
2 |
3 | typedef void(*_errorLogCallback)(void *pArg, int iErrCode, const char *zMsg);
/host/spi-builder-workspace/.build/checkouts/GRDB.swift/GRDB/Core/Configuration.swift:10:8: error: could not build C module 'GRDBSQLite'
8 | import SQLCipher
9 | #else // Default SPM trait must be the default. It impossible to detect from Xcode.
10 | import GRDBSQLite
| `- error: could not build C module 'GRDBSQLite'
11 | #endif
12 |
[276/377] Compiling GRDB SharedValueObservation.swift
<module-includes>:1:10: note: in file included from <module-includes>:1:
1 | #include "shim.h"
| `- note: in file included from <module-includes>:1:
2 |
/host/spi-builder-workspace/.build/checkouts/GRDB.swift/Sources/GRDBSQLite/shim.h:1:10: error: 'sqlite3.h' file not found
1 | #include <sqlite3.h>
| `- error: 'sqlite3.h' file not found
2 |
3 | typedef void(*_errorLogCallback)(void *pArg, int iErrCode, const char *zMsg);
/host/spi-builder-workspace/.build/checkouts/GRDB.swift/GRDB/Core/Configuration.swift:10:8: error: could not build C module 'GRDBSQLite'
8 | import SQLCipher
9 | #else // Default SPM trait must be the default. It impossible to detect from Xcode.
10 | import GRDBSQLite
| `- error: could not build C module 'GRDBSQLite'
11 | #endif
12 |
[277/377] Compiling GRDB ValueObservation.swift
<module-includes>:1:10: note: in file included from <module-includes>:1:
1 | #include "shim.h"
| `- note: in file included from <module-includes>:1:
2 |
/host/spi-builder-workspace/.build/checkouts/GRDB.swift/Sources/GRDBSQLite/shim.h:1:10: error: 'sqlite3.h' file not found
1 | #include <sqlite3.h>
| `- error: 'sqlite3.h' file not found
2 |
3 | typedef void(*_errorLogCallback)(void *pArg, int iErrCode, const char *zMsg);
/host/spi-builder-workspace/.build/checkouts/GRDB.swift/GRDB/Core/Configuration.swift:10:8: error: could not build C module 'GRDBSQLite'
8 | import SQLCipher
9 | #else // Default SPM trait must be the default. It impossible to detect from Xcode.
10 | import GRDBSQLite
| `- error: could not build C module 'GRDBSQLite'
11 | #endif
12 |
[278/377] Compiling GRDB ValueObservationScheduler.swift
<module-includes>:1:10: note: in file included from <module-includes>:1:
1 | #include "shim.h"
| `- note: in file included from <module-includes>:1:
2 |
/host/spi-builder-workspace/.build/checkouts/GRDB.swift/Sources/GRDBSQLite/shim.h:1:10: error: 'sqlite3.h' file not found
1 | #include <sqlite3.h>
| `- error: 'sqlite3.h' file not found
2 |
3 | typedef void(*_errorLogCallback)(void *pArg, int iErrCode, const char *zMsg);
/host/spi-builder-workspace/.build/checkouts/GRDB.swift/GRDB/Core/Configuration.swift:10:8: error: could not build C module 'GRDBSQLite'
8 | import SQLCipher
9 | #else // Default SPM trait must be the default. It impossible to detect from Xcode.
10 | import GRDBSQLite
| `- error: could not build C module 'GRDBSQLite'
11 | #endif
12 |
[279/377] Compiling GRDB resource_bundle_accessor.swift
<module-includes>:1:10: note: in file included from <module-includes>:1:
1 | #include "shim.h"
| `- note: in file included from <module-includes>:1:
2 |
/host/spi-builder-workspace/.build/checkouts/GRDB.swift/Sources/GRDBSQLite/shim.h:1:10: error: 'sqlite3.h' file not found
1 | #include <sqlite3.h>
| `- error: 'sqlite3.h' file not found
2 |
3 | typedef void(*_errorLogCallback)(void *pArg, int iErrCode, const char *zMsg);
/host/spi-builder-workspace/.build/checkouts/GRDB.swift/GRDB/Core/Configuration.swift:10:8: error: could not build C module 'GRDBSQLite'
8 | import SQLCipher
9 | #else // Default SPM trait must be the default. It impossible to detect from Xcode.
10 | import GRDBSQLite
| `- error: could not build C module 'GRDBSQLite'
11 | #endif
12 |
BUILD FAILURE 6.3 wasm