The Swift Package Index logo.Swift Package Index

Build Information

Failed to build GoogleCloudVideoLiveStreamV1, reference 0.5.0 (4699ed), with Swift 6.2 for Android on 12 Oct 2026 04:40:39 UTC.

Build Command

bash -c docker run --pull=always --rm -v "checkouts-54344849-1":/host -w "$PWD" -e JAVA_HOME="/root/.sdkman/candidates/java/current" -e SPI_BUILD="1" -e SPI_PROCESSING="1" registry.gitlab.com/saguaro1/spi-images:android-6.2-latest swift build --swift-sdk aarch64-unknown-linux-android28 2>&1

Build Log

========================================
RunAll
========================================
Builder version: 5.1.1
Interrupt handler set up.
========================================
Checkout
========================================
Clone URL: https://github.com/googleapis/swift-google-cloud-video-livestream-v1.git
Reference: 0.5.0
Initialized empty Git repository in /host/spi-builder-workspace/.git/
hint: Using 'master' as the name for the initial branch. This default branch name
hint: is subject to change. To configure the initial branch name to use in all
hint: of your new repositories, which will suppress this warning, call:
hint:
hint: 	git config --global init.defaultBranch <name>
hint:
hint: Names commonly chosen instead of 'master' are 'main', 'trunk' and
hint: 'development'. The just-created branch can be renamed via this command:
hint:
hint: 	git branch -m <name>
From https://github.com/googleapis/swift-google-cloud-video-livestream-v1
 * tag               0.5.0      -> FETCH_HEAD
HEAD is now at 4699ed0 chore: release circa 2026-10-07 (#1382)
Cloned https://github.com/googleapis/swift-google-cloud-video-livestream-v1.git
Revision (git rev-parse @):
4699ed02067678d24b8230e015ea49d3ec806b28
SPI manifest file found: $PWD/.spi.yml
SUCCESS checkout https://github.com/googleapis/swift-google-cloud-video-livestream-v1.git at 0.5.0
========================================
Build
========================================
Selected platform:         android
Swift version:             6.2
Building package at path:  $PWD
https://github.com/googleapis/swift-google-cloud-video-livestream-v1.git
Running build ...
bash -c docker run --pull=always --rm -v "checkouts-54344849-1":/host -w "$PWD" -e JAVA_HOME="/root/.sdkman/candidates/java/current" -e SPI_BUILD="1" -e SPI_PROCESSING="1" registry.gitlab.com/saguaro1/spi-images:android-6.2-latest swift build --swift-sdk aarch64-unknown-linux-android28 2>&1
android-6.2-latest: Pulling from saguaro1/spi-images
Digest: sha256:a839c9ce201f1dacc8eb056626ec7ab0a1c6d53d7b77c83feda395f4507c51be
Status: Image is up to date for registry.gitlab.com/saguaro1/spi-images:android-6.2-latest
Fetching https://github.com/googleapis/swift-google-wkt
Fetching https://github.com/googleapis/swift-google-cloud-location
Fetching https://github.com/googleapis/swift-google-gax
Fetching https://github.com/googleapis/swift-google-type
[1/1023] Fetching swift-google-wkt
[32/1575] Fetching swift-google-wkt, swift-google-cloud-location
[1382/2012] Fetching swift-google-wkt, swift-google-cloud-location, swift-google-type
[1396/3760] Fetching swift-google-wkt, swift-google-cloud-location, swift-google-type, swift-google-gax
Fetching https://github.com/googleapis/swift-google-rpc
Fetching https://github.com/apple/swift-log
Fetched https://github.com/googleapis/swift-google-cloud-location from cache (0.47s)
Fetched https://github.com/googleapis/swift-google-wkt from cache (0.48s)
[1329/2185] Fetching swift-google-type, swift-google-gax
Fetching https://github.com/googleapis/swift-google-auth
Fetching https://github.com/googleapis/swift-google-longrunning
Fetched https://github.com/googleapis/swift-google-type from cache (0.50s)
[1259/1748] Fetching swift-google-gax
Fetched https://github.com/googleapis/swift-google-gax from cache (0.58s)
[1/8257] Fetching swift-log
[84/8876] Fetching swift-log, swift-google-longrunning
[778/9298] Fetching swift-log, swift-google-longrunning, swift-google-rpc
Fetched https://github.com/googleapis/swift-google-longrunning from cache (0.45s)
[2322/8679] Fetching swift-log, swift-google-rpc
Fetched https://github.com/googleapis/swift-google-rpc from cache (0.47s)
[1982/8257] Fetching swift-log
[8258/9280] Fetching swift-log, swift-google-auth
Fetched https://github.com/apple/swift-log from cache (0.68s)
[717/1023] Fetching swift-google-auth
Computing version for https://github.com/googleapis/swift-google-wkt
Fetched https://github.com/googleapis/swift-google-auth from cache (0.73s)
Computed https://github.com/googleapis/swift-google-wkt at 0.5.0 (1.51s)
Fetching https://github.com/swift-extras/swift-extras-base64
[1/954] Fetching swift-extras-base64
Fetched https://github.com/swift-extras/swift-extras-base64 from cache (0.42s)
Computing version for https://github.com/googleapis/swift-google-type
Computed https://github.com/googleapis/swift-google-type at 0.5.0 (0.66s)
Computing version for https://github.com/googleapis/swift-google-rpc
Computed https://github.com/googleapis/swift-google-rpc at 0.5.0 (0.30s)
Computing version for https://github.com/googleapis/swift-google-longrunning
Computed https://github.com/googleapis/swift-google-longrunning at 0.5.0 (0.32s)
Computing version for https://github.com/googleapis/swift-google-gax
Computed https://github.com/googleapis/swift-google-gax at 0.5.0 (0.35s)
Fetching https://github.com/swift-server/async-http-client.git
[1/16464] Fetching async-http-client
Fetching https://github.com/apple/swift-nio
Fetched https://github.com/swift-server/async-http-client.git from cache (1.35s)
[1/86374] Fetching swift-nio
Fetched https://github.com/apple/swift-nio from cache (5.50s)
Computing version for https://github.com/googleapis/swift-google-cloud-location
Computed https://github.com/googleapis/swift-google-cloud-location at 0.5.0 (7.18s)
Computing version for https://github.com/googleapis/swift-google-auth
Computed https://github.com/googleapis/swift-google-auth at 0.5.0 (0.30s)
Fetching https://github.com/vapor/jwt-kit.git
Fetching https://github.com/apple/swift-system.git
[1/7241] Fetching swift-system
[3188/17495] Fetching swift-system, jwt-kit
Fetched https://github.com/apple/swift-system.git from cache (0.83s)
[2872/10254] Fetching jwt-kit
Fetched https://github.com/vapor/jwt-kit.git from cache (1.28s)
Computing version for https://github.com/swift-extras/swift-extras-base64
Computed https://github.com/swift-extras/swift-extras-base64 at 1.2.0 (1.54s)
Computing version for https://github.com/swift-server/async-http-client.git
Computed https://github.com/swift-server/async-http-client.git at 1.36.2 (0.36s)
Fetching https://github.com/apple/swift-algorithms.git
Fetching https://github.com/apple/swift-configuration.git
[1/3928] Fetching swift-configuration
[2633/10092] Fetching swift-configuration, swift-algorithms
Fetching https://github.com/apple/swift-nio-extras.git
Fetched https://github.com/apple/swift-configuration.git from cache (0.55s)
[3884/6164] Fetching swift-algorithms
Fetching https://github.com/apple/swift-distributed-tracing.git
Fetching https://github.com/apple/swift-nio-http2.git
Fetched https://github.com/apple/swift-algorithms.git from cache (0.72s)
Fetching https://github.com/apple/swift-service-context.git
Fetching https://github.com/apple/swift-atomics.git
[1/6551] Fetching swift-distributed-tracing
[919/13255] Fetching swift-distributed-tracing, swift-nio-extras
[1640/14756] Fetching swift-distributed-tracing, swift-nio-extras, swift-service-context
[5137/16645] Fetching swift-distributed-tracing, swift-nio-extras, swift-service-context, swift-atomics
Fetched https://github.com/apple/swift-service-context.git from cache (0.50s)
[12755/15144] Fetching swift-distributed-tracing, swift-nio-extras, swift-atomics
Fetching https://github.com/apple/swift-nio-transport-services.git
[13134/27438] Fetching swift-distributed-tracing, swift-nio-extras, swift-atomics, swift-nio-http2
Fetched https://github.com/apple/swift-distributed-tracing.git from cache (0.85s)
[11052/20887] Fetching swift-nio-extras, swift-atomics, swift-nio-http2
Fetched https://github.com/apple/swift-nio-extras.git from cache (0.89s)
Fetching https://github.com/apple/swift-nio-ssl.git
Fetched https://github.com/apple/swift-atomics.git from cache (0.74s)
[2705/12294] Fetching swift-nio-http2
[11558/15161] Fetching swift-nio-http2, swift-nio-transport-services
[15162/32041] Fetching swift-nio-http2, swift-nio-transport-services, swift-nio-ssl
Fetched https://github.com/apple/swift-nio-transport-services.git from cache (1.03s)
[14489/29174] Fetching swift-nio-http2, swift-nio-ssl
Fetched https://github.com/apple/swift-nio-http2.git from cache (1.92s)
[10297/16880] Fetching swift-nio-ssl
Fetched https://github.com/apple/swift-nio-ssl.git from cache (2.12s)
Computing version for https://github.com/apple/swift-service-context.git
Computed https://github.com/apple/swift-service-context.git at 1.3.0 (3.90s)
Computing version for https://github.com/apple/swift-algorithms.git
Computed https://github.com/apple/swift-algorithms.git at 1.2.1 (1.06s)
Fetching https://github.com/apple/swift-numerics.git
[1/6742] Fetching swift-numerics
Fetched https://github.com/apple/swift-numerics.git from cache (0.53s)
Computing version for https://github.com/apple/swift-log
Computed https://github.com/apple/swift-log at 1.16.1 (0.69s)
Computing version for https://github.com/apple/swift-distributed-tracing.git
Computed https://github.com/apple/swift-distributed-tracing.git at 1.5.0 (0.14s)
Computing version for https://github.com/apple/swift-atomics.git
Computed https://github.com/apple/swift-atomics.git at 1.3.1 (0.13s)
Computing version for https://github.com/apple/swift-numerics.git
Computed https://github.com/apple/swift-numerics.git at 1.1.1 (0.13s)
Computing version for https://github.com/apple/swift-nio
Computed https://github.com/apple/swift-nio at 2.104.0 (0.33s)
Fetching https://github.com/apple/swift-collections.git
[1/28703] Fetching swift-collections
Fetched https://github.com/apple/swift-collections.git from cache (1.15s)
Computing version for https://github.com/apple/swift-configuration.git
Computed https://github.com/apple/swift-configuration.git at 1.2.2 (1.93s)
Fetching https://github.com/swift-server/swift-service-lifecycle
[1/2867] Fetching swift-service-lifecycle
Fetched https://github.com/swift-server/swift-service-lifecycle from cache (0.45s)
Computing version for https://github.com/apple/swift-nio-transport-services.git
Computed https://github.com/apple/swift-nio-transport-services.git at 1.28.0 (0.60s)
Computing version for https://github.com/swift-server/swift-service-lifecycle
Computed https://github.com/swift-server/swift-service-lifecycle at 2.12.1 (0.13s)
Fetching https://github.com/apple/swift-async-algorithms.git
[1/6820] Fetching swift-async-algorithms
Fetched https://github.com/apple/swift-async-algorithms.git from cache (0.51s)
Computing version for https://github.com/apple/swift-async-algorithms.git
Computed https://github.com/apple/swift-async-algorithms.git at 1.1.7 (0.70s)
Computing version for https://github.com/apple/swift-collections.git
Computed https://github.com/apple/swift-collections.git at 1.7.2 (0.22s)
Computing version for https://github.com/apple/swift-nio-http2.git
Computed https://github.com/apple/swift-nio-http2.git at 1.46.0 (0.15s)
Computing version for https://github.com/vapor/jwt-kit.git
Computed https://github.com/vapor/jwt-kit.git at 5.7.1 (0.13s)
Fetching https://github.com/apple/swift-certificates.git
Fetching https://github.com/apple/swift-crypto.git
[1/18629] Fetching swift-crypto
[560/26242] Fetching swift-crypto, swift-certificates
Fetched https://github.com/apple/swift-certificates.git from cache (1.20s)
Fetched https://github.com/apple/swift-crypto.git from cache (1.21s)
Computing version for https://github.com/apple/swift-crypto.git
Computed https://github.com/apple/swift-crypto.git at 4.5.2 (1.80s)
Fetching https://github.com/apple/swift-asn1.git
[1/2009] Fetching swift-asn1
Fetched https://github.com/apple/swift-asn1.git from cache (0.46s)
Computing version for https://github.com/apple/swift-asn1.git
Computed https://github.com/apple/swift-asn1.git at 1.7.3 (0.63s)
Computing version for https://github.com/apple/swift-certificates.git
Computed https://github.com/apple/swift-certificates.git at 1.21.0 (0.19s)
Computing version for https://github.com/apple/swift-nio-ssl.git
Computed https://github.com/apple/swift-nio-ssl.git at 2.37.5 (0.17s)
Computing version for https://github.com/apple/swift-system.git
Computed https://github.com/apple/swift-system.git at 1.8.1 (0.16s)
Computing version for https://github.com/apple/swift-nio-extras.git
Computed https://github.com/apple/swift-nio-extras.git at 1.35.1 (0.24s)
Fetching https://github.com/apple/swift-http-types.git
Fetching https://github.com/apple/swift-http-structured-headers.git
[1/1253] Fetching swift-http-structured-headers
Fetched https://github.com/apple/swift-http-structured-headers.git from cache (0.34s)
[1/1939] Fetching swift-http-types
Fetched https://github.com/apple/swift-http-types.git from cache (0.42s)
Computing version for https://github.com/apple/swift-http-structured-headers.git
Computed https://github.com/apple/swift-http-structured-headers.git at 1.7.0 (0.57s)
Computing version for https://github.com/apple/swift-http-types.git
Computed https://github.com/apple/swift-http-types.git at 1.8.0 (0.17s)
Creating working copy for https://github.com/apple/swift-service-context.git
Working copy of https://github.com/apple/swift-service-context.git resolved at 1.3.0
Creating working copy for https://github.com/googleapis/swift-google-longrunning
Working copy of https://github.com/googleapis/swift-google-longrunning resolved at 0.5.0
Creating working copy for https://github.com/googleapis/swift-google-auth
Working copy of https://github.com/googleapis/swift-google-auth resolved at 0.5.0
Creating working copy for https://github.com/apple/swift-nio-ssl.git
Working copy of https://github.com/apple/swift-nio-ssl.git resolved at 2.37.5
Creating working copy for https://github.com/apple/swift-system.git
Working copy of https://github.com/apple/swift-system.git resolved at 1.8.1
Creating working copy for https://github.com/googleapis/swift-google-cloud-location
Working copy of https://github.com/googleapis/swift-google-cloud-location resolved at 0.5.0
Creating working copy for https://github.com/googleapis/swift-google-type
Working copy of https://github.com/googleapis/swift-google-type resolved at 0.5.0
Creating working copy for https://github.com/apple/swift-http-types.git
Working copy of https://github.com/apple/swift-http-types.git resolved at 1.8.0
Creating working copy for https://github.com/apple/swift-nio
Working copy of https://github.com/apple/swift-nio resolved at 2.104.0
Creating working copy for https://github.com/apple/swift-numerics.git
Working copy of https://github.com/apple/swift-numerics.git resolved at 1.1.1
Creating working copy for https://github.com/apple/swift-nio-http2.git
Working copy of https://github.com/apple/swift-nio-http2.git resolved at 1.46.0
Creating working copy for https://github.com/googleapis/swift-google-gax
Working copy of https://github.com/googleapis/swift-google-gax resolved at 0.5.0
Creating working copy for https://github.com/googleapis/swift-google-rpc
Working copy of https://github.com/googleapis/swift-google-rpc resolved at 0.5.0
Creating working copy for https://github.com/swift-extras/swift-extras-base64
Working copy of https://github.com/swift-extras/swift-extras-base64 resolved at 1.2.0
Creating working copy for https://github.com/apple/swift-nio-extras.git
Working copy of https://github.com/apple/swift-nio-extras.git resolved at 1.35.1
Creating working copy for https://github.com/apple/swift-nio-transport-services.git
Working copy of https://github.com/apple/swift-nio-transport-services.git resolved at 1.28.0
Creating working copy for https://github.com/swift-server/swift-service-lifecycle
Working copy of https://github.com/swift-server/swift-service-lifecycle resolved at 2.12.1
Creating working copy for https://github.com/apple/swift-certificates.git
Working copy of https://github.com/apple/swift-certificates.git resolved at 1.21.0
Creating working copy for https://github.com/apple/swift-http-structured-headers.git
Working copy of https://github.com/apple/swift-http-structured-headers.git resolved at 1.7.0
Creating working copy for https://github.com/googleapis/swift-google-wkt
Working copy of https://github.com/googleapis/swift-google-wkt resolved at 0.5.0
Creating working copy for https://github.com/vapor/jwt-kit.git
Working copy of https://github.com/vapor/jwt-kit.git resolved at 5.7.1
Creating working copy for https://github.com/apple/swift-asn1.git
Working copy of https://github.com/apple/swift-asn1.git resolved at 1.7.3
Creating working copy for https://github.com/apple/swift-log
Working copy of https://github.com/apple/swift-log resolved at 1.16.1
Creating working copy for https://github.com/apple/swift-algorithms.git
Working copy of https://github.com/apple/swift-algorithms.git resolved at 1.2.1
Creating working copy for https://github.com/swift-server/async-http-client.git
Working copy of https://github.com/swift-server/async-http-client.git resolved at 1.36.2
Creating working copy for https://github.com/apple/swift-collections.git
Working copy of https://github.com/apple/swift-collections.git resolved at 1.7.2
Creating working copy for https://github.com/apple/swift-crypto.git
Working copy of https://github.com/apple/swift-crypto.git resolved at 4.5.2
Creating working copy for https://github.com/apple/swift-async-algorithms.git
Working copy of https://github.com/apple/swift-async-algorithms.git resolved at 1.1.7
Creating working copy for https://github.com/apple/swift-distributed-tracing.git
Working copy of https://github.com/apple/swift-distributed-tracing.git resolved at 1.5.0
Creating working copy for https://github.com/apple/swift-configuration.git
Working copy of https://github.com/apple/swift-configuration.git resolved at 1.2.2
Creating working copy for https://github.com/apple/swift-atomics.git
Working copy of https://github.com/apple/swift-atomics.git resolved at 1.3.1
Building for debugging...
[0/1052] Write sources
[49/1052] Compiling v3_akey.cc
[50/1052] Compiling t_x509a.cc
[50/1052] Write sources
[55/1052] Compiling _NumericsShims _NumericsShims.c
[55/1052] Write sources
[86/1052] Compiling _AtomicsShims.c
[87/1052] Compiling t_x509.cc
[88/1052] Compiling v3_bcons.cc
[89/1052] Compiling CXKCPShims shims.c
[90/1052] Compiling SimpleFIPS202.c
[91/1052] Compiling KeccakSponge.c
[92/1052] Compiling KeccakHash.c
[92/1052] Compiling CNIOWindows shim.c
[92/1052] Compiling v3_akeya.cc
[95/1052] Compiling CSystem shims.c
[96/1052] Compiling t_req.cc
[97/1052] Compiling CNIOPosix event_loop_id.c
[98/1052] Compiling CNIOWASI CNIOWASI.c
[99/1052] Compiling CNIOWindows WSAStartup.c
[99/1052] Compiling CNIOOpenBSD shim.c
[101/1052] Compiling CNIOLinux liburing_shims.c
[102/1052] Compiling CNIOFreeBSD shim.c
[103/1052] Compiling CNIOLLHTTP c_nio_http.c
[104/1052] Compiling CNIOExtrasZlib zutil.c
[105/1052] Compiling v3_alt.cc
[106/1052] Write swift-version--11D90AFD9DD3AB2.txt
[107/1052] Compiling CNIOLinux shim.c
[108/1052] Compiling CNIOExtrasZlib inftrees.c
[109/1052] Compiling CNIOLLHTTP c_nio_api.c
[110/1052] Compiling CNIOExtrasZlib inffast.c
[111/1060] Compiling CNIOExtrasZlib trees.c
[112/1097] Compiling CNIOExtrasZlib inflate.c
[113/1117] Compiling KeccakP-1600-opt64.c
[114/1117] Compiling CNIOLLHTTP c_nio_llhttp.c
[116/1128] Emitting module ServiceContextModule
[117/1139] Emitting module _NIOBase64
[118/1139] Emitting module RealModule
[119/1140] Emitting module _NIODataStructures
[120/1140] Compiling Logging MultiplexLogHandler.swift
[121/1140] Compiling Logging StreamLogHandler.swift
[122/1140] Compiling Logging SwiftLogNoOpLogHandler.swift
[123/1140] Compiling Logging Locks.swift
[127/1142] Compiling SwiftASN1 ASN1Integer.swift
[128/1142] Compiling SwiftASN1 ASN1Null.swift
[129/1142] Compiling RealModule RelaxedArithmetic.swift
[130/1142] Compiling _NIOBase64 Base64.swift
[131/1143] Compiling RealModule RealFunctions.swift
[132/1143] Compiling SwiftASN1 ASN1OctetString.swift
[133/1143] Compiling SwiftASN1 ASN1Strings.swift
[135/1143] Compiling Logging LogEvent.swift
[136/1143] Compiling Logging LogHandler.swift
[137/1143] Compiling _NIODataStructures PriorityQueue.swift
[140/1143] Compiling _NIODataStructures _TinyArray.swift
[141/1143] Compiling _NIODataStructures Heap.swift
[142/1144] Compiling ServiceContextModule ServiceContextKey.swift
[143/1144] Compiling ServiceContextModule ServiceContext.swift
[144/1144] Compiling RealModule Float80+Real.swift
[145/1144] Compiling RealModule Float16+Real.swift
[146/1145] Compiling RealModule Real.swift
[153/1146] Compiling SwiftASN1 TimeUtilities.swift
[159/1151] Emitting module SystemPackage
[160/1151] Compiling Logging LoggingSystem.swift
[161/1152] Compiling Logging Logger+With.swift
[165/1152] Compiling _CertificateInternals _TinyArray.swift
[166/1152] Emitting module _CertificateInternals
[166/1177] Wrapping AST for _NIODataStructures for debugging
[168/1192] Wrapping AST for _NIOBase64 for debugging
[170/1192] Compiling Logging Logger.swift
[171/1192] Compiling Logging Logger+Attributes.swift
[172/1192] Compiling InternalCollectionsUtilities Iterable+CopyContents.swift
[173/1192] Compiling InternalCollectionsUtilities Iterable+Equality.swift
[173/1192] Wrapping AST for _CertificateInternals for debugging
[174/1192] Wrapping AST for ServiceContextModule for debugging
[178/1192] Compiling InternalCollectionsUtilities LifetimeOverride.swift
[179/1192] Compiling InternalCollectionsUtilities MutableRef.swift
[180/1195] Emitting module SwiftASN1
[181/1195] Compiling InternalCollectionsUtilities BorrowingIteratorProtocol+Equality.swift
[182/1195] Compiling InternalCollectionsUtilities BorrowingIteratorProtocol+Extras.swift
[183/1195] Compiling InternalCollectionsUtilities Debugging.swift
[184/1195] Compiling InternalCollectionsUtilities Descriptions.swift
[184/1195] Wrapping AST for RealModule for debugging
[186/1195] Compiling Instrumentation NoOpInstrument.swift
[187/1195] Compiling Instrumentation MultiplexInstrument.swift
[188/1195] Emitting module Instrumentation
[188/1195] Compiling CNIOExtrasZlib deflate.c
[189/1195] Compiling CNIOExtrasZlib crc32.c
[191/1195] Compiling InternalCollectionsUtilities UnsafeMutablePointer+Extras.swift
[192/1195] Compiling InternalCollectionsUtilities UnsafeMutableRawBufferPointer+Extras.swift
[193/1195] Compiling InternalCollectionsUtilities UnsafePointer+Extras.swift
[193/1195] Compiling CNIODarwin shim.c
[195/1195] Compiling InternalCollectionsUtilities UnsafeRawBufferPointer+Extras.swift
[196/1195] Compiling InternalCollectionsUtilities _SortedCollection.swift
[197/1195] Compiling InternalCollectionsUtilities _UniqueCollection.swift
[197/1195] Compiling CNIOExtrasZlib adler32.c
[198/1195] Compiling fiat_p256_adx_sqr.S
[199/1195] Compiling fiat_p256_adx_mul.S
[200/1195] Compiling fiat_curve25519_adx_square.S
[201/1195] Compiling fiat_curve25519_adx_mul.S
[202/1195] Compiling CNIOBoringSSLShims shims.c
[204/1195] Compiling InternalCollectionsUtilities FixedWidthInteger+roundUpToPowerOfTwo.swift
[205/1195] Compiling InternalCollectionsUtilities Integer rank.swift
[206/1195] Compiling InternalCollectionsUtilities UInt+first and last set bit.swift
[207/1195] Compiling InternalCollectionsUtilities UInt+reversed.swift
[208/1195] Compiling SystemPackage SystemString.swift
[209/1195] Compiling SystemPackage Util+StringArray.swift
[210/1195] Compiling SystemPackage Util.swift
[211/1195] Compiling SystemPackage UtilConsumers.swift
[212/1195] Compiling SystemPackage WinSDK+Overlay.swift
[215/1195] Emitting module InternalCollectionsUtilities
[216/1195] Compiling InternalCollectionsUtilities MutableSpan+Extras.swift
[217/1195] Compiling InternalCollectionsUtilities OutputSpan+Extras.swift
[218/1195] Compiling InternalCollectionsUtilities RandomAccessCollection+Offsets.swift
[219/1195] Compiling InternalCollectionsUtilities Span+Extras.swift
[220/1195] Compiling InternalCollectionsUtilities Strideable+LimitHelpers.swift
[221/1195] Compiling InternalCollectionsUtilities String+Padding.swift
[222/1195] Compiling InternalCollectionsUtilities TemporaryAllocation.swift
[223/1195] Compiling InternalCollectionsUtilities _UnsafeBitSet+Index.swift
[224/1195] Compiling InternalCollectionsUtilities _UnsafeBitSet+_Word.swift
[225/1195] Compiling InternalCollectionsUtilities _UnsafeBitSet.swift
[226/1195] Compiling InternalCollectionsUtilities UnsafeBufferPointer+Extras.swift
[227/1195] Compiling InternalCollectionsUtilities UnsafeMutableBufferPointer+Extras.swift
[235/1196] Emitting module Logging
[240/1196] Compiling SystemPackage RawBuffer.swift
[241/1196] Compiling SystemPackage Syscalls.swift
[242/1196] Compiling SystemPackage WindowsSyscallAdapters.swift
[243/1196] Compiling SystemPackage MachPort.swift
[244/1196] Compiling SystemPackage PlatformString.swift
[254/1196] Compiling SystemPackage Mocking.swift
[256/1197] Compiling Instrumentation Locks.swift
[257/1197] Compiling Instrumentation InstrumentationSystem.swift
[258/1197] Compiling Instrumentation Instrument.swift
[270/1203] Compiling Logging MetadataProvider.swift
[272/1204] Compiling SpanPreview OutputSpan+InputSpanHelpers.swift
[272/1204] Wrapping AST for SwiftASN1 for debugging
[273/1204] Compiling tls_record.cc
[275/1204] Emitting module SpanPreview
[276/1204] Compiling SpanPreview InputSpan.swift
[277/1204] Compiling SpanPreview MutableSpan+InputSpanHelpers.swift
[278/1205] Wrapping AST for InternalCollectionsUtilities for debugging
[280/1213] Wrapping AST for SystemPackage for debugging
[281/1213] Wrapping AST for Instrumentation for debugging
[282/1213] Compiling tls_method.cc
[283/1213] Wrapping AST for SpanPreview for debugging
[284/1213] Wrapping AST for Logging for debugging
[286/1255] Compiling Tracing NoOpTracer.swift
[287/1256] Compiling Tracing TracingTime.swift
[288/1256] Emitting module Tracing
[289/1256] Compiling Tracing TracerProtocol.swift
[290/1256] Compiling Tracing WithTracer.swift
[291/1256] Compiling Tracing TracerProtocol+Legacy.swift
[292/1256] Compiling Tracing Tracer.swift
[293/1256] Compiling DequeModule _DequeBuffer.swift
[294/1256] Compiling DequeModule _DequeBufferHeader.swift
[295/1256] Compiling DequeModule RigidDeque+Append.swift
[296/1256] Compiling DequeModule RigidDeque+Consumption.swift
[297/1256] Compiling DequeModule RigidDeque+ContainerOperations.swift
[298/1256] Compiling DequeModule RigidDeque+Deprecations.swift
[299/1261] Compiling DequeModule RigidDeque+Descriptions.swift
[300/1261] Compiling DequeModule RigidDeque+Equatable.swift
[301/1261] Compiling DequeModule RigidDeque+Hashable.swift
[302/1261] Compiling DequeModule RigidDeque+Initializers.swift
[303/1261] Compiling DequeModule RigidDeque+Insertions.swift
[304/1261] Compiling DequeModule RigidDeque+Iterable.swift
[305/1261] Compiling DequeModule UniqueDeque+Initializers.swift
[306/1261] Compiling DequeModule UniqueDeque+Insertions.swift
[307/1261] Compiling DequeModule UniqueDeque+Iterable.swift
[308/1261] Compiling DequeModule UniqueDeque+Prepend.swift
[309/1261] Compiling DequeModule UniqueDeque+Removals.swift
[310/1261] Compiling DequeModule UniqueDeque+Consumption.swift
[311/1261] Compiling DequeModule UniqueDeque+ContainerOperations.swift
[312/1261] Compiling DequeModule UniqueDeque+Deprecations.swift
[313/1261] Compiling DequeModule UniqueDeque+Descriptions.swift
[314/1261] Compiling DequeModule UniqueDeque+Equatable.swift
[315/1261] Compiling DequeModule UniqueDeque+Hashable.swift
[316/1261] Compiling DequeModule RigidDeque+Prepend.swift
[317/1261] Compiling DequeModule RigidDeque+Removals.swift
[318/1261] Compiling DequeModule RigidDeque+Replacements.swift
[319/1261] Compiling DequeModule RigidDeque+Testing.swift
[320/1261] Compiling DequeModule RigidDeque.swift
[321/1261] Compiling DequeModule UniqueDeque+Append.swift
[322/1261] Compiling Tracing SpanProtocol.swift
[323/1261] Compiling Tracing InstrumentationSystem+Tracing.swift
[324/1262] Compiling tls13_server.cc
[325/1262] Wrapping AST for Tracing for debugging
[326/1262] Compiling tls13_client.cc
[328/1262] Compiling DequeModule Deque+Extras.swift
[329/1262] Compiling DequeModule Deque+Hashable.swift
[330/1262] Compiling DequeModule Deque+Testing.swift
[331/1262] Compiling DequeModule Deque._Storage.swift
[332/1262] Compiling DequeModule Deque._UnsafeHandle.swift
[333/1262] Compiling DequeModule Deque.swift
[334/1262] Compiling DequeModule Deque+Codable.swift
[335/1262] Compiling DequeModule Deque+Collection.swift
[336/1262] Compiling DequeModule Deque+CustomReflectable.swift
[337/1262] Compiling DequeModule Deque+Descriptions.swift
[338/1262] Compiling DequeModule Deque+Equatable.swift
[339/1262] Compiling DequeModule Deque+ExpressibleByArrayLiteral.swift
[339/1262] Compiling tls13_both.cc
[340/1262] Compiling t1_enc.cc
[341/1262] Compiling tls13_enc.cc
[342/1262] Compiling ssl_transcript.cc
[343/1262] Compiling ssl_versions.cc
[344/1262] Compiling ssl_x509.cc
[345/1262] Compiling ssl_stat.cc
[346/1262] Compiling ssl_session.cc
[347/1262] Compiling ssl_privkey.cc
[349/1262] Emitting module DequeModule
[350/1262] Compiling DequeModule UniqueDeque+Replacements.swift
[351/1262] Compiling DequeModule UniqueDeque.swift
[352/1262] Compiling DequeModule _DequeSlot.swift
[353/1262] Compiling DequeModule _UnsafeDequeHandle.swift
[354/1262] Compiling DequeModule _UnsafeDequeSegments.swift
[355/1263] Compiling ssl_file.cc
[356/1263] Compiling ssl_key_share.cc
[357/1306] Wrapping AST for DequeModule for debugging
[358/1306] Compiling ssl_credential.cc
[359/1306] Compiling ssl_cipher.cc
[360/1306] Compiling ssl_lib.cc
[361/1306] Compiling ssl_cert.cc
[363/1306] Emitting module ExtrasBase64
[364/1306] Compiling ExtrasBase64 Base32.swift
[365/1306] Compiling ExtrasBase64 Base32+Span.swift
[366/1306] Compiling ExtrasBase64 Base64+Span.swift
[367/1306] Compiling ExtrasBase64 Base64.swift
[368/1307] Emitting module Configuration
[369/1312] Compiling ssl_buffer.cc
[371/1343] Compiling GoogleWKT WKTEmpty.swift
[372/1343] Compiling GoogleWKT WKTFieldMask.swift
[373/1343] Compiling GoogleWKT WKTValue.swift
[374/1343] Compiling GoogleWKT WKTApi.swift
[375/1343] Compiling GoogleWKT WKTEnum.swift
[376/1343] Compiling GoogleWKT WKTEnumValue.swift
[376/1343] Compiling ssl_asn1.cc
[377/1343] Wrapping AST for ExtrasBase64 for debugging
[378/1343] Compiling ssl_aead_ctx.cc
[379/1343] Compiling s3_lib.cc
[380/1343] Compiling s3_pkt.cc
[381/1343] Compiling s3_both.cc
[383/1343] Emitting module GoogleWKT
[384/1347] Compiling GoogleWKT WKTField.swift
[385/1347] Compiling GoogleWKT WKTMethod.swift
[386/1347] Compiling GoogleWKT WKTMixin.swift
[387/1347] Compiling GoogleWKT WKTOption.swift
[388/1347] Compiling GoogleWKT WKTDoubleValue.swift
[389/1347] Compiling GoogleWKT WKTDuration.swift
[392/1347] Compiling GoogleWKT UnknownFields.swift
[393/1347] Compiling GoogleWKT WKTAny.swift
[394/1347] Compiling GoogleWKT WKTAnyError.swift
[395/1347] Compiling GoogleWKT WKTBoolValue.swift
[396/1347] Compiling GoogleWKT WKTBytesValue.swift
[396/1347] Compiling handshake_server.cc
[398/1347] Compiling GoogleWKT WKTFloatValue.swift
[399/1347] Compiling GoogleWKT WKTInt32Value.swift
[400/1347] Compiling GoogleWKT WKTInt64Value.swift
[401/1347] Compiling GoogleWKT WKTRecursive.swift
[402/1347] Compiling GoogleWKT WKTStringValue.swift
[403/1347] Compiling GoogleWKT WKTTimestamp.swift
[404/1347] Compiling GoogleWKT WKTUInt32Value.swift
[405/1347] Compiling GoogleWKT WKTUInt64Value.swift
[410/1347] Compiling GoogleWKT WKTSourceContext.swift
[411/1347] Compiling GoogleWKT WKTSyntax.swift
[412/1347] Compiling GoogleWKT WKTType.swift
[413/1347] Compiling GoogleWKT PackageVersion.swift
[414/1347] Compiling GoogleWKT AnyPackable.swift
[415/1347] Compiling GoogleWKT DecodeToDefault.swift
[416/1347] Compiling GoogleWKT DiscoveryBase64.swift
[417/1347] Compiling GoogleWKT ProtoJSONDecoder.swift
[418/1347] Compiling GoogleWKT ProtoJSONEncoder.swift
[418/1348] Compiling handshake_client.cc
[420/1348] Compiling handshake.cc
[421/1348] Compiling handoff.cc
[435/1381] Compiling Configuration CombineLatestManyStorage.swift
[436/1381] Compiling Configuration AsyncSequences.swift
[437/1381] Compiling Configuration FoundationExtensions.swift
[438/1381] Compiling Configuration Span.swift
[439/1381] Compiling Configuration ConfigBytesFromStringDecoder.swift
[444/1381] Compiling Configuration YAMLSnapshot.swift
[445/1381] Compiling Configuration InMemoryProvider.swift
[445/1381] Compiling encrypted_client_hello.cc
[446/1381] Compiling Configuration MutableInMemoryProvider.swift
[447/1381] Compiling Configuration ConfigProvider+Operators.swift
[448/1381] Compiling Configuration KeyMappingProvider.swift
[449/1381] Compiling Configuration SecretsSpecifier.swift
[451/1381] Compiling Configuration AsyncCombineLatestManySequence.swift
[452/1381] Compiling Configuration CombineLatestManyStateMachine.swift
[452/1381] Wrapping AST for GoogleWKT for debugging
[453/1381] Compiling extensions.cc
[455/1381] Emitting module GoogleType
[456/1383] Compiling GoogleRpc RequestInfo.swift
[457/1383] Compiling GoogleRpc ResourceInfo.swift
[458/1385] Compiling GoogleRpc PreconditionFailure.swift
[459/1385] Compiling GoogleRpc QuotaFailure.swift
[460/1385] Compiling GoogleRpc DebugInfo.swift
[461/1385] Compiling GoogleRpc ErrorInfo.swift
[462/1385] Compiling GoogleRpc Help.swift
[463/1385] Compiling GoogleRpc HttpResponse.swift
[464/1385] Compiling GoogleRpc RetryInfo.swift
[465/1385] Compiling GoogleRpc HttpHeader.swift
[470/1385] Compiling GoogleRpc HttpRequest.swift
[471/1385] Compiling GoogleRpc Status.swift
[472/1385] Compiling GoogleType Month.swift
[473/1385] Compiling GoogleRpc BadRequest.swift
[474/1385] Compiling GoogleRpc Code.swift
[476/1385] Emitting module GoogleRpc
[478/1385] Compiling dtls_record.cc
[480/1385] Compiling GoogleType TimeOfDay.swift
[481/1385] Compiling GoogleType TimeZone.swift
[486/1385] Compiling GoogleRpc LocalizedMessage.swift
[487/1385] Compiling GoogleRpc PackageVersion.swift
[506/1388] Wrapping AST for GoogleType for debugging
[508/1388] Wrapping AST for GoogleRpc for debugging
[509/1388] Compiling md5-x86_64-linux.S
[510/1388] Compiling md5-x86_64-apple.S
[511/1388] Compiling dtls_method.cc
[512/1388] Compiling md5-586-apple.S
[513/1388] Wrapping AST for Configuration for debugging
[513/1388] Compiling md5-586-linux.S
[515/1388] Compiling d1_srtp.cc
[516/1388] Compiling chacha20_poly1305_armv8-win.S
[517/1388] Compiling chacha20_poly1305_x86_64-apple.S
[518/1388] Compiling chacha20_poly1305_x86_64-linux.S
[519/1388] Compiling chacha20_poly1305_armv8-apple.S
[520/1388] Compiling chacha-x86_64-linux.S
[521/1388] Compiling chacha20_poly1305_armv8-linux.S
[522/1388] Compiling chacha-x86_64-apple.S
[523/1388] Compiling chacha-x86-apple.S
[524/1388] Compiling chacha-x86-linux.S
[525/1388] Compiling chacha-armv8-win.S
[526/1388] Compiling chacha-armv8-apple.S
[527/1388] Compiling d1_pkt.cc
[528/1388] Compiling chacha-armv8-linux.S
[529/1388] Compiling chacha-armv4-linux.S
[530/1388] Compiling aes128gcmsiv-x86_64-linux.S
[531/1388] Compiling aes128gcmsiv-x86_64-apple.S
[532/1388] Compiling x86_64-mont5-apple.S
[533/1388] Compiling x86_64-mont5-linux.S
[534/1388] Compiling d1_lib.cc
[535/1388] Compiling x86_64-mont-linux.S
[536/1388] Compiling x86_64-mont-apple.S
[537/1388] Compiling x86-mont-apple.S
[538/1388] Compiling x86-mont-linux.S
[539/1388] Compiling vpaes-x86_64-apple.S
[540/1388] Compiling vpaes-x86-linux.S
[541/1388] Compiling vpaes-x86_64-linux.S
[542/1388] Compiling vpaes-x86-apple.S
[543/1388] Compiling vpaes-armv8-win.S
[544/1388] Compiling vpaes-armv8-linux.S
[544/1388] Compiling vpaes-armv8-apple.S
[546/1388] Compiling err_data.cc
[547/1388] Compiling vpaes-armv7-linux.S
[548/1388] Compiling sha512-x86_64-linux.S
[549/1388] Compiling sha512-armv8-win.S
[550/1388] Compiling sha512-x86_64-apple.S
[551/1388] Compiling sha512-armv8-apple.S
[552/1388] Compiling sha512-armv4-linux.S
[553/1388] Compiling sha512-armv8-linux.S
[554/1388] Compiling sha512-586-linux.S
[555/1388] Compiling sha512-586-apple.S
[556/1388] Compiling sha256-x86_64-apple.S
[557/1388] Compiling sha256-x86_64-linux.S
[558/1388] Compiling sha256-armv8-win.S
[559/1388] Compiling sha256-armv8-apple.S
[560/1388] Compiling sha256-armv4-linux.S
[561/1388] Compiling sha256-586-linux.S
[561/1388] Compiling sha256-armv8-linux.S
[563/1388] Compiling sha1-x86_64-apple.S
[564/1388] Compiling sha1-x86_64-linux.S
[565/1388] Compiling sha256-586-apple.S
[566/1388] Compiling sha1-armv8-win.S
[567/1388] Compiling sha1-armv8-apple.S
[568/1388] Compiling sha1-586-apple.S
[569/1388] Compiling sha1-armv4-large-linux.S
[570/1388] Compiling sha1-586-linux.S
[570/1388] Compiling sha1-armv8-linux.S
[572/1388] Compiling rsaz-avx2-apple.S
[573/1388] Compiling rsaz-avx2-linux.S
[574/1388] Compiling rdrand-x86_64-linux.S
[574/1388] Compiling rdrand-x86_64-apple.S
[576/1388] Compiling p256_beeu-armv8-asm-win.S
[577/1388] Compiling p256_beeu-x86_64-asm-linux.S
[578/1388] Compiling p256_beeu-x86_64-asm-apple.S
[579/1388] Compiling p256_beeu-armv8-asm-linux.S
[580/1388] Compiling p256_beeu-armv8-asm-apple.S
[581/1388] Compiling p256-x86_64-asm-linux.S
[582/1388] Compiling p256-x86_64-asm-apple.S
[583/1388] Compiling p256-armv8-asm-win.S
[584/1388] Compiling p256-armv8-asm-apple.S
[585/1388] Compiling ghashv8-armv8-linux.S
[586/1388] Compiling ghashv8-armv8-win.S
[587/1388] Compiling ghashv8-armv8-apple.S
[588/1388] Compiling p256-armv8-asm-linux.S
[589/1388] Compiling ghashv8-armv7-linux.S
[590/1388] Compiling ghash-x86_64-linux.S
[591/1388] Compiling ghash-ssse3-x86_64-linux.S
[592/1388] Compiling ghash-x86_64-apple.S
[593/1388] Compiling ghash-x86-apple.S
[594/1388] Compiling ghash-x86-linux.S
[595/1388] Compiling bio_ssl.cc
[596/1388] Compiling ghash-ssse3-x86-linux.S
[596/1388] Compiling ghash-ssse3-x86_64-apple.S
[598/1388] Compiling ghash-ssse3-x86-apple.S
[599/1388] Compiling ghash-neon-armv8-win.S
[600/1388] Compiling ghash-neon-armv8-apple.S
[601/1388] Compiling ghash-neon-armv8-linux.S
[602/1388] Compiling co-586-apple.S
[603/1388] Compiling co-586-linux.S
[604/1388] Compiling ghash-armv4-linux.S
[605/1388] Compiling bsaes-armv7-linux.S
[606/1388] Compiling bn-armv8-win.S
[607/1388] Compiling bn-armv8-linux.S
[608/1388] Compiling bn-586-apple.S
[609/1388] Compiling bn-armv8-apple.S
[610/1388] Compiling armv8-mont-linux.S
[611/1388] Compiling bn-586-linux.S
[612/1388] Compiling armv8-mont-win.S
[613/1388] Compiling armv8-mont-apple.S
[614/1388] Compiling armv4-mont-linux.S
[615/1388] Compiling aesv8-gcm-armv8-win.S
[616/1388] Compiling aesv8-gcm-armv8-apple.S
[617/1388] Compiling aesv8-armv8-linux.S
[618/1388] Compiling aesv8-armv8-win.S
[619/1388] Compiling aesv8-gcm-armv8-linux.S
[620/1388] Compiling aesv8-armv7-linux.S
[621/1388] Compiling aesni-x86_64-apple.S
[622/1388] Compiling aesni-x86-linux.S
[623/1388] Compiling aesni-x86_64-linux.S
[624/1388] Compiling aesv8-armv8-apple.S
[625/1388] Compiling aesni-gcm-x86_64-linux.S
[626/1388] Compiling aesni-gcm-x86_64-apple.S
[627/1388] Compiling aes-gcm-avx10-x86_64-linux.S
[628/1388] Compiling aes-gcm-avx10-x86_64-apple.S
[629/1388] Compiling aesni-x86-apple.S
[630/1388] Compiling aes-gcm-avx2-x86_64-linux.S
[631/1388] Compiling aes-gcm-avx2-x86_64-apple.S
[632/1388] Compiling d1_both.cc
[633/1388] Compiling x_sig.cc
[633/1388] Compiling x_val.cc
[635/1388] Compiling x_x509a.cc
[636/1388] Compiling x_spki.cc
[637/1388] Compiling x_pubkey.cc
[638/1388] Compiling x_req.cc
[639/1388] Compiling x_x509.cc
[640/1388] Compiling x_name.cc
[641/1388] Compiling x_attrib.cc
[642/1388] Compiling x_exten.cc
[643/1388] Compiling x_crl.cc
[644/1388] Compiling x_all.cc
[645/1388] Compiling x509spki.cc
[646/1388] Compiling x_algor.cc
[647/1388] Compiling x509rset.cc
[648/1388] Compiling x509name.cc
[649/1388] Compiling x509cset.cc
[650/1388] Compiling x509_vpm.cc
[651/1388] Compiling x509_txt.cc
[652/1388] Compiling x509_v3.cc
[653/1388] Compiling x509_vfy.cc
[654/1388] Compiling x509_trs.cc
[655/1388] Compiling x509_set.cc
[656/1388] Compiling x509_req.cc
[657/1388] Compiling x509_ext.cc
[658/1388] Compiling x509_obj.cc
[659/1388] Compiling x509_cmp.cc
[660/1388] Compiling x509_att.cc
[661/1388] Compiling x509_def.cc
[662/1388] Compiling x509_lu.cc
[663/1388] Compiling x509_d2.cc
[664/1388] Compiling x509.cc
[665/1388] Compiling v3_skey.cc
[666/1388] Compiling v3_utl.cc
[667/1388] Compiling v3_pcons.cc
[668/1388] Compiling v3_purp.cc
[669/1388] Compiling v3_prn.cc
[670/1388] Compiling v3_pmaps.cc
[671/1388] Compiling v3_ocsp.cc
[672/1388] Compiling v3_ncons.cc
[673/1388] Compiling v3_info.cc
[674/1388] Compiling v3_int.cc
[675/1388] Compiling v3_lib.cc
[676/1388] Compiling v3_ia5.cc
[677/1388] Compiling v3_genn.cc
[678/1388] Compiling v3_extku.cc
[679/1388] Compiling v3_enum.cc
[680/1388] Compiling v3_crld.cc
[681/1388] Compiling v3_cpols.cc
[682/1388] Compiling t_x509a.cc
[683/1388] Compiling v3_conf.cc
[684/1388] Compiling v3_bitst.cc
[685/1388] Compiling v3_alt.cc
[686/1388] Compiling v3_akey.cc
[687/1388] Compiling v3_bcons.cc
[687/1388] Compiling v3_akeya.cc
[689/1388] Compiling i2d_pr.cc
[690/1388] Compiling t_crl.cc
[691/1388] Compiling t_req.cc
[692/1388] Compiling t_x509.cc
[693/1388] Compiling rsa_pss.cc
[694/1388] Compiling policy.cc
[695/1388] Compiling name_print.cc
[696/1388] Compiling by_file.cc
[697/1388] Compiling by_dir.cc
[698/1388] Compiling algorithm.cc
[699/1388] Compiling a_verify.cc
[700/1388] Compiling asn1_gen.cc
[701/1388] Compiling a_sign.cc
[702/1388] Compiling a_digest.cc
[703/1388] Compiling voprf.cc
[704/1388] Compiling trust_token.cc
[705/1388] Compiling thread_win.cc
[706/1388] Compiling thread_none.cc
[707/1388] Compiling thread_pthread.cc
[708/1388] Compiling thread.cc
[709/1388] Compiling stack.cc
[710/1388] Compiling pmbtoken.cc
[711/1388] Compiling siphash.cc
[712/1388] Compiling sha512.cc
[713/1388] Compiling slhdsa.cc
[714/1388] Compiling sha256.cc
[715/1388] Compiling spake2plus.cc
[716/1388] Compiling sha1.cc
[717/1388] Compiling rsa_print.cc
[718/1388] Compiling rsa_extra.cc
[719/1388] Compiling refcount.cc
[720/1388] Compiling rc4.cc
[721/1388] Compiling rsa_asn1.cc
[722/1388] Compiling rsa_crypt.cc
[723/1388] Compiling trusty.cc
[724/1388] Compiling windows.cc
[725/1388] Compiling urandom.cc
[726/1388] Compiling rand.cc
[727/1388] Compiling ios.cc
[728/1388] Compiling passive.cc
[729/1388] Compiling poly1305_arm_asm.S
[730/1388] Compiling getentropy.cc
[731/1388] Compiling deterministic.cc
[731/1388] Compiling forkunsafe.cc
[733/1388] Compiling fork_detect.cc
[734/1388] Compiling poly1305_vec.cc
[735/1388] Compiling poly1305.cc
[736/1388] Compiling poly1305_arm.cc
[737/1388] Compiling pool.cc
[738/1388] Compiling pkcs8_x509.cc
[739/1388] Compiling pkcs7.cc
[740/1388] Compiling pkcs7_x509.cc
[741/1388] Compiling p5_pbev2.cc
[742/1388] Compiling pkcs8.cc
[743/1388] Compiling pem_xaux.cc
[744/1388] Compiling pem_pkey.cc
[745/1388] Compiling pem_x509.cc
[746/1388] Compiling pem_pk8.cc
[747/1388] Compiling pem_oth.cc
[748/1388] Compiling pem_all.cc
[749/1388] Compiling pem_info.cc
[750/1388] Compiling mlkem.cc
[751/1388] Compiling obj_xref.cc
[752/1388] Compiling mem.cc
[753/1388] Compiling obj.cc
[754/1388] Compiling mldsa.cc
[755/1388] Compiling poly_rq_mul.S
[756/1388] Compiling pem_lib.cc
[757/1388] Compiling fips_shared_support.cc
[758/1388] Compiling md5.cc
[759/1388] Compiling md4.cc
[760/1388] Compiling lhash.cc
[761/1388] Compiling kyber.cc
[762/1388] Compiling ex_data.cc
[763/1388] Compiling sign.cc
[764/1388] Compiling hrss.cc
[765/1388] Compiling hpke.cc
[766/1388] Compiling scrypt.cc
[767/1388] Compiling pbkdf.cc
[768/1388] Compiling print.cc
[769/1388] Compiling p_x25519.cc
[770/1388] Compiling p_rsa_asn1.cc
[771/1388] Compiling p_ed25519_asn1.cc
[772/1388] Compiling p_x25519_asn1.cc
[773/1388] Compiling p_ec_asn1.cc
[774/1388] Compiling p_ed25519.cc
[775/1388] Compiling p_hkdf.cc
[776/1388] Compiling p_rsa.cc
[777/1388] Compiling p_ec.cc
[778/1388] Compiling p_dh_asn1.cc
[779/1388] Compiling p_dh.cc
[780/1388] Compiling evp_ctx.cc
[781/1388] Compiling engine.cc
[782/1388] Compiling p_dsa_asn1.cc
[783/1388] Compiling evp.cc
[784/1388] Compiling err.cc
[785/1388] Compiling ecdsa_asn1.cc
[786/1388] Compiling evp_asn1.cc
[787/1388] Compiling ecdh.cc
[788/1388] Compiling ec_asn1.cc
[789/1388] Compiling ec_derive.cc
[790/1388] Compiling hash_to_curve.cc
[791/1388] Compiling dsa.cc
[792/1388] Compiling params.cc
[793/1388] Compiling bcm.cc
[794/1388] Compiling dsa_asn1.cc
[795/1388] Compiling x25519-asm-arm.S
[796/1388] Compiling dh_asn1.cc
[797/1388] Compiling digest_extra.cc
[798/1388] Compiling des.cc
[799/1388] Compiling curve25519_64_adx.cc
[800/1388] Compiling spake25519.cc
[801/1388] Compiling cpu_intel.cc
[802/1388] Compiling crypto.cc
[803/1388] Compiling cpu_arm_freebsd.cc
[804/1388] Compiling cpu_arm_linux.cc
[805/1388] Compiling curve25519.cc
[806/1388] Compiling cpu_aarch64_win.cc
[807/1388] Compiling cpu_aarch64_sysreg.cc
[808/1388] Compiling cpu_aarch64_openbsd.cc
[809/1388] Compiling conf.cc
[810/1388] Compiling cpu_aarch64_linux.cc
[811/1388] Compiling cpu_aarch64_fuchsia.cc
[812/1388] Compiling cpu_aarch64_apple.cc
[813/1388] Compiling get_cipher.cc
[814/1388] Compiling e_rc4.cc
[815/1388] Compiling tls_cbc.cc
[816/1388] Compiling e_tls.cc
[817/1388] Compiling e_null.cc
[818/1388] Compiling e_des.cc
[819/1388] Compiling e_rc2.cc
[820/1388] Compiling e_chacha20poly1305.cc
[821/1388] Compiling e_aesctrhmac.cc
[822/1388] Compiling e_aesgcmsiv.cc
[823/1388] Compiling chacha.cc
[824/1388] Compiling derive_key.cc
[825/1388] Compiling buf.cc
[826/1388] Compiling unicode.cc
[827/1388] Compiling ber.cc
[828/1388] Compiling cbb.cc
[829/1388] Compiling asn1_compat.cc
[830/1388] Compiling cbs.cc
[831/1388] Compiling bn_asn1.cc
[832/1388] Compiling convert.cc
[833/1388] Compiling blake2.cc
[834/1388] Compiling hexdump.cc
[835/1388] Compiling socket_helper.cc
[836/1388] Compiling printf.cc
[837/1388] Compiling socket.cc
[838/1388] Compiling pair.cc
[839/1388] Compiling file.cc
[840/1388] Compiling fd.cc
[841/1388] Compiling errno.cc
[842/1388] Compiling connect.cc
[843/1388] Compiling bio_mem.cc
[844/1388] Compiling base64.cc
[845/1388] Compiling bio.cc
[846/1388] Compiling tasn_typ.cc
[847/1388] Compiling tasn_fre.cc
[848/1388] Compiling tasn_new.cc
[849/1388] Compiling tasn_utl.cc
[850/1388] Compiling f_string.cc
[851/1388] Compiling tasn_enc.cc
[852/1388] Compiling posix_time.cc
[853/1388] Compiling f_int.cc
[854/1388] Compiling asn1_par.cc
[855/1388] Compiling asn_pack.cc
[856/1388] Compiling tasn_dec.cc
[857/1388] Compiling asn1_lib.cc
[858/1388] Compiling a_type.cc
[859/1388] Compiling a_utctm.cc
[860/1388] Compiling a_octet.cc
[861/1388] Compiling a_time.cc
[862/1388] Compiling a_strnid.cc
[863/1388] Compiling a_strex.cc
[864/1388] Compiling a_i2d_fp.cc
[865/1388] Compiling a_object.cc
[866/1388] Compiling a_dup.cc
[867/1388] Compiling a_mbstr.cc
[868/1388] Compiling a_d2i_fp.cc
[869/1388] Compiling a_int.cc
[870/1388] Compiling CGoogleGaxCRC32C CGoogleGaxCRC32C.c
[871/1388] Compiling a_gentm.cc
[872/1388] Compiling fiat_p256_adx_sqr.S
[873/1388] Compiling fiat_curve25519_adx_square.S
[874/1388] Compiling fiat_p256_adx_mul.S
[875/1388] Compiling fiat_curve25519_adx_mul.S
[876/1388] Compiling md5-x86_64-apple.S
[877/1388] Compiling md5-x86_64-linux.S
[878/1388] Compiling md5-586-linux.S
[879/1388] Compiling md5-586-apple.S
[880/1388] Compiling a_bitstr.cc
[881/1388] Compiling CCryptoBoringSSLShims shims.c
[882/1388] Compiling chacha20_poly1305_x86_64-apple.S
[883/1388] Compiling chacha20_poly1305_x86_64-linux.S
[884/1388] Compiling chacha-x86_64-linux.S
[885/1388] Compiling chacha20_poly1305_armv8-win.S
[886/1388] Compiling chacha20_poly1305_armv8-apple.S
[887/1388] Compiling a_bool.cc
[888/1388] Compiling chacha20_poly1305_armv8-linux.S
[889/1388] Compiling chacha-x86_64-apple.S
[890/1388] Compiling chacha-x86-linux.S
[891/1388] Compiling chacha-x86-apple.S
[892/1388] Compiling chacha-armv8-win.S
[893/1388] Compiling chacha-armv8-apple.S
[894/1388] Compiling chacha-armv8-linux.S
[895/1388] Compiling aes128gcmsiv-x86_64-apple.S
[896/1388] Compiling x86_64-mont5-linux.S
[897/1388] Compiling aes128gcmsiv-x86_64-linux.S
[897/1388] Compiling chacha-armv4-linux.S
[899/1388] Compiling x86_64-mont5-apple.S
[900/1388] Compiling x86_64-mont-linux.S
[901/1388] Compiling x86-mont-linux.S
[902/1388] Compiling x86-mont-apple.S
[902/1388] Compiling vpaes-x86_64-linux.S
[904/1388] Compiling x86_64-mont-apple.S
[905/1388] Compiling vpaes-x86_64-apple.S
[906/1388] Compiling vpaes-x86-linux.S
[907/1388] Compiling vpaes-armv8-apple.S
[908/1388] Compiling vpaes-armv8-win.S
[909/1388] Compiling vpaes-x86-apple.S
[910/1388] Compiling vpaes-armv7-linux.S
[911/1388] Compiling vpaes-armv8-linux.S
[912/1388] Compiling sha512-x86_64-linux.S
[913/1388] Compiling sha512-armv8-win.S
[914/1388] Compiling sha512-x86_64-apple.S
[915/1388] Compiling sha512-armv4-linux.S
[916/1388] Compiling sha512-armv8-apple.S
[917/1388] Compiling sha512-armv8-linux.S
[918/1388] Compiling sha512-586-apple.S
[919/1388] Compiling sha512-586-linux.S
[920/1388] Compiling sha256-armv8-win.S
[921/1388] Compiling sha256-x86_64-linux.S
[922/1388] Compiling sha256-armv8-apple.S
[923/1388] Compiling sha256-x86_64-apple.S
[924/1388] Compiling sha256-armv8-linux.S
[925/1388] Compiling sha256-armv4-linux.S
[925/1388] Compiling sha256-586-linux.S
[927/1388] Compiling sha256-586-apple.S
[928/1388] Compiling sha1-x86_64-linux.S
[929/1388] Compiling err_data.cc
[930/1388] Compiling sha1-armv8-win.S
[931/1388] Compiling sha1-x86_64-apple.S
[932/1388] Compiling sha1-armv8-apple.S
[933/1388] Compiling sha1-armv8-linux.S
[934/1388] Compiling sha1-586-apple.S
[935/1388] Compiling sha1-armv4-large-linux.S
[936/1388] Compiling sha1-586-linux.S
[937/1388] Compiling rsaz-avx2-linux.S
[938/1388] Compiling rsaz-avx2-apple.S
[939/1388] Compiling p256_beeu-x86_64-asm-apple.S
[940/1388] Compiling rdrand-x86_64-apple.S
[941/1388] Compiling p256_beeu-x86_64-asm-linux.S
[942/1388] Compiling rdrand-x86_64-linux.S
[943/1388] Compiling p256_beeu-armv8-asm-win.S
[944/1388] Compiling p256_beeu-armv8-asm-apple.S
[945/1388] Compiling p256_beeu-armv8-asm-linux.S
[946/1388] Compiling p256-x86_64-asm-linux.S
[947/1388] Compiling p256-armv8-asm-win.S
[948/1388] Compiling p256-x86_64-asm-apple.S
[949/1388] Compiling p256-armv8-asm-apple.S
[950/1388] Compiling ghashv8-armv8-linux.S
[951/1388] Compiling p256-armv8-asm-linux.S
[952/1388] Compiling ghashv8-armv8-apple.S
[953/1388] Compiling ghashv8-armv7-linux.S
[954/1388] Compiling ghashv8-armv8-win.S
[955/1388] Compiling ghash-x86_64-linux.S
[956/1388] Compiling ghash-x86-linux.S
[957/1388] Compiling ghash-x86-apple.S
[957/1388] Compiling ghash-ssse3-x86_64-apple.S
[959/1388] Compiling ghash-ssse3-x86_64-linux.S
[960/1388] Compiling ghash-x86_64-apple.S
[961/1388] Compiling ghash-ssse3-x86-linux.S
[962/1388] Compiling ghash-ssse3-x86-apple.S
[963/1388] Compiling ghash-neon-armv8-linux.S
[964/1388] Compiling ghash-neon-armv8-win.S
[965/1388] Compiling ghash-neon-armv8-apple.S
[966/1388] Compiling ghash-armv4-linux.S
[967/1388] Compiling co-586-apple.S
[968/1388] Compiling co-586-linux.S
[969/1388] Compiling bsaes-armv7-linux.S
[970/1388] Compiling bn-armv8-linux.S
[971/1388] Compiling bn-armv8-win.S
[972/1388] Compiling bn-armv8-apple.S
[973/1388] Compiling bn-586-linux.S
[974/1388] Compiling bn-586-apple.S
[975/1388] Compiling armv4-mont-linux.S
[976/1388] Compiling armv8-mont-apple.S
[977/1388] Compiling aesv8-gcm-armv8-win.S
[978/1388] Compiling armv8-mont-win.S
[979/1388] Compiling armv8-mont-linux.S
[980/1388] Compiling aesv8-gcm-armv8-linux.S
[981/1388] Compiling aesv8-armv8-apple.S
[982/1388] Compiling aesv8-armv8-win.S
[983/1388] Compiling aesv8-gcm-armv8-apple.S
[984/1388] Compiling aesv8-armv8-linux.S
[985/1388] Compiling aesv8-armv7-linux.S
[986/1388] Compiling aesni-x86_64-linux.S
[987/1388] Compiling aesni-x86_64-apple.S
[988/1388] Compiling aesni-x86-apple.S
[989/1388] Compiling aesni-x86-linux.S
[990/1388] Compiling aesni-gcm-x86_64-linux.S
[991/1388] Compiling aes-gcm-avx512-x86_64-apple.S
[992/1388] Compiling aesni-gcm-x86_64-apple.S
[993/1388] Compiling aes-gcm-avx512-x86_64-linux.S
[994/1388] Compiling aes-gcm-avx2-x86_64-linux.S
[995/1388] Compiling aes-gcm-avx2-x86_64-apple.S
[996/1388] Compiling xwing.cc
[997/1388] Compiling x_sig.cc
[998/1388] Compiling x_x509a.cc
[999/1388] Compiling x_req.cc
[1000/1388] Compiling x_spki.cc
[1001/1388] Compiling x_x509.cc
[1002/1388] Compiling c-nioatomics.c
[1003/1388] Compiling x_pubkey.cc
[1004/1388] Compiling x_exten.cc
[1005/1388] Compiling x_crl.cc
[1006/1388] Compiling x_name.cc
[1007/1388] Compiling c-atomics.c
[1008/1388] Compiling x_attrib.cc
[1009/1395] Compiling x_all.cc
[1010/1395] Compiling x_algor.cc
[1012/1395] Compiling NIOConcurrencyHelpers NIOLockedValueBox.swift
[1012/1395] Compiling x509spki.cc
[1014/1395] Compiling NIOConcurrencyHelpers lock.swift
[1015/1395] Compiling NIOConcurrencyHelpers NIOAtomic.swift
[1016/1395] Compiling NIOConcurrencyHelpers NIOThreadPoolWorkAvailable.swift
[1017/1395] Compiling NIOConcurrencyHelpers atomics.swift
[1018/1395] Compiling NIOConcurrencyHelpers NIOLock.swift
[1019/1395] Emitting module NIOConcurrencyHelpers
[1020/1396] Compiling x509cset.cc
[1021/1396] Wrapping AST for NIOConcurrencyHelpers for debugging
[1022/1396] Compiling x509rset.cc
[1023/1396] Compiling x509_vpm.cc
[1024/1396] Compiling x509name.cc
[1025/1396] Compiling x509_vfy.cc
[1026/1396] Compiling x509_v3.cc
[1027/1396] Compiling x509_txt.cc
[1028/1396] Compiling x509_set.cc
[1029/1396] Compiling x509_req.cc
[1030/1396] Compiling x509_trs.cc
[1031/1396] Compiling x509_lu.cc
[1032/1396] Compiling x509_obj.cc
[1033/1396] Compiling x509_def.cc
[1034/1396] Compiling x509_d2.cc
[1035/1396] Compiling x509_ext.cc
[1036/1396] Compiling x509_cmp.cc
[1037/1396] Compiling x509_att.cc
[1038/1396] Compiling x509.cc
[1039/1396] Compiling v3_utl.cc
[1040/1396] Compiling v3_skey.cc
[1041/1396] Compiling v3_purp.cc
[1042/1396] Compiling v3_prn.cc
[1043/1396] Compiling v3_pmaps.cc
[1044/1396] Compiling v3_pcons.cc
[1045/1396] Compiling v3_ncons.cc
[1046/1396] Compiling v3_ocsp.cc
[1047/1396] Compiling v3_lib.cc
[1048/1396] Compiling v3_int.cc
[1049/1396] Compiling v3_info.cc
[1050/1396] Compiling v3_enum.cc
[1051/1396] Compiling v3_ia5.cc
[1052/1396] Compiling v3_genn.cc
[1053/1396] Compiling v3_extku.cc
[1054/1396] Compiling v3_cpols.cc
[1055/1396] Compiling v3_crld.cc
[1056/1396] Compiling v3_conf.cc
[1057/1396] Compiling i2d_pr.cc
[1058/1396] Compiling t_crl.cc
[1059/1396] Compiling v3_bitst.cc
[1060/1396] Compiling name_print.cc
[1061/1396] Compiling rsa_pss.cc
[1062/1396] Compiling by_file.cc
[1063/1396] Compiling by_dir.cc
[1064/1396] Compiling policy.cc
[1065/1396] Compiling algorithm.cc
[1066/1396] Compiling asn1_gen.cc
[1067/1396] Compiling a_verify.cc
[1068/1396] Compiling thread_win.cc
[1069/1396] Compiling a_digest.cc
[1070/1396] Compiling a_sign.cc
[1071/1396] Compiling voprf.cc
[1072/1396] Compiling thread_none.cc
[1073/1396] Compiling trust_token.cc
[1074/1396] Compiling thread_pthread.cc
[1075/1396] Compiling pmbtoken.cc
[1076/1396] Compiling thread.cc
[1077/1396] Compiling stack.cc
[1078/1396] Compiling slhdsa.cc
[1079/1396] Compiling sha256.cc
[1080/1396] Compiling siphash.cc
[1081/1396] Compiling sha1.cc
[1082/1396] Compiling sha512.cc
[1083/1396] Compiling spake2plus.cc
[1084/1396] Compiling rsa_print.cc
[1085/1396] Compiling rsa_extra.cc
[1086/1396] Compiling rc4.cc
[1087/1396] Compiling refcount.cc
[1088/1396] Compiling urandom.cc
[1089/1396] Compiling trusty.cc
[1090/1396] Compiling windows.cc
[1091/1396] Compiling rsa_crypt.cc
[1092/1396] Compiling getentropy.cc
[1093/1396] Compiling rand.cc
[1094/1396] Compiling passive.cc
[1095/1396] Compiling poly1305_arm_asm.S
[1096/1396] Compiling ios.cc
[1097/1396] Compiling forkunsafe.cc
[1098/1396] Compiling rsa_asn1.cc
[1099/1396] Compiling fork_detect.cc
[1100/1396] Compiling deterministic.cc
[1101/1396] Compiling poly1305_arm.cc
[1102/1396] Compiling poly1305_vec.cc
[1103/1396] Compiling poly1305.cc
[1104/1396] Compiling pool.cc
[1105/1396] Compiling p5_pbev2.cc
[1106/1396] Compiling pkcs8.cc
[1107/1396] Compiling pkcs8_x509.cc
[1108/1396] Compiling pkcs7.cc
[1109/1396] Compiling pkcs7_x509.cc
[1110/1396] Compiling pem_xaux.cc
[1111/1396] Compiling pem_x509.cc
[1112/1396] Compiling pem_pkey.cc
[1113/1396] Compiling pem_pk8.cc
[1114/1396] Compiling obj_xref.cc
[1115/1396] Compiling pem_oth.cc
[1116/1396] Compiling mlkem.cc
[1117/1396] Compiling pem_lib.cc
[1118/1396] Compiling pem_info.cc
[1119/1396] Compiling pem_all.cc
[1120/1396] Compiling obj.cc
[1121/1396] Compiling mldsa.cc
[1122/1396] Compiling poly_rq_mul.S
[1123/1396] Compiling mem.cc
[1124/1396] Compiling fips_shared_support.cc
[1125/1396] Compiling lhash.cc
[1126/1396] Compiling md4.cc
[1127/1396] Compiling md5.cc
[1128/1396] Compiling kyber.cc
[1129/1396] Compiling fuzzer_mode.cc
[1130/1396] Compiling ex_data.cc
[1131/1396] Compiling sign.cc
[1132/1396] Compiling hrss.cc
[1133/1396] Compiling hpke.cc
[1134/1396] Compiling scrypt.cc
[1135/1396] Compiling print.cc
[1136/1396] Compiling pbkdf.cc
[1137/1396] Compiling p_rsa_asn1.cc
[1138/1396] Compiling p_x25519_asn1.cc
[1139/1396] Compiling p_hkdf.cc
[1140/1396] Compiling p_x25519.cc
[1141/1396] Compiling p_ed25519_asn1.cc
[1142/1396] Compiling p_ed25519.cc
[1143/1396] Compiling p_rsa.cc
[1144/1396] Compiling p_ec_asn1.cc
[1145/1396] Compiling p_dh.cc
[1145/1396] Compiling p_dsa_asn1.cc
[1147/1396] Compiling p_dh_asn1.cc
[1148/1396] Compiling p_ec.cc
[1149/1396] Compiling engine.cc
[1150/1396] Compiling evp.cc
[1151/1396] Compiling evp_ctx.cc
[1152/1396] Compiling evp_asn1.cc
[1153/1396] Compiling ecdsa_p1363.cc
[1154/1396] Compiling err.cc
[1155/1396] Compiling ecdh.cc
[1156/1396] Compiling ec_derive.cc
[1157/1396] Compiling ecdsa_asn1.cc
[1158/1396] Compiling hash_to_curve.cc
[1159/1396] Compiling dsa.cc
[1160/1396] Compiling ec_asn1.cc
[1161/1396] Compiling dsa_asn1.cc
[1162/1396] Compiling des.cc
[1163/1396] Compiling digest_extra.cc
[1164/1396] Compiling x25519-asm-arm.S
[1165/1396] Compiling curve25519_64_adx.cc
[1166/1396] Compiling params.cc
[1167/1396] Compiling dh_asn1.cc
[1168/1396] Compiling cpu_intel.cc
[1169/1396] Compiling spake25519.cc
[1170/1396] Compiling cpu_aarch64_win.cc
[1171/1396] Compiling curve25519.cc
[1172/1396] Compiling cpu_arm_linux.cc
[1173/1396] Compiling cpu_arm_freebsd.cc
[1174/1396] Compiling crypto.cc
[1175/1396] Compiling cpu_aarch64_sysreg.cc
[1176/1396] Compiling cpu_aarch64_openbsd.cc
[1177/1396] Compiling cpu_aarch64_linux.cc
[1178/1396] Compiling cpu_aarch64_fuchsia.cc
[1179/1396] Compiling cpu_aarch64_apple.cc
[1180/1396] Compiling conf.cc
[1181/1396] Compiling tls_cbc.cc
[1182/1396] Compiling get_cipher.cc
[1183/1396] Compiling e_tls.cc
[1184/1396] Compiling e_rc4.cc
[1185/1396] Compiling cms.cc
[1186/1396] Compiling e_rc2.cc
[1187/1396] Compiling e_aesgcmsiv.cc
[1188/1396] Compiling e_null.cc
[1189/1396] Compiling e_des.cc
[1190/1396] Compiling e_chacha20poly1305.cc
[1191/1396] Compiling chacha.cc
[1191/1396] Compiling e_aeseax.cc
[1193/1396] Compiling e_aesctrhmac.cc
[1194/1396] Compiling derive_key.cc
[1195/1396] Compiling buf.cc
[1196/1396] Compiling unicode.cc
[1197/1396] Compiling sqrt.cc
[1198/1396] Compiling cbb.cc
[1199/1396] Compiling ber.cc
[1200/1396] Compiling cbs.cc
[1201/1396] Compiling asn1_compat.cc
[1202/1396] Compiling div.cc
[1203/1396] Compiling exponentiation.cc
[1204/1396] Compiling printf.cc
[1205/1396] Compiling blake2.cc
[1206/1396] Compiling convert.cc
[1207/1396] Compiling bn_asn1.cc
[1208/1396] Compiling file.cc
[1209/1396] Compiling hexdump.cc
[1210/1396] Compiling pair.cc
[1211/1396] Compiling errno.cc
[1212/1396] Compiling fd.cc
[1213/1396] Compiling bio_mem.cc
[1214/1396] Compiling bio.cc
[1215/1396] Compiling base64.cc
[1216/1396] Compiling tasn_typ.cc
[1217/1396] Compiling tasn_utl.cc
[1218/1396] Compiling tasn_enc.cc
[1219/1396] Compiling tasn_new.cc
[1220/1396] Compiling tasn_fre.cc
[1221/1396] Compiling posix_time.cc
[1222/1396] Compiling bcm.cc
[1223/1396] Compiling f_int.cc
[1224/1396] Compiling f_string.cc
[1225/1396] Compiling tasn_dec.cc
[1226/1396] Compiling asn1_par.cc
[1227/1396] Compiling asn_pack.cc
[1228/1396] Compiling asn1_lib.cc
[1229/1396] Compiling a_utctm.cc
[1230/1396] Compiling a_octet.cc
[1231/1396] Compiling a_time.cc
[1232/1396] Compiling a_type.cc
[1233/1396] Compiling a_strex.cc
[1234/1396] Compiling a_strnid.cc
[1235/1396] Compiling a_object.cc
[1236/1396] Compiling a_i2d_fp.cc
[1237/1396] Compiling a_mbstr.cc
[1238/1396] Compiling CAsyncHTTPClient CAsyncHTTPClient.c
[1238/1396] Write sources
[1242/1414] Compiling a_int.cc
[1243/1419] Compiling a_d2i_fp.cc
[1244/1439] Compiling a_dup.cc
[1245/1439] Compiling a_gentm.cc
[1247/1439] Compiling Algorithms Combinations.swift
[1248/1439] Compiling Algorithms Compacted.swift
[1249/1441] Compiling Algorithms Cycle.swift
[1250/1441] Compiling Algorithms EitherSequence.swift
[1250/1441] Compiling aes.cc
[1252/1441] Compiling Algorithms AdjacentPairs.swift
[1253/1441] Compiling Algorithms Chain.swift
[1254/1441] Compiling Algorithms Chunked.swift
[1255/1441] Compiling Algorithms Partition.swift
[1256/1441] Compiling Algorithms Permutations.swift
[1257/1441] Compiling Algorithms Indexed.swift
[1258/1441] Compiling Algorithms Intersperse.swift
[1258/1441] Compiling a_bool.cc
[1260/1441] Compiling Atomics IntegerOperations.swift
[1261/1441] Compiling Atomics Unmanaged extensions.swift
[1261/1441] Compiling a_bitstr.cc
[1263/1449] Compiling Algorithms FirstNonNil.swift
[1264/1449] Compiling Algorithms FlattenCollection.swift
[1265/1449] Compiling Algorithms Grouped.swift
[1271/1452] Compiling Algorithms Stride.swift
[1272/1452] Compiling Algorithms Suffix.swift
[1273/1452] Compiling Algorithms RandomSample.swift
[1274/1452] Compiling Algorithms Reductions.swift
[1275/1452] Compiling Algorithms Rotate.swift
[1278/1452] Compiling Algorithms Product.swift
[1279/1452] Compiling Algorithms Joined.swift
[1280/1452] Compiling Algorithms Keyed.swift
[1282/1452] Compiling Algorithms Trim.swift
[1283/1452] Compiling Algorithms Unique.swift
[1284/1452] Compiling Algorithms Windows.swift
[1289/1452] Compiling CryptoBoringWrapper RandomBytes.swift
[1290/1452] Compiling CryptoBoringWrapper CryptoKitErrors_boring.swift
[1291/1452] Compiling CryptoBoringWrapper EllipticCurve.swift
[1292/1452] Compiling CryptoBoringWrapper FiniteFieldArithmeticContext.swift
[1293/1452] Emitting module CryptoBoringWrapper
[1294/1452] Compiling CryptoBoringWrapper BoringSSLAEAD.swift
[1302/1452] Emitting module Atomics
[1303/1453] Wrapping AST for Atomics for debugging
[1305/1453] Compiling CryptoBoringWrapper EllipticCurvePoint.swift
[1306/1453] Compiling CryptoBoringWrapper ArbitraryPrecisionInteger.swift
[1308/1480] Emitting module Algorithms
[1309/1519] Wrapping AST for CryptoBoringWrapper for debugging
[1310/1519] Wrapping AST for Algorithms for debugging
[1312/1603] Compiling Crypto ECDSASignature.swift
[1313/1603] Compiling Crypto PEMDocument.swift
[1314/1603] Compiling Crypto PKCS8PrivateKey.swift
[1315/1603] Compiling Crypto SEC1PrivateKey.swift
[1316/1603] Compiling Crypto SubjectPublicKeyInfo.swift
[1317/1603] Compiling Crypto CryptoError_boring.swift
[1318/1603] Compiling Crypto CryptoKitErrors.swift
[1319/1603] Compiling Crypto Digest_boring.swift
[1320/1603] Compiling Crypto Digest.swift
[1324/1611] Compiling Crypto Digests.swift
[1325/1611] Compiling Crypto HashFunctions.swift
[1326/1611] Compiling Crypto HashFunctions_SHA2.swift
[1327/1611] Compiling Crypto HashFunctions_SHA3.swift
[1328/1611] Compiling Crypto Digest_xkcp.swift
[1329/1611] Compiling Crypto HPKE-AEAD.swift
[1330/1611] Compiling Crypto HPKE-Ciphersuite.swift
[1331/1611] Compiling Crypto HPKE-KDF.swift
[1332/1611] Compiling Crypto HPKE-KexKeyDerivation.swift
[1333/1622] Compiling Crypto ASN1Null.swift
[1334/1622] Compiling Crypto ASN1OctetString.swift
[1335/1622] Compiling Crypto ASN1Strings.swift
[1336/1622] Compiling Crypto ArraySliceBigint.swift
[1337/1622] Compiling Crypto GeneralizedTime.swift
[1338/1622] Compiling Crypto ObjectIdentifier.swift
[1345/1622] Compiling Crypto AES-GCM.swift
[1346/1622] Compiling Crypto AES-GCM_boring.swift
[1347/1622] Compiling Crypto ChaChaPoly_boring.swift
[1348/1622] Compiling Crypto ChaChaPoly.swift
[1349/1622] Compiling Crypto Cipher.swift
[1350/1622] Compiling Crypto Nonces.swift
[1351/1622] Compiling Crypto ASN1.swift
[1352/1622] Compiling Crypto ASN1Any.swift
[1353/1622] Compiling Crypto ASN1BitString.swift
[1354/1622] Compiling Crypto ASN1Boolean.swift
[1355/1622] Compiling Crypto ASN1Identifier.swift
[1356/1622] Compiling Crypto ASN1Integer.swift
[1357/1622] Emitting module Crypto
[1367/1622] Compiling Crypto HPKE-KeySchedule.swift
[1368/1622] Compiling Crypto HPKE-Modes.swift
[1369/1622] Compiling Crypto Insecure.swift
[1370/1622] Compiling Crypto HKDF.swift
[1371/1622] Compiling Crypto AESWrap.swift
[1372/1622] Compiling Crypto AESWrap_boring.swift
[1373/1622] Compiling Crypto Ed25519_boring.swift
[1374/1622] Compiling Crypto NISTCurvesKeys_boring.swift
[1375/1622] Compiling Crypto X25519Keys_boring.swift
[1376/1622] Compiling Crypto Curve25519.swift
[1377/1622] Compiling Crypto Ed25519Keys.swift
[1378/1622] Compiling Crypto NISTCurvesKeys.swift
[1379/1622] Compiling Crypto X25519Keys.swift
[1380/1622] Compiling Crypto SymmetricKeys.swift
[1381/1622] Compiling Crypto HMAC.swift
[1382/1622] Compiling Crypto Insecure_HashFunctions.swift
[1383/1622] Compiling Crypto MLKEM_boring.swift
[1384/1622] Compiling Crypto MLKEM_wrapper.swift
[1385/1622] Compiling Crypto HPKE-LabeledExtract.swift
[1386/1622] Compiling Crypto HPKE-Utils.swift
[1387/1622] Compiling Crypto DHKEM.swift
[1388/1622] Compiling Crypto HPKE-KEM-Curve25519.swift
[1389/1622] Compiling Crypto HPKE-NIST-EC-KEMs.swift
[1390/1622] Compiling Crypto HPKE-KEM.swift
[1391/1622] Compiling Crypto HPKE-Errors.swift
[1392/1622] Compiling Crypto HPKE.swift
[1393/1622] Compiling Crypto HPKE-Context.swift
[1415/1622] Compiling Crypto MACFunctions.swift
[1416/1622] Compiling Crypto MessageAuthenticationCode.swift
[1417/1622] Compiling Crypto AES.swift
[1418/1622] Compiling Crypto ECDSASignature_boring.swift
[1419/1622] Compiling Crypto ECDSA_boring.swift
[1420/1622] Compiling Crypto EdDSA_boring.swift
[1421/1622] Compiling Crypto MLDSA_boring.swift
[1422/1622] Compiling Crypto MLDSA_wrapper.swift
[1423/1622] Compiling Crypto ECDSA.swift
[1424/1622] Compiling Crypto Ed25519.swift
[1425/1622] Compiling Crypto MLDSA.swift
[1429/1622] Compiling NIOCore SingleStepByteToMessageDecoder.swift
[1430/1622] Compiling NIOCore SocketAddresses.swift
[1431/1622] Compiling NIOCore SocketOptionProvider.swift
[1432/1622] Compiling NIOCore SystemCallHelpers.swift
[1433/1622] Compiling NIOCore TimeAmount+Duration.swift
[1434/1622] Compiling NIOCore TypeAssistedChannelHandler.swift
[1435/1622] Compiling NIOCore UniversalBootstrapSupport.swift
[1436/1622] Compiling NIOCore Utilities.swift
[1437/1622] Compiling Crypto ANSIx963.swift
[1450/1622] Compiling Crypto Signature.swift
[1451/1622] Compiling Crypto CryptoKitErrors_boring.swift
[1452/1622] Compiling Crypto Optional+withUnsafeBytes_boring.swift
[1453/1622] Compiling Crypto RNG_boring.swift
[1454/1622] Compiling Crypto SafeCompare_boring.swift
[1455/1622] Compiling Crypto Zeroization_boring.swift
[1456/1622] Compiling Crypto _CryptoModuleAnchor.swift
[1457/1622] Compiling Crypto PrettyBytes.swift
[1458/1622] Compiling Crypto SafeCompare.swift
[1459/1622] Compiling Crypto SecureBytes.swift
[1460/1622] Compiling Crypto Zeroization.swift
[1461/1623] Wrapping AST for Crypto for debugging
[1471/1685] Emitting module CryptoExtras
[1472/1693] Compiling CryptoExtras Data+Extensions.swift
[1473/1693] Compiling CryptoExtras DigestType.swift
[1474/1693] Compiling CryptoExtras Error.swift
[1475/1693] Compiling CryptoExtras I2OSP.swift
[1476/1693] Compiling CryptoExtras IntegerEncoding.swift
[1477/1693] Compiling CryptoExtras PEMDocument.swift
[1478/1693] Compiling CryptoExtras PrettyBytes.swift
[1479/1693] Compiling CryptoExtras SubjectPublicKeyInfo.swift
[1480/1693] Compiling CryptoExtras PBKDF2.swift
[1481/1693] Compiling CryptoExtras Scrypt_boring.swift
[1482/1693] Compiling CryptoExtras Scrypt.swift
[1483/1693] Compiling CryptoExtras OPRF.swift
[1484/1693] Compiling CryptoExtras OPRFClient.swift
[1485/1693] Compiling CryptoExtras OPRFServer.swift
[1486/1693] Compiling CryptoExtras VOPRF+API.swift
[1487/1693] Compiling CryptoExtras VOPRFClient.swift
[1488/1693] Compiling CryptoExtras VOPRFServer.swift
[1489/1693] Compiling CryptoExtras PKCS8DERRepresentation.swift
[1490/1693] Compiling CryptoExtras PKCS8PrivateKey.swift
[1491/1693] Compiling CryptoExtras RFC8410AlgorithmIdentifier.swift
[1492/1693] Compiling CryptoExtras ECToolbox_boring.swift
[1493/1693] Compiling CryptoExtras ECToolbox.swift
[1494/1693] Compiling CryptoExtras HashToField.swift
[1495/1693] Compiling CryptoExtras KDF.swift
[1496/1693] Compiling CryptoExtras PBKDF2_boring.swift
[1497/1693] Compiling CryptoExtras PBKDF2_commoncrypto.swift
[1498/1693] Compiling CryptoExtras AES_CBC.swift
[1499/1693] Compiling CryptoExtras AES_CFB.swift
[1500/1693] Compiling CryptoExtras AES_CTR.swift
[1501/1693] Compiling CryptoExtras AES_GCM_SIV.swift
[1502/1693] Compiling CryptoExtras Block Function.swift
[1503/1693] Compiling CryptoExtras AES_CBC_boring.swift
[1504/1693] Compiling CryptoExtras AES_CFB_boring.swift
[1505/1693] Compiling CryptoExtras AES_CTR_boring.swift
[1506/1693] Compiling CryptoExtras AES_GCM_SIV_boring.swift
[1507/1693] Compiling CryptoExtras ThreadOps.swift
[1508/1693] Compiling CryptoExtras ThreadPosix.swift
[1509/1693] Compiling CryptoExtras ThreadSpecific.swift
[1510/1693] Compiling CryptoExtras ThreadWindows.swift
[1511/1693] Compiling CryptoExtras DLEQ.swift
[1512/1693] Compiling CryptoExtras Prover.swift
[1513/1693] Compiling CryptoExtras Verifier.swift
[1514/1693] Compiling CryptoExtras ZKPToolbox.swift
[1515/1693] Compiling CryptoExtras ARCServer.swift
[1516/1693] Compiling CryptoExtras ChaCha20CTR_boring.swift
[1517/1693] Compiling CryptoExtras ChaCha20CTR.swift
[1518/1693] Compiling CryptoExtras BoringSSLSHA512256Context.swift
[1519/1693] Compiling CryptoExtras BoringSSLSHA512256HashFunction.swift
[1520/1693] Compiling CryptoExtras SHA512256.swift
[1521/1693] Compiling CryptoExtras SHA512256Digest.swift
[1522/1693] Compiling CryptoExtras Curve25519+PEM.swift
[1523/1693] Compiling CryptoExtras ObjectIdentifier.swift
[1524/1693] Compiling CryptoExtras BoringSSLPassphraseCallbackManager.swift
[1525/1693] Compiling CryptoExtras RSA+BlindSigning.swift
[1526/1693] Compiling CryptoExtras RSA.swift
[1527/1693] Compiling CryptoExtras RSA_boring.swift
[1528/1693] Compiling CryptoExtras Reexport.swift
[1529/1693] Compiling CryptoExtras Zeroization_boring.swift
[1530/1693] Compiling CryptoExtras BoringSSLHelpers.swift
[1531/1693] Compiling CryptoExtras CryptoKitErrors_boring.swift
[1532/1693] Compiling CryptoExtras CMAC.swift
[1533/1693] Compiling CryptoExtras ARC+API.swift
[1534/1693] Compiling CryptoExtras ARC.swift
[1535/1693] Compiling CryptoExtras ARCCredential.swift
[1536/1693] Compiling CryptoExtras ARCEncoding.swift
[1537/1693] Compiling CryptoExtras ARCPrecredential.swift
[1538/1693] Compiling CryptoExtras ARCPresentation.swift
[1539/1693] Compiling CryptoExtras ARCRequest.swift
[1540/1693] Compiling CryptoExtras ARCResponse.swift
[1541/1694] Wrapping AST for CryptoExtras for debugging
[1543/1696] Emitting module _CryptoExtras
[1544/1696] Compiling _CryptoExtras Exports.swift
[1545/1697] Wrapping AST for _CryptoExtras for debugging
[1547/1792] Emitting module NIOCore
[1548/1792] Compiling X509 OCSPSingleRequest.swift
[1549/1792] Compiling X509 OCSPSingleResponse.swift
[1550/1792] Compiling X509 OCSPTBSRequest.swift
[1551/1792] Compiling X509 OCSPVersion.swift
[1552/1792] Compiling X509 CSRAttribute.swift
[1553/1792] Compiling X509 CSRAttributes.swift
[1554/1792] Compiling X509 CSRVersion.swift
[1555/1792] Compiling X509 CertificateSigningRequest.swift
[1556/1792] Compiling X509 CertificationRequestInfo.swift
[1557/1819] Wrapping AST for NIOCore for debugging
[1559/1850] Compiling NIOFoundationEssentialsCompat Codable+ByteBuffer.swift
[1560/1850] Emitting module NIOFoundationEssentialsCompat
[1561/1850] Compiling NIOFoundationEssentialsCompat ByteBuffer-foundation.swift
[1563/1851] Compiling NIOEmbedded AsyncTestingEventLoop.swift
[1564/1851] Emitting module NIOEmbedded
[1565/1851] Compiling NIOEmbedded Embedded.swift
[1566/1851] Compiling NIOEmbedded AsyncTestingChannel.swift
[1566/1851] Wrapping AST for NIOFoundationEssentialsCompat for debugging
[1568/1852] Wrapping AST for NIOEmbedded for debugging
[1570/1852] Compiling X509 DomainComponent.swift
[1571/1852] Compiling X509 EmailAddress.swift
[1572/1852] Compiling X509 LocalityName.swift
[1573/1852] Compiling X509 OrganizationName.swift
[1574/1852] Compiling X509 OrganizationalUnitName.swift
[1575/1852] Compiling X509 StateOrProvinceName.swift
[1576/1852] Compiling X509 StreetAddress.swift
[1577/1852] Compiling X509 Error.swift
[1578/1852] Compiling X509 AuthorityInformationAccess.swift
[1579/1852] Compiling X509 AuthorityKeyIdentifier.swift
[1580/1852] Compiling X509 BasicConstraints.swift
[1581/1852] Compiling X509 ExtendedKeyUsage.swift
[1582/1852] Compiling X509 ExtensionIdentifiers.swift
[1583/1852] Compiling X509 KeyUsage.swift
[1584/1865] Compiling NIOPosix HappyEyeballs.swift
[1585/1865] Compiling NIOPosix IO.swift
[1586/1865] Compiling NIOPosix IntegerBitPacking.swift
[1587/1865] Compiling NIOPosix IntegerTypes.swift
[1588/1865] Compiling NIOPosix Linux.swift
[1589/1865] Compiling NIOPosix LinuxCPUSet.swift
[1590/1865] Compiling NIOPosix LinuxUring.swift
[1591/1872] Compiling X509 OneOfPolicies.swift
[1592/1872] Compiling X509 PolicyBuilder.swift
[1593/1872] Compiling X509 BasicConstraintsPolicy.swift
[1594/1872] Compiling X509 DNSNames.swift
[1595/1872] Compiling X509 ExpiryPolicy.swift
[1596/1872] Compiling X509 IPConstraints.swift
[1597/1872] Compiling X509 NameConstraintsPolicy.swift
[1598/1872] Compiling X509 RFC5280Policy.swift
[1599/1872] Compiling X509 URIConstraints.swift
[1600/1872] Compiling X509 VersionPolicy.swift
[1601/1872] Compiling X509 ServerIdentityPolicy.swift
[1602/1872] Compiling X509 TrustRootLoading.swift
[1603/1872] Compiling X509 UnverifiedChain.swift
[1604/1872] Compiling NIOPosix VsockChannelEvents.swift
[1605/1872] Compiling NIOPosix Windows.swift
[1606/1872] Compiling X509 SubjectKeyIdentifier.swift
[1607/1872] Compiling X509 Extension.swift
[1608/1872] Compiling X509 Extensions.swift
[1609/1872] Compiling X509 ExtensionsBuilder.swift
[1610/1872] Compiling X509 GeneralName.swift
[1611/1872] Compiling X509 Lock.swift
[1612/1872] Compiling X509 LockedValueBox.swift
[1613/1872] Compiling X509 BasicOCSPResponse.swift
[1614/1872] Compiling X509 DirectoryString.swift
[1615/1872] Compiling X509 OCSPCertID.swift
[1616/1872] Compiling X509 OCSPCertStatus.swift
[1617/1872] Compiling NIOPosix GetaddrinfoResolver.swift
[1618/1872] Compiling NIOPosix MultiThreadedEventLoopGroup.swift
[1619/1872] Compiling NIOPosix NIOPosixSendableMetatype.swift
[1620/1872] Compiling NIOPosix NIORandomizedDNSResolver.swift
[1621/1872] Compiling NIOPosix NIOThreadPool.swift
[1622/1872] Compiling NIOPosix NonBlockingFileIO.swift
[1623/1872] Compiling NIOPosix PendingDatagramWritesManager.swift
[1624/1872] Compiling NIOPosix PendingWritesManager.swift
[1632/1872] Compiling NIOPosix PipeChannel.swift
[1633/1872] Compiling NIOPosix PipePair.swift
[1634/1872] Compiling NIOPosix Pool.swift
[1635/1872] Compiling NIOPosix PosixSingletons+ConcurrencyTakeOver.swift
[1636/1872] Compiling NIOPosix PosixSingletons.swift
[1637/1872] Compiling NIOPosix RawSocketBootstrap.swift
[1638/1872] Compiling NIOPosix Resolver.swift
[1639/1872] Compiling NIOPosix Selectable.swift
[1640/1872] Compiling NIOPosix SelectableChannel.swift
[1641/1872] Compiling NIOPosix SelectableEventLoop.swift
[1642/1872] Compiling NIOPosix SelectorEpoll.swift
[1643/1872] Compiling NIOPosix SelectorGeneric.swift
[1644/1872] Compiling NIOPosix SelectorKqueue.swift
[1645/1872] Compiling NIOPosix SelectorUring.swift
[1646/1872] Compiling NIOPosix SelectorWSAPoll.swift
[1647/1872] Compiling NIOPosix ServerSocket.swift
[1648/1872] Compiling NIOPosix Socket.swift
[1649/1872] Compiling NIOPosix SocketChannel.swift
[1650/1872] Compiling NIOPosix SocketProtocols.swift
[1651/1872] Compiling NIOPosix StructuredConcurrencyHelpers.swift
[1652/1872] Compiling NIOPosix System.swift
[1653/1872] Compiling NIOPosix Thread.swift
[1654/1872] Compiling NIOPosix ThreadPosix.swift
[1655/1872] Compiling NIOPosix ThreadWindows.swift
[1656/1872] Compiling NIOPosix Utilities.swift
[1657/1872] Compiling NIOPosix VsockAddress.swift
[1658/1872] Compiling NIOPosix BSDSocketAPICommon.swift
[1659/1872] Compiling NIOPosix BSDSocketAPIPosix.swift
[1660/1872] Compiling NIOPosix BSDSocketAPIWindows.swift
[1661/1872] Compiling NIOPosix BaseSocket.swift
[1662/1872] Compiling NIOPosix BaseSocketChannel+AccessibleTransport.swift
[1663/1872] Compiling NIOPosix BaseSocketChannel+SocketOptionProvider.swift
[1664/1872] Compiling NIOPosix BaseSocketChannel.swift
[1665/1872] Compiling NIOPosix BaseStreamSocketChannel.swift
[1666/1872] Compiling NIOPosix Bootstrap.swift
[1667/1872] Compiling NIOPosix ControlMessage.swift
[1668/1872] Compiling NIOPosix DatagramVectorReadManager.swift
[1669/1872] Compiling NIOPosix Errors+Any.swift
[1670/1872] Compiling NIOPosix FileDescriptor.swift
[1692/1872] Emitting module NIOPosix
[1707/1872] Emitting module X509
[1722/1874] Wrapping AST for NIOPosix for debugging
[1724/1875] Emitting module NIO
[1725/1875] Compiling NIO Exports.swift
[1726/1876] Wrapping AST for NIO for debugging
[1728/1915] Compiling NIOFoundationCompat Exports.swift
[1729/1915] Compiling NIOFoundationCompat WaitSpinningRunLoop.swift
[1730/1915] Compiling NIOFoundationCompat JSONSerialization+ByteBuffer.swift
[1731/1915] Emitting module NIOFoundationCompat
[1732/1916] Compiling NIOTLS TLSEvents.swift
[1733/1916] Compiling NIOSOCKS ClientStateMachine.swift
[1734/1916] Compiling NIOSOCKS SOCKSResponse.swift
[1736/1917] Compiling NIOSOCKS SelectedAuthenticationMethod.swift
[1737/1917] Emitting module NIOSOCKS
[1738/1917] Compiling NIOTLS NIOTypedApplicationProtocolNegotiationHandler.swift
[1739/1917] Compiling NIOTLS ProtocolNegotiationHandlerStateMachine.swift
[1740/1917] Compiling NIOTLS ApplicationProtocolNegotiationHandler.swift
[1741/1917] Emitting module NIOTLS
[1741/1917] Wrapping AST for NIOFoundationCompat for debugging
[1743/1917] Compiling NIOSOCKS ServerStateMachine.swift
[1744/1917] Compiling NIOSOCKS AuthenticationMethod.swift
[1745/1917] Compiling NIOSOCKS ClientGreeting.swift
[1746/1917] Compiling NIOSOCKS SOCKSClientHandler.swift
[1747/1917] Compiling NIOSOCKS SOCKSServerHandshakeHandler.swift
[1748/1917] Compiling X509 ValidatedCertificateChain.swift
[1749/1917] Compiling X509 VerificationDiagnostic.swift
[1750/1917] Compiling X509 Verifier.swift
[1751/1917] Compiling X509 VerifierPolicy.swift
[1752/1917] Compiling X509 AlgorithmIdentifier.swift
[1753/1917] Compiling X509 ECDSASignature.swift
[1754/1917] Compiling X509 RSAPKCS1PublicKey.swift
[1755/1917] Compiling X509 SubjectPublicKeyInfo.swift
[1756/1917] Compiling X509 TBSCertificate.swift
[1757/1917] Compiling X509 Time.swift
[1758/1917] Compiling X509 TimeCalculations.swift
[1759/1917] Compiling X509 Validity.swift
[1760/1917] Compiling X509 X509SendableMetatype.swift
[1762/1918] Compiling NIOSOCKS Errors.swift
[1763/1918] Compiling NIOSOCKS Helpers.swift
[1764/1918] Compiling NIOSOCKS Messages.swift
[1765/1918] Compiling NIOSOCKS SOCKSRequest.swift
[1766/1919] Compiling NIOTLS SNIHandler.swift
[1768/1920] Wrapping AST for NIOSOCKS for debugging
[1769/1920] Wrapping AST for X509 for debugging
[1770/1920] Wrapping AST for NIOTLS for debugging
[1772/1920] Emitting module NIOHTTP1
[1773/1920] Compiling NIOHTTP1 NIOTypedHTTPClientUpgradeHandler.swift
[1774/1920] Compiling NIOHTTP1 NIOTypedHTTPClientUpgraderStateMachine.swift
[1775/1948] Compiling NIOSSL SSLErrors.swift
[1776/1948] Compiling NIOSSL SSLInit.swift
[1777/2019] Compiling JWTKit ECDSACurveType.swift
[1778/2019] Compiling JWTKit ECDSAError.swift
[1779/2019] Emitting module JWTKit
[1780/2028] Compiling JWTKit MLDSAType.swift
[1781/2028] Compiling JWTKit JWTKeyCollection+UnsecuredNone.swift
[1782/2028] Compiling JWTKit UnsecuredNoneSigner.swift
[1783/2028] Compiling JWTKit JWTKeyCollection+RSA.swift
[1784/2028] Compiling JWTKit RSA.swift
[1785/2028] Compiling JWTKit RSAError.swift
[1786/2028] Compiling JWTKit RSASigner.swift
[1787/2028] Compiling JWTKit Base64URL.swift
[1788/2028] Compiling JWTKit CryptoSigner.swift
[1789/2028] Compiling JWTKit JWTSerializer.swift
[1790/2028] Compiling JWTKit JWTSigner.swift
[1791/2028] Compiling JWTKit JWTKeyCollection+MLDSA.swift
[1792/2028] Compiling JWTKit MLDSA.swift
[1793/2028] Compiling JWTKit MLDSA65+MLDSAKey.swift
[1794/2028] Compiling JWTKit MLDSA87+MLDSAKey.swift
[1795/2028] Compiling JWTKit MLDSAError.swift
[1796/2028] Compiling JWTKit MLDSAKey.swift
[1797/2028] Compiling JWTKit MLDSASigner.swift
[1798/2028] Compiling JWTKit AudienceClaim.swift
[1799/2028] Compiling JWTKit BoolClaim.swift
[1800/2028] Compiling JWTKit ExpirationClaim.swift
[1801/2028] Compiling JWTKit GoogleHostedDomainClaim.swift
[1802/2028] Compiling JWTKit IDClaim.swift
[1803/2028] Compiling JWTKit IssuedAtClaim.swift
[1804/2028] Compiling JWTKit IssuerClaim.swift
[1805/2028] Compiling JWTKit JWTClaim.swift
[1806/2028] Compiling JWTKit JWTMultiValueClaim.swift
[1807/2028] Compiling JWTKit JWTUnixEpochClaim.swift
[1816/2028] Compiling JWTKit LocaleClaim.swift
[1817/2028] Compiling JWTKit NotBeforeClaim.swift
[1820/2029] Wrapping AST for NIOHTTP1 for debugging
[1822/2046] Emitting module NIOHTTPCompression
[1823/2046] Compiling NIOHTTPCompression HTTPDecompressor.swift
[1824/2046] Compiling NIOHPACK IndexedHeaderTable.swift
[1825/2046] Compiling NIOHPACK IntegerCoding.swift
[1826/2047] Compiling NIOHPACK StaticHeaderTable.swift
[1827/2047] Compiling NIOHPACK HuffmanTables.swift
[1828/2047] Emitting module NIOHPACK
[1829/2047] Compiling JWTKit JWTKeyCollection+ECDSA.swift
[1830/2047] Compiling JWTKit P256+CurveType.swift
[1831/2047] Compiling JWTKit P384+CurveType.swift
[1832/2047] Compiling JWTKit P521+CurveType.swift
[1833/2051] Compiling NIOHTTPCompression HTTPCompression.swift
[1834/2051] Compiling NIOHTTPCompression HTTPDecompression.swift
[1835/2051] Compiling NIOHPACK HuffmanCoding.swift
[1836/2051] Compiling JWTKit ECDSASigningAlgorithm.swift
[1841/2051] Compiling JWTKit EdDSA.swift
[1842/2051] Compiling JWTKit EdDSACurve.swift
[1843/2051] Compiling JWTKit EdDSAError.swift
[1844/2051] Compiling JWTKit EdDSASigner.swift
[1845/2051] Compiling NIOSSL Zeroization.swift
[1846/2051] Compiling JWTKit HMAC.swift
[1847/2051] Compiling JWTKit HMACError.swift
[1848/2051] Compiling JWTKit HMACSigner.swift
[1849/2051] Compiling JWTKit JWTKeyCollection+HMAC.swift
[1850/2051] Compiling JWTKit Insecure.swift
[1851/2051] Compiling JWTKit JWK.swift
[1852/2051] Compiling JWTKit JWKIdentifier.swift
[1853/2051] Compiling JWTKit JWKS.swift
[1854/2051] Compiling JWTKit JWKSigner.swift
[1855/2051] Compiling JWTKit JWTAlgorithm.swift
[1856/2051] Compiling JWTKit JWTError.swift
[1857/2051] Compiling JWTKit JWTHeader+CommonFields.swift
[1858/2051] Compiling JWTKit JWTHeader.swift
[1859/2051] Compiling JWTKit JWTHeaderField.swift
[1860/2051] Compiling JWTKit JWTKeyCollection.swift
[1861/2051] Compiling JWTKit JWTParser+MandatoryVerificationFields.swift
[1862/2051] Compiling JWTKit JWTParser.swift
[1863/2051] Compiling JWTKit JWTPayload.swift
[1866/2051] Compiling JWTKit SubjectClaim.swift
[1867/2051] Compiling JWTKit TenantIDClaim.swift
[1868/2051] Compiling JWTKit ECDSA.swift
[1869/2051] Compiling JWTKit ECDSACurve.swift
[1872/2051] Compiling JWTKit ECDSAKeyTypes.swift
[1873/2051] Compiling JWTKit ECDSASigner.swift
[1874/2051] Compiling NIOHTTPCompression HTTPRequestCompressor.swift
[1875/2051] Compiling NIOHTTPCompression HTTPResponseCompressor.swift
[1877/2052] Compiling NIOHPACK DynamicHeaderTable.swift
[1878/2052] Compiling NIOHPACK HPACKDecoder.swift
[1879/2052] Compiling NIOHPACK HPACKHeader.swift
[1880/2052] Compiling NIOHPACK HeaderTables.swift
[1881/2052] Emitting module NIOSSL
[1881/2052] Wrapping AST for NIOHTTPCompression for debugging
[1891/2052] Compiling NIOHPACK HPACKEncoder.swift
[1892/2052] Compiling NIOHPACK HPACKErrors.swift
[1902/2053] Compiling JWTKit CustomizedJSONCoders.swift
[1903/2053] Compiling JWTKit Utilities.swift
[1904/2053] Compiling JWTKit AppleIdentityToken.swift
[1905/2053] Compiling JWTKit FirebaseAuthIdentityToken.swift
[1906/2053] Compiling JWTKit GoogleIdentityToken.swift
[1907/2053] Compiling JWTKit MicrosoftIdentityToken.swift
[1908/2053] Compiling JWTKit EmptyPolicy.swift
[1909/2053] Compiling JWTKit ValidationTimePayload.swift
[1910/2053] Compiling JWTKit X5CVerifier.swift
[1920/2054] Wrapping AST for NIOHPACK for debugging
[1921/2117] Wrapping AST for JWTKit for debugging
[1923/2117] Compiling NIOHTTP2 MaySendFrames.swift
[1924/2117] Compiling NIOHTTP2 SendingDataState.swift
[1925/2117] Compiling NIOHTTP2 SendingGoawayState.swift
[1926/2117] Compiling NIOHTTP2 SendingHeadersState.swift
[1927/2117] Compiling NIOHTTP2 SendingPushPromiseState.swift
[1928/2117] Compiling NIOHTTP2 SendingRstStreamState.swift
[1929/2117] Compiling NIOHTTP2 SendingWindowUpdateState.swift
[1930/2117] Compiling NIOHTTP2 HTTP2SettingsState.swift
[1931/2117] Compiling NIOHTTP2 HasExtendedConnectSettings.swift
[1932/2125] Compiling NIOHTTP2 HTTP2CommonInboundStreamMultiplexer.swift
[1933/2125] Compiling NIOHTTP2 HTTP2ConnectionStateChange.swift
[1934/2125] Compiling NIOHTTP2 HTTP2Error.swift
[1935/2125] Compiling NIOHTTP2 HTTP2ErrorCode.swift
[1936/2126] Wrapping AST for NIOSSL for debugging
[1938/2126] Compiling NIOHTTP2 DOSHeuristics.swift
[1939/2126] Compiling NIOHTTP2 Error+Any.swift
[1940/2126] Compiling NIOHTTP2 ConcurrentStreamBuffer.swift
[1941/2126] Compiling NIOHTTP2 ControlFrameBuffer.swift
[1942/2126] Compiling NIOHTTP2 OutboundFlowControlBuffer.swift
[1943/2126] Compiling NIOHTTP2 OutboundFrameBuffer.swift
[1944/2126] Compiling NIOHTTP2 GlitchesMonitor.swift
[1945/2126] Compiling NIOHTTP2 HPACKHeaders+Validation.swift
[1946/2126] Compiling NIOHTTP2 HTTP2ChannelHandler+InboundStreamMultiplexer.swift
[1947/2126] Emitting module NIOHTTP2
[1948/2126] Compiling NIOHTTP2 NIOHTTP2ServerConnectionManagementHandler.swift
[1949/2126] Compiling NIOHTTP2 StreamChannelFlowController.swift
[1950/2126] Compiling NIOHTTP2 StreamChannelList.swift
[1951/2126] Compiling NIOHTTP2 StreamMap.swift
[1952/2126] Compiling NIOHTTP2 StreamStateMachine.swift
[1953/2126] Compiling NIOHTTP2 Timer.swift
[1954/2126] Compiling NIOHTTP2 UnsafeTransfer.swift
[1955/2126] Compiling NIOHTTP2 WatermarkedFlowController.swift
[1956/2126] Compiling NIOHTTP2 HTTP2StreamMultiplexer.swift
[1957/2126] Compiling NIOHTTP2 HTTP2ToHTTP1Codec.swift
[1958/2126] Compiling NIOHTTP2 HTTP2UserEvents.swift
[1959/2126] Compiling NIOHTTP2 InboundEventBuffer.swift
[1960/2126] Compiling NIOHTTP2 InboundWindowManager.swift
[1961/2126] Compiling NIOHTTP2 MultiplexerAbstractChannel.swift
[1962/2126] Compiling NIOHTTP2 NIOHTTP2FrameDelegate.swift
[1963/2126] Compiling NIOHTTP2 NIOHTTP2ServerConnectionManagementHandler+StateMachine.swift
[1964/2126] Compiling NIOHTTP2 HTTP2FrameParser.swift
[1965/2126] Compiling NIOHTTP2 HTTP2PingData.swift
[1966/2126] Compiling NIOHTTP2 HTTP2PipelineHelpers.swift
[1967/2126] Compiling NIOHTTP2 HTTP2Settings.swift
[1968/2126] Compiling NIOHTTP2 HTTP2Stream.swift
[1969/2126] Compiling NIOHTTP2 HTTP2StreamChannel+OutboundStreamMultiplexer.swift
[1970/2126] Compiling NIOHTTP2 HTTP2StreamChannel.swift
[1971/2126] Compiling NIOHTTP2 HTTP2StreamDelegate.swift
[1972/2126] Compiling NIOHTTP2 HTTP2StreamID.swift
[1973/2126] Compiling NIOHTTP2 HasFlowControlWindows.swift
[1974/2126] Compiling NIOHTTP2 HasLocalSettings.swift
[1975/2126] Compiling NIOHTTP2 HasRemoteSettings.swift
[1976/2126] Compiling NIOHTTP2 LocallyQuiescingState.swift
[1977/2126] Compiling NIOHTTP2 QuiescingState.swift
[1978/2126] Compiling NIOHTTP2 RemotelyQuiescingState.swift
[1979/2126] Compiling NIOHTTP2 SendAndReceiveGoawayState.swift
[1980/2126] Compiling NIOHTTP2 StateMachineResult.swift
[1981/2126] Compiling NIOHTTP2 ContentLengthVerifier.swift
[1982/2126] Compiling NIOHTTP2 HTTP2ChannelHandler+InlineStreamMultiplexer.swift
[1983/2126] Compiling NIOHTTP2 HTTP2ChannelHandler.swift
[1988/2126] Compiling NIOHTTP2 HTTP2FlowControlWindow.swift
[1989/2126] Compiling NIOHTTP2 HTTP2Frame.swift
[1990/2126] Compiling NIOHTTP2 HTTP2FrameEncoder.swift
[1991/2126] Compiling NIOHTTP2 ConnectionStateMachine.swift
[1992/2126] Compiling NIOHTTP2 ConnectionStreamsState.swift
[1993/2126] Compiling NIOHTTP2 MayReceiveFrames.swift
[1994/2126] Compiling NIOHTTP2 ReceivingDataState.swift
[1995/2126] Compiling NIOHTTP2 ReceivingGoAwayState.swift
[1996/2126] Compiling NIOHTTP2 ReceivingHeadersState.swift
[1997/2126] Compiling NIOHTTP2 ReceivingPushPromiseState.swift
[1998/2126] Compiling NIOHTTP2 ReceivingRstStreamState.swift
[1999/2126] Compiling NIOHTTP2 ReceivingWindowUpdateState.swift
[2000/2127] Wrapping AST for NIOHTTP2 for debugging
[2002/2191] Emitting module AsyncHTTPClient
[2003/2199] Compiling AsyncHTTPClient RequestValidation.swift
[2004/2199] Compiling AsyncHTTPClient SSLContextCache.swift
[2005/2199] Compiling AsyncHTTPClient Scheme.swift
[2006/2199] Compiling AsyncHTTPClient Singleton.swift
[2007/2199] Compiling AsyncHTTPClient StringConvertibleInstances.swift
[2008/2199] Compiling AsyncHTTPClient StructuredConcurrencyHelpers.swift
[2009/2199] Compiling AsyncHTTPClient TracingSupport.swift
[2010/2199] Compiling AsyncHTTPClient Utils.swift
[2011/2199] Compiling AsyncHTTPClient HTTP1ProxyConnectHandler.swift
[2012/2199] Compiling AsyncHTTPClient SOCKSEventsHandler.swift
[2013/2199] Compiling AsyncHTTPClient TLSEventsHandler.swift
[2014/2199] Compiling AsyncHTTPClient HTTP1ClientChannelHandler.swift
[2015/2199] Compiling AsyncHTTPClient HTTP1Connection.swift
[2016/2199] Compiling AsyncHTTPClient HTTP1ConnectionStateMachine.swift
[2017/2199] Compiling AsyncHTTPClient HTTP2ClientRequestHandler.swift
[2018/2199] Compiling AsyncHTTPClient HTTP2Connection.swift
[2019/2199] Compiling AsyncHTTPClient HTTP2IdleHandler.swift
[2020/2199] Compiling AsyncHTTPClient HTTPConnectionEvent.swift
[2021/2199] Compiling AsyncHTTPClient HTTPConnectionPool+Factory.swift
[2022/2199] Compiling AsyncHTTPClient HTTPConnectionPool+Manager.swift
[2023/2199] Compiling AsyncHTTPClient HTTPConnectionPool.swift
[2024/2199] Compiling AsyncHTTPClient HTTPExecutableRequest.swift
[2025/2199] Compiling AsyncHTTPClient HTTPRequestStateMachine+Demand.swift
[2026/2199] Compiling AsyncHTTPClient HTTPRequestStateMachine.swift
[2027/2199] Compiling AsyncHTTPClient RequestBodyLength.swift
[2028/2199] Compiling AsyncHTTPClient RequestFramingMetadata.swift
[2029/2199] Compiling AsyncHTTPClient HTTPClientResponse.swift
[2030/2199] Compiling AsyncHTTPClient SingleIteratorPrecondition.swift
[2031/2199] Compiling AsyncHTTPClient Transaction+StateMachine.swift
[2032/2199] Compiling AsyncHTTPClient Transaction.swift
[2033/2199] Compiling AsyncHTTPClient Base64.swift
[2034/2199] Compiling AsyncHTTPClient BasicAuth.swift
[2035/2199] Compiling AsyncHTTPClient BestEffortHashableTLSConfiguration.swift
[2036/2199] Compiling AsyncHTTPClient Configuration+BrowserLike.swift
[2037/2199] Compiling AsyncHTTPClient ConnectionPool.swift
[2038/2199] Compiling AsyncHTTPClient RequestOptions.swift
[2039/2199] Compiling AsyncHTTPClient HTTPConnectionPool+Backoff.swift
[2040/2199] Compiling AsyncHTTPClient HTTPConnectionPool+HTTP1Connections.swift
[2041/2199] Compiling AsyncHTTPClient HTTPConnectionPool+HTTP1StateMachine.swift
[2042/2199] Compiling AsyncHTTPClient HTTPConnectionPool+HTTP2Connections.swift
[2043/2199] Compiling AsyncHTTPClient HTTPConnectionPool+HTTP2StateMachine.swift
[2044/2199] Compiling AsyncHTTPClient HTTPConnectionPool+RequestQueue.swift
[2045/2199] Compiling AsyncHTTPClient HTTPConnectionPool+StateMachine.swift
[2046/2199] Compiling AsyncHTTPClient ConnectionTarget.swift
[2047/2199] Compiling AsyncHTTPClient LRUCache.swift
[2048/2199] Compiling AsyncHTTPClient NIOLoopBound+Execute.swift
[2049/2199] Compiling AsyncHTTPClient NWErrorHandler.swift
[2050/2199] Compiling AsyncHTTPClient NWWaitingHandler.swift
[2051/2199] Compiling AsyncHTTPClient TLSConfiguration.swift
[2052/2199] Compiling AsyncHTTPClient RedirectState.swift
[2053/2199] Compiling AsyncHTTPClient RequestBag+StateMachine.swift
[2054/2199] Compiling AsyncHTTPClient RequestBag+Tracing.swift
[2055/2199] Compiling AsyncHTTPClient RequestBag.swift
[2056/2199] Compiling AsyncHTTPClient DeconstructedURL.swift
[2057/2199] Compiling AsyncHTTPClient FileDownloadDelegate.swift
[2058/2199] Compiling AsyncHTTPClient FoundationExtensions.swift
[2059/2199] Compiling AsyncHTTPClient HTTPClient+HTTPCookie.swift
[2060/2199] Compiling AsyncHTTPClient HTTPClient+Proxy.swift
[2061/2199] Compiling AsyncHTTPClient HTTPClient+StructuredConcurrency.swift
[2062/2199] Compiling AsyncHTTPClient HTTPClient.swift
[2063/2199] Compiling AsyncHTTPClient HTTPClientConfiguration+SwiftConfiguration.swift
[2064/2199] Compiling AsyncHTTPClient HTTPHandler.swift
[2065/2199] Compiling AsyncHTTPClient AnyAsyncSequence.swift
[2066/2199] Compiling AsyncHTTPClient AnyAsyncSequenceProucerDelete.swift
[2067/2199] Compiling AsyncHTTPClient AsyncLazySequence.swift
[2068/2199] Compiling AsyncHTTPClient HTTPClient+execute.swift
[2069/2199] Compiling AsyncHTTPClient HTTPClient+shutdown.swift
[2070/2199] Compiling AsyncHTTPClient HTTPClient+tracing.swift
[2071/2199] Compiling AsyncHTTPClient HTTPClientRequest+Prepared.swift
[2072/2199] Compiling AsyncHTTPClient HTTPClientRequest+auth.swift
[2073/2199] Compiling AsyncHTTPClient HTTPClientRequest.swift
[2074/2200] Wrapping AST for AsyncHTTPClient for debugging
[2076/2223] Compiling GoogleAuth CredentialParserRegistry.swift
[2077/2223] Compiling GoogleAuth Credentials.swift
[2078/2223] Compiling GoogleAuth CredentialsError.swift
[2079/2226] Compiling GoogleAuth AnonymousCredentials.swift
[2080/2226] Compiling GoogleAuth ApiKeyCredentials.swift
[2081/2226] Compiling GoogleAuth ExternalAccountCredentials.swift
[2082/2226] Compiling GoogleAuth SubjectTokenProvider.swift
[2083/2226] Compiling GoogleAuth MDSAccessTokenProvider.swift
[2084/2226] Compiling GoogleAuth MDSCredentials.swift
[2085/2226] Compiling GoogleAuth ServiceAccountCredentials.swift
[2086/2226] Compiling GoogleAuth ServiceAccountData.swift
[2087/2226] Compiling GoogleAuth ServiceAccountTokenProvider.swift
[2088/2226] Compiling GoogleAuth UserAccountData.swift
[2089/2226] Compiling GoogleAuth UserAccountTokenProvider.swift
[2090/2226] Compiling GoogleAuth UserCredentials.swift
[2091/2226] Emitting module GoogleAuth
[2092/2226] Compiling GoogleAuth AuthHTTPClient.swift
[2093/2226] Compiling GoogleAuth AuthHTTPError.swift
[2094/2226] Compiling GoogleAuth RetryEngine.swift
[2095/2226] Compiling GoogleAuth ADC.swift
[2096/2226] Compiling GoogleAuth ADCPath.swift
[2097/2226] Compiling GoogleAuth ADCResolver.swift
[2098/2226] Compiling GoogleAuth AuthHeaders.swift
[2099/2226] Compiling GoogleAuth STSHandler.swift
[2100/2226] Compiling GoogleAuth TokenCache.swift
[2101/2226] Compiling GoogleAuth PackageVersion.swift
[2102/2227] Wrapping AST for GoogleAuth for debugging
[2104/2285] Compiling GoogleGax AIP194+PollingErrorPolicy.swift
[2105/2285] Compiling GoogleGax AIP194+RetryPolicy.swift
[2106/2285] Compiling GoogleGax AIP194.swift
[2107/2285] Compiling GoogleGax AdaptiveThrottler.swift
[2108/2285] Compiling GoogleGax AlwaysPoll.swift
[2109/2285] Compiling GoogleGax AlwaysRetry.swift
[2110/2285] Compiling GoogleGax ApiClientHeader.swift
[2111/2285] Compiling GoogleGax BackoffPolicy.swift
[2112/2285] Compiling GoogleGax BasePollingErrorPolicy.swift
[2113/2293] Compiling GoogleGax Pagination.swift
/host/spi-builder-workspace/.build/checkouts/swift-google-gax/Sources/GoogleGax/Pagination.swift:44:22: error: cannot convert '@Sendable (String) async throws -> (response: ResponseType, items: [Item], nextToken: String)' to 'nonisolated(nonsending) @Sendable (String) async throws -> (response: ResponseType, items: [Item], nextToken: String)' because crossing of an isolation boundary requires parameter and result types to conform to 'Sendable' protocol
 42 |   ) where ResponseType: _PaginatedResponse<Item> {
 43 |     self.initialPageToken = initialPageToken ?? ""
 44 |     self.fetchPage = { token in
    |                      |- error: cannot convert '@Sendable (String) async throws -> (response: ResponseType, items: [Item], nextToken: String)' to 'nonisolated(nonsending) @Sendable (String) async throws -> (response: ResponseType, items: [Item], nextToken: String)' because crossing of an isolation boundary requires parameter and result types to conform to 'Sendable' protocol
    |                      `- note: type 'Item' does not conform to 'Sendable' protocol
 45 |       let response = try await listRpc(token)
 46 |       return (response, response._getPaginatedItems(), response._nextPageToken())
[2114/2293] Compiling GoogleGax PollingBackoffPolicy.swift
/host/spi-builder-workspace/.build/checkouts/swift-google-gax/Sources/GoogleGax/Pagination.swift:44:22: error: cannot convert '@Sendable (String) async throws -> (response: ResponseType, items: [Item], nextToken: String)' to 'nonisolated(nonsending) @Sendable (String) async throws -> (response: ResponseType, items: [Item], nextToken: String)' because crossing of an isolation boundary requires parameter and result types to conform to 'Sendable' protocol
 42 |   ) where ResponseType: _PaginatedResponse<Item> {
 43 |     self.initialPageToken = initialPageToken ?? ""
 44 |     self.fetchPage = { token in
    |                      |- error: cannot convert '@Sendable (String) async throws -> (response: ResponseType, items: [Item], nextToken: String)' to 'nonisolated(nonsending) @Sendable (String) async throws -> (response: ResponseType, items: [Item], nextToken: String)' because crossing of an isolation boundary requires parameter and result types to conform to 'Sendable' protocol
    |                      `- note: type 'Item' does not conform to 'Sendable' protocol
 45 |       let response = try await listRpc(token)
 46 |       return (response, response._getPaginatedItems(), response._nextPageToken())
[2115/2293] Compiling GoogleGax PollingErrorPolicy.swift
/host/spi-builder-workspace/.build/checkouts/swift-google-gax/Sources/GoogleGax/Pagination.swift:44:22: error: cannot convert '@Sendable (String) async throws -> (response: ResponseType, items: [Item], nextToken: String)' to 'nonisolated(nonsending) @Sendable (String) async throws -> (response: ResponseType, items: [Item], nextToken: String)' because crossing of an isolation boundary requires parameter and result types to conform to 'Sendable' protocol
 42 |   ) where ResponseType: _PaginatedResponse<Item> {
 43 |     self.initialPageToken = initialPageToken ?? ""
 44 |     self.fetchPage = { token in
    |                      |- error: cannot convert '@Sendable (String) async throws -> (response: ResponseType, items: [Item], nextToken: String)' to 'nonisolated(nonsending) @Sendable (String) async throws -> (response: ResponseType, items: [Item], nextToken: String)' because crossing of an isolation boundary requires parameter and result types to conform to 'Sendable' protocol
    |                      `- note: type 'Item' does not conform to 'Sendable' protocol
 45 |       let response = try await listRpc(token)
 46 |       return (response, response._getPaginatedItems(), response._nextPageToken())
[2116/2293] Compiling GoogleGax PollingResult.swift
/host/spi-builder-workspace/.build/checkouts/swift-google-gax/Sources/GoogleGax/Pagination.swift:44:22: error: cannot convert '@Sendable (String) async throws -> (response: ResponseType, items: [Item], nextToken: String)' to 'nonisolated(nonsending) @Sendable (String) async throws -> (response: ResponseType, items: [Item], nextToken: String)' because crossing of an isolation boundary requires parameter and result types to conform to 'Sendable' protocol
 42 |   ) where ResponseType: _PaginatedResponse<Item> {
 43 |     self.initialPageToken = initialPageToken ?? ""
 44 |     self.fetchPage = { token in
    |                      |- error: cannot convert '@Sendable (String) async throws -> (response: ResponseType, items: [Item], nextToken: String)' to 'nonisolated(nonsending) @Sendable (String) async throws -> (response: ResponseType, items: [Item], nextToken: String)' because crossing of an isolation boundary requires parameter and result types to conform to 'Sendable' protocol
    |                      `- note: type 'Item' does not conform to 'Sendable' protocol
 45 |       let response = try await listRpc(token)
 46 |       return (response, response._getPaginatedItems(), response._nextPageToken())
[2117/2293] Compiling GoogleGax PollingState.swift
/host/spi-builder-workspace/.build/checkouts/swift-google-gax/Sources/GoogleGax/Pagination.swift:44:22: error: cannot convert '@Sendable (String) async throws -> (response: ResponseType, items: [Item], nextToken: String)' to 'nonisolated(nonsending) @Sendable (String) async throws -> (response: ResponseType, items: [Item], nextToken: String)' because crossing of an isolation boundary requires parameter and result types to conform to 'Sendable' protocol
 42 |   ) where ResponseType: _PaginatedResponse<Item> {
 43 |     self.initialPageToken = initialPageToken ?? ""
 44 |     self.fetchPage = { token in
    |                      |- error: cannot convert '@Sendable (String) async throws -> (response: ResponseType, items: [Item], nextToken: String)' to 'nonisolated(nonsending) @Sendable (String) async throws -> (response: ResponseType, items: [Item], nextToken: String)' because crossing of an isolation boundary requires parameter and result types to conform to 'Sendable' protocol
    |                      `- note: type 'Item' does not conform to 'Sendable' protocol
 45 |       let response = try await listRpc(token)
 46 |       return (response, response._getPaginatedItems(), response._nextPageToken())
[2118/2293] Compiling GoogleGax ProtobufConversionError.swift
/host/spi-builder-workspace/.build/checkouts/swift-google-gax/Sources/GoogleGax/Pagination.swift:44:22: error: cannot convert '@Sendable (String) async throws -> (response: ResponseType, items: [Item], nextToken: String)' to 'nonisolated(nonsending) @Sendable (String) async throws -> (response: ResponseType, items: [Item], nextToken: String)' because crossing of an isolation boundary requires parameter and result types to conform to 'Sendable' protocol
 42 |   ) where ResponseType: _PaginatedResponse<Item> {
 43 |     self.initialPageToken = initialPageToken ?? ""
 44 |     self.fetchPage = { token in
    |                      |- error: cannot convert '@Sendable (String) async throws -> (response: ResponseType, items: [Item], nextToken: String)' to 'nonisolated(nonsending) @Sendable (String) async throws -> (response: ResponseType, items: [Item], nextToken: String)' because crossing of an isolation boundary requires parameter and result types to conform to 'Sendable' protocol
    |                      `- note: type 'Item' does not conform to 'Sendable' protocol
 45 |       let response = try await listRpc(token)
 46 |       return (response, response._getPaginatedItems(), response._nextPageToken())
[2119/2293] Compiling GoogleGax QueryParameter.swift
/host/spi-builder-workspace/.build/checkouts/swift-google-gax/Sources/GoogleGax/Pagination.swift:44:22: error: cannot convert '@Sendable (String) async throws -> (response: ResponseType, items: [Item], nextToken: String)' to 'nonisolated(nonsending) @Sendable (String) async throws -> (response: ResponseType, items: [Item], nextToken: String)' because crossing of an isolation boundary requires parameter and result types to conform to 'Sendable' protocol
 42 |   ) where ResponseType: _PaginatedResponse<Item> {
 43 |     self.initialPageToken = initialPageToken ?? ""
 44 |     self.fetchPage = { token in
    |                      |- error: cannot convert '@Sendable (String) async throws -> (response: ResponseType, items: [Item], nextToken: String)' to 'nonisolated(nonsending) @Sendable (String) async throws -> (response: ResponseType, items: [Item], nextToken: String)' because crossing of an isolation boundary requires parameter and result types to conform to 'Sendable' protocol
    |                      `- note: type 'Item' does not conform to 'Sendable' protocol
 45 |       let response = try await listRpc(token)
 46 |       return (response, response._getPaginatedItems(), response._nextPageToken())
[2120/2293] Compiling GoogleGax RequestError.swift
/host/spi-builder-workspace/.build/checkouts/swift-google-gax/Sources/GoogleGax/Pagination.swift:44:22: error: cannot convert '@Sendable (String) async throws -> (response: ResponseType, items: [Item], nextToken: String)' to 'nonisolated(nonsending) @Sendable (String) async throws -> (response: ResponseType, items: [Item], nextToken: String)' because crossing of an isolation boundary requires parameter and result types to conform to 'Sendable' protocol
 42 |   ) where ResponseType: _PaginatedResponse<Item> {
 43 |     self.initialPageToken = initialPageToken ?? ""
 44 |     self.fetchPage = { token in
    |                      |- error: cannot convert '@Sendable (String) async throws -> (response: ResponseType, items: [Item], nextToken: String)' to 'nonisolated(nonsending) @Sendable (String) async throws -> (response: ResponseType, items: [Item], nextToken: String)' because crossing of an isolation boundary requires parameter and result types to conform to 'Sendable' protocol
    |                      `- note: type 'Item' does not conform to 'Sendable' protocol
 45 |       let response = try await listRpc(token)
 46 |       return (response, response._getPaginatedItems(), response._nextPageToken())
[2121/2293] Compiling GoogleGax ContinueOnIO.swift
[2122/2293] Compiling GoogleGax CredentialsProtocol.swift
[2123/2293] Compiling GoogleGax ErrorWrapper.swift
[2124/2293] Compiling GoogleGax ExponentialBackoff+BackoffPolicy.swift
[2125/2293] Compiling GoogleGax ExponentialBackoff+PollingBackoffPolicy.swift
[2126/2293] Compiling GoogleGax ExponentialBackoff.swift
[2127/2293] Compiling GoogleGax HTTPClient.swift
[2128/2293] Compiling GoogleGax HTTPClientHolder.swift
[2129/2293] Compiling GoogleGax RequestOptions.swift
[2130/2293] Compiling GoogleGax RetryLoop.swift
[2131/2293] Compiling GoogleGax RetryPolicy.swift
[2132/2293] Compiling GoogleGax RetryResult.swift
[2133/2293] Compiling GoogleGax RetryState.swift
[2134/2293] Compiling GoogleGax RetryThrottler.swift
[2135/2293] Compiling GoogleGax RetryThrottlerError.swift
[2136/2293] Compiling GoogleGax RoutingMatcher.swift
[2137/2293] Compiling GoogleGax HTTPClientProtocol.swift
[2138/2293] Compiling GoogleGax HTTPClientRequest.swift
[2139/2293] Compiling GoogleGax HTTPClientResponse.swift
[2140/2293] Compiling GoogleGax HTTPHeaders.swift
[2141/2293] Compiling GoogleGax HTTPResponseBody.swift
[2142/2293] Compiling GoogleGax HeaderNames.swift
[2143/2293] Compiling GoogleGax Host.swift
[2144/2293] Compiling GoogleGax InProgressResult.swift
[2145/2293] Compiling GoogleGax LimitedAttemptCount+PollingErrorPolicy.swift
[2146/2293] Compiling GoogleGax LimitedAttemptCount+RetryPolicy.swift
[2147/2293] Compiling GoogleGax LimitedAttemptCount.swift
[2148/2293] Compiling GoogleGax LimitedElapsedTime+PollingErrorPolicy.swift
[2149/2293] Compiling GoogleGax LimitedElapsedTime+RetryPolicy.swift
[2150/2293] Compiling GoogleGax LimitedElapsedTime.swift
[2151/2293] Compiling GoogleGax LongRunningOperations.swift
[2152/2293] Compiling GoogleGax NeverRetry.swift
[2153/2293] Compiling GoogleGax BaseRetryPolicy.swift
[2154/2293] Compiling GoogleGax BindingError.swift
[2155/2293] Compiling GoogleGax CRC32C.swift
[2156/2293] Compiling GoogleGax CircuitBreaker.swift
[2157/2293] Compiling GoogleGax ClientError.swift
[2158/2293] Compiling GoogleGax ClientOptions.swift
[2159/2293] Compiling GoogleGax ContinueOnIO+PollingErrorPolicy.swift
[2160/2293] Compiling GoogleGax ContinueOnIO+RetryPolicy.swift
[2161/2293] Emitting module GoogleGax
[2162/2293] Compiling GoogleGax ServiceError.swift
[2163/2293] Compiling GoogleGax StatusDetail.swift
[2164/2293] Compiling GoogleGax StrictIdempotency.swift
[2165/2293] Compiling GoogleGax ThrottleResult.swift
[2166/2293] Compiling GoogleGax TooManyRequests+PollingErrorPolicy.swift
[2167/2293] Compiling GoogleGax TooManyRequests+RetryPolicy.swift
[2168/2293] Compiling GoogleGax TooManyRequests.swift
[2169/2293] Compiling GoogleGax PackageVersion.swift
BUILD FAILURE 6.2 android