Build Information
Failed to build SpeechMarkdown, reference v0.5.2 (6a1eb5), with Swift 6.4 for tvOS using Xcode 27.0 on 3 Oct 2026 18:52:19 UTC.
Build Command
env DEVELOPER_DIR=/Applications/Xcode-27.0.0-Release.Candidate.app xcrun xcodebuild -IDEClonedSourcePackagesDirPathOverride=$PWD/.dependencies -skipMacroValidation -skipPackagePluginValidation -derivedDataPath $PWD/.derivedData build -scheme SpeechMarkdown -destination generic/platform=tvOSBuild Log
========================================
RunAll
========================================
Builder version: 5.1.1
Interrupt handler set up.
========================================
Checkout
========================================
Clone URL: https://github.com/AACTools/speechmarkdown-rust.git
Reference: v0.5.2
Initialized empty Git repository in /Users/admin/builder/spi-builder-workspace/.git/
From https://github.com/AACTools/speechmarkdown-rust
* tag v0.5.2 -> FETCH_HEAD
HEAD is now at 6a1eb5f Update SPM binary target for v0.5.2
Submodule path 'tests/test-data': checked out '22663dce680ae9e3982d21db3d59ec83418e6ffd'
Submodule 'tests/test-data' (https://github.com/willwade/speechmarkdown-test-files.git) registered for path 'tests/test-data'
Cloning into '/Users/admin/builder/spi-builder-workspace/tests/test-data'...
Cloned https://github.com/AACTools/speechmarkdown-rust.git
Revision (git rev-parse @):
6a1eb5f7d85b1b228936012da2b259d21b3622c1
SUCCESS checkout https://github.com/AACTools/speechmarkdown-rust.git at v0.5.2
========================================
Build
========================================
Selected platform: tvOS
Swift version: 6.4
Building package at path: $PWD
https://github.com/AACTools/speechmarkdown-rust.git
Command line invocation:
/Applications/Xcode-27.0.0-Release.Candidate.app/Contents/Developer/usr/bin/xcodebuild -IDEClonedSourcePackagesDirPathOverride=/Users/admin/builder/spi-builder-workspace/.dependencies -resolvePackageDependencies
Resolve Package Graph
Resolve Package Graph
Resolved source packages:
SpeechMarkdown: /Users/admin/builder/spi-builder-workspace
resolved source packages: SpeechMarkdown
2026-10-03 14:51:40.553 xcodebuild[534:3032] [MT] IDERunDestination: Supported platforms for the buildables in the current scheme is empty.
{
"dependencies" : [
],
"manifest_display_name" : "SpeechMarkdown",
"name" : "SpeechMarkdown",
"path" : "/Users/admin/builder/spi-builder-workspace",
"platforms" : [
{
"name" : "macos",
"version" : "13.0"
},
{
"name" : "ios",
"version" : "16.0"
},
{
"name" : "visionos",
"version" : "1.0"
}
],
"products" : [
{
"name" : "SpeechMarkdown",
"targets" : [
"SpeechMarkdown"
],
"type" : {
"library" : [
"automatic"
]
}
}
],
"targets" : [
{
"c99name" : "SpeechMarkdownRust",
"module_type" : "BinaryTarget",
"name" : "SpeechMarkdownRust",
"path" : "remote/archive/SpeechMarkdownRust.xcframework.zip",
"product_memberships" : [
"SpeechMarkdown"
],
"sources" : [
],
"type" : "binary"
},
{
"c99name" : "SpeechMarkdown",
"module_type" : "SwiftTarget",
"name" : "SpeechMarkdown",
"path" : "bindings/swift/Sources/SpeechMarkdown",
"product_memberships" : [
"SpeechMarkdown"
],
"sources" : [
"SpeechMarkdown.swift"
],
"target_dependencies" : [
"CSpeechMarkdown",
"SpeechMarkdownRust"
],
"type" : "library"
},
{
"c99name" : "CSpeechMarkdown",
"module_type" : "ClangTarget",
"name" : "CSpeechMarkdown",
"path" : "bindings/swift/Sources/CSpeechMarkdown",
"product_memberships" : [
"SpeechMarkdown"
],
"sources" : [
"dummy.c"
],
"target_dependencies" : [
"SpeechMarkdownRust"
],
"type" : "library"
}
],
"tools_version" : "5.9"
}
{
"workspace" : {
"name" : "SpeechMarkdown",
"schemes" : [
"SpeechMarkdown"
]
}
}
2026-10-03 14:52:12.449 xcodebuild[645:3865] [MT] IDERunDestination: Supported platforms for the buildables in the current scheme is empty.
Running build ...
env DEVELOPER_DIR=/Applications/Xcode-27.0.0-Release.Candidate.app xcrun xcodebuild -IDEClonedSourcePackagesDirPathOverride=$PWD/.dependencies -skipMacroValidation -skipPackagePluginValidation -derivedDataPath $PWD/.derivedData build -scheme SpeechMarkdown -destination generic/platform=tvOS
Command line invocation:
/Applications/Xcode-27.0.0-Release.Candidate.app/Contents/Developer/usr/bin/xcodebuild -IDEClonedSourcePackagesDirPathOverride=/Users/admin/builder/spi-builder-workspace/.dependencies -skipMacroValidation -skipPackagePluginValidation -derivedDataPath /Users/admin/builder/spi-builder-workspace/.derivedData build -scheme SpeechMarkdown -destination generic/platform=tvOS
Resolve Package Graph
Resolved source packages:
SpeechMarkdown: /Users/admin/builder/spi-builder-workspace
ComputePackagePrebuildTargetDependencyGraph
Prepare packages
CreateBuildRequest
SendProjectDescription
CreateBuildOperation
ComputeTargetDependencyGraph
note: Building targets in dependency order
note: Target dependency graph (3 targets)
Target 'SpeechMarkdown-product' in project 'SpeechMarkdown'
➜ Explicit dependency on target 'SpeechMarkdown' in project 'SpeechMarkdown'
➜ Explicit dependency on target 'CSpeechMarkdown' in project 'SpeechMarkdown'
Target 'SpeechMarkdown' in project 'SpeechMarkdown'
➜ Explicit dependency on target 'CSpeechMarkdown' in project 'SpeechMarkdown'
Target 'CSpeechMarkdown' in project 'SpeechMarkdown' (no dependencies)
GatherProvisioningInputs
CreateBuildDescription
ExecuteExternalTool /Applications/Xcode-27.0.0-Release.Candidate.app/Contents/Developer/Toolchains/XcodeDefault.xctoolchain/usr/bin/clang -v -E -dM -isysroot /Applications/Xcode-27.0.0-Release.Candidate.app/Contents/Developer/Platforms/AppleTVOS.platform/Developer/SDKs/AppleTVOS27.0.sdk -x c -c /dev/null
ExecuteExternalTool /Applications/Xcode-27.0.0-Release.Candidate.app/Contents/Developer/Toolchains/XcodeDefault.xctoolchain/usr/bin/swiftc --version
ExecuteExternalTool /Applications/Xcode-27.0.0-Release.Candidate.app/Contents/Developer/Toolchains/XcodeDefault.xctoolchain/usr/bin/clang -v -E -dM -arch arm64 -isysroot /Applications/Xcode-27.0.0-Release.Candidate.app/Contents/Developer/Platforms/AppleTVOS.platform/Developer/SDKs/AppleTVOS27.0.sdk -x c -c /dev/null
ExecuteExternalTool /Applications/Xcode-27.0.0-Release.Candidate.app/Contents/Developer/Toolchains/XcodeDefault.xctoolchain/usr/bin/ld -version_details
Build description signature: 208e7fbb1c99f252c4bcff9b1a507145
Build description path: /Users/admin/builder/spi-builder-workspace/.derivedData/Build/Intermediates.noindex/XCBuildData/208e7fbb1c99f252c4bcff9b1a507145.xcbuilddata
/Users/admin/builder/spi-builder-workspace/.dependencies/artifacts/spi-builder-workspace/SpeechMarkdownRust:1:1: error: While building for tvOS, no library for this platform was found in '/Users/admin/builder/spi-builder-workspace/.dependencies/artifacts/spi-builder-workspace/SpeechMarkdownRust'. (in target 'SpeechMarkdown' from project 'SpeechMarkdown')
/Users/admin/builder/spi-builder-workspace/.dependencies/artifacts/spi-builder-workspace/SpeechMarkdownRust:1:1: error: While building for tvOS, no library for this platform was found in '/Users/admin/builder/spi-builder-workspace/.dependencies/artifacts/spi-builder-workspace/SpeechMarkdownRust'. (in target 'CSpeechMarkdown' from project 'SpeechMarkdown')
2026-10-03 14:52:14.190 xcodebuild[646:3905] [MT] IDERunDestination: Supported platforms for the buildables in the current scheme is empty.
** BUILD FAILED **
The following build commands failed:
Building workspace SpeechMarkdown with scheme SpeechMarkdown
(1 failure)
Command line invocation:
/Applications/Xcode-27.0.0-Release.Candidate.app/Contents/Developer/usr/bin/xcodebuild -IDEClonedSourcePackagesDirPathOverride=/Users/admin/builder/spi-builder-workspace/.dependencies -resolvePackageDependencies
Resolve Package Graph
Resolved source packages:
SpeechMarkdown: /Users/admin/builder/spi-builder-workspace
resolved source packages: SpeechMarkdown
2026-10-03 14:52:16.000 xcodebuild[663:4011] [MT] IDERunDestination: Supported platforms for the buildables in the current scheme is empty.
{
"dependencies" : [
],
"manifest_display_name" : "SpeechMarkdown",
"name" : "SpeechMarkdown",
"path" : "/Users/admin/builder/spi-builder-workspace",
"platforms" : [
{
"name" : "macos",
"version" : "13.0"
},
{
"name" : "ios",
"version" : "16.0"
},
{
"name" : "visionos",
"version" : "1.0"
}
],
"products" : [
{
"name" : "SpeechMarkdown",
"targets" : [
"SpeechMarkdown"
],
"type" : {
"library" : [
"automatic"
]
}
}
],
"targets" : [
{
"c99name" : "SpeechMarkdownRust",
"module_type" : "BinaryTarget",
"name" : "SpeechMarkdownRust",
"path" : "remote/archive/SpeechMarkdownRust.xcframework.zip",
"product_memberships" : [
"SpeechMarkdown"
],
"sources" : [
],
"type" : "binary"
},
{
"c99name" : "SpeechMarkdown",
"module_type" : "SwiftTarget",
"name" : "SpeechMarkdown",
"path" : "bindings/swift/Sources/SpeechMarkdown",
"product_memberships" : [
"SpeechMarkdown"
],
"sources" : [
"SpeechMarkdown.swift"
],
"target_dependencies" : [
"CSpeechMarkdown",
"SpeechMarkdownRust"
],
"type" : "library"
},
{
"c99name" : "CSpeechMarkdown",
"module_type" : "ClangTarget",
"name" : "CSpeechMarkdown",
"path" : "bindings/swift/Sources/CSpeechMarkdown",
"product_memberships" : [
"SpeechMarkdown"
],
"sources" : [
"dummy.c"
],
"target_dependencies" : [
"SpeechMarkdownRust"
],
"type" : "library"
}
],
"tools_version" : "5.9"
}
{
"workspace" : {
"name" : "SpeechMarkdown",
"schemes" : [
"SpeechMarkdown"
]
}
}
2026-10-03 14:52:17.542 xcodebuild[672:4085] [MT] IDERunDestination: Supported platforms for the buildables in the current scheme is empty.
Running build ...
env DEVELOPER_DIR=/Applications/Xcode-27.0.0-Release.Candidate.app xcrun xcodebuild -IDEClonedSourcePackagesDirPathOverride=$PWD/.dependencies -skipMacroValidation -skipPackagePluginValidation -derivedDataPath $PWD/.derivedData build -scheme SpeechMarkdown -destination generic/platform=tvOS
Command line invocation:
/Applications/Xcode-27.0.0-Release.Candidate.app/Contents/Developer/usr/bin/xcodebuild -IDEClonedSourcePackagesDirPathOverride=/Users/admin/builder/spi-builder-workspace/.dependencies -skipMacroValidation -skipPackagePluginValidation -derivedDataPath /Users/admin/builder/spi-builder-workspace/.derivedData build -scheme SpeechMarkdown -destination generic/platform=tvOS
Resolve Package Graph
Resolved source packages:
SpeechMarkdown: /Users/admin/builder/spi-builder-workspace
ComputePackagePrebuildTargetDependencyGraph
Prepare packages
CreateBuildRequest
SendProjectDescription
CreateBuildOperation
ComputeTargetDependencyGraph
note: Building targets in dependency order
note: Target dependency graph (3 targets)
Target 'SpeechMarkdown-product' in project 'SpeechMarkdown'
➜ Explicit dependency on target 'SpeechMarkdown' in project 'SpeechMarkdown'
➜ Explicit dependency on target 'CSpeechMarkdown' in project 'SpeechMarkdown'
Target 'SpeechMarkdown' in project 'SpeechMarkdown'
➜ Explicit dependency on target 'CSpeechMarkdown' in project 'SpeechMarkdown'
Target 'CSpeechMarkdown' in project 'SpeechMarkdown' (no dependencies)
GatherProvisioningInputs
CreateBuildDescription
/Users/admin/builder/spi-builder-workspace/.dependencies/artifacts/spi-builder-workspace/SpeechMarkdownRust:1:1: error: While building for tvOS, no library for this platform was found in '/Users/admin/builder/spi-builder-workspace/.dependencies/artifacts/spi-builder-workspace/SpeechMarkdownRust'. (in target 'SpeechMarkdown' from project 'SpeechMarkdown')
/Users/admin/builder/spi-builder-workspace/.dependencies/artifacts/spi-builder-workspace/SpeechMarkdownRust:1:1: error: While building for tvOS, no library for this platform was found in '/Users/admin/builder/spi-builder-workspace/.dependencies/artifacts/spi-builder-workspace/SpeechMarkdownRust'. (in target 'CSpeechMarkdown' from project 'SpeechMarkdown')
2026-10-03 14:52:18.780 xcodebuild[705:4343] [MT] IDERunDestination: Supported platforms for the buildables in the current scheme is empty.
** BUILD FAILED **
The following build commands failed:
Building workspace SpeechMarkdown with scheme SpeechMarkdown
(1 failure)
BUILD FAILURE 6.4 tvOS