The Swift Package Index logo.Swift Package Index

Build Information

Failed to build GoogleCloudConfigDeliveryV1, reference 0.5.0 (0cef10), with Swift 6.2 for Android on 10 Oct 2026 20:21:58 UTC.

Build Command

bash -c docker run --pull=always --rm -v "checkouts-54344845-2":/host -w "$PWD" -e JAVA_HOME="/root/.sdkman/candidates/java/current" -e SPI_BUILD="1" -e SPI_PROCESSING="1" registry.gitlab.com/saguaro1/spi-images:android-6.2-latest swift build --swift-sdk aarch64-unknown-linux-android28 2>&1

Build Log

========================================
RunAll
========================================
Builder version: 5.1.1
Interrupt handler set up.
========================================
Checkout
========================================
Clone URL: https://github.com/googleapis/swift-google-cloud-configdelivery-v1.git
Reference: 0.5.0
Initialized empty Git repository in /host/spi-builder-workspace/.git/
hint: Using 'master' as the name for the initial branch. This default branch name
hint: is subject to change. To configure the initial branch name to use in all
hint: of your new repositories, which will suppress this warning, call:
hint:
hint: 	git config --global init.defaultBranch <name>
hint:
hint: Names commonly chosen instead of 'master' are 'main', 'trunk' and
hint: 'development'. The just-created branch can be renamed via this command:
hint:
hint: 	git branch -m <name>
From https://github.com/googleapis/swift-google-cloud-configdelivery-v1
 * tag               0.5.0      -> FETCH_HEAD
HEAD is now at 0cef10a chore: release circa 2026-10-07 (#1382)
Cloned https://github.com/googleapis/swift-google-cloud-configdelivery-v1.git
Revision (git rev-parse @):
0cef10a529f4f4d1dde41e896dc7013702f405d9
SPI manifest file found: $PWD/.spi.yml
SUCCESS checkout https://github.com/googleapis/swift-google-cloud-configdelivery-v1.git at 0.5.0
========================================
Build
========================================
Selected platform:         android
Swift version:             6.2
Building package at path:  $PWD
https://github.com/googleapis/swift-google-cloud-configdelivery-v1.git
Running build ...
bash -c docker run --pull=always --rm -v "checkouts-54344845-2":/host -w "$PWD" -e JAVA_HOME="/root/.sdkman/candidates/java/current" -e SPI_BUILD="1" -e SPI_PROCESSING="1" registry.gitlab.com/saguaro1/spi-images:android-6.2-latest swift build --swift-sdk aarch64-unknown-linux-android28 2>&1
android-6.2-latest: Pulling from saguaro1/spi-images
Digest: sha256:a839c9ce201f1dacc8eb056626ec7ab0a1c6d53d7b77c83feda395f4507c51be
Status: Image is up to date for registry.gitlab.com/saguaro1/spi-images:android-6.2-latest
Fetching https://github.com/googleapis/swift-google-wkt
Fetching https://github.com/googleapis/swift-google-gax
Fetching https://github.com/googleapis/swift-google-longrunning
Fetching https://github.com/googleapis/swift-google-rpc
Fetching https://github.com/googleapis/swift-google-auth
Fetching https://github.com/apple/swift-log
[1/619] Fetching swift-google-longrunning
[32/1041] Fetching swift-google-longrunning, swift-google-rpc
[764/2789] Fetching swift-google-longrunning, swift-google-rpc, swift-google-gax
[765/11046] Fetching swift-google-longrunning, swift-google-rpc, swift-google-gax, swift-log
[1113/12069] Fetching swift-google-longrunning, swift-google-rpc, swift-google-gax, swift-log, swift-google-wkt
Fetched https://github.com/googleapis/swift-google-rpc from cache (0.44s)
[1044/11647] Fetching swift-google-longrunning, swift-google-gax, swift-log, swift-google-wkt
Fetching https://github.com/googleapis/swift-google-cloud-location
[3539/12670] Fetching swift-google-longrunning, swift-google-gax, swift-log, swift-google-wkt, swift-google-auth
Fetched https://github.com/googleapis/swift-google-gax from cache (0.55s)
[6216/10922] Fetching swift-google-longrunning, swift-log, swift-google-wkt, swift-google-auth
Fetched https://github.com/googleapis/swift-google-auth from cache (0.59s)
Fetched https://github.com/googleapis/swift-google-wkt from cache (0.73s)
Fetched https://github.com/apple/swift-log from cache (0.73s)
Fetched https://github.com/googleapis/swift-google-longrunning from cache (0.73s)
[1/552] Fetching swift-google-cloud-location
Fetched https://github.com/googleapis/swift-google-cloud-location from cache (0.41s)
Computing version for https://github.com/googleapis/swift-google-wkt
Computed https://github.com/googleapis/swift-google-wkt at 0.5.0 (1.14s)
Fetching https://github.com/swift-extras/swift-extras-base64
[1/954] Fetching swift-extras-base64
Fetched https://github.com/swift-extras/swift-extras-base64 from cache (0.43s)
Computing version for https://github.com/googleapis/swift-google-rpc
Computed https://github.com/googleapis/swift-google-rpc at 0.5.0 (0.74s)
Computing version for https://github.com/googleapis/swift-google-longrunning
Computed https://github.com/googleapis/swift-google-longrunning at 0.5.0 (0.29s)
Computing version for https://github.com/googleapis/swift-google-gax
Computed https://github.com/googleapis/swift-google-gax at 0.5.0 (0.29s)
Fetching https://github.com/swift-server/async-http-client.git
Fetching https://github.com/apple/swift-nio
[1/16464] Fetching async-http-client
[16465/102838] Fetching async-http-client, swift-nio
Fetched https://github.com/swift-server/async-http-client.git from cache (1.15s)
[8638/86374] Fetching swift-nio
Fetched https://github.com/apple/swift-nio from cache (5.17s)
Computing version for https://github.com/googleapis/swift-google-cloud-location
Computed https://github.com/googleapis/swift-google-cloud-location at 0.5.0 (5.47s)
Computing version for https://github.com/googleapis/swift-google-auth
Computed https://github.com/googleapis/swift-google-auth at 0.5.0 (0.27s)
Fetching https://github.com/apple/swift-system.git
Fetching https://github.com/vapor/jwt-kit.git
[1/7241] Fetching swift-system
[1015/17495] Fetching swift-system, jwt-kit
Fetched https://github.com/apple/swift-system.git from cache (1.18s)
Fetched https://github.com/vapor/jwt-kit.git from cache (1.19s)
Computing version for https://github.com/swift-extras/swift-extras-base64
Computed https://github.com/swift-extras/swift-extras-base64 at 1.2.0 (1.45s)
Computing version for https://github.com/swift-server/async-http-client.git
Computed https://github.com/swift-server/async-http-client.git at 1.36.2 (0.29s)
Fetching https://github.com/apple/swift-service-context.git
Fetching https://github.com/apple/swift-algorithms.git
Fetching https://github.com/apple/swift-nio-http2.git
Fetching https://github.com/apple/swift-nio-extras.git
Fetching https://github.com/apple/swift-atomics.git
Fetching https://github.com/apple/swift-distributed-tracing.git
[1/1500] Fetching swift-service-context
[751/3389] Fetching swift-service-context, swift-atomics
[2087/10092] Fetching swift-service-context, swift-atomics, swift-nio-extras
[2088/16256] Fetching swift-service-context, swift-atomics, swift-nio-extras, swift-algorithms
Fetched https://github.com/apple/swift-service-context.git from cache (0.47s)
[1153/14756] Fetching swift-atomics, swift-nio-extras, swift-algorithms
Fetching https://github.com/apple/swift-nio-ssl.git
[6832/27050] Fetching swift-atomics, swift-nio-extras, swift-algorithms, swift-nio-http2
[13780/33601] Fetching swift-atomics, swift-nio-extras, swift-algorithms, swift-nio-http2, swift-distributed-tracing
Fetched https://github.com/apple/swift-atomics.git from cache (0.70s)
[15547/31712] Fetching swift-nio-extras, swift-algorithms, swift-nio-http2, swift-distributed-tracing
Fetching https://github.com/apple/swift-nio-transport-services.git
Fetched https://github.com/apple/swift-nio-extras.git from cache (0.81s)
[13005/25009] Fetching swift-algorithms, swift-nio-http2, swift-distributed-tracing
Fetching https://github.com/apple/swift-configuration.git
[15544/41870] Fetching swift-algorithms, swift-nio-http2, swift-distributed-tracing, swift-nio-ssl
Fetched https://github.com/apple/swift-distributed-tracing.git from cache (1.00s)
[16598/35319] Fetching swift-algorithms, swift-nio-http2, swift-nio-ssl
[19977/38186] Fetching swift-algorithms, swift-nio-http2, swift-nio-ssl, swift-nio-transport-services
[23983/42114] Fetching swift-algorithms, swift-nio-http2, swift-nio-ssl, swift-nio-transport-services, swift-configuration
Fetched https://github.com/apple/swift-nio-transport-services.git from cache (0.60s)
[25435/39247] Fetching swift-algorithms, swift-nio-http2, swift-nio-ssl, swift-configuration
Fetched https://github.com/apple/swift-configuration.git from cache (0.61s)
[24360/35319] Fetching swift-algorithms, swift-nio-http2, swift-nio-ssl
Fetched https://github.com/apple/swift-algorithms.git from cache (1.87s)
Fetched https://github.com/apple/swift-nio-http2.git from cache (1.87s)
Fetched https://github.com/apple/swift-nio-ssl.git from cache (2.09s)
Computing version for https://github.com/apple/swift-service-context.git
Computed https://github.com/apple/swift-service-context.git at 1.3.0 (2.85s)
Computing version for https://github.com/apple/swift-algorithms.git
Computed https://github.com/apple/swift-algorithms.git at 1.2.1 (1.47s)
Fetching https://github.com/apple/swift-numerics.git
[1/6728] Fetching swift-numerics
Fetched https://github.com/apple/swift-numerics.git from cache (0.65s)
Computing version for https://github.com/apple/swift-log
Computed https://github.com/apple/swift-log at 1.16.1 (0.99s)
Computing version for https://github.com/apple/swift-distributed-tracing.git
Computed https://github.com/apple/swift-distributed-tracing.git at 1.5.0 (0.28s)
Computing version for https://github.com/apple/swift-atomics.git
Computed https://github.com/apple/swift-atomics.git at 1.3.1 (0.30s)
Computing version for https://github.com/apple/swift-numerics.git
Computed https://github.com/apple/swift-numerics.git at 1.1.1 (0.27s)
Computing version for https://github.com/apple/swift-nio
Computed https://github.com/apple/swift-nio at 2.104.0 (0.62s)
Fetching https://github.com/apple/swift-collections.git
[1/28703] Fetching swift-collections
Fetched https://github.com/apple/swift-collections.git from cache (1.73s)
Computing version for https://github.com/apple/swift-configuration.git
Computed https://github.com/apple/swift-configuration.git at 1.2.2 (3.09s)
Fetching https://github.com/swift-server/swift-service-lifecycle
[29/2867] Fetching swift-service-lifecycle
Fetched https://github.com/swift-server/swift-service-lifecycle from cache (0.52s)
Computing version for https://github.com/apple/swift-nio-transport-services.git
Computed https://github.com/apple/swift-nio-transport-services.git at 1.28.0 (0.79s)
Computing version for https://github.com/swift-server/swift-service-lifecycle
Computed https://github.com/swift-server/swift-service-lifecycle at 2.12.1 (0.25s)
Fetching https://github.com/apple/swift-async-algorithms.git
[1/6820] Fetching swift-async-algorithms
Fetched https://github.com/apple/swift-async-algorithms.git from cache (0.65s)
Computing version for https://github.com/apple/swift-async-algorithms.git
Computed https://github.com/apple/swift-async-algorithms.git at 1.1.7 (0.96s)
Computing version for https://github.com/apple/swift-collections.git
Computed https://github.com/apple/swift-collections.git at 1.7.2 (0.44s)
Computing version for https://github.com/apple/swift-nio-http2.git
Computed https://github.com/apple/swift-nio-http2.git at 1.46.0 (0.31s)
Computing version for https://github.com/vapor/jwt-kit.git
Computed https://github.com/vapor/jwt-kit.git at 5.7.1 (0.23s)
Fetching https://github.com/apple/swift-crypto.git
[1/18629] Fetching swift-crypto
Fetching https://github.com/apple/swift-certificates.git
Fetched https://github.com/apple/swift-crypto.git from cache (1.76s)
[1/7609] Fetching swift-certificates
Fetched https://github.com/apple/swift-certificates.git from cache (0.70s)
Computing version for https://github.com/apple/swift-crypto.git
Computed https://github.com/apple/swift-crypto.git at 4.5.2 (3.42s)
Fetching https://github.com/apple/swift-asn1.git
[1/2009] Fetching swift-asn1
Fetched https://github.com/apple/swift-asn1.git from cache (0.45s)
Computing version for https://github.com/apple/swift-asn1.git
Computed https://github.com/apple/swift-asn1.git at 1.7.3 (0.81s)
Computing version for https://github.com/apple/swift-certificates.git
Computed https://github.com/apple/swift-certificates.git at 1.21.0 (0.31s)
Computing version for https://github.com/apple/swift-nio-ssl.git
Computed https://github.com/apple/swift-nio-ssl.git at 2.37.5 (0.35s)
Computing version for https://github.com/apple/swift-system.git
Computed https://github.com/apple/swift-system.git at 1.8.1 (0.33s)
Computing version for https://github.com/apple/swift-nio-extras.git
Computed https://github.com/apple/swift-nio-extras.git at 1.35.1 (0.45s)
Fetching https://github.com/apple/swift-http-structured-headers.git
Fetching https://github.com/apple/swift-http-types.git
[1/1253] Fetching swift-http-structured-headers
[691/3192] Fetching swift-http-structured-headers, swift-http-types
Fetched https://github.com/apple/swift-http-structured-headers.git from cache (0.49s)
[1358/1939] Fetching swift-http-types
Fetched https://github.com/apple/swift-http-types.git from cache (0.53s)
Computing version for https://github.com/apple/swift-http-structured-headers.git
Computed https://github.com/apple/swift-http-structured-headers.git at 1.7.0 (0.77s)
Computing version for https://github.com/apple/swift-http-types.git
Computed https://github.com/apple/swift-http-types.git at 1.8.0 (0.29s)
Creating working copy for https://github.com/apple/swift-atomics.git
Working copy of https://github.com/apple/swift-atomics.git resolved at 1.3.1
Creating working copy for https://github.com/apple/swift-numerics.git
Working copy of https://github.com/apple/swift-numerics.git resolved at 1.1.1
Creating working copy for https://github.com/apple/swift-system.git
Working copy of https://github.com/apple/swift-system.git resolved at 1.8.1
Creating working copy for https://github.com/googleapis/swift-google-gax
Working copy of https://github.com/googleapis/swift-google-gax resolved at 0.5.0
Creating working copy for https://github.com/apple/swift-collections.git
Working copy of https://github.com/apple/swift-collections.git resolved at 1.7.2
Creating working copy for https://github.com/vapor/jwt-kit.git
Working copy of https://github.com/vapor/jwt-kit.git resolved at 5.7.1
Creating working copy for https://github.com/apple/swift-nio
Working copy of https://github.com/apple/swift-nio resolved at 2.104.0
Creating working copy for https://github.com/apple/swift-async-algorithms.git
Working copy of https://github.com/apple/swift-async-algorithms.git resolved at 1.1.7
Creating working copy for https://github.com/googleapis/swift-google-auth
Working copy of https://github.com/googleapis/swift-google-auth resolved at 0.5.0
Creating working copy for https://github.com/swift-server/async-http-client.git
Working copy of https://github.com/swift-server/async-http-client.git resolved at 1.36.2
Creating working copy for https://github.com/swift-server/swift-service-lifecycle
Working copy of https://github.com/swift-server/swift-service-lifecycle resolved at 2.12.1
Creating working copy for https://github.com/apple/swift-log
Working copy of https://github.com/apple/swift-log resolved at 1.16.1
Creating working copy for https://github.com/apple/swift-service-context.git
Working copy of https://github.com/apple/swift-service-context.git resolved at 1.3.0
Creating working copy for https://github.com/googleapis/swift-google-cloud-location
Working copy of https://github.com/googleapis/swift-google-cloud-location resolved at 0.5.0
Creating working copy for https://github.com/apple/swift-crypto.git
Working copy of https://github.com/apple/swift-crypto.git resolved at 4.5.2
Creating working copy for https://github.com/apple/swift-nio-extras.git
Working copy of https://github.com/apple/swift-nio-extras.git resolved at 1.35.1
Creating working copy for https://github.com/googleapis/swift-google-rpc
Working copy of https://github.com/googleapis/swift-google-rpc resolved at 0.5.0
Creating working copy for https://github.com/apple/swift-http-structured-headers.git
Working copy of https://github.com/apple/swift-http-structured-headers.git resolved at 1.7.0
Creating working copy for https://github.com/apple/swift-configuration.git
Working copy of https://github.com/apple/swift-configuration.git resolved at 1.2.2
Creating working copy for https://github.com/apple/swift-nio-ssl.git
Working copy of https://github.com/apple/swift-nio-ssl.git resolved at 2.37.5
Creating working copy for https://github.com/apple/swift-algorithms.git
Working copy of https://github.com/apple/swift-algorithms.git resolved at 1.2.1
Creating working copy for https://github.com/swift-extras/swift-extras-base64
Working copy of https://github.com/swift-extras/swift-extras-base64 resolved at 1.2.0
Creating working copy for https://github.com/googleapis/swift-google-wkt
Working copy of https://github.com/googleapis/swift-google-wkt resolved at 0.5.0
Creating working copy for https://github.com/apple/swift-nio-http2.git
Working copy of https://github.com/apple/swift-nio-http2.git resolved at 1.46.0
Creating working copy for https://github.com/apple/swift-distributed-tracing.git
Working copy of https://github.com/apple/swift-distributed-tracing.git resolved at 1.5.0
Creating working copy for https://github.com/apple/swift-certificates.git
Working copy of https://github.com/apple/swift-certificates.git resolved at 1.21.0
Creating working copy for https://github.com/googleapis/swift-google-longrunning
Working copy of https://github.com/googleapis/swift-google-longrunning resolved at 0.5.0
Creating working copy for https://github.com/apple/swift-asn1.git
Working copy of https://github.com/apple/swift-asn1.git resolved at 1.7.3
Creating working copy for https://github.com/apple/swift-nio-transport-services.git
Working copy of https://github.com/apple/swift-nio-transport-services.git resolved at 1.28.0
Creating working copy for https://github.com/apple/swift-http-types.git
Working copy of https://github.com/apple/swift-http-types.git resolved at 1.8.0
Building for debugging...
[0/1014] Compiling aes.cc
[1/1014] Write swift-version--11D90AFD9DD3AB2.txt
[2/1014] Compiling a_octet.cc
[3/1014] Write sources
[7/1014] Compiling _NumericsShims _NumericsShims.c
[8/1014] Compiling _AtomicsShims.c
[9/1014] Compiling a_bitstr.cc
[10/1019] Compiling a_i2d_fp.cc
[10/1019] Write sources
[17/1020] Compiling a_strex.cc
[18/1042] Compiling a_gentm.cc
[18/1042] Write sources
[50/1042] Compiling a_bool.cc
[52/1064] Emitting module ServiceContextModule
[52/1064] Compiling a_strnid.cc
[54/1092] Emitting module RealModule
[55/1093] Emitting module _NIODataStructures
[56/1093] Emitting module InternalCollectionsUtilities
[57/1096] Compiling ServiceContextModule ServiceContextKey.swift
[58/1096] Compiling InternalCollectionsUtilities UnsafeRawBufferPointer+Extras.swift
[59/1096] Compiling InternalCollectionsUtilities _SortedCollection.swift
[60/1096] Compiling InternalCollectionsUtilities _UniqueCollection.swift
[61/1096] Compiling ServiceContextModule ServiceContext.swift
[62/1097] Compiling InternalCollectionsUtilities Debugging.swift
[63/1097] Compiling InternalCollectionsUtilities Descriptions.swift
[64/1099] Compiling InternalCollectionsUtilities _UnsafeBitSet+_Word.swift
[65/1099] Compiling InternalCollectionsUtilities _UnsafeBitSet.swift
[66/1099] Compiling InternalCollectionsUtilities UnsafeBufferPointer+Extras.swift
[67/1099] Compiling InternalCollectionsUtilities UnsafeMutableBufferPointer+Extras.swift
[68/1099] Compiling InternalCollectionsUtilities UnsafeMutablePointer+Extras.swift
[69/1099] Compiling InternalCollectionsUtilities UnsafeMutableRawBufferPointer+Extras.swift
[70/1099] Compiling InternalCollectionsUtilities UnsafePointer+Extras.swift
[71/1099] Compiling InternalCollectionsUtilities LifetimeOverride.swift
[72/1099] Compiling InternalCollectionsUtilities MutableRef.swift
[74/1099] Compiling RealModule Float80+Real.swift
[75/1099] Compiling Logging LoggingSystem.swift
[76/1100] Compiling InternalCollectionsUtilities BorrowingIteratorProtocol+Equality.swift
[77/1100] Compiling InternalCollectionsUtilities BorrowingIteratorProtocol+Extras.swift
[78/1100] Compiling RealModule Float16+Real.swift
[79/1100] Compiling RealModule RealFunctions.swift
[80/1100] Compiling RealModule Real.swift
[81/1100] Compiling SwiftASN1 DER.swift
[82/1100] Compiling SwiftASN1 Errors.swift
[83/1100] Compiling InternalCollectionsUtilities TemporaryAllocation.swift
[84/1100] Compiling InternalCollectionsUtilities _UnsafeBitSet+Index.swift
[85/1100] Compiling Logging Logger+Attributes.swift
[86/1100] Compiling RealModule RelaxedArithmetic.swift
[87/1100] Compiling InternalCollectionsUtilities MutableSpan+Extras.swift
[88/1100] Compiling InternalCollectionsUtilities OutputSpan+Extras.swift
[89/1100] Compiling InternalCollectionsUtilities RandomAccessCollection+Offsets.swift
[90/1100] Compiling InternalCollectionsUtilities Span+Extras.swift
[95/1100] Compiling InternalCollectionsUtilities Iterable+CopyContents.swift
[96/1100] Compiling InternalCollectionsUtilities Iterable+Equality.swift
[99/1100] Compiling InternalCollectionsUtilities FixedWidthInteger+roundUpToPowerOfTwo.swift
[100/1100] Compiling InternalCollectionsUtilities Integer rank.swift
[101/1100] Compiling InternalCollectionsUtilities UInt+first and last set bit.swift
[102/1100] Compiling InternalCollectionsUtilities UInt+reversed.swift
[116/1107] Compiling _NIODataStructures _TinyArray.swift
[117/1107] Compiling _NIODataStructures PriorityQueue.swift
[118/1107] Compiling _NIODataStructures Heap.swift
[119/1108] Emitting module SwiftASN1
[120/1108] Compiling _NIOBase64 Base64.swift
[121/1108] Emitting module _NIOBase64
[124/1119] Compiling Logging Logger.swift
[125/1119] Compiling Logging Logger+With.swift
[126/1119] Compiling _CertificateInternals _TinyArray.swift
[127/1119] Emitting module _CertificateInternals
[128/1120] Compiling SpanPreview OutputSpan+InputSpanHelpers.swift
[129/1120] Wrapping AST for ServiceContextModule for debugging
[131/1120] Compiling SpanPreview InputSpan.swift
[132/1120] Compiling SpanPreview MutableSpan+InputSpanHelpers.swift
[132/1120] Wrapping AST for _NIODataStructures for debugging
[134/1120] Emitting module SpanPreview
[135/1121] Compiling Instrumentation NoOpInstrument.swift
[139/1121] Wrapping AST for RealModule for debugging
[140/1121] Wrapping AST for _NIOBase64 for debugging
[142/1121] Emitting module Instrumentation
[143/1121] Compiling Instrumentation MultiplexInstrument.swift
[143/1121] Wrapping AST for InternalCollectionsUtilities for debugging
[143/1121] Write sources
[176/1121] Wrapping AST for _CertificateInternals for debugging
[178/1121] Compiling ExtrasBase64 Base32+Span.swift
[178/1125] Wrapping AST for SpanPreview for debugging
[179/1160] Compiling SimpleFIPS202.c
[180/1163] Compiling CXKCPShims shims.c
[181/1163] Compiling KeccakSponge.c
[182/1163] Compiling KeccakHash.c
[183/1163] Compiling CNIOWindows shim.c
[184/1163] Compiling CNIOWindows WSAStartup.c
[185/1163] Compiling CNIOWASI CNIOWASI.c
[186/1163] Compiling CSystem shims.c
[187/1163] Compiling CNIOOpenBSD shim.c
[188/1163] Compiling CNIOPosix event_loop_id.c
[190/1163] Compiling Instrumentation InstrumentationSystem.swift
[190/1163] Compiling CNIOLinux shim.c
[191/1172] Compiling CNIOLinux liburing_shims.c
[193/1200] Compiling SystemPackage Exports.swift
[194/1200] Compiling SystemPackage Mocking.swift
[195/1200] Compiling SystemPackage IOCompletion.swift
[196/1200] Compiling SystemPackage IORequest.swift
[197/1200] Compiling SystemPackage IORing+Util.swift
[198/1205] Compiling SystemPackage IORing.swift
[199/1205] Compiling SystemPackage RawIORequest.swift
[200/1205] Compiling SystemPackage RawBuffer.swift
[201/1205] Compiling SystemPackage Syscalls.swift
[202/1205] Compiling SystemPackage WindowsSyscallAdapters.swift
[203/1205] Compiling SystemPackage MachPort.swift
[204/1205] Compiling SystemPackage FileFlags.swift
[205/1205] Compiling SystemPackage FileMode.swift
[205/1205] Compiling KeccakP-1600-opt64.c
[206/1205] Compiling CNIOLLHTTP c_nio_llhttp.c
[207/1205] Compiling CNIOLLHTTP c_nio_http.c
[208/1205] Compiling CNIOFreeBSD shim.c
[209/1205] Compiling CNIOLLHTTP c_nio_api.c
[210/1205] Compiling CNIOExtrasZlib zutil.c
[212/1205] Compiling SystemPackage PlatformString.swift
[213/1205] Compiling DequeModule RigidDeque+Removals.swift
[214/1205] Compiling DequeModule RigidDeque+Replacements.swift
[215/1205] Compiling DequeModule RigidDeque+Testing.swift
[216/1205] Compiling DequeModule RigidDeque.swift
[217/1205] Compiling DequeModule UniqueDeque+Append.swift
[218/1205] Compiling SystemPackage FileType.swift
[219/1205] Compiling SystemPackage Identifiers.swift
[220/1205] Compiling SystemPackage Stat.swift
[221/1205] Compiling SystemPackage Backcompat.swift
[222/1205] Compiling SystemPackage CInterop.swift
[223/1205] Compiling SystemPackage Constants.swift
[223/1205] Compiling CNIOExtrasZlib trees.c
[224/1205] Compiling CNIOExtrasZlib inftrees.c
[225/1205] Compiling CNIOExtrasZlib inffast.c
[226/1205] Compiling CNIOExtrasZlib inflate.c
[227/1205] Compiling CNIOExtrasZlib deflate.c
[229/1205] Compiling SystemPackage FilePathComponentView.swift
[230/1205] Compiling SystemPackage FilePathComponents.swift
[231/1205] Compiling SystemPackage FilePathParsing.swift
[232/1205] Compiling SystemPackage FilePathString.swift
[233/1205] Compiling SystemPackage FilePathSyntax.swift
[234/1205] Compiling SystemPackage Errno.swift
[234/1205] Compiling CNIOExtrasZlib crc32.c
[235/1205] Compiling CNIODarwin shim.c
[236/1205] Compiling CNIOExtrasZlib adler32.c
[237/1205] Compiling fiat_p256_adx_sqr.S
[238/1205] Compiling fiat_p256_adx_mul.S
[239/1205] Compiling fiat_curve25519_adx_square.S
[240/1205] Compiling CNIOBoringSSLShims shims.c
[241/1205] Compiling fiat_curve25519_adx_mul.S
[243/1205] Compiling Instrumentation Locks.swift
[244/1205] Compiling Instrumentation Instrument.swift
[250/1206] Compiling Logging MetadataProvider.swift
[259/1211] Emitting module Logging
[272/1212] Compiling SystemPackage FilePathTemp.swift
[273/1212] Compiling SystemPackage FilePathTempPosix.swift
[274/1212] Compiling SystemPackage FilePathTempWindows.swift
[275/1212] Compiling SystemPackage FilePathWindows.swift
[276/1212] Compiling SystemPackage FilePermissions.swift
[277/1212] Compiling SystemPackage FilePath.swift
[282/1221] Wrapping AST for Instrumentation for debugging
[283/1221] Wrapping AST for Logging for debugging
[284/1221] Wrapping AST for SwiftASN1 for debugging
[286/1221] Compiling Tracing InstrumentationSystem+Tracing.swift
[287/1222] Compiling Tracing WithTracer.swift
[288/1222] Emitting module Tracing
[289/1222] Compiling Tracing TracingTime.swift
[290/1222] Compiling Tracing TracerProtocol.swift
[291/1222] Compiling Tracing TracerProtocol+Legacy.swift
[292/1222] Compiling Tracing Tracer.swift
[294/1222] Compiling SystemPackage ErrnoWindows.swift
[295/1222] Compiling SystemPackage FileDescriptor.swift
[296/1222] Compiling SystemPackage FileHelpers.swift
[297/1222] Compiling SystemPackage FileOperations.swift
[304/1222] Emitting module SystemPackage
[304/1222] Compiling tls_method.cc
[305/1222] Compiling tls_record.cc
[307/1222] Compiling Tracing NoOpTracer.swift
[308/1222] Compiling Tracing SpanProtocol.swift
[316/1223] Emitting module DequeModule
[323/1223] Compiling SystemPackage SystemString.swift
[324/1223] Compiling SystemPackage Util+StringArray.swift
[325/1223] Compiling SystemPackage Util.swift
[326/1223] Compiling SystemPackage UtilConsumers.swift
[327/1223] Compiling SystemPackage WinSDK+Overlay.swift
[327/1224] Compiling tls13_server.cc
[328/1224] Wrapping AST for Tracing for debugging
[331/1224] Compiling DequeModule UniqueDeque+Replacements.swift
[332/1224] Compiling DequeModule UniqueDeque.swift
[333/1224] Compiling DequeModule _DequeSlot.swift
[334/1224] Compiling DequeModule _UnsafeDequeHandle.swift
[335/1224] Compiling DequeModule _UnsafeDequeSegments.swift
[335/1224] Compiling tls13_enc.cc
[337/1225] Compiling tls13_client.cc
[338/1225] Wrapping AST for SystemPackage for debugging
[339/1225] Compiling tls13_both.cc
[340/1225] Compiling t1_enc.cc
[341/1225] Compiling ssl_x509.cc
[342/1225] Compiling ssl_transcript.cc
[343/1239] Wrapping AST for DequeModule for debugging
[344/1268] Compiling ssl_privkey.cc
[345/1268] Compiling ssl_versions.cc
[347/1268] Compiling Configuration Deprecations.swift
[348/1268] Compiling Configuration ExpressibleByConfigInt.swift
[349/1268] Compiling Configuration ExpressibleByConfigString.swift
[350/1268] Compiling Configuration CLIKeyEncoder.swift
[351/1268] Compiling Configuration ConfigKeyEncoder.swift
[352/1268] Compiling Configuration DotSeparatorKeyDecoder.swift
[352/1273] Compiling ssl_stat.cc
[354/1273] Compiling Configuration JSONSnapshot.swift
[355/1273] Compiling Configuration PropertyListSnapshot.swift
[356/1273] Compiling Configuration ReloadingFileProvider.swift
[357/1273] Compiling Configuration ReloadingFileProviderMetrics.swift
[358/1273] Compiling Configuration YAMLSnapshot.swift
[359/1273] Compiling Configuration InMemoryProvider.swift
[359/1273] Compiling ssl_session.cc
[361/1273] Compiling ExtrasBase64 Base64+Span.swift
[362/1273] Compiling ExtrasBase64 Base32.swift
[363/1273] Compiling ExtrasBase64 Base64.swift
[363/1273] Compiling ssl_lib.cc
[364/1273] Compiling ssl_key_share.cc
[366/1273] Emitting module ExtrasBase64
[367/1274] Compiling ssl_file.cc
[368/1274] Compiling ssl_credential.cc
[369/1274] Compiling ssl_cipher.cc
[370/1305] Wrapping AST for ExtrasBase64 for debugging
[371/1305] Compiling ssl_cert.cc
[372/1305] Compiling ssl_buffer.cc
[374/1305] Emitting module GoogleWKT
[374/1309] Compiling ssl_asn1.cc
[375/1309] Compiling ssl_aead_ctx.cc
[377/1309] Compiling GoogleWKT WKTDoubleValue.swift
[378/1309] Compiling GoogleWKT WKTDuration.swift
[379/1309] Compiling GoogleWKT WKTEmpty.swift
[380/1309] Compiling GoogleWKT WKTFieldMask.swift
[380/1309] Compiling s3_lib.cc
[382/1309] Compiling GoogleWKT WKTValue.swift
[383/1309] Compiling GoogleWKT WKTApi.swift
[384/1309] Compiling GoogleWKT WKTEnum.swift
[385/1309] Compiling GoogleWKT WKTEnumValue.swift
[386/1309] Compiling GoogleWKT AnyPackable.swift
[387/1309] Compiling GoogleWKT DecodeToDefault.swift
[388/1309] Compiling GoogleWKT DiscoveryBase64.swift
[389/1309] Compiling GoogleWKT ProtoJSONDecoder.swift
[390/1309] Compiling GoogleWKT ProtoJSONEncoder.swift
[392/1309] Compiling GoogleWKT WKTSourceContext.swift
[393/1309] Compiling GoogleWKT WKTSyntax.swift
[394/1309] Compiling GoogleWKT WKTType.swift
[395/1309] Compiling GoogleWKT PackageVersion.swift
[396/1309] Compiling Configuration AsyncCombineLatestManySequence.swift
[397/1309] Compiling Configuration CombineLatestManyStateMachine.swift
[398/1309] Compiling GoogleWKT WKTUInt32Value.swift
[399/1309] Compiling GoogleWKT WKTUInt64Value.swift
[404/1309] Compiling Configuration CombineLatestManyStorage.swift
[405/1309] Compiling Configuration AsyncSequences.swift
[406/1309] Compiling Configuration FoundationExtensions.swift
[407/1309] Compiling Configuration Span.swift
[408/1309] Compiling Configuration ConfigBytesFromStringDecoder.swift
[412/1309] Compiling s3_pkt.cc
[414/1309] Compiling GoogleWKT WKTStringValue.swift
[415/1309] Compiling GoogleWKT WKTTimestamp.swift
[418/1309] Compiling GoogleWKT UnknownFields.swift
[419/1309] Compiling GoogleWKT WKTAny.swift
[420/1309] Compiling GoogleWKT WKTAnyError.swift
[421/1309] Compiling GoogleWKT WKTBoolValue.swift
[422/1309] Compiling GoogleWKT WKTBytesValue.swift
[423/1309] Compiling GoogleWKT WKTFloatValue.swift
[424/1309] Compiling GoogleWKT WKTInt32Value.swift
[425/1309] Compiling GoogleWKT WKTInt64Value.swift
[426/1309] Compiling GoogleWKT WKTRecursive.swift
[427/1309] Compiling GoogleWKT WKTField.swift
[428/1309] Compiling GoogleWKT WKTMethod.swift
[429/1309] Compiling GoogleWKT WKTMixin.swift
[430/1309] Compiling GoogleWKT WKTOption.swift
[430/1309] Compiling handshake_client.cc
[431/1309] Compiling s3_both.cc
[451/1310] Emitting module Configuration
[452/1322] Compiling handshake_server.cc
[453/1326] Wrapping AST for GoogleWKT for debugging
[454/1326] Wrapping AST for Configuration for debugging
[456/1326] Compiling GoogleRpc LocalizedMessage.swift
[457/1326] Compiling GoogleRpc PackageVersion.swift
[457/1328] Compiling handshake.cc
[459/1328] Compiling GoogleRpc RequestInfo.swift
[460/1328] Compiling GoogleRpc ResourceInfo.swift
[461/1328] Emitting module GoogleRpc
[462/1328] Compiling GoogleRpc HttpRequest.swift
[463/1328] Compiling GoogleRpc HttpResponse.swift
[464/1328] Compiling GoogleRpc Help.swift
[465/1328] Compiling GoogleRpc HttpHeader.swift
[466/1328] Compiling GoogleRpc PreconditionFailure.swift
[467/1328] Compiling GoogleRpc QuotaFailure.swift
[468/1328] Compiling GoogleRpc BadRequest.swift
[469/1328] Compiling GoogleRpc Code.swift
[470/1328] Compiling GoogleRpc DebugInfo.swift
[471/1328] Compiling GoogleRpc ErrorInfo.swift
[471/1328] Compiling handoff.cc
[473/1328] Compiling GoogleRpc RetryInfo.swift
[474/1328] Compiling GoogleRpc Status.swift
[474/1329] Compiling dtls_method.cc
[476/1329] Wrapping AST for GoogleRpc for debugging
[477/1329] Compiling encrypted_client_hello.cc
[478/1329] Compiling md5-x86_64-linux.S
[479/1329] Compiling md5-x86_64-apple.S
[480/1329] Compiling md5-586-linux.S
[481/1329] Compiling md5-586-apple.S
[482/1329] Compiling d1_srtp.cc
[483/1329] Compiling chacha20_poly1305_x86_64-linux.S
[484/1329] Compiling extensions.cc
[485/1329] Compiling chacha20_poly1305_armv8-win.S
[486/1329] Compiling chacha20_poly1305_x86_64-apple.S
[487/1329] Compiling chacha20_poly1305_armv8-linux.S
[488/1329] Compiling chacha20_poly1305_armv8-apple.S
[489/1329] Compiling chacha-x86_64-apple.S
[490/1329] Compiling chacha-x86_64-linux.S
[491/1329] Compiling dtls_record.cc
[492/1329] Compiling chacha-x86-apple.S
[493/1329] Compiling chacha-x86-linux.S
[494/1329] Compiling chacha-armv8-win.S
[495/1329] Compiling chacha-armv8-apple.S
[496/1329] Compiling chacha-armv8-linux.S
[497/1329] Compiling d1_pkt.cc
[498/1329] Compiling chacha-armv4-linux.S
[499/1329] Compiling aes128gcmsiv-x86_64-apple.S
[500/1329] Compiling aes128gcmsiv-x86_64-linux.S
[501/1329] Compiling x86_64-mont5-linux.S
[502/1329] Compiling x86_64-mont5-apple.S
[503/1329] Compiling x86_64-mont-apple.S
[504/1329] Compiling x86-mont-linux.S
[505/1329] Compiling bio_ssl.cc
[506/1329] Compiling x86_64-mont-linux.S
[507/1329] Compiling vpaes-x86_64-linux.S
[508/1329] Compiling x86-mont-apple.S
[509/1329] Compiling vpaes-x86_64-apple.S
[510/1329] Compiling vpaes-x86-apple.S
[511/1329] Compiling vpaes-armv8-win.S
[512/1329] Compiling vpaes-x86-linux.S
[513/1329] Compiling vpaes-armv8-apple.S
[514/1329] Compiling err_data.cc
[515/1329] Compiling vpaes-armv8-linux.S
[516/1329] Compiling vpaes-armv7-linux.S
[517/1329] Compiling sha512-x86_64-linux.S
[518/1329] Compiling sha512-x86_64-apple.S
[519/1329] Compiling sha512-armv8-win.S
[520/1329] Compiling sha512-armv8-apple.S
[521/1329] Compiling sha512-armv4-linux.S
[522/1329] Compiling sha512-586-linux.S
[523/1329] Compiling sha256-x86_64-linux.S
[524/1329] Compiling sha512-586-apple.S
[525/1329] Compiling sha512-armv8-linux.S
[526/1329] Compiling sha256-x86_64-apple.S
[527/1329] Compiling sha256-armv8-win.S
[528/1329] Compiling sha256-armv8-apple.S
[529/1329] Compiling sha256-586-linux.S
[530/1329] Compiling sha256-armv8-linux.S
[531/1329] Compiling sha256-armv4-linux.S
[532/1329] Compiling sha256-586-apple.S
[533/1329] Compiling sha1-x86_64-linux.S
[534/1329] Compiling sha1-armv8-win.S
[535/1329] Compiling sha1-x86_64-apple.S
[536/1329] Compiling sha1-586-linux.S
[537/1329] Compiling sha1-armv8-apple.S
[537/1329] Compiling sha1-armv4-large-linux.S
[539/1329] Compiling sha1-586-apple.S
[540/1329] Compiling rsaz-avx2-linux.S
[541/1329] Compiling sha1-armv8-linux.S
[542/1329] Compiling rdrand-x86_64-linux.S
[543/1329] Compiling rdrand-x86_64-apple.S
[544/1329] Compiling rsaz-avx2-apple.S
[545/1329] Compiling p256_beeu-x86_64-asm-apple.S
[546/1329] Compiling p256_beeu-x86_64-asm-linux.S
[547/1329] Compiling p256_beeu-armv8-asm-win.S
[548/1329] Compiling p256_beeu-armv8-asm-linux.S
[549/1329] Compiling p256-x86_64-asm-linux.S
[550/1329] Compiling p256_beeu-armv8-asm-apple.S
[551/1329] Compiling p256-armv8-asm-win.S
[552/1329] Compiling p256-x86_64-asm-apple.S
[553/1329] Compiling p256-armv8-asm-apple.S
[554/1329] Compiling p256-armv8-asm-linux.S
[555/1329] Compiling ghashv8-armv8-win.S
[555/1329] Compiling d1_both.cc
[557/1329] Compiling ghashv8-armv8-apple.S
[558/1329] Compiling ghashv8-armv8-linux.S
[559/1329] Compiling ghash-x86_64-linux.S
[560/1329] Compiling ghash-x86_64-apple.S
[561/1329] Compiling ghash-x86-linux.S
[562/1329] Compiling ghashv8-armv7-linux.S
[563/1329] Compiling ghash-x86-apple.S
[564/1329] Compiling ghash-ssse3-x86_64-apple.S
[565/1329] Compiling ghash-ssse3-x86-linux.S
[566/1329] Compiling ghash-ssse3-x86_64-linux.S
[567/1329] Compiling ghash-neon-armv8-win.S
[568/1329] Compiling ghash-ssse3-x86-apple.S
[569/1329] Compiling ghash-neon-armv8-linux.S
[570/1329] Compiling ghash-neon-armv8-apple.S
[571/1329] Compiling ghash-armv4-linux.S
[572/1329] Compiling co-586-apple.S
[573/1329] Compiling co-586-linux.S
[574/1329] Compiling bn-armv8-linux.S
[575/1329] Compiling bn-586-linux.S
[576/1329] Compiling bsaes-armv7-linux.S
[577/1329] Compiling bn-armv8-apple.S
[578/1329] Compiling bn-586-apple.S
[579/1329] Compiling bn-armv8-win.S
[580/1329] Compiling armv8-mont-win.S
[581/1329] Compiling armv4-mont-linux.S
[582/1329] Compiling aesv8-gcm-armv8-win.S
[583/1329] Compiling aesv8-armv8-win.S
[584/1329] Compiling armv8-mont-linux.S
[585/1329] Compiling armv8-mont-apple.S
[586/1329] Compiling aesv8-gcm-armv8-apple.S
[587/1329] Compiling aesv8-armv8-apple.S
[588/1329] Compiling aesv8-armv7-linux.S
[589/1329] Compiling aesv8-gcm-armv8-linux.S
[590/1329] Compiling aesv8-armv8-linux.S
[591/1329] Compiling aesni-x86_64-linux.S
[591/1329] Compiling aesni-x86-linux.S
[593/1329] Compiling aesni-x86-apple.S
[594/1329] Compiling aesni-x86_64-apple.S
[595/1329] Compiling aesni-gcm-x86_64-linux.S
[596/1329] Compiling aes-gcm-avx2-x86_64-linux.S
[597/1329] Compiling aesni-gcm-x86_64-apple.S
[598/1329] Compiling aes-gcm-avx2-x86_64-apple.S
[599/1329] Compiling aes-gcm-avx10-x86_64-linux.S
[600/1329] Compiling aes-gcm-avx10-x86_64-apple.S
[601/1329] Compiling d1_lib.cc
[602/1329] Compiling x_sig.cc
[603/1329] Compiling x_x509a.cc
[604/1329] Compiling x_spki.cc
[605/1329] Compiling x_val.cc
[606/1329] Compiling x_req.cc
[607/1329] Compiling x_x509.cc
[608/1329] Compiling x_pubkey.cc
[609/1329] Compiling x_name.cc
[610/1329] Compiling x_algor.cc
[611/1329] Compiling x_exten.cc
[612/1329] Compiling x_attrib.cc
[613/1329] Compiling x_all.cc
[614/1329] Compiling x509rset.cc
[615/1329] Compiling x_crl.cc
[616/1329] Compiling x509name.cc
[617/1329] Compiling x509spki.cc
[618/1329] Compiling x509_set.cc
[619/1329] Compiling x509_v3.cc
[620/1329] Compiling x509_vpm.cc
[621/1329] Compiling x509cset.cc
[622/1329] Compiling x509_vfy.cc
[623/1329] Compiling x509_txt.cc
[624/1329] Compiling x509_trs.cc
[625/1329] Compiling x509_req.cc
[626/1329] Compiling x509_obj.cc
[627/1329] Compiling x509_lu.cc
[628/1329] Compiling x509_ext.cc
[629/1329] Compiling x509_def.cc
[630/1329] Compiling x509_d2.cc
[631/1329] Compiling x509_att.cc
[632/1329] Compiling x509_cmp.cc
[633/1329] Compiling x509.cc
[634/1329] Compiling v3_purp.cc
[635/1329] Compiling v3_skey.cc
[636/1329] Compiling v3_utl.cc
[637/1329] Compiling v3_prn.cc
[638/1329] Compiling v3_pmaps.cc
[639/1329] Compiling v3_ocsp.cc
[640/1329] Compiling v3_pcons.cc
[641/1329] Compiling v3_ncons.cc
[642/1329] Compiling v3_lib.cc
[643/1329] Compiling v3_int.cc
[644/1329] Compiling v3_info.cc
[645/1329] Compiling v3_ia5.cc
[646/1329] Compiling v3_genn.cc
[647/1329] Compiling v3_extku.cc
[648/1329] Compiling v3_enum.cc
[649/1329] Compiling v3_crld.cc
[650/1329] Compiling v3_cpols.cc
[651/1329] Compiling v3_conf.cc
[652/1329] Compiling v3_bcons.cc
[653/1329] Compiling v3_bitst.cc
[654/1329] Compiling v3_akeya.cc
[655/1329] Compiling v3_alt.cc
[656/1329] Compiling v3_akey.cc
[657/1329] Compiling t_x509a.cc
[658/1329] Compiling i2d_pr.cc
[659/1329] Compiling t_x509.cc
[660/1329] Compiling t_req.cc
[661/1329] Compiling t_crl.cc
[662/1329] Compiling rsa_pss.cc
[663/1329] Compiling policy.cc
[664/1329] Compiling name_print.cc
[665/1329] Compiling by_file.cc
[666/1329] Compiling a_verify.cc
[667/1329] Compiling a_digest.cc
[668/1329] Compiling algorithm.cc
[669/1329] Compiling asn1_gen.cc
[670/1329] Compiling by_dir.cc
[671/1329] Compiling a_sign.cc
[672/1329] Compiling voprf.cc
[673/1329] Compiling thread_win.cc
[674/1329] Compiling trust_token.cc
[675/1329] Compiling thread_none.cc
[676/1329] Compiling thread_pthread.cc
[677/1329] Compiling thread.cc
[678/1329] Compiling pmbtoken.cc
[679/1329] Compiling slhdsa.cc
[680/1329] Compiling stack.cc
[681/1329] Compiling siphash.cc
[682/1329] Compiling sha512.cc
[683/1329] Compiling rsa_print.cc
[684/1329] Compiling rsa_extra.cc
[685/1329] Compiling sha256.cc
[686/1329] Compiling sha1.cc
[687/1329] Compiling spake2plus.cc
[688/1329] Compiling rsa_crypt.cc
[689/1329] Compiling refcount.cc
[690/1329] Compiling windows.cc
[691/1329] Compiling rc4.cc
[692/1329] Compiling trusty.cc
[693/1329] Compiling rand.cc
[694/1329] Compiling urandom.cc
[695/1329] Compiling rsa_asn1.cc
[696/1329] Compiling forkunsafe.cc
[697/1329] Compiling poly1305_arm_asm.S
[698/1329] Compiling getentropy.cc
[699/1329] Compiling passive.cc
[700/1329] Compiling ios.cc
[701/1329] Compiling fork_detect.cc
[702/1329] Compiling deterministic.cc
[703/1329] Compiling poly1305_vec.cc
[704/1329] Compiling poly1305.cc
[705/1329] Compiling poly1305_arm.cc
[706/1329] Compiling pool.cc
[707/1329] Compiling pkcs8.cc
[708/1329] Compiling pkcs8_x509.cc
[709/1329] Compiling p5_pbev2.cc
[710/1329] Compiling pkcs7.cc
[711/1329] Compiling pem_x509.cc
[712/1329] Compiling pkcs7_x509.cc
[713/1329] Compiling pem_xaux.cc
[714/1329] Compiling pem_pkey.cc
[715/1329] Compiling pem_pk8.cc
[716/1329] Compiling pem_oth.cc
[717/1329] Compiling mlkem.cc
[718/1329] Compiling pem_info.cc
[719/1329] Compiling pem_lib.cc
[720/1329] Compiling obj_xref.cc
[721/1329] Compiling mldsa.cc
[722/1329] Compiling obj.cc
[723/1329] Compiling pem_all.cc
[724/1329] Compiling poly_rq_mul.S
[725/1329] Compiling fips_shared_support.cc
[726/1329] Compiling md4.cc
[727/1329] Compiling md5.cc
[728/1329] Compiling mem.cc
[729/1329] Compiling lhash.cc
[730/1329] Compiling hrss.cc
[731/1329] Compiling ex_data.cc
[732/1329] Compiling sign.cc
[733/1329] Compiling kyber.cc
[734/1329] Compiling scrypt.cc
[735/1329] Compiling hpke.cc
[736/1329] Compiling print.cc
[737/1329] Compiling p_x25519.cc
[738/1329] Compiling pbkdf.cc
[739/1329] Compiling p_x25519_asn1.cc
[740/1329] Compiling p_rsa_asn1.cc
[741/1329] Compiling p_rsa.cc
[742/1329] Compiling p_hkdf.cc
[743/1329] Compiling p_ed25519_asn1.cc
[744/1329] Compiling p_ed25519.cc
[745/1329] Compiling p_ec_asn1.cc
[746/1329] Compiling p_ec.cc
[747/1329] Compiling p_dh_asn1.cc
[748/1329] Compiling p_dh.cc
[749/1329] Compiling evp_ctx.cc
[750/1329] Compiling p_dsa_asn1.cc
[751/1329] Compiling evp_asn1.cc
[752/1329] Compiling err.cc
[753/1329] Compiling evp.cc
[754/1329] Compiling engine.cc
[755/1329] Compiling ec_derive.cc
[756/1329] Compiling ecdh.cc
[757/1329] Compiling hash_to_curve.cc
[758/1329] Compiling ecdsa_asn1.cc
[759/1329] Compiling dsa.cc
[760/1329] Compiling dsa_asn1.cc
[761/1329] Compiling digest_extra.cc
[762/1329] Compiling ec_asn1.cc
[763/1329] Compiling params.cc
[764/1329] Compiling x25519-asm-arm.S
[765/1329] Compiling bcm.cc
[766/1329] Compiling des.cc
[767/1329] Compiling dh_asn1.cc
[768/1329] Compiling curve25519_64_adx.cc
[769/1329] Compiling cpu_intel.cc
[770/1329] Compiling crypto.cc
[771/1329] Compiling cpu_arm_linux.cc
[772/1329] Compiling spake25519.cc
[773/1329] Compiling curve25519.cc
[774/1329] Compiling cpu_arm_freebsd.cc
[775/1329] Compiling cpu_aarch64_win.cc
[776/1329] Compiling cpu_aarch64_openbsd.cc
[777/1329] Compiling cpu_aarch64_sysreg.cc
[778/1329] Compiling cpu_aarch64_fuchsia.cc
[779/1329] Compiling cpu_aarch64_linux.cc
[780/1329] Compiling cpu_aarch64_apple.cc
[781/1329] Compiling conf.cc
[782/1329] Compiling tls_cbc.cc
[783/1329] Compiling get_cipher.cc
[784/1329] Compiling e_tls.cc
[785/1329] Compiling e_rc4.cc
[786/1329] Compiling e_rc2.cc
[787/1329] Compiling e_null.cc
[788/1329] Compiling e_des.cc
[789/1329] Compiling e_chacha20poly1305.cc
[790/1329] Compiling e_aesgcmsiv.cc
[791/1329] Compiling e_aesctrhmac.cc
[792/1329] Compiling derive_key.cc
[793/1329] Compiling chacha.cc
[794/1329] Compiling unicode.cc
[795/1329] Compiling buf.cc
[796/1329] Compiling cbb.cc
[797/1329] Compiling cbs.cc
[798/1329] Compiling ber.cc
[799/1329] Compiling asn1_compat.cc
[800/1329] Compiling bn_asn1.cc
[801/1329] Compiling convert.cc
[802/1329] Compiling blake2.cc
[803/1329] Compiling socket_helper.cc
[803/1329] Compiling socket.cc
[805/1329] Compiling printf.cc
[806/1329] Compiling pair.cc
[807/1329] Compiling hexdump.cc
[808/1329] Compiling file.cc
[809/1329] Compiling fd.cc
[810/1329] Compiling errno.cc
[811/1329] Compiling bio_mem.cc
[812/1329] Compiling connect.cc
[813/1329] Compiling base64.cc
[814/1329] Compiling bio.cc
[815/1329] Compiling tasn_typ.cc
[816/1329] Compiling tasn_fre.cc
[817/1329] Compiling tasn_utl.cc
[818/1329] Compiling tasn_enc.cc
[819/1329] Compiling tasn_new.cc
[820/1329] Compiling posix_time.cc
[821/1329] Compiling f_string.cc
[822/1329] Compiling tasn_dec.cc
[823/1329] Compiling f_int.cc
[824/1329] Compiling asn_pack.cc
[825/1329] Compiling asn1_par.cc
[826/1329] Compiling a_utctm.cc
[827/1329] Compiling a_type.cc
[828/1329] Compiling asn1_lib.cc
[829/1329] Compiling a_time.cc
[830/1329] Compiling a_octet.cc
[831/1329] Compiling a_strnid.cc
[832/1329] Compiling a_strex.cc
[833/1329] Compiling a_object.cc
[834/1329] Compiling a_i2d_fp.cc
[835/1329] Compiling a_dup.cc
[836/1329] Compiling a_mbstr.cc
[837/1329] Compiling CGoogleGaxCRC32C CGoogleGaxCRC32C.c
[838/1329] Compiling a_int.cc
[839/1329] Compiling a_d2i_fp.cc
[840/1329] Compiling a_gentm.cc
[841/1329] Compiling fiat_p256_adx_sqr.S
[842/1329] Compiling fiat_p256_adx_mul.S
[843/1329] Compiling fiat_curve25519_adx_square.S
[844/1329] Compiling fiat_curve25519_adx_mul.S
[845/1329] Compiling md5-x86_64-linux.S
[846/1329] Compiling md5-x86_64-apple.S
[847/1329] Compiling a_bitstr.cc
[848/1329] Compiling md5-586-linux.S
[849/1329] Compiling md5-586-apple.S
[850/1329] Compiling chacha20_poly1305_x86_64-linux.S
[851/1329] Compiling chacha20_poly1305_x86_64-apple.S
[852/1329] Compiling chacha20_poly1305_armv8-win.S
[853/1329] Compiling chacha20_poly1305_armv8-apple.S
[854/1329] Compiling chacha-x86_64-linux.S
[855/1329] Compiling a_bool.cc
[856/1329] Compiling chacha20_poly1305_armv8-linux.S
[857/1329] Compiling CCryptoBoringSSLShims shims.c
[858/1329] Compiling chacha-x86_64-apple.S
[859/1329] Compiling chacha-x86-linux.S
[860/1329] Compiling chacha-x86-apple.S
[861/1329] Compiling chacha-armv8-win.S
[862/1329] Compiling chacha-armv8-apple.S
[863/1329] Compiling chacha-armv8-linux.S
[864/1329] Compiling aes128gcmsiv-x86_64-linux.S
[865/1329] Compiling chacha-armv4-linux.S
[866/1329] Compiling aes128gcmsiv-x86_64-apple.S
[867/1329] Compiling x86_64-mont5-linux.S
[868/1329] Compiling x86_64-mont5-apple.S
[869/1329] Compiling x86_64-mont-linux.S
[870/1329] Compiling x86_64-mont-apple.S
[871/1329] Compiling x86-mont-linux.S
[872/1329] Compiling x86-mont-apple.S
[873/1329] Compiling vpaes-x86_64-apple.S
[874/1329] Compiling vpaes-x86-linux.S
[875/1329] Compiling vpaes-x86_64-linux.S
[876/1329] Compiling vpaes-x86-apple.S
[877/1329] Compiling vpaes-armv8-win.S
[878/1329] Compiling vpaes-armv8-linux.S
[879/1329] Compiling vpaes-armv7-linux.S
[879/1329] Compiling sha512-x86_64-linux.S
[881/1329] Compiling vpaes-armv8-apple.S
[882/1329] Compiling sha512-x86_64-apple.S
[883/1329] Compiling sha512-armv8-win.S
[884/1329] Compiling sha512-armv8-apple.S
[885/1329] Compiling sha512-armv4-linux.S
[886/1329] Compiling sha512-586-linux.S
[886/1329] Compiling sha512-armv8-linux.S
[888/1329] Compiling sha256-x86_64-apple.S
[889/1329] Compiling sha256-x86_64-linux.S
[890/1329] Compiling sha512-586-apple.S
[891/1329] Compiling err_data.cc
[892/1329] Compiling sha256-armv8-win.S
[893/1329] Compiling sha256-armv8-linux.S
[894/1329] Compiling sha256-armv8-apple.S
[895/1329] Compiling sha256-armv4-linux.S
[896/1329] Compiling sha256-586-linux.S
[897/1329] Compiling sha256-586-apple.S
[898/1329] Compiling sha1-x86_64-linux.S
[899/1329] Compiling sha1-x86_64-apple.S
[900/1329] Compiling sha1-armv8-win.S
[901/1329] Compiling sha1-armv8-apple.S
[902/1329] Compiling sha1-586-linux.S
[903/1329] Compiling sha1-armv4-large-linux.S
[904/1329] Compiling sha1-armv8-linux.S
[905/1329] Compiling sha1-586-apple.S
[906/1329] Compiling rsaz-avx2-linux.S
[907/1329] Compiling rsaz-avx2-apple.S
[908/1329] Compiling rdrand-x86_64-linux.S
[909/1329] Compiling p256_beeu-x86_64-asm-linux.S
[910/1329] Compiling rdrand-x86_64-apple.S
[911/1329] Compiling p256_beeu-x86_64-asm-apple.S
[912/1329] Compiling p256_beeu-armv8-asm-win.S
[913/1329] Compiling p256_beeu-armv8-asm-linux.S
[914/1329] Compiling p256_beeu-armv8-asm-apple.S
[915/1329] Compiling p256-x86_64-asm-linux.S
[916/1329] Compiling p256-armv8-asm-win.S
[917/1329] Compiling p256-x86_64-asm-apple.S
[918/1329] Compiling p256-armv8-asm-apple.S
[919/1329] Compiling p256-armv8-asm-linux.S
[920/1329] Compiling ghashv8-armv8-win.S
[921/1329] Compiling ghashv8-armv8-apple.S
[922/1329] Compiling ghashv8-armv7-linux.S
[923/1329] Compiling ghashv8-armv8-linux.S
[924/1329] Compiling ghash-x86_64-linux.S
[924/1329] Compiling ghash-x86_64-apple.S
[926/1329] Compiling ghash-x86-linux.S
[927/1329] Compiling ghash-x86-apple.S
[928/1329] Compiling ghash-ssse3-x86_64-linux.S
[929/1329] Compiling ghash-ssse3-x86_64-apple.S
[930/1329] Compiling ghash-ssse3-x86-linux.S
[931/1329] Compiling ghash-ssse3-x86-apple.S
[932/1329] Compiling ghash-neon-armv8-win.S
[933/1329] Compiling ghash-neon-armv8-apple.S
[934/1329] Compiling ghash-armv4-linux.S
[935/1329] Compiling ghash-neon-armv8-linux.S
[936/1329] Compiling co-586-linux.S
[937/1329] Compiling co-586-apple.S
[938/1329] Compiling bsaes-armv7-linux.S
[939/1329] Compiling bn-armv8-win.S
[940/1329] Compiling bn-armv8-apple.S
[941/1329] Compiling bn-armv8-linux.S
[942/1329] Compiling bn-586-linux.S
[943/1329] Compiling bn-586-apple.S
[944/1329] Compiling armv8-mont-win.S
[945/1329] Compiling armv8-mont-linux.S
[946/1329] Compiling armv8-mont-apple.S
[947/1329] Compiling armv4-mont-linux.S
[948/1329] Compiling aesv8-gcm-armv8-win.S
[949/1329] Compiling aesv8-gcm-armv8-apple.S
[950/1329] Compiling aesv8-gcm-armv8-linux.S
[951/1329] Compiling aesv8-armv8-win.S
[952/1329] Compiling aesv8-armv8-apple.S
[953/1329] Compiling aesv8-armv7-linux.S
[954/1329] Compiling aesv8-armv8-linux.S
[955/1329] Compiling aesni-x86_64-linux.S
[956/1329] Compiling aesni-x86-linux.S
[957/1329] Compiling aesni-x86_64-apple.S
[958/1329] Compiling aesni-x86-apple.S
[959/1329] Compiling aesni-gcm-x86_64-linux.S
[960/1329] Compiling aes-gcm-avx512-x86_64-linux.S
[961/1329] Compiling aesni-gcm-x86_64-apple.S
[962/1329] Compiling aes-gcm-avx2-x86_64-linux.S
[963/1329] Compiling aes-gcm-avx512-x86_64-apple.S
[964/1329] Compiling aes-gcm-avx2-x86_64-apple.S
[965/1329] Compiling xwing.cc
[966/1329] Compiling x_spki.cc
[967/1329] Compiling x_x509a.cc
[968/1329] Compiling x_sig.cc
[969/1329] Compiling x_req.cc
[970/1329] Compiling x_x509.cc
[971/1329] Compiling x_pubkey.cc
[972/1329] Compiling x_name.cc
[973/1329] Compiling x_exten.cc
[974/1329] Compiling c-nioatomics.c
[975/1329] Compiling x_attrib.cc
[976/1329] Compiling x_crl.cc
[977/1329] Compiling x_all.cc
[978/1329] Compiling c-atomics.c
[979/1329] Compiling x_algor.cc
[980/1329] Compiling x509spki.cc
[981/1334] Compiling x509rset.cc
[982/1336] Compiling x509_vpm.cc
[983/1336] Compiling x509cset.cc
[984/1336] Compiling x509name.cc
[985/1336] Compiling x509_vfy.cc
[987/1336] Compiling NIOConcurrencyHelpers NIOLockedValueBox.swift
[988/1336] Compiling NIOConcurrencyHelpers NIOAtomic.swift
[989/1336] Compiling NIOConcurrencyHelpers NIOLock.swift
[990/1336] Compiling NIOConcurrencyHelpers lock.swift
[991/1336] Compiling NIOConcurrencyHelpers NIOThreadPoolWorkAvailable.swift
[992/1336] Compiling NIOConcurrencyHelpers atomics.swift
[992/1336] Compiling x509_v3.cc
[994/1336] Emitting module NIOConcurrencyHelpers
[995/1337] Compiling x509_txt.cc
[996/1337] Wrapping AST for NIOConcurrencyHelpers for debugging
[997/1337] Compiling x509_set.cc
[998/1337] Compiling x509_trs.cc
[999/1337] Compiling x509_req.cc
[1000/1337] Compiling x509_obj.cc
[1001/1337] Compiling x509_lu.cc
[1002/1337] Compiling x509_ext.cc
[1003/1337] Compiling x509_def.cc
[1004/1337] Compiling x509_d2.cc
[1005/1337] Compiling x509_att.cc
[1006/1337] Compiling x509_cmp.cc
[1007/1337] Compiling x509.cc
[1008/1337] Compiling v3_utl.cc
[1009/1337] Compiling v3_skey.cc
[1010/1337] Compiling v3_prn.cc
[1011/1337] Compiling v3_purp.cc
[1012/1337] Compiling v3_pmaps.cc
[1013/1337] Compiling v3_ocsp.cc
[1014/1337] Compiling v3_pcons.cc
[1015/1337] Compiling v3_ncons.cc
[1016/1337] Compiling v3_lib.cc
[1017/1337] Compiling v3_int.cc
[1018/1337] Compiling v3_ia5.cc
[1019/1337] Compiling v3_info.cc
[1020/1337] Compiling v3_genn.cc
[1021/1337] Compiling v3_enum.cc
[1022/1337] Compiling v3_extku.cc
[1023/1337] Compiling v3_crld.cc
[1024/1337] Compiling v3_cpols.cc
[1025/1337] Compiling v3_conf.cc
[1026/1337] Compiling v3_bitst.cc
[1027/1337] Compiling v3_bcons.cc
[1028/1337] Compiling v3_alt.cc
[1029/1337] Compiling v3_akeya.cc
[1030/1337] Compiling v3_akey.cc
[1031/1337] Compiling t_x509a.cc
[1032/1337] Compiling t_x509.cc
[1033/1337] Compiling t_req.cc
[1034/1337] Compiling t_crl.cc
[1035/1337] Compiling i2d_pr.cc
[1036/1337] Compiling rsa_pss.cc
[1037/1337] Compiling policy.cc
[1038/1337] Compiling name_print.cc
[1039/1337] Compiling by_file.cc
[1040/1337] Compiling by_dir.cc
[1041/1337] Compiling asn1_gen.cc
[1042/1337] Compiling algorithm.cc
[1043/1337] Compiling a_verify.cc
[1044/1337] Compiling a_sign.cc
[1045/1337] Compiling a_digest.cc
[1046/1337] Compiling voprf.cc
[1047/1337] Compiling trust_token.cc
[1048/1337] Compiling thread_win.cc
[1049/1337] Compiling thread_pthread.cc
[1050/1337] Compiling thread.cc
[1051/1337] Compiling thread_none.cc
[1052/1337] Compiling pmbtoken.cc
[1053/1337] Compiling stack.cc
[1054/1337] Compiling siphash.cc
[1055/1337] Compiling sha512.cc
[1056/1337] Compiling sha256.cc
[1057/1337] Compiling sha1.cc
[1058/1337] Compiling slhdsa.cc
[1059/1337] Compiling spake2plus.cc
[1060/1337] Compiling rsa_print.cc
[1061/1337] Compiling rsa_extra.cc
[1062/1337] Compiling rc4.cc
[1063/1337] Compiling refcount.cc
[1064/1337] Compiling rsa_crypt.cc
[1065/1337] Compiling windows.cc
[1066/1337] Compiling trusty.cc
[1067/1337] Compiling urandom.cc
[1068/1337] Compiling rand.cc
[1069/1337] Compiling rsa_asn1.cc
[1070/1337] Compiling ios.cc
[1071/1337] Compiling passive.cc
[1072/1337] Compiling getentropy.cc
[1073/1337] Compiling poly1305_arm_asm.S
[1074/1337] Compiling deterministic.cc
[1075/1337] Compiling forkunsafe.cc
[1076/1337] Compiling fork_detect.cc
[1077/1337] Compiling poly1305_vec.cc
[1078/1337] Compiling pool.cc
[1079/1337] Compiling poly1305_arm.cc
[1080/1337] Compiling poly1305.cc
[1081/1337] Compiling pkcs8.cc
[1081/1337] Compiling p5_pbev2.cc
[1083/1337] Compiling pkcs8_x509.cc
[1084/1337] Compiling pkcs7_x509.cc
[1085/1337] Compiling pkcs7.cc
[1086/1337] Compiling pem_xaux.cc
[1087/1337] Compiling pem_x509.cc
[1088/1337] Compiling pem_pkey.cc
[1089/1337] Compiling mlkem.cc
[1090/1337] Compiling pem_pk8.cc
[1091/1337] Compiling pem_oth.cc
[1092/1337] Compiling pem_info.cc
[1093/1337] Compiling pem_lib.cc
[1094/1337] Compiling obj_xref.cc
[1095/1337] Compiling pem_all.cc
[1096/1337] Compiling obj.cc
[1097/1337] Compiling poly_rq_mul.S
[1098/1337] Compiling mldsa.cc
[1099/1337] Compiling mem.cc
[1100/1337] Compiling fips_shared_support.cc
[1101/1337] Compiling lhash.cc
[1102/1337] Compiling md5.cc
[1102/1337] Compiling md4.cc
[1104/1337] Compiling kyber.cc
[1105/1337] Compiling fuzzer_mode.cc
[1106/1337] Compiling hrss.cc
[1107/1337] Compiling ex_data.cc
[1108/1337] Compiling hpke.cc
[1109/1337] Compiling scrypt.cc
[1110/1337] Compiling print.cc
[1111/1337] Compiling pbkdf.cc
[1112/1337] Compiling sign.cc
[1113/1337] Compiling p_x25519_asn1.cc
[1114/1337] Compiling p_x25519.cc
[1115/1337] Compiling p_rsa_asn1.cc
[1116/1337] Compiling p_rsa.cc
[1117/1337] Compiling p_hkdf.cc
[1118/1337] Compiling p_ed25519_asn1.cc
[1119/1337] Compiling p_ed25519.cc
[1120/1337] Compiling p_ec_asn1.cc
[1121/1337] Compiling p_ec.cc
[1122/1337] Compiling p_dsa_asn1.cc
[1123/1337] Compiling p_dh_asn1.cc
[1124/1337] Compiling p_dh.cc
[1125/1337] Compiling evp_ctx.cc
[1126/1337] Compiling evp.cc
[1127/1337] Compiling err.cc
[1128/1337] Compiling evp_asn1.cc
[1129/1337] Compiling engine.cc
[1130/1337] Compiling ecdsa_p1363.cc
[1131/1337] Compiling ecdh.cc
[1132/1337] Compiling ecdsa_asn1.cc
[1133/1337] Compiling ec_derive.cc
[1134/1337] Compiling hash_to_curve.cc
[1135/1337] Compiling dsa.cc
[1136/1337] Compiling dsa_asn1.cc
[1137/1337] Compiling ec_asn1.cc
[1138/1337] Compiling des.cc
[1139/1337] Compiling x25519-asm-arm.S
[1140/1337] Compiling digest_extra.cc
[1141/1337] Compiling params.cc
[1142/1337] Compiling dh_asn1.cc
[1143/1337] Compiling curve25519_64_adx.cc
[1144/1337] Compiling spake25519.cc
[1145/1337] Compiling crypto.cc
[1146/1337] Compiling curve25519.cc
[1147/1337] Compiling cpu_intel.cc
[1148/1337] Compiling cpu_arm_linux.cc
[1149/1337] Compiling cpu_arm_freebsd.cc
[1150/1337] Compiling cpu_aarch64_win.cc
[1151/1337] Compiling cpu_aarch64_openbsd.cc
[1152/1337] Compiling cpu_aarch64_sysreg.cc
[1153/1337] Compiling cpu_aarch64_linux.cc
[1154/1337] Compiling cpu_aarch64_fuchsia.cc
[1155/1337] Compiling cpu_aarch64_apple.cc
[1156/1337] Compiling conf.cc
[1157/1337] Compiling tls_cbc.cc
[1158/1337] Compiling get_cipher.cc
[1159/1337] Compiling e_tls.cc
[1160/1337] Compiling e_rc4.cc
[1161/1337] Compiling e_rc2.cc
[1162/1337] Compiling cms.cc
[1163/1337] Compiling e_null.cc
[1164/1337] Compiling e_des.cc
[1165/1337] Compiling e_chacha20poly1305.cc
[1166/1337] Compiling e_aesgcmsiv.cc
[1167/1337] Compiling derive_key.cc
[1168/1337] Compiling e_aeseax.cc
[1169/1337] Compiling e_aesctrhmac.cc
[1170/1337] Compiling chacha.cc
[1171/1337] Compiling unicode.cc
[1172/1337] Compiling buf.cc
[1173/1337] Compiling sqrt.cc
[1174/1337] Compiling cbs.cc
[1175/1337] Compiling cbb.cc
[1176/1337] Compiling exponentiation.cc
[1177/1337] Compiling ber.cc
[1178/1337] Compiling asn1_compat.cc
[1179/1337] Compiling div.cc
[1180/1337] Compiling printf.cc
[1181/1337] Compiling blake2.cc
[1182/1337] Compiling hexdump.cc
[1183/1337] Compiling pair.cc
[1184/1337] Compiling bn_asn1.cc
[1185/1337] Compiling convert.cc
[1186/1337] Compiling file.cc
[1187/1337] Compiling fd.cc
[1188/1337] Compiling errno.cc
[1189/1337] Compiling bio_mem.cc
[1190/1337] Compiling bio.cc
[1191/1337] Compiling base64.cc
[1192/1337] Compiling tasn_typ.cc
[1193/1337] Compiling tasn_utl.cc
[1194/1337] Compiling tasn_fre.cc
[1195/1337] Compiling tasn_enc.cc
[1196/1337] Compiling posix_time.cc
[1197/1337] Compiling tasn_new.cc
[1198/1337] Compiling tasn_dec.cc
[1199/1337] Compiling f_string.cc
[1200/1337] Compiling f_int.cc
[1201/1337] Compiling asn_pack.cc
[1202/1337] Compiling asn1_par.cc
[1203/1337] Compiling asn1_lib.cc
[1204/1337] Compiling a_utctm.cc
[1205/1337] Compiling bcm.cc
[1206/1337] Compiling CAsyncHTTPClient CAsyncHTTPClient.c
[1207/1337] Write sources
[1210/1337] Compiling a_type.cc
[1211/1353] Compiling a_time.cc
[1212/1380] Compiling a_object.cc
[1213/1380] Compiling a_mbstr.cc
[1214/1380] Compiling a_int.cc
[1215/1380] Compiling a_d2i_fp.cc
[1216/1380] Compiling a_dup.cc
[1218/1380] Compiling Algorithms EitherSequence.swift
[1219/1380] Compiling Algorithms FirstNonNil.swift
[1220/1390] Compiling Algorithms Indexed.swift
[1221/1390] Compiling Algorithms Intersperse.swift
[1222/1390] Compiling Algorithms Joined.swift
[1223/1390] Compiling Algorithms Keyed.swift
[1224/1390] Compiling Algorithms FlattenCollection.swift
[1225/1390] Compiling Algorithms Grouped.swift
[1226/1390] Compiling Atomics IntegerOperations.swift
[1227/1390] Compiling Atomics Unmanaged extensions.swift
[1228/1390] Compiling Algorithms AdjacentPairs.swift
[1229/1390] Compiling Algorithms Chain.swift
[1230/1390] Compiling Algorithms Chunked.swift
[1231/1390] Compiling Algorithms Product.swift
[1232/1390] Compiling Algorithms Compacted.swift
[1233/1390] Compiling Algorithms Cycle.swift
[1235/1390] Compiling Algorithms Stride.swift
[1236/1390] Compiling Algorithms Suffix.swift
[1237/1393] Compiling Algorithms RandomSample.swift
[1238/1393] Compiling Algorithms Reductions.swift
[1239/1393] Compiling Algorithms Rotate.swift
[1240/1393] Compiling CryptoBoringWrapper RandomBytes.swift
[1241/1393] Compiling Algorithms Partition.swift
[1242/1393] Compiling Algorithms Permutations.swift
[1247/1393] Compiling CryptoBoringWrapper FiniteFieldArithmeticContext.swift
[1248/1393] Compiling Algorithms Trim.swift
[1249/1393] Compiling Algorithms Unique.swift
[1250/1393] Compiling Algorithms Windows.swift
[1251/1393] Compiling CryptoBoringWrapper CryptoKitErrors_boring.swift
[1252/1393] Compiling CryptoBoringWrapper BoringSSLAEAD.swift
[1261/1393] Emitting module Atomics
[1262/1393] Compiling CryptoBoringWrapper EllipticCurvePoint.swift
[1263/1393] Compiling CryptoBoringWrapper EllipticCurve.swift
[1264/1393] Emitting module CryptoBoringWrapper
[1265/1393] Compiling CryptoBoringWrapper ArbitraryPrecisionInteger.swift
[1266/1394] Wrapping AST for CryptoBoringWrapper for debugging
[1268/1478] Compiling Crypto HPKE-LabeledExtract.swift
[1269/1478] Compiling Crypto HPKE-Utils.swift
[1270/1478] Compiling Crypto DHKEM.swift
[1271/1478] Compiling Crypto HPKE-KEM-Curve25519.swift
[1272/1478] Emitting module Algorithms
[1273/1479] Wrapping AST for Algorithms for debugging
[1276/1479] Compiling Crypto HPKE-NIST-EC-KEMs.swift
[1277/1479] Compiling Crypto HPKE-KEM.swift
[1278/1480] Wrapping AST for Atomics for debugging
[1280/1544] Compiling NIOCore AddressedEnvelope.swift
[1281/1544] Compiling NIOCore AsyncAwaitSupport.swift
[1282/1544] Compiling NIOCore AsyncChannel.swift
[1283/1544] Compiling NIOCore AsyncChannelHandler.swift
[1284/1544] Compiling NIOCore AsyncChannelInboundStream.swift
[1285/1544] Compiling NIOCore AsyncChannelOutboundWriter.swift
[1286/1544] Compiling NIOCore NIOAsyncSequenceProducer.swift
[1287/1544] Compiling NIOCore NIOAsyncSequenceProducerStrategies.swift
[1288/1544] Compiling NIOCore NIOAsyncWriter.swift
[1289/1544] Compiling NIOCore NIOThrowingAsyncSequenceProducer.swift
[1290/1544] Compiling NIOCore BSDSocketAPI.swift
[1291/1544] Compiling NIOCore ByteBuffer-aux.swift
[1292/1555] Compiling Crypto ASN1Null.swift
[1293/1555] Compiling Crypto ASN1OctetString.swift
[1294/1555] Compiling Crypto ASN1Strings.swift
[1295/1555] Compiling Crypto ArraySliceBigint.swift
[1296/1555] Compiling Crypto GeneralizedTime.swift
[1297/1555] Compiling Crypto ObjectIdentifier.swift
[1298/1555] Compiling Crypto ECDSASignature.swift
[1299/1555] Compiling Crypto PEMDocument.swift
[1300/1555] Compiling Crypto PKCS8PrivateKey.swift
[1301/1555] Compiling Crypto SEC1PrivateKey.swift
[1302/1555] Compiling Crypto SubjectPublicKeyInfo.swift
[1303/1555] Compiling Crypto CryptoError_boring.swift
[1304/1555] Compiling NIOCore NIOCoreSendableMetatype.swift
[1305/1555] Compiling NIOCore NIODecodedAsyncSequence.swift
[1306/1555] Compiling NIOCore NIOLoopBound.swift
[1307/1555] Compiling NIOCore NIOPooledRecvBufferAllocator.swift
[1308/1555] Compiling NIOCore NIOScheduledCallback.swift
[1309/1555] Compiling NIOCore NIOSendable.swift
[1310/1555] Compiling NIOCore NIOSplitLinesMessageDecoder.swift
[1311/1555] Compiling NIOCore NIOTransportAccessibleChannelCore.swift
[1312/1555] Compiling NIOCore RecvByteBufferAllocator.swift
[1313/1563] Emitting module Crypto
[1314/1563] Compiling Crypto Signature.swift
[1315/1563] Compiling Crypto CryptoKitErrors_boring.swift
[1316/1563] Compiling Crypto Optional+withUnsafeBytes_boring.swift
[1317/1563] Compiling Crypto RNG_boring.swift
[1318/1563] Compiling Crypto SafeCompare_boring.swift
[1319/1563] Compiling Crypto Zeroization_boring.swift
[1320/1563] Compiling Crypto _CryptoModuleAnchor.swift
[1321/1563] Compiling Crypto PrettyBytes.swift
[1322/1563] Compiling Crypto SafeCompare.swift
[1323/1563] Compiling Crypto SecureBytes.swift
[1324/1563] Compiling Crypto Zeroization.swift
[1325/1563] Compiling NIOCore IPProtocol.swift
[1326/1563] Compiling NIOCore IntegerBitPacking.swift
[1327/1563] Compiling NIOCore IntegerTypes.swift
[1328/1563] Compiling NIOCore Interfaces.swift
[1329/1563] Compiling NIOCore Linux.swift
[1330/1563] Compiling NIOCore MarkedCircularBuffer.swift
[1331/1563] Compiling NIOCore MulticastChannel.swift
[1332/1563] Compiling NIOCore NIOAny.swift
[1333/1563] Compiling NIOCore NIOCloseOnErrorHandler.swift
[1337/1563] Compiling NIOCore SingleStepByteToMessageDecoder.swift
[1338/1563] Compiling NIOCore SocketAddresses.swift
[1339/1563] Compiling NIOCore SocketOptionProvider.swift
[1340/1563] Compiling NIOCore SystemCallHelpers.swift
[1341/1563] Compiling NIOCore TimeAmount+Duration.swift
[1342/1563] Compiling NIOCore TypeAssistedChannelHandler.swift
[1343/1563] Compiling NIOCore UniversalBootstrapSupport.swift
[1344/1563] Compiling NIOCore Utilities.swift
[1345/1563] Compiling NIOCore DeadChannel.swift
[1346/1563] Compiling NIOCore DispatchQueue+WithFuture.swift
[1347/1563] Compiling NIOCore EventLoop+Deprecated.swift
[1348/1563] Compiling NIOCore EventLoop+SerialExecutor.swift
[1349/1563] Compiling NIOCore EventLoop.swift
[1350/1563] Compiling NIOCore EventLoopFuture+AssumeIsolated.swift
[1357/1563] Compiling NIOCore ByteBuffer-binaryEncodedLengthPrefix.swift
[1358/1563] Compiling NIOCore ByteBuffer-conversions.swift
[1359/1563] Compiling NIOCore ByteBuffer-core.swift
[1360/1563] Compiling NIOCore ByteBuffer-hex.swift
[1361/1563] Compiling NIOCore ByteBuffer-int.swift
[1362/1563] Compiling NIOCore ByteBuffer-lengthPrefix.swift
[1363/1563] Compiling NIOCore ByteBuffer-multi-int.swift
[1364/1563] Compiling NIOCore ByteBuffer-quicBinaryEncodingStrategy.swift
[1365/1563] Compiling NIOCore ByteBuffer-views.swift
[1366/1563] Compiling NIOCore Channel.swift
[1367/1563] Compiling NIOCore ChannelHandler.swift
[1368/1563] Compiling NIOCore ChannelHandlers.swift
[1378/1563] Compiling NIOCore CircularBuffer.swift
[1379/1563] Compiling NIOCore Codec.swift
[1380/1563] Compiling NIOCore ConvenienceOptionSupport.swift
[1381/1563] Compiling NIOCore ChannelInvoker.swift
[1382/1563] Compiling NIOCore ChannelOption.swift
[1383/1563] Compiling NIOCore ChannelPipeline.swift
[1384/1563] Compiling NIOCore EventLoopFuture+Deprecated.swift
[1385/1563] Compiling NIOCore EventLoopFuture+WithEventLoop.swift
[1386/1563] Compiling NIOCore EventLoopFuture.swift
[1387/1563] Compiling NIOCore FileDescriptor.swift
[1388/1563] Compiling NIOCore FileHandle.swift
[1389/1563] Compiling NIOCore FileRegion.swift
[1390/1563] Compiling NIOCore GlobalSingletons.swift
[1391/1563] Compiling NIOCore IO.swift
[1392/1563] Compiling NIOCore IOData.swift
[1411/1564] Wrapping AST for Crypto for debugging
[1413/1626] Compiling CryptoExtras DigestType.swift
[1414/1626] Compiling CryptoExtras Error.swift
[1415/1626] Compiling CryptoExtras I2OSP.swift
[1416/1626] Compiling CryptoExtras IntegerEncoding.swift
[1417/1626] Compiling CryptoExtras PEMDocument.swift
[1418/1626] Compiling CryptoExtras PrettyBytes.swift
[1419/1626] Compiling CryptoExtras SubjectPublicKeyInfo.swift
[1420/1626] Compiling CryptoExtras CMAC.swift
[1421/1626] Compiling CryptoExtras ARC+API.swift
[1430/1626] Compiling CryptoExtras ARCServer.swift
[1431/1626] Compiling CryptoExtras ChaCha20CTR_boring.swift
[1432/1626] Compiling CryptoExtras ChaCha20CTR.swift
[1433/1626] Compiling CryptoExtras BoringSSLSHA512256Context.swift
[1434/1626] Compiling CryptoExtras BoringSSLSHA512256HashFunction.swift
[1435/1626] Compiling CryptoExtras SHA512256.swift
[1436/1626] Compiling CryptoExtras SHA512256Digest.swift
[1437/1626] Compiling CryptoExtras Curve25519+PEM.swift
[1438/1626] Compiling CryptoExtras ObjectIdentifier.swift
[1439/1634] Compiling CryptoExtras PBKDF2.swift
[1440/1634] Compiling CryptoExtras Scrypt_boring.swift
[1441/1634] Compiling CryptoExtras Scrypt.swift
[1442/1634] Compiling CryptoExtras OPRF.swift
[1443/1634] Compiling CryptoExtras OPRFClient.swift
[1444/1634] Compiling CryptoExtras OPRFServer.swift
[1445/1634] Compiling CryptoExtras VOPRF+API.swift
[1446/1634] Compiling CryptoExtras VOPRFClient.swift
[1447/1634] Compiling CryptoExtras VOPRFServer.swift
[1448/1634] Compiling CryptoExtras AES_CBC.swift
[1449/1634] Compiling CryptoExtras AES_CFB.swift
[1450/1634] Compiling CryptoExtras AES_CTR.swift
[1451/1634] Compiling CryptoExtras AES_GCM_SIV.swift
[1452/1634] Compiling CryptoExtras Block Function.swift
[1453/1634] Compiling CryptoExtras AES_CBC_boring.swift
[1454/1634] Compiling CryptoExtras AES_CFB_boring.swift
[1455/1634] Compiling CryptoExtras AES_CTR_boring.swift
[1456/1634] Compiling CryptoExtras AES_GCM_SIV_boring.swift
[1457/1634] Compiling CryptoExtras ThreadOps.swift
[1458/1634] Compiling CryptoExtras ThreadPosix.swift
[1459/1634] Compiling CryptoExtras ThreadSpecific.swift
[1460/1634] Compiling CryptoExtras ThreadWindows.swift
[1461/1634] Compiling CryptoExtras DLEQ.swift
[1462/1634] Compiling CryptoExtras Prover.swift
[1463/1634] Compiling CryptoExtras Verifier.swift
[1464/1634] Compiling CryptoExtras ZKPToolbox.swift
[1465/1634] Compiling CryptoExtras BoringSSLPassphraseCallbackManager.swift
[1466/1634] Compiling CryptoExtras RSA+BlindSigning.swift
[1467/1634] Compiling CryptoExtras RSA.swift
[1468/1634] Compiling CryptoExtras RSA_boring.swift
[1469/1634] Compiling CryptoExtras Reexport.swift
[1470/1634] Compiling CryptoExtras Zeroization_boring.swift
[1471/1634] Compiling CryptoExtras BoringSSLHelpers.swift
[1472/1634] Compiling CryptoExtras CryptoKitErrors_boring.swift
[1473/1634] Compiling CryptoExtras PKCS8DERRepresentation.swift
[1474/1634] Compiling CryptoExtras PKCS8PrivateKey.swift
[1475/1634] Compiling CryptoExtras RFC8410AlgorithmIdentifier.swift
[1476/1634] Compiling CryptoExtras ECToolbox_boring.swift
[1477/1634] Compiling CryptoExtras ECToolbox.swift
[1478/1634] Compiling CryptoExtras HashToField.swift
[1479/1634] Compiling CryptoExtras KDF.swift
[1480/1634] Compiling CryptoExtras PBKDF2_boring.swift
[1481/1634] Compiling CryptoExtras PBKDF2_commoncrypto.swift
[1491/1634] Emitting module CryptoExtras
[1492/1634] Compiling CryptoExtras Data+Extensions.swift
[1502/1634] Compiling CryptoExtras ARC.swift
[1503/1634] Compiling CryptoExtras ARCCredential.swift
[1504/1634] Compiling CryptoExtras ARCEncoding.swift
[1505/1634] Compiling CryptoExtras ARCPrecredential.swift
[1506/1634] Compiling CryptoExtras ARCPresentation.swift
[1507/1634] Compiling CryptoExtras ARCRequest.swift
[1508/1634] Compiling CryptoExtras ARCResponse.swift
[1509/1635] Wrapping AST for CryptoExtras for debugging
[1511/1637] Compiling _CryptoExtras Exports.swift
[1512/1637] Emitting module _CryptoExtras
[1513/1638] Wrapping AST for _CryptoExtras for debugging
[1515/1733] Compiling X509 CMSSignerInfo.swift
[1516/1733] Compiling X509 CMSVersion.swift
[1517/1733] Compiling X509 Curve25519+DER.swift
[1518/1733] Compiling X509 CustomPrivateKey.swift
[1519/1733] Compiling X509 Digests.swift
[1520/1733] Compiling X509 DistinguishedName.swift
[1521/1733] Compiling X509 CommonName.swift
[1522/1733] Compiling X509 CountryName.swift
[1523/1733] Compiling X509 DNBuilder.swift
[1524/1733] Emitting module NIOCore
[1525/1740] Wrapping AST for NIOCore for debugging
[1527/1791] Compiling NIOFoundationEssentialsCompat Codable+ByteBuffer.swift
[1528/1791] Compiling NIOPosix System.swift
[1529/1791] Compiling NIOPosix BSDSocketAPICommon.swift
[1530/1791] Compiling NIOPosix BSDSocketAPIPosix.swift
[1531/1791] Compiling NIOPosix BSDSocketAPIWindows.swift
[1532/1791] Compiling NIOPosix BaseSocket.swift
[1533/1791] Compiling NIOPosix BaseSocketChannel+AccessibleTransport.swift
[1534/1791] Compiling NIOPosix BaseSocketChannel+SocketOptionProvider.swift
[1535/1791] Compiling NIOPosix BaseSocketChannel.swift
[1536/1791] Compiling NIOPosix BaseStreamSocketChannel.swift
[1537/1791] Compiling NIOPosix Bootstrap.swift
[1538/1791] Compiling NIOPosix ControlMessage.swift
[1539/1791] Compiling NIOPosix DatagramVectorReadManager.swift
[1540/1791] Compiling NIOPosix Errors+Any.swift
[1541/1791] Compiling NIOPosix FileDescriptor.swift
[1542/1804] Emitting module NIOEmbedded
[1543/1804] Compiling X509 DomainComponent.swift
[1544/1804] Compiling X509 EmailAddress.swift
[1545/1804] Compiling X509 LocalityName.swift
[1546/1804] Compiling X509 OrganizationName.swift
[1547/1804] Compiling X509 OrganizationalUnitName.swift
[1548/1804] Compiling X509 StateOrProvinceName.swift
[1549/1804] Compiling X509 StreetAddress.swift
[1550/1804] Compiling X509 Error.swift
[1551/1804] Compiling X509 AuthorityInformationAccess.swift
[1552/1804] Compiling X509 AuthorityKeyIdentifier.swift
[1553/1804] Compiling X509 BasicConstraints.swift
[1554/1804] Compiling X509 ExtendedKeyUsage.swift
[1555/1804] Compiling X509 ExtensionIdentifiers.swift
[1556/1804] Compiling X509 KeyUsage.swift
[1557/1804] Compiling X509 PKCS8PrivateKey.swift
[1558/1804] Compiling X509 PromiseAndFuture.swift
[1559/1804] Compiling X509 RDNAttribute.swift
[1560/1804] Compiling X509 RandomNumberGenerator+bytes.swift
[1561/1804] Compiling X509 RelativeDistinguishedName.swift
[1562/1804] Compiling X509 SEC1PrivateKey.swift
[1563/1804] Compiling X509 SecKeyWrapper.swift
[1564/1804] Compiling X509 Signature.swift
[1565/1804] Compiling X509 SignatureAlgorithm.swift
[1566/1804] Compiling X509 AllOfPolicies.swift
[1567/1804] Compiling X509 AnyPolicy.swift
[1568/1804] Compiling X509 CertificateStore.swift
[1569/1804] Compiling X509 CustomCertificateStore.swift
[1570/1804] Compiling NIOPosix SelectorKqueue.swift
[1571/1804] Compiling NIOPosix SelectorUring.swift
[1572/1804] Compiling NIOPosix PipeChannel.swift
[1573/1804] Compiling NIOPosix PipePair.swift
[1574/1804] Compiling NIOPosix Pool.swift
[1575/1804] Compiling NIOPosix PosixSingletons+ConcurrencyTakeOver.swift
[1576/1804] Compiling NIOPosix PosixSingletons.swift
[1577/1804] Compiling NIOPosix RawSocketBootstrap.swift
[1578/1804] Compiling NIOPosix Resolver.swift
[1579/1804] Compiling X509 VersionPolicy.swift
[1580/1804] Compiling X509 ServerIdentityPolicy.swift
[1581/1804] Compiling X509 TrustRootLoading.swift
[1582/1804] Compiling X509 UnverifiedChain.swift
[1583/1804] Compiling X509 CSRAttribute.swift
[1584/1804] Compiling X509 CSRAttributes.swift
[1585/1804] Compiling X509 CSRVersion.swift
[1586/1804] Compiling X509 CertificateSigningRequest.swift
[1587/1804] Compiling X509 CertificationRequestInfo.swift
[1588/1804] Compiling X509 ExtensionRequest.swift
[1589/1804] Compiling X509 Certificate.swift
[1590/1804] Compiling X509 CertificatePrivateKey.swift
[1591/1804] Compiling X509 CertificatePublicKey.swift
[1592/1804] Compiling X509 CertificateSerialNumber.swift
[1593/1804] Compiling X509 CertificateVersion.swift
[1594/1804] Compiling X509 CMSAttribute.swift
[1595/1804] Compiling X509 CMSContentInfo.swift
[1596/1804] Compiling X509 CMSEncapsulatedContentInfo.swift
[1597/1804] Compiling NIOPosix GetaddrinfoResolver.swift
[1598/1804] Compiling NIOPosix MultiThreadedEventLoopGroup.swift
[1599/1804] Compiling NIOPosix NIOPosixSendableMetatype.swift
[1600/1804] Compiling NIOPosix NIORandomizedDNSResolver.swift
[1601/1804] Compiling NIOPosix NIOThreadPool.swift
[1602/1804] Compiling NIOPosix NonBlockingFileIO.swift
[1603/1804] Compiling NIOPosix PendingDatagramWritesManager.swift
[1604/1804] Compiling NIOPosix PendingWritesManager.swift
[1605/1804] Compiling NIOPosix Selectable.swift
[1606/1804] Compiling NIOPosix SelectableChannel.swift
[1607/1804] Compiling NIOPosix SelectableEventLoop.swift
[1608/1804] Compiling NIOPosix SelectorEpoll.swift
[1609/1804] Compiling NIOPosix SelectorGeneric.swift
[1610/1804] Emitting module NIOFoundationEssentialsCompat
[1611/1804] Compiling NIOFoundationEssentialsCompat ByteBuffer-foundation.swift
[1612/1805] Wrapping AST for NIOFoundationEssentialsCompat for debugging
[1614/1805] Compiling NIOEmbedded AsyncTestingChannel.swift
[1615/1805] Compiling NIOEmbedded AsyncTestingEventLoop.swift
[1616/1805] Compiling NIOEmbedded Embedded.swift
[1617/1806] Wrapping AST for NIOEmbedded for debugging
[1619/1806] Compiling NIOPosix HappyEyeballs.swift
[1620/1806] Compiling NIOPosix IO.swift
[1621/1806] Compiling NIOPosix IntegerBitPacking.swift
[1622/1806] Compiling NIOPosix IntegerTypes.swift
[1623/1806] Compiling NIOPosix Linux.swift
[1624/1806] Compiling NIOPosix LinuxCPUSet.swift
[1625/1806] Compiling NIOPosix LinuxUring.swift
[1633/1813] Compiling NIOPosix SelectorWSAPoll.swift
[1634/1813] Compiling NIOPosix ServerSocket.swift
[1635/1813] Compiling NIOPosix Socket.swift
[1636/1813] Compiling NIOPosix SocketChannel.swift
[1637/1813] Compiling NIOPosix SocketProtocols.swift
[1638/1813] Compiling NIOPosix StructuredConcurrencyHelpers.swift
[1646/1813] Compiling NIOPosix Thread.swift
[1647/1813] Compiling NIOPosix ThreadPosix.swift
[1648/1813] Compiling NIOPosix ThreadWindows.swift
[1649/1813] Compiling NIOPosix Utilities.swift
[1650/1813] Compiling NIOPosix VsockAddress.swift
[1651/1813] Compiling NIOPosix VsockChannelEvents.swift
[1652/1813] Compiling NIOPosix Windows.swift
[1653/1813] Emitting module NIOPosix
[1675/1813] Emitting module X509
[1690/1814] Wrapping AST for NIOPosix for debugging
[1692/1816] Emitting module NIO
[1693/1816] Compiling NIO Exports.swift
[1694/1816] Compiling X509 ValidatedCertificateChain.swift
[1695/1816] Compiling X509 VerificationDiagnostic.swift
[1696/1816] Compiling X509 Verifier.swift
[1697/1816] Compiling X509 VerifierPolicy.swift
[1698/1816] Compiling X509 AlgorithmIdentifier.swift
[1699/1816] Compiling X509 ECDSASignature.swift
[1700/1816] Compiling X509 RSAPKCS1PublicKey.swift
[1701/1816] Compiling X509 SubjectPublicKeyInfo.swift
[1702/1816] Compiling X509 TBSCertificate.swift
[1703/1816] Compiling X509 Time.swift
[1704/1816] Compiling X509 TimeCalculations.swift
[1705/1816] Compiling X509 Validity.swift
[1706/1816] Compiling X509 X509SendableMetatype.swift
[1708/1818] Wrapping AST for NIO for debugging
[1709/1857] Wrapping AST for X509 for debugging
[1711/1857] Compiling NIOTLS NIOTypedApplicationProtocolNegotiationHandler.swift
[1712/1924] Compiling NIOFoundationCompat JSONSerialization+ByteBuffer.swift
[1713/1924] Compiling NIOFoundationCompat WaitSpinningRunLoop.swift
[1714/1924] Compiling NIOTLS TLSEvents.swift
[1715/1924] Compiling NIOSOCKS SOCKSResponse.swift
[1716/1925] Emitting module NIOTLS
[1717/1925] Compiling NIOSOCKS ClientStateMachine.swift
[1718/1925] Compiling NIOSOCKS SelectedAuthenticationMethod.swift
[1719/1925] Compiling NIOFoundationCompat Exports.swift
[1720/1925] Emitting module NIOFoundationCompat
[1722/1926] Compiling NIOTLS ApplicationProtocolNegotiationHandler.swift
[1723/1926] Compiling NIOTLS ProtocolNegotiationHandlerStateMachine.swift
[1723/1926] Wrapping AST for NIOFoundationCompat for debugging
[1725/1926] Compiling JWTKit AudienceClaim.swift
[1726/1926] Compiling JWTKit BoolClaim.swift
[1727/1926] Emitting module NIOSOCKS
[1728/1926] Compiling NIOSOCKS ServerStateMachine.swift
[1729/1926] Compiling JWTKit IssuerClaim.swift
[1730/1926] Compiling JWTKit JWTClaim.swift
[1731/1926] Compiling JWTKit ExpirationClaim.swift
[1732/1926] Compiling JWTKit GoogleHostedDomainClaim.swift
[1733/1926] Compiling JWTKit IDClaim.swift
[1734/1926] Compiling JWTKit IssuedAtClaim.swift
[1736/1927] Compiling NIOTLS SNIHandler.swift
[1737/1928] Compiling JWTKit ECDSASigningAlgorithm.swift
[1738/1928] Compiling JWTKit JWTKeyCollection+ECDSA.swift
[1739/1928] Compiling JWTKit P256+CurveType.swift
[1740/1928] Compiling JWTKit P384+CurveType.swift
[1741/1928] Compiling JWTKit P521+CurveType.swift
[1742/1928] Compiling JWTKit EdDSA.swift
[1743/1928] Compiling JWTKit EdDSACurve.swift
[1744/1928] Compiling JWTKit EdDSAError.swift
[1745/1928] Compiling JWTKit EdDSASigner.swift
[1746/1928] Compiling JWTKit JWTKeyCollection+EdDSA.swift
[1746/1937] Wrapping AST for NIOSOCKS for debugging
[1751/1939] Compiling JWTKit SubjectClaim.swift
[1752/1939] Compiling JWTKit TenantIDClaim.swift
[1755/1939] Wrapping AST for NIOTLS for debugging
[1757/1969] Emitting module JWTKit
[1758/1969] Compiling JWTKit MLDSAType.swift
[1759/1969] Compiling JWTKit JWTKeyCollection+UnsecuredNone.swift
[1760/1969] Compiling JWTKit UnsecuredNoneSigner.swift
[1761/1969] Compiling JWTKit JWTKeyCollection+RSA.swift
[1762/1969] Compiling JWTKit RSA.swift
[1763/1969] Compiling JWTKit RSAError.swift
[1764/1969] Compiling JWTKit RSASigner.swift
[1765/1969] Compiling JWTKit Base64URL.swift
[1766/1969] Compiling JWTKit CryptoSigner.swift
[1767/1969] Compiling NIOSSL SSLCertificateName.swift
[1768/1969] Compiling NIOSSL SSLConnection.swift
[1769/1969] Compiling NIOSSL SSLContext.swift
[1770/1969] Compiling NIOSSL SSLErrors.swift
[1771/1969] Compiling NIOSSL SSLInit.swift
[1772/1969] Compiling NIOSSL SSLPKCS12Bundle.swift
[1773/1969] Compiling NIOSSL AndroidCABundle.swift
[1774/1969] Compiling NIOSSL ByteBufferBIO.swift
[1775/1969] Compiling NIOSSL CustomPrivateKey.swift
[1776/1969] Compiling NIOSSL FreeBSDCABundle.swift
[1777/1969] Compiling NIOSSL LinuxCABundle.swift
[1778/1969] Compiling NIOSSL NIOSSLClientHandler.swift
[1779/1969] Compiling NIOSSL NIOSSLHandler+Configuration.swift
[1780/1969] Compiling NIOSSL NIOSSLHandler.swift
[1781/1969] Compiling NIOSSL NIOSSLServerHandler.swift
[1782/1969] Compiling NIOSSL ObjectIdentifier.swift
[1783/1969] Compiling NIOSSL PosixPort.swift
[1784/1969] Compiling NIOSSL SSLCallbacks.swift
[1785/1969] Compiling NIOSSL SSLCertificate.swift
[1786/1969] Compiling NIOSSL SSLCertificateExtensions.swift
[1787/1969] Compiling JWTKit JWTSerializer.swift
[1788/1969] Compiling JWTKit JWTSigner.swift
[1789/1969] Compiling JWTKit JWTKeyCollection+MLDSA.swift
[1790/1969] Compiling JWTKit MLDSA.swift
[1791/1969] Compiling JWTKit MLDSA65+MLDSAKey.swift
[1792/1969] Compiling JWTKit MLDSA87+MLDSAKey.swift
[1793/1969] Compiling JWTKit MLDSAError.swift
[1794/1969] Compiling JWTKit MLDSAKey.swift
[1795/1969] Compiling JWTKit MLDSASigner.swift
[1796/1969] Compiling JWTKit HMAC.swift
[1797/1969] Compiling JWTKit HMACError.swift
[1798/1969] Compiling JWTKit HMACSigner.swift
[1799/1969] Compiling JWTKit JWTKeyCollection+HMAC.swift
[1800/1969] Compiling JWTKit Insecure.swift
[1801/1969] Compiling JWTKit JWK.swift
[1802/1969] Compiling JWTKit JWKIdentifier.swift
[1803/1969] Compiling JWTKit JWKS.swift
[1804/1969] Compiling JWTKit JWKSigner.swift
[1808/1969] Emitting module NIOHTTP1
[1817/1970] Wrapping AST for NIOHTTP1 for debugging
[1819/1987] Compiling JWTKit JWTAlgorithm.swift
[1820/1987] Compiling JWTKit JWTError.swift
[1821/1987] Compiling JWTKit JWTHeader+CommonFields.swift
[1822/1987] Compiling JWTKit JWTHeader.swift
[1823/1987] Compiling JWTKit JWTHeaderField.swift
[1824/1987] Compiling JWTKit JWTKeyCollection.swift
[1825/1987] Compiling JWTKit JWTParser+MandatoryVerificationFields.swift
[1826/1987] Compiling JWTKit JWTParser.swift
[1827/1987] Compiling JWTKit JWTPayload.swift
[1828/1987] Compiling NIOHPACK IntegerCoding.swift
[1829/1987] Compiling NIOHPACK IndexedHeaderTable.swift
[1830/1988] Compiling NIOHTTPCompression HTTPCompression.swift
[1831/1988] Compiling NIOHTTPCompression HTTPDecompression.swift
[1832/1988] Emitting module NIOHTTPCompression
[1833/1988] Compiling JWTKit CustomizedJSONCoders.swift
[1834/1988] Compiling JWTKit Utilities.swift
[1835/1988] Compiling JWTKit AppleIdentityToken.swift
[1836/1988] Compiling JWTKit FirebaseAuthIdentityToken.swift
[1837/1988] Compiling JWTKit GoogleIdentityToken.swift
[1838/1988] Compiling JWTKit MicrosoftIdentityToken.swift
[1839/1988] Compiling JWTKit EmptyPolicy.swift
[1840/1988] Compiling JWTKit ValidationTimePayload.swift
[1841/1988] Compiling JWTKit X5CVerifier.swift
[1842/1989] Compiling NIOHPACK HuffmanTables.swift
[1843/1989] Compiling NIOHPACK StaticHeaderTable.swift
[1845/1989] Emitting module NIOSSL
[1846/1991] Compiling NIOHTTPCompression HTTPDecompressor.swift
[1847/1991] Compiling NIOHTTPCompression HTTPRequestCompressor.swift
[1848/1991] Compiling NIOHTTPCompression HTTPResponseCompressor.swift
[1849/1994] Emitting module NIOHPACK
[1850/1994] Compiling NIOHPACK DynamicHeaderTable.swift
[1851/1994] Compiling NIOHPACK HPACKDecoder.swift
[1852/1994] Compiling NIOHPACK HuffmanCoding.swift
[1853/1994] Wrapping AST for JWTKit for debugging
[1854/1994] Wrapping AST for NIOHTTPCompression for debugging
[1858/1994] Compiling NIOHPACK HPACKEncoder.swift
[1859/1994] Compiling NIOHPACK HPACKErrors.swift
[1860/1994] Compiling NIOHPACK HPACKHeader.swift
[1861/1994] Compiling NIOHPACK HeaderTables.swift
[1864/1995] Wrapping AST for NIOHPACK for debugging
[1866/2058] Compiling NIOHTTP2 HTTP2SettingsState.swift
[1867/2058] Compiling NIOHTTP2 HasExtendedConnectSettings.swift
[1868/2058] Compiling NIOHTTP2 HasFlowControlWindows.swift
[1869/2058] Compiling NIOHTTP2 HasLocalSettings.swift
[1870/2058] Compiling NIOHTTP2 SendingHeadersState.swift
[1871/2058] Compiling NIOHTTP2 SendingPushPromiseState.swift
[1872/2058] Compiling NIOHTTP2 SendingRstStreamState.swift
[1873/2058] Compiling NIOHTTP2 SendingWindowUpdateState.swift
[1874/2058] Compiling NIOHTTP2 HTTP2ConnectionStateChange.swift
[1875/2058] Compiling NIOHTTP2 HTTP2Error.swift
[1876/2058] Compiling NIOHTTP2 HTTP2ErrorCode.swift
[1877/2058] Compiling NIOHTTP2 HTTP2FlowControlWindow.swift
[1878/2058] Compiling NIOHTTP2 HTTP2Frame.swift
[1879/2058] Compiling NIOHTTP2 HTTP2FrameEncoder.swift
[1880/2058] Compiling NIOHTTP2 MaySendFrames.swift
[1881/2058] Compiling NIOHTTP2 SendingDataState.swift
[1882/2058] Compiling NIOHTTP2 SendingGoawayState.swift
[1883/2058] Compiling NIOHTTP2 ReceivingGoAwayState.swift
[1884/2058] Compiling NIOHTTP2 ReceivingHeadersState.swift
[1885/2058] Compiling NIOHTTP2 ReceivingPushPromiseState.swift
[1886/2058] Compiling NIOHTTP2 ReceivingRstStreamState.swift
[1887/2058] Compiling NIOHTTP2 ReceivingWindowUpdateState.swift
[1888/2058] Compiling NIOHTTP2 HTTP2ChannelHandler+InlineStreamMultiplexer.swift
[1889/2058] Compiling NIOHTTP2 HTTP2ChannelHandler.swift
[1890/2058] Compiling NIOHTTP2 HTTP2CommonInboundStreamMultiplexer.swift
[1891/2058] Compiling NIOHTTP2 HasRemoteSettings.swift
[1892/2058] Compiling NIOHTTP2 LocallyQuiescingState.swift
[1893/2058] Compiling NIOHTTP2 QuiescingState.swift
[1894/2058] Compiling NIOHTTP2 RemotelyQuiescingState.swift
[1895/2059] Wrapping AST for NIOSSL for debugging
[1897/2059] Emitting module NIOHTTP2
[1898/2067] Compiling NIOHTTP2 HTTP2StreamMultiplexer.swift
[1899/2067] Compiling NIOHTTP2 HTTP2ToHTTP1Codec.swift
[1900/2067] Compiling NIOHTTP2 HTTP2UserEvents.swift
[1901/2067] Compiling NIOHTTP2 InboundEventBuffer.swift
[1902/2067] Compiling NIOHTTP2 InboundWindowManager.swift
[1903/2067] Compiling NIOHTTP2 MultiplexerAbstractChannel.swift
[1904/2067] Compiling NIOHTTP2 NIOHTTP2FrameDelegate.swift
[1905/2067] Compiling NIOHTTP2 NIOHTTP2ServerConnectionManagementHandler+StateMachine.swift
[1906/2067] Compiling NIOHTTP2 DOSHeuristics.swift
[1907/2067] Compiling NIOHTTP2 Error+Any.swift
[1908/2067] Compiling NIOHTTP2 ConcurrentStreamBuffer.swift
[1909/2067] Compiling NIOHTTP2 ControlFrameBuffer.swift
[1910/2067] Compiling NIOHTTP2 OutboundFlowControlBuffer.swift
[1911/2067] Compiling NIOHTTP2 OutboundFrameBuffer.swift
[1912/2067] Compiling NIOHTTP2 GlitchesMonitor.swift
[1913/2067] Compiling NIOHTTP2 HPACKHeaders+Validation.swift
[1914/2067] Compiling NIOHTTP2 HTTP2ChannelHandler+InboundStreamMultiplexer.swift
[1915/2067] Compiling NIOHTTP2 ConnectionStateMachine.swift
[1916/2067] Compiling NIOHTTP2 ConnectionStreamsState.swift
[1917/2067] Compiling NIOHTTP2 MayReceiveFrames.swift
[1918/2067] Compiling NIOHTTP2 ReceivingDataState.swift
[1924/2067] Compiling NIOHTTP2 NIOHTTP2ServerConnectionManagementHandler.swift
[1925/2067] Compiling NIOHTTP2 StreamChannelFlowController.swift
[1926/2067] Compiling NIOHTTP2 StreamChannelList.swift
[1927/2067] Compiling NIOHTTP2 StreamMap.swift
[1928/2067] Compiling NIOHTTP2 StreamStateMachine.swift
[1929/2067] Compiling NIOHTTP2 Timer.swift
[1930/2067] Compiling NIOHTTP2 UnsafeTransfer.swift
[1931/2067] Compiling NIOHTTP2 WatermarkedFlowController.swift
[1956/2067] Compiling NIOHTTP2 SendAndReceiveGoawayState.swift
[1957/2067] Compiling NIOHTTP2 StateMachineResult.swift
[1958/2067] Compiling NIOHTTP2 ContentLengthVerifier.swift
[1959/2067] Compiling NIOHTTP2 HTTP2FrameParser.swift
[1960/2067] Compiling NIOHTTP2 HTTP2PingData.swift
[1961/2067] Compiling NIOHTTP2 HTTP2PipelineHelpers.swift
[1962/2067] Compiling NIOHTTP2 HTTP2Settings.swift
[1963/2067] Compiling NIOHTTP2 HTTP2Stream.swift
[1964/2067] Compiling NIOHTTP2 HTTP2StreamChannel+OutboundStreamMultiplexer.swift
[1965/2067] Compiling NIOHTTP2 HTTP2StreamChannel.swift
[1966/2067] Compiling NIOHTTP2 HTTP2StreamDelegate.swift
[1967/2067] Compiling NIOHTTP2 HTTP2StreamID.swift
[1968/2068] Wrapping AST for NIOHTTP2 for debugging
[1970/2132] Emitting module AsyncHTTPClient
[1971/2140] Compiling AsyncHTTPClient AnyAsyncSequence.swift
[1972/2140] Compiling AsyncHTTPClient AnyAsyncSequenceProucerDelete.swift
[1973/2140] Compiling AsyncHTTPClient AsyncLazySequence.swift
[1974/2140] Compiling AsyncHTTPClient HTTPClient+execute.swift
[1975/2140] Compiling AsyncHTTPClient HTTPClient+shutdown.swift
[1976/2140] Compiling AsyncHTTPClient HTTPClient+tracing.swift
[1977/2140] Compiling AsyncHTTPClient HTTPClientRequest+Prepared.swift
[1978/2140] Compiling AsyncHTTPClient HTTPClientRequest+auth.swift
[1979/2140] Compiling AsyncHTTPClient HTTPClientRequest.swift
[1980/2140] Compiling AsyncHTTPClient HTTPClientResponse.swift
[1981/2140] Compiling AsyncHTTPClient SingleIteratorPrecondition.swift
[1982/2140] Compiling AsyncHTTPClient Transaction+StateMachine.swift
[1983/2140] Compiling AsyncHTTPClient Transaction.swift
[1984/2140] Compiling AsyncHTTPClient Base64.swift
[1985/2140] Compiling AsyncHTTPClient BasicAuth.swift
[1986/2140] Compiling AsyncHTTPClient BestEffortHashableTLSConfiguration.swift
[1987/2140] Compiling AsyncHTTPClient Configuration+BrowserLike.swift
[1988/2140] Compiling AsyncHTTPClient ConnectionPool.swift
[1989/2140] Compiling AsyncHTTPClient HTTP1ProxyConnectHandler.swift
[1990/2140] Compiling AsyncHTTPClient SOCKSEventsHandler.swift
[1991/2140] Compiling AsyncHTTPClient TLSEventsHandler.swift
[1992/2140] Compiling AsyncHTTPClient HTTP1ClientChannelHandler.swift
[1993/2140] Compiling AsyncHTTPClient HTTP1Connection.swift
[1994/2140] Compiling AsyncHTTPClient HTTP1ConnectionStateMachine.swift
[1995/2140] Compiling AsyncHTTPClient HTTP2ClientRequestHandler.swift
[1996/2140] Compiling AsyncHTTPClient HTTP2Connection.swift
[1997/2140] Compiling AsyncHTTPClient HTTP2IdleHandler.swift
[1998/2140] Compiling AsyncHTTPClient RequestValidation.swift
[1999/2140] Compiling AsyncHTTPClient SSLContextCache.swift
[2000/2140] Compiling AsyncHTTPClient Scheme.swift
[2001/2140] Compiling AsyncHTTPClient Singleton.swift
[2002/2140] Compiling AsyncHTTPClient StringConvertibleInstances.swift
[2003/2140] Compiling AsyncHTTPClient StructuredConcurrencyHelpers.swift
[2004/2140] Compiling AsyncHTTPClient TracingSupport.swift
[2005/2140] Compiling AsyncHTTPClient Utils.swift
[2006/2140] Compiling AsyncHTTPClient HTTPConnectionEvent.swift
[2007/2140] Compiling AsyncHTTPClient HTTPConnectionPool+Factory.swift
[2008/2140] Compiling AsyncHTTPClient HTTPConnectionPool+Manager.swift
[2009/2140] Compiling AsyncHTTPClient HTTPConnectionPool.swift
[2010/2140] Compiling AsyncHTTPClient HTTPExecutableRequest.swift
[2011/2140] Compiling AsyncHTTPClient HTTPRequestStateMachine+Demand.swift
[2012/2140] Compiling AsyncHTTPClient HTTPRequestStateMachine.swift
[2013/2140] Compiling AsyncHTTPClient RequestBodyLength.swift
[2014/2140] Compiling AsyncHTTPClient RequestFramingMetadata.swift
[2015/2140] Compiling AsyncHTTPClient DeconstructedURL.swift
[2016/2140] Compiling AsyncHTTPClient FileDownloadDelegate.swift
[2017/2140] Compiling AsyncHTTPClient FoundationExtensions.swift
[2018/2140] Compiling AsyncHTTPClient HTTPClient+HTTPCookie.swift
[2019/2140] Compiling AsyncHTTPClient HTTPClient+Proxy.swift
[2020/2140] Compiling AsyncHTTPClient HTTPClient+StructuredConcurrency.swift
[2021/2140] Compiling AsyncHTTPClient HTTPClient.swift
[2022/2140] Compiling AsyncHTTPClient HTTPClientConfiguration+SwiftConfiguration.swift
[2023/2140] Compiling AsyncHTTPClient HTTPHandler.swift
[2024/2140] Compiling AsyncHTTPClient LRUCache.swift
[2025/2140] Compiling AsyncHTTPClient NIOLoopBound+Execute.swift
[2026/2140] Compiling AsyncHTTPClient NWErrorHandler.swift
[2027/2140] Compiling AsyncHTTPClient NWWaitingHandler.swift
[2028/2140] Compiling AsyncHTTPClient TLSConfiguration.swift
[2029/2140] Compiling AsyncHTTPClient RedirectState.swift
[2030/2140] Compiling AsyncHTTPClient RequestBag+StateMachine.swift
[2031/2140] Compiling AsyncHTTPClient RequestBag+Tracing.swift
[2032/2140] Compiling AsyncHTTPClient RequestBag.swift
[2033/2140] Compiling AsyncHTTPClient RequestOptions.swift
[2034/2140] Compiling AsyncHTTPClient HTTPConnectionPool+Backoff.swift
[2035/2140] Compiling AsyncHTTPClient HTTPConnectionPool+HTTP1Connections.swift
[2036/2140] Compiling AsyncHTTPClient HTTPConnectionPool+HTTP1StateMachine.swift
[2037/2140] Compiling AsyncHTTPClient HTTPConnectionPool+HTTP2Connections.swift
[2038/2140] Compiling AsyncHTTPClient HTTPConnectionPool+HTTP2StateMachine.swift
[2039/2140] Compiling AsyncHTTPClient HTTPConnectionPool+RequestQueue.swift
[2040/2140] Compiling AsyncHTTPClient HTTPConnectionPool+StateMachine.swift
[2041/2140] Compiling AsyncHTTPClient ConnectionTarget.swift
[2042/2141] Wrapping AST for AsyncHTTPClient for debugging
[2044/2164] Emitting module GoogleAuth
[2045/2167] Compiling GoogleAuth ADC.swift
[2046/2167] Compiling GoogleAuth ADCPath.swift
[2047/2167] Compiling GoogleAuth ADCResolver.swift
[2048/2167] Compiling GoogleAuth AuthHeaders.swift
[2049/2167] Compiling GoogleAuth CredentialParserRegistry.swift
[2050/2167] Compiling GoogleAuth Credentials.swift
[2051/2167] Compiling GoogleAuth CredentialsError.swift
[2052/2167] Compiling GoogleAuth ServiceAccountCredentials.swift
[2053/2167] Compiling GoogleAuth ServiceAccountData.swift
[2054/2167] Compiling GoogleAuth ServiceAccountTokenProvider.swift
[2055/2167] Compiling GoogleAuth SubjectTokenProvider.swift
[2056/2167] Compiling GoogleAuth MDSAccessTokenProvider.swift
[2057/2167] Compiling GoogleAuth MDSCredentials.swift
[2058/2167] Compiling GoogleAuth AnonymousCredentials.swift
[2059/2167] Compiling GoogleAuth ApiKeyCredentials.swift
[2060/2167] Compiling GoogleAuth ExternalAccountCredentials.swift
[2061/2167] Compiling GoogleAuth UserAccountData.swift
[2062/2167] Compiling GoogleAuth UserAccountTokenProvider.swift
[2063/2167] Compiling GoogleAuth UserCredentials.swift
[2064/2167] Compiling GoogleAuth AuthHTTPClient.swift
[2065/2167] Compiling GoogleAuth AuthHTTPError.swift
[2066/2167] Compiling GoogleAuth RetryEngine.swift
[2067/2167] Compiling GoogleAuth STSHandler.swift
[2068/2167] Compiling GoogleAuth TokenCache.swift
[2069/2167] Compiling GoogleAuth PackageVersion.swift
[2070/2168] Wrapping AST for GoogleAuth for debugging
[2072/2226] Compiling GoogleGax LimitedAttemptCount+PollingErrorPolicy.swift
[2073/2226] Compiling GoogleGax LimitedAttemptCount+RetryPolicy.swift
[2074/2226] Compiling GoogleGax LimitedAttemptCount.swift
[2075/2226] Compiling GoogleGax LimitedElapsedTime+PollingErrorPolicy.swift
[2076/2226] Compiling GoogleGax LimitedElapsedTime+RetryPolicy.swift
[2077/2226] Compiling GoogleGax LimitedElapsedTime.swift
[2078/2226] Compiling GoogleGax LongRunningOperations.swift
[2079/2226] Compiling GoogleGax NeverRetry.swift
[2080/2234] Emitting module GoogleGax
[2081/2234] Compiling GoogleGax BaseRetryPolicy.swift
[2082/2234] Compiling GoogleGax BindingError.swift
[2083/2234] Compiling GoogleGax CRC32C.swift
[2084/2234] Compiling GoogleGax CircuitBreaker.swift
[2085/2234] Compiling GoogleGax ClientError.swift
[2086/2234] Compiling GoogleGax ClientOptions.swift
[2087/2234] Compiling GoogleGax ContinueOnIO+PollingErrorPolicy.swift
[2088/2234] Compiling GoogleGax ContinueOnIO+RetryPolicy.swift
[2089/2234] Compiling GoogleGax AIP194+PollingErrorPolicy.swift
[2090/2234] Compiling GoogleGax AIP194+RetryPolicy.swift
[2091/2234] Compiling GoogleGax AIP194.swift
[2092/2234] Compiling GoogleGax AdaptiveThrottler.swift
[2093/2234] Compiling GoogleGax AlwaysPoll.swift
[2094/2234] Compiling GoogleGax AlwaysRetry.swift
[2095/2234] Compiling GoogleGax ApiClientHeader.swift
[2096/2234] Compiling GoogleGax BackoffPolicy.swift
[2097/2234] Compiling GoogleGax BasePollingErrorPolicy.swift
[2098/2234] Compiling GoogleGax ContinueOnIO.swift
[2099/2234] Compiling GoogleGax CredentialsProtocol.swift
[2100/2234] Compiling GoogleGax ErrorWrapper.swift
[2101/2234] Compiling GoogleGax ExponentialBackoff+BackoffPolicy.swift
[2102/2234] Compiling GoogleGax ExponentialBackoff+PollingBackoffPolicy.swift
[2103/2234] Compiling GoogleGax ExponentialBackoff.swift
[2104/2234] Compiling GoogleGax HTTPClient.swift
[2105/2234] Compiling GoogleGax HTTPClientHolder.swift
[2106/2234] Compiling GoogleGax RequestOptions.swift
[2107/2234] Compiling GoogleGax RetryLoop.swift
[2108/2234] Compiling GoogleGax RetryPolicy.swift
[2109/2234] Compiling GoogleGax RetryResult.swift
[2110/2234] Compiling GoogleGax RetryState.swift
[2111/2234] Compiling GoogleGax RetryThrottler.swift
[2112/2234] Compiling GoogleGax RetryThrottlerError.swift
[2113/2234] Compiling GoogleGax RoutingMatcher.swift
[2114/2234] Compiling GoogleGax HTTPClientProtocol.swift
[2115/2234] Compiling GoogleGax HTTPClientRequest.swift
[2116/2234] Compiling GoogleGax HTTPClientResponse.swift
[2117/2234] Compiling GoogleGax HTTPHeaders.swift
[2118/2234] Compiling GoogleGax HTTPResponseBody.swift
[2119/2234] Compiling GoogleGax HeaderNames.swift
[2120/2234] Compiling GoogleGax Host.swift
[2121/2234] Compiling GoogleGax InProgressResult.swift
[2122/2234] Compiling GoogleGax Pagination.swift
/host/spi-builder-workspace/.build/checkouts/swift-google-gax/Sources/GoogleGax/Pagination.swift:44:22: error: cannot convert '@Sendable (String) async throws -> (response: ResponseType, items: [Item], nextToken: String)' to 'nonisolated(nonsending) @Sendable (String) async throws -> (response: ResponseType, items: [Item], nextToken: String)' because crossing of an isolation boundary requires parameter and result types to conform to 'Sendable' protocol
 42 |   ) where ResponseType: _PaginatedResponse<Item> {
 43 |     self.initialPageToken = initialPageToken ?? ""
 44 |     self.fetchPage = { token in
    |                      |- error: cannot convert '@Sendable (String) async throws -> (response: ResponseType, items: [Item], nextToken: String)' to 'nonisolated(nonsending) @Sendable (String) async throws -> (response: ResponseType, items: [Item], nextToken: String)' because crossing of an isolation boundary requires parameter and result types to conform to 'Sendable' protocol
    |                      `- note: type 'Item' does not conform to 'Sendable' protocol
 45 |       let response = try await listRpc(token)
 46 |       return (response, response._getPaginatedItems(), response._nextPageToken())
[2123/2234] Compiling GoogleGax PollingBackoffPolicy.swift
/host/spi-builder-workspace/.build/checkouts/swift-google-gax/Sources/GoogleGax/Pagination.swift:44:22: error: cannot convert '@Sendable (String) async throws -> (response: ResponseType, items: [Item], nextToken: String)' to 'nonisolated(nonsending) @Sendable (String) async throws -> (response: ResponseType, items: [Item], nextToken: String)' because crossing of an isolation boundary requires parameter and result types to conform to 'Sendable' protocol
 42 |   ) where ResponseType: _PaginatedResponse<Item> {
 43 |     self.initialPageToken = initialPageToken ?? ""
 44 |     self.fetchPage = { token in
    |                      |- error: cannot convert '@Sendable (String) async throws -> (response: ResponseType, items: [Item], nextToken: String)' to 'nonisolated(nonsending) @Sendable (String) async throws -> (response: ResponseType, items: [Item], nextToken: String)' because crossing of an isolation boundary requires parameter and result types to conform to 'Sendable' protocol
    |                      `- note: type 'Item' does not conform to 'Sendable' protocol
 45 |       let response = try await listRpc(token)
 46 |       return (response, response._getPaginatedItems(), response._nextPageToken())
[2124/2234] Compiling GoogleGax PollingErrorPolicy.swift
/host/spi-builder-workspace/.build/checkouts/swift-google-gax/Sources/GoogleGax/Pagination.swift:44:22: error: cannot convert '@Sendable (String) async throws -> (response: ResponseType, items: [Item], nextToken: String)' to 'nonisolated(nonsending) @Sendable (String) async throws -> (response: ResponseType, items: [Item], nextToken: String)' because crossing of an isolation boundary requires parameter and result types to conform to 'Sendable' protocol
 42 |   ) where ResponseType: _PaginatedResponse<Item> {
 43 |     self.initialPageToken = initialPageToken ?? ""
 44 |     self.fetchPage = { token in
    |                      |- error: cannot convert '@Sendable (String) async throws -> (response: ResponseType, items: [Item], nextToken: String)' to 'nonisolated(nonsending) @Sendable (String) async throws -> (response: ResponseType, items: [Item], nextToken: String)' because crossing of an isolation boundary requires parameter and result types to conform to 'Sendable' protocol
    |                      `- note: type 'Item' does not conform to 'Sendable' protocol
 45 |       let response = try await listRpc(token)
 46 |       return (response, response._getPaginatedItems(), response._nextPageToken())
[2125/2234] Compiling GoogleGax PollingResult.swift
/host/spi-builder-workspace/.build/checkouts/swift-google-gax/Sources/GoogleGax/Pagination.swift:44:22: error: cannot convert '@Sendable (String) async throws -> (response: ResponseType, items: [Item], nextToken: String)' to 'nonisolated(nonsending) @Sendable (String) async throws -> (response: ResponseType, items: [Item], nextToken: String)' because crossing of an isolation boundary requires parameter and result types to conform to 'Sendable' protocol
 42 |   ) where ResponseType: _PaginatedResponse<Item> {
 43 |     self.initialPageToken = initialPageToken ?? ""
 44 |     self.fetchPage = { token in
    |                      |- error: cannot convert '@Sendable (String) async throws -> (response: ResponseType, items: [Item], nextToken: String)' to 'nonisolated(nonsending) @Sendable (String) async throws -> (response: ResponseType, items: [Item], nextToken: String)' because crossing of an isolation boundary requires parameter and result types to conform to 'Sendable' protocol
    |                      `- note: type 'Item' does not conform to 'Sendable' protocol
 45 |       let response = try await listRpc(token)
 46 |       return (response, response._getPaginatedItems(), response._nextPageToken())
[2126/2234] Compiling GoogleGax PollingState.swift
/host/spi-builder-workspace/.build/checkouts/swift-google-gax/Sources/GoogleGax/Pagination.swift:44:22: error: cannot convert '@Sendable (String) async throws -> (response: ResponseType, items: [Item], nextToken: String)' to 'nonisolated(nonsending) @Sendable (String) async throws -> (response: ResponseType, items: [Item], nextToken: String)' because crossing of an isolation boundary requires parameter and result types to conform to 'Sendable' protocol
 42 |   ) where ResponseType: _PaginatedResponse<Item> {
 43 |     self.initialPageToken = initialPageToken ?? ""
 44 |     self.fetchPage = { token in
    |                      |- error: cannot convert '@Sendable (String) async throws -> (response: ResponseType, items: [Item], nextToken: String)' to 'nonisolated(nonsending) @Sendable (String) async throws -> (response: ResponseType, items: [Item], nextToken: String)' because crossing of an isolation boundary requires parameter and result types to conform to 'Sendable' protocol
    |                      `- note: type 'Item' does not conform to 'Sendable' protocol
 45 |       let response = try await listRpc(token)
 46 |       return (response, response._getPaginatedItems(), response._nextPageToken())
[2127/2234] Compiling GoogleGax ProtobufConversionError.swift
/host/spi-builder-workspace/.build/checkouts/swift-google-gax/Sources/GoogleGax/Pagination.swift:44:22: error: cannot convert '@Sendable (String) async throws -> (response: ResponseType, items: [Item], nextToken: String)' to 'nonisolated(nonsending) @Sendable (String) async throws -> (response: ResponseType, items: [Item], nextToken: String)' because crossing of an isolation boundary requires parameter and result types to conform to 'Sendable' protocol
 42 |   ) where ResponseType: _PaginatedResponse<Item> {
 43 |     self.initialPageToken = initialPageToken ?? ""
 44 |     self.fetchPage = { token in
    |                      |- error: cannot convert '@Sendable (String) async throws -> (response: ResponseType, items: [Item], nextToken: String)' to 'nonisolated(nonsending) @Sendable (String) async throws -> (response: ResponseType, items: [Item], nextToken: String)' because crossing of an isolation boundary requires parameter and result types to conform to 'Sendable' protocol
    |                      `- note: type 'Item' does not conform to 'Sendable' protocol
 45 |       let response = try await listRpc(token)
 46 |       return (response, response._getPaginatedItems(), response._nextPageToken())
[2128/2234] Compiling GoogleGax QueryParameter.swift
/host/spi-builder-workspace/.build/checkouts/swift-google-gax/Sources/GoogleGax/Pagination.swift:44:22: error: cannot convert '@Sendable (String) async throws -> (response: ResponseType, items: [Item], nextToken: String)' to 'nonisolated(nonsending) @Sendable (String) async throws -> (response: ResponseType, items: [Item], nextToken: String)' because crossing of an isolation boundary requires parameter and result types to conform to 'Sendable' protocol
 42 |   ) where ResponseType: _PaginatedResponse<Item> {
 43 |     self.initialPageToken = initialPageToken ?? ""
 44 |     self.fetchPage = { token in
    |                      |- error: cannot convert '@Sendable (String) async throws -> (response: ResponseType, items: [Item], nextToken: String)' to 'nonisolated(nonsending) @Sendable (String) async throws -> (response: ResponseType, items: [Item], nextToken: String)' because crossing of an isolation boundary requires parameter and result types to conform to 'Sendable' protocol
    |                      `- note: type 'Item' does not conform to 'Sendable' protocol
 45 |       let response = try await listRpc(token)
 46 |       return (response, response._getPaginatedItems(), response._nextPageToken())
[2129/2234] Compiling GoogleGax RequestError.swift
/host/spi-builder-workspace/.build/checkouts/swift-google-gax/Sources/GoogleGax/Pagination.swift:44:22: error: cannot convert '@Sendable (String) async throws -> (response: ResponseType, items: [Item], nextToken: String)' to 'nonisolated(nonsending) @Sendable (String) async throws -> (response: ResponseType, items: [Item], nextToken: String)' because crossing of an isolation boundary requires parameter and result types to conform to 'Sendable' protocol
 42 |   ) where ResponseType: _PaginatedResponse<Item> {
 43 |     self.initialPageToken = initialPageToken ?? ""
 44 |     self.fetchPage = { token in
    |                      |- error: cannot convert '@Sendable (String) async throws -> (response: ResponseType, items: [Item], nextToken: String)' to 'nonisolated(nonsending) @Sendable (String) async throws -> (response: ResponseType, items: [Item], nextToken: String)' because crossing of an isolation boundary requires parameter and result types to conform to 'Sendable' protocol
    |                      `- note: type 'Item' does not conform to 'Sendable' protocol
 45 |       let response = try await listRpc(token)
 46 |       return (response, response._getPaginatedItems(), response._nextPageToken())
[2130/2234] Compiling GoogleGax ServiceError.swift
[2131/2234] Compiling GoogleGax StatusDetail.swift
[2132/2234] Compiling GoogleGax StrictIdempotency.swift
[2133/2234] Compiling GoogleGax ThrottleResult.swift
[2134/2234] Compiling GoogleGax TooManyRequests+PollingErrorPolicy.swift
[2135/2234] Compiling GoogleGax TooManyRequests+RetryPolicy.swift
[2136/2234] Compiling GoogleGax TooManyRequests.swift
[2137/2234] Compiling GoogleGax PackageVersion.swift
BUILD FAILURE 6.2 android