The Swift Package Index logo.Swift Package Index

Build Information

Failed to build GraphQLHummingbird, reference main (2a2d04), with Swift 6.2 for Wasm on 17 Jul 2026 02:14:11 UTC.

Build Command

bash -c docker run --pull=always --rm -v "checkouts-54344847-0":/host -w "$PWD" -e JAVA_HOME="/root/.sdkman/candidates/java/current" -e SPI_BUILD="1" -e SPI_PROCESSING="1" registry.gitlab.com/saguaro1/spi-images:wasm-6.2-latest swift build --swift-sdk swift-6.2-RELEASE_wasm 2>&1

Build Log

========================================
RunAll
========================================
Builder version: 333316120c8b89ed7d21f1b34865290794301d91
Interrupt handler set up.
========================================
Checkout
========================================
Clone URL: https://github.com/GraphQLSwift/graphql-hummingbird.git
Reference: main
Initialized empty Git repository in /host/spi-builder-workspace/.git/
hint: Using 'master' as the name for the initial branch. This default branch name
hint: is subject to change. To configure the initial branch name to use in all
hint: of your new repositories, which will suppress this warning, call:
hint:
hint: 	git config --global init.defaultBranch <name>
hint:
hint: Names commonly chosen instead of 'master' are 'main', 'trunk' and
hint: 'development'. The just-created branch can be renamed via this command:
hint:
hint: 	git branch -m <name>
From https://github.com/GraphQLSwift/graphql-hummingbird
 * branch            main       -> FETCH_HEAD
 * [new branch]      main       -> origin/main
HEAD is now at 2a2d04e Merge pull request #19 from GraphQLSwift/chore/graphql-v4.2.0
Cloned https://github.com/GraphQLSwift/graphql-hummingbird.git
Revision (git rev-parse @):
2a2d04e2dce0636b80a0e674496dcf62e26290a4
SUCCESS checkout https://github.com/GraphQLSwift/graphql-hummingbird.git at main
========================================
Build
========================================
Selected platform:         wasm
Swift version:             6.2
Building package at path:  $PWD
https://github.com/GraphQLSwift/graphql-hummingbird.git
Running build ...
bash -c docker run --pull=always --rm -v "checkouts-54344847-0":/host -w "$PWD" -e JAVA_HOME="/root/.sdkman/candidates/java/current" -e SPI_BUILD="1" -e SPI_PROCESSING="1" registry.gitlab.com/saguaro1/spi-images:wasm-6.2-latest swift build --swift-sdk swift-6.2-RELEASE_wasm 2>&1
wasm-6.2-latest: Pulling from saguaro1/spi-images
Digest: sha256:dc8dffc38f1d92eca7ee5312617822470123661393ed20672e77964f9dcaaffb
Status: Image is up to date for registry.gitlab.com/saguaro1/spi-images:wasm-6.2-latest
Fetching https://github.com/hummingbird-project/hummingbird.git
Fetching https://github.com/GraphQLSwift/GraphQLTransportWS.git
Fetching https://github.com/hummingbird-project/hummingbird-websocket.git
Fetching https://github.com/apple/swift-nio.git
Fetching https://github.com/GraphQLSwift/GraphQL.git
Fetching https://github.com/GraphQLSwift/GraphQLWS.git
[1/3363] Fetching hummingbird-websocket
[2995/4025] Fetching hummingbird-websocket, graphqltransportws
[4026/31414] Fetching hummingbird-websocket, graphqltransportws, hummingbird
[9504/31977] Fetching hummingbird-websocket, graphqltransportws, hummingbird, graphqlws
[12258/116510] Fetching hummingbird-websocket, graphqltransportws, hummingbird, graphqlws, swift-nio
[30180/122543] Fetching hummingbird-websocket, graphqltransportws, hummingbird, graphqlws, swift-nio, graphql
Fetched https://github.com/GraphQLSwift/GraphQLWS.git from cache (0.89s)
[66252/121980] Fetching hummingbird-websocket, graphqltransportws, hummingbird, swift-nio, graphql
Fetched https://github.com/hummingbird-project/hummingbird.git from cache (0.90s)
[40492/94591] Fetching hummingbird-websocket, graphqltransportws, swift-nio, graphql
Fetched https://github.com/GraphQLSwift/GraphQL.git from cache (0.99s)
[44601/88558] Fetching hummingbird-websocket, graphqltransportws, swift-nio
Fetched https://github.com/GraphQLSwift/GraphQLTransportWS.git from cache (3.11s)
Fetched https://github.com/hummingbird-project/hummingbird-websocket.git from cache (3.11s)
Fetched https://github.com/apple/swift-nio.git from cache (3.15s)
Computing version for https://github.com/GraphQLSwift/GraphQL.git
Computed https://github.com/GraphQLSwift/GraphQL.git at 4.2.0 (3.31s)
Fetching https://github.com/apple/swift-collections
[1/26103] Fetching swift-collections
Fetched https://github.com/apple/swift-collections from cache (1.14s)
Computing version for https://github.com/GraphQLSwift/GraphQLWS.git
Computed https://github.com/GraphQLSwift/GraphQLWS.git at 2.1.0 (2.04s)
Fetching https://github.com/GraphQLSwift/Graphiti.git
[1/3839] Fetching graphiti
Fetched https://github.com/GraphQLSwift/Graphiti.git from cache (0.41s)
Computing version for https://github.com/GraphQLSwift/GraphQLTransportWS.git
Computed https://github.com/GraphQLSwift/GraphQLTransportWS.git at 2.1.0 (0.58s)
Computing version for https://github.com/GraphQLSwift/Graphiti.git
Computed https://github.com/GraphQLSwift/Graphiti.git at 3.1.0 (0.13s)
Computing version for https://github.com/hummingbird-project/hummingbird-websocket.git
Computed https://github.com/hummingbird-project/hummingbird-websocket.git at 2.7.0 (0.13s)
Fetching https://github.com/hummingbird-project/swift-websocket.git
Fetching https://github.com/apple/swift-nio-extras.git
[1/6598] Fetching swift-nio-extras
[6599/7659] Fetching swift-nio-extras, swift-websocket
Fetched https://github.com/hummingbird-project/swift-websocket.git from cache (0.61s)
Fetched https://github.com/apple/swift-nio-extras.git from cache (0.61s)
Computing version for https://github.com/hummingbird-project/swift-websocket.git
Computed https://github.com/hummingbird-project/swift-websocket.git at 1.6.1 (0.76s)
Fetching https://github.com/apple/swift-nio-ssl.git
Fetching https://github.com/swift-server/swift-service-lifecycle
Fetching https://github.com/adam-fowler/compress-nio.git
Fetching https://github.com/apple/swift-nio-transport-services.git
Fetching https://github.com/apple/swift-http-types.git
Fetching https://github.com/apple/swift-log.git
[1/2860] Fetching swift-nio-transport-services
[1002/10633] Fetching swift-nio-transport-services, swift-log
[2004/11852] Fetching swift-nio-transport-services, swift-log, swift-http-types
[2487/14627] Fetching swift-nio-transport-services, swift-log, swift-http-types, swift-service-lifecycle
Fetched https://github.com/apple/swift-http-types.git from cache (0.51s)
Fetched https://github.com/apple/swift-nio-transport-services.git from cache (0.51s)
Fetched https://github.com/apple/swift-log.git from cache (0.51s)
[1/15597] Fetching swift-nio-ssl
[781/16240] Fetching swift-nio-ssl, compress-nio
Fetched https://github.com/adam-fowler/compress-nio.git from cache (0.65s)
[3120/15597] Fetching swift-nio-ssl
Fetched https://github.com/swift-server/swift-service-lifecycle from cache (1.13s)
Fetched https://github.com/apple/swift-nio-ssl.git from cache (1.14s)
Computing version for https://github.com/hummingbird-project/hummingbird.git
Computed https://github.com/hummingbird-project/hummingbird.git at 2.25.1 (1.34s)
Fetching https://github.com/swift-server/async-http-client.git
Fetching https://github.com/apple/swift-configuration.git
Fetching https://github.com/apple/swift-async-algorithms.git
Fetching https://github.com/apple/swift-distributed-tracing.git
Fetching https://github.com/apple/swift-nio-http2.git
Fetching https://github.com/apple/swift-atomics.git
[1/3379] Fetching swift-configuration
[2096/9244] Fetching swift-configuration, swift-distributed-tracing
[2300/11112] Fetching swift-configuration, swift-distributed-tracing, swift-atomics
[5151/17711] Fetching swift-configuration, swift-distributed-tracing, swift-atomics, swift-async-algorithms
[17119/29867] Fetching swift-configuration, swift-distributed-tracing, swift-atomics, swift-async-algorithms, swift-nio-http2
Fetched https://github.com/apple/swift-async-algorithms.git from cache (0.53s)
Fetching https://github.com/apple/swift-metrics.git
[13787/23268] Fetching swift-configuration, swift-distributed-tracing, swift-atomics, swift-nio-http2
[13788/39288] Fetching swift-configuration, swift-distributed-tracing, swift-atomics, swift-nio-http2, async-http-client
Fetched https://github.com/apple/swift-atomics.git from cache (0.90s)
Fetched https://github.com/apple/swift-distributed-tracing.git from cache (0.90s)
Fetched https://github.com/apple/swift-nio-http2.git from cache (0.91s)
[1/3400] Fetching swift-metrics
Fetched https://github.com/apple/swift-configuration.git from cache (0.93s)
Fetched https://github.com/swift-server/async-http-client.git from cache (0.94s)
Fetched https://github.com/apple/swift-metrics.git from cache (0.46s)
Computing version for https://github.com/apple/swift-log.git
Computed https://github.com/apple/swift-log.git at 1.14.0 (1.14s)
Computing version for https://github.com/apple/swift-nio-http2.git
Computed https://github.com/apple/swift-nio-http2.git at 1.44.0 (0.15s)
Computing version for https://github.com/apple/swift-nio-extras.git
Computed https://github.com/apple/swift-nio-extras.git at 1.34.3 (0.93s)
Fetching https://github.com/apple/swift-algorithms.git
Fetching https://github.com/apple/swift-http-structured-headers.git
Fetching https://github.com/apple/swift-asn1.git
Fetching https://github.com/apple/swift-certificates.git
[1/1914] Fetching swift-asn1
[1915/7990] Fetching swift-asn1, swift-algorithms
[2037/15395] Fetching swift-asn1, swift-algorithms, swift-certificates
Fetched https://github.com/apple/swift-algorithms.git from cache (0.52s)
[1/1249] Fetching swift-http-structured-headers
Fetched https://github.com/apple/swift-certificates.git from cache (0.56s)
Fetched https://github.com/apple/swift-http-structured-headers.git from cache (0.68s)
Fetched https://github.com/apple/swift-asn1.git from cache (0.68s)
Computing version for https://github.com/apple/swift-algorithms.git
Computed https://github.com/apple/swift-algorithms.git at 1.2.1 (0.85s)
Fetching https://github.com/apple/swift-numerics.git
[1/6441] Fetching swift-numerics
Fetched https://github.com/apple/swift-numerics.git from cache (1.17s)
Computing version for https://github.com/apple/swift-configuration.git
Computed https://github.com/apple/swift-configuration.git at 1.2.0 (1.73s)
Fetching https://github.com/apple/swift-system
[1/6224] Fetching swift-system
Fetched https://github.com/apple/swift-system from cache (1.49s)
Computing version for https://github.com/apple/swift-atomics.git
Computed https://github.com/apple/swift-atomics.git at 1.3.1 (2.13s)
Computing version for https://github.com/adam-fowler/compress-nio.git
Computed https://github.com/adam-fowler/compress-nio.git at 1.4.2 (0.64s)
Computing version for https://github.com/apple/swift-metrics.git
Computed https://github.com/apple/swift-metrics.git at 2.11.0 (0.15s)
Computing version for https://github.com/apple/swift-distributed-tracing.git
Computed https://github.com/apple/swift-distributed-tracing.git at 1.4.1 (0.14s)
Fetching https://github.com/apple/swift-service-context.git
[1/1307] Fetching swift-service-context
Fetched https://github.com/apple/swift-service-context.git from cache (0.38s)
Computing version for https://github.com/apple/swift-service-context.git
Computed https://github.com/apple/swift-service-context.git at 1.3.0 (0.55s)
Computing version for https://github.com/apple/swift-nio.git
Computed https://github.com/apple/swift-nio.git at 2.101.3 (0.34s)
Computing version for https://github.com/apple/swift-collections
Computed https://github.com/apple/swift-collections at 1.6.0 (0.22s)
Computing version for https://github.com/swift-server/swift-service-lifecycle
Computed https://github.com/swift-server/swift-service-lifecycle at 2.11.0 (0.13s)
Computing version for https://github.com/apple/swift-async-algorithms.git
Computed https://github.com/apple/swift-async-algorithms.git at 1.1.5 (0.19s)
Computing version for https://github.com/apple/swift-http-types.git
Computed https://github.com/apple/swift-http-types.git at 1.6.0 (0.14s)
Computing version for https://github.com/apple/swift-numerics.git
Computed https://github.com/apple/swift-numerics.git at 1.1.1 (0.14s)
Computing version for https://github.com/apple/swift-nio-ssl.git
Computed https://github.com/apple/swift-nio-ssl.git at 2.37.2 (0.18s)
Computing version for https://github.com/apple/swift-asn1.git
Computed https://github.com/apple/swift-asn1.git at 1.7.1 (0.18s)
Computing version for https://github.com/apple/swift-http-structured-headers.git
Computed https://github.com/apple/swift-http-structured-headers.git at 1.7.0 (0.14s)
Computing version for https://github.com/swift-server/async-http-client.git
Computed https://github.com/swift-server/async-http-client.git at 1.35.0 (0.16s)
Computing version for https://github.com/apple/swift-nio-transport-services.git
Computed https://github.com/apple/swift-nio-transport-services.git at 1.28.0 (0.15s)
Computing version for https://github.com/apple/swift-certificates.git
Computed https://github.com/apple/swift-certificates.git at 1.19.3 (0.19s)
Fetching https://github.com/apple/swift-crypto.git
[1/17803] Fetching swift-crypto
Fetched https://github.com/apple/swift-crypto.git from cache (1.31s)
Computing version for https://github.com/apple/swift-system
Computed https://github.com/apple/swift-system at 1.7.4 (1.49s)
Computing version for https://github.com/apple/swift-crypto.git
Computed https://github.com/apple/swift-crypto.git at 4.5.1 (0.46s)
Creating working copy for https://github.com/adam-fowler/compress-nio.git
Working copy of https://github.com/adam-fowler/compress-nio.git resolved at 1.4.2
Creating working copy for https://github.com/apple/swift-nio-ssl.git
Working copy of https://github.com/apple/swift-nio-ssl.git resolved at 2.37.2
Creating working copy for https://github.com/swift-server/async-http-client.git
Working copy of https://github.com/swift-server/async-http-client.git resolved at 1.35.0
Creating working copy for https://github.com/GraphQLSwift/Graphiti.git
Working copy of https://github.com/GraphQLSwift/Graphiti.git resolved at 3.1.0
Creating working copy for https://github.com/hummingbird-project/swift-websocket.git
Working copy of https://github.com/hummingbird-project/swift-websocket.git resolved at 1.6.1
Creating working copy for https://github.com/apple/swift-service-context.git
Working copy of https://github.com/apple/swift-service-context.git resolved at 1.3.0
Creating working copy for https://github.com/apple/swift-system
Working copy of https://github.com/apple/swift-system resolved at 1.7.4
Creating working copy for https://github.com/GraphQLSwift/GraphQLTransportWS.git
Working copy of https://github.com/GraphQLSwift/GraphQLTransportWS.git resolved at 2.1.0
Creating working copy for https://github.com/apple/swift-async-algorithms.git
Working copy of https://github.com/apple/swift-async-algorithms.git resolved at 1.1.5
Creating working copy for https://github.com/apple/swift-numerics.git
Working copy of https://github.com/apple/swift-numerics.git resolved at 1.1.1
Creating working copy for https://github.com/hummingbird-project/hummingbird-websocket.git
Working copy of https://github.com/hummingbird-project/hummingbird-websocket.git resolved at 2.7.0
Creating working copy for https://github.com/apple/swift-http-types.git
Working copy of https://github.com/apple/swift-http-types.git resolved at 1.6.0
Creating working copy for https://github.com/apple/swift-nio.git
Working copy of https://github.com/apple/swift-nio.git resolved at 2.101.3
Creating working copy for https://github.com/apple/swift-nio-http2.git
Working copy of https://github.com/apple/swift-nio-http2.git resolved at 1.44.0
Creating working copy for https://github.com/apple/swift-configuration.git
Working copy of https://github.com/apple/swift-configuration.git resolved at 1.2.0
Creating working copy for https://github.com/apple/swift-log.git
Working copy of https://github.com/apple/swift-log.git resolved at 1.14.0
Creating working copy for https://github.com/apple/swift-distributed-tracing.git
Working copy of https://github.com/apple/swift-distributed-tracing.git resolved at 1.4.1
Creating working copy for https://github.com/apple/swift-collections
Working copy of https://github.com/apple/swift-collections resolved at 1.6.0
Creating working copy for https://github.com/apple/swift-http-structured-headers.git
Working copy of https://github.com/apple/swift-http-structured-headers.git resolved at 1.7.0
Creating working copy for https://github.com/GraphQLSwift/GraphQL.git
Working copy of https://github.com/GraphQLSwift/GraphQL.git resolved at 4.2.0
Creating working copy for https://github.com/apple/swift-algorithms.git
Working copy of https://github.com/apple/swift-algorithms.git resolved at 1.2.1
Creating working copy for https://github.com/apple/swift-crypto.git
Working copy of https://github.com/apple/swift-crypto.git resolved at 4.5.1
Creating working copy for https://github.com/apple/swift-atomics.git
Working copy of https://github.com/apple/swift-atomics.git resolved at 1.3.1
Creating working copy for https://github.com/swift-server/swift-service-lifecycle
Working copy of https://github.com/swift-server/swift-service-lifecycle resolved at 2.11.0
Creating working copy for https://github.com/apple/swift-certificates.git
Working copy of https://github.com/apple/swift-certificates.git resolved at 1.19.3
Creating working copy for https://github.com/apple/swift-asn1.git
Working copy of https://github.com/apple/swift-asn1.git resolved at 1.7.1
Creating working copy for https://github.com/GraphQLSwift/GraphQLWS.git
Working copy of https://github.com/GraphQLSwift/GraphQLWS.git resolved at 2.1.0
Creating working copy for https://github.com/hummingbird-project/hummingbird.git
Working copy of https://github.com/hummingbird-project/hummingbird.git resolved at 2.25.1
Creating working copy for https://github.com/apple/swift-nio-extras.git
Working copy of https://github.com/apple/swift-nio-extras.git resolved at 1.34.3
Creating working copy for https://github.com/apple/swift-nio-transport-services.git
Working copy of https://github.com/apple/swift-nio-transport-services.git resolved at 1.28.0
Creating working copy for https://github.com/apple/swift-metrics.git
Working copy of https://github.com/apple/swift-metrics.git resolved at 2.11.0
Building for debugging...
[0/60] Write sources
[39/60] Compiling CNIOWASI CNIOWASI.c
[39/60] Compiling CNIOWindows WSAStartup.c
[39/60] Compiling CNIOWindows shim.c
[42/60] Compiling _AtomicsShims.c
[43/60] Compiling CSystem shims.c
[44/60] Compiling CNIOOpenBSD shim.c
[45/60] Compiling CNIOLinux shim.c
[46/60] Compiling CNIOPosix event_loop_id.c
[47/60] Compiling CNIOLinux liburing_shims.c
[48/60] Compiling CNIOSHA1 c_nio_sha1.c
[49/60] Compiling CNIOFreeBSD shim.c
[50/60] Compiling CNIODarwin shim.c
[51/60] Write sources
[53/60] Compiling CNIOLLHTTP c_nio_http.c
[54/60] Compiling _CWASI _CWASI.c
[55/60] Write swift-version-24593BA9C3E375BF.txt
[56/60] Compiling CNIOLLHTTP c_nio_api.c
[58/117] Emitting module _NIOBase64
[58/117] Compiling CNIOLLHTTP c_nio_llhttp.c
[59/135] Compiling c-nioatomics.c
[60/144] Compiling c-atomics.c
[62/149] Compiling ServiceContextModule ServiceContextKey.swift
[63/149] Compiling HTTPTypes HTTPField.swift
[64/149] Compiling HTTPTypes HTTPFieldName.swift
[65/149] Compiling InternalCollectionsUtilities UInt+reversed.swift
[66/149] Compiling InternalCollectionsUtilities LifetimeOverride.swift
[67/149] Compiling InternalCollectionsUtilities RandomAccessCollection+Offsets.swift
[68/149] Compiling InternalCollectionsUtilities Span+Extras.swift
[69/154] Compiling CoreMetrics WithMetricsFactory.swift
[70/154] Compiling InternalCollectionsUtilities String+Padding.swift
[71/154] Compiling InternalCollectionsUtilities _UnsafeBitSet+Index.swift
[72/154] Compiling InternalCollectionsUtilities _UnsafeBitSet+_Word.swift
[73/154] Compiling InternalCollectionsUtilities _UnsafeBitSet.swift
[74/156] Emitting module ServiceContextModule
[75/156] Compiling ServiceContextModule ServiceContext.swift
[76/157] Emitting module SystemPackage
[77/157] Compiling InternalCollectionsUtilities Debugging.swift
[78/157] Compiling InternalCollectionsUtilities Descriptions.swift
[79/157] Compiling InternalCollectionsUtilities FixedWidthInteger+roundUpToPowerOfTwo.swift
[82/157] Compiling InternalCollectionsUtilities _SortedCollection.swift
[83/157] Compiling InternalCollectionsUtilities _UniqueCollection.swift
[85/157] Compiling InternalCollectionsUtilities UnsafeMutableRawBufferPointer+Extras.swift
[86/157] Compiling InternalCollectionsUtilities UnsafeRawBufferPointer+Extras.swift
[87/157] Compiling InternalCollectionsUtilities UnsafeBufferPointer+Extras.swift
[88/157] Compiling InternalCollectionsUtilities UnsafeMutableBufferPointer+Extras.swift
[95/164] Compiling Logging Logger+Attributes.swift
[101/165] Compiling _NIODataStructures PriorityQueue.swift
[102/165] Compiling _NIODataStructures _TinyArray.swift
[103/165] Emitting module InternalCollectionsUtilities
[105/166] Compiling Logging LoggingSystem.swift
[106/166] Compiling Logging Logger+With.swift
[107/166] Compiling Logging Logger.swift
[108/166] Compiling _NIOBase64 Base64.swift
[112/167] Compiling SystemPackage IORing.swift
[113/167] Compiling SystemPackage RawIORequest.swift
[115/173] Emitting module Instrumentation
[116/173] Compiling Instrumentation NoOpInstrument.swift
[117/190] Compiling NIOConcurrencyHelpers lock.swift
[118/196] Compiling Logging MetadataProvider.swift
[119/202] Compiling Instrumentation Locks.swift
[120/203] Compiling NIOConcurrencyHelpers NIOThreadPoolWorkAvailable.swift
[121/208] Compiling NIOConcurrencyHelpers NIOLockedValueBox.swift
[122/222] Compiling Instrumentation MultiplexInstrument.swift
[123/230] Compiling NIOConcurrencyHelpers NIOLock.swift
[124/230] Compiling OrderedCollections OrderedDictionary+Descriptions.swift
[125/230] Compiling OrderedCollections OrderedDictionary+Elements.SubSequence.swift
[126/230] Compiling OrderedCollections OrderedDictionary+Elements.swift
[127/230] Compiling OrderedCollections OrderedDictionary+Equatable.swift
[128/230] Compiling OrderedCollections OrderedDictionary+ExpressibleByDictionaryLiteral.swift
[129/230] Compiling Instrumentation InstrumentationSystem.swift
[130/230] Compiling Instrumentation Instrument.swift
[131/230] Compiling OrderedCollections OrderedSet+Diffing.swift
[132/230] Compiling OrderedCollections OrderedSet+Equatable.swift
[133/230] Compiling OrderedCollections OrderedSet+ExpressibleByArrayLiteral.swift
[134/230] Compiling OrderedCollections OrderedDictionary+Hashable.swift
[135/230] Compiling OrderedCollections OrderedDictionary+Initializers.swift
[136/230] Emitting module Logging
[137/230] Compiling OrderedCollections _HashTable+Constants.swift
[138/230] Compiling OrderedCollections _HashTable+CustomStringConvertible.swift
[139/230] Compiling OrderedCollections _HashTable+Bucket.swift
[140/230] Compiling OrderedCollections _HashTable+BucketIterator.swift
[141/232] Compiling HTTPTypes HTTPParsedFields.swift
[144/253] Compiling OrderedCollections OrderedDictionary+Invariants.swift
[145/253] Compiling OrderedCollections OrderedDictionary+Move.swift
[146/253] Compiling OrderedCollections OrderedDictionary+Partial MutableCollection.swift
[147/253] Compiling OrderedCollections OrderedDictionary+Partial RangeReplaceableCollection.swift
[148/253] Compiling OrderedCollections OrderedDictionary+Sendable.swift
[149/257] Compiling OrderedCollections OrderedDictionary+Sequence.swift
[150/257] Compiling OrderedCollections OrderedSet+Hashable.swift
[151/258] Compiling OrderedCollections OrderedSet+Initializers.swift
[152/258] Compiling OrderedCollections OrderedSet+Insertions.swift
[153/258] Compiling OrderedCollections OrderedSet+Invariants.swift
[154/277] Emitting module NIOConcurrencyHelpers
[155/277] Compiling _NIODataStructures Heap.swift
[156/277] Emitting module _NIODataStructures
[157/277] Compiling ContainersPreview BorrowingSequence+Standard Conformances.swift
[158/277] Compiling ContainersPreview BorrowingSequence+Utilities.swift
[159/277] Compiling ContainersPreview BorrowingSequence.swift
[160/277] Compiling ContainersPreview BidirectionalContainer.swift
[161/277] Compiling ContainersPreview Container+Filter.swift
[162/282] Compiling ContainersPreview Drain+Map.swift
[163/282] Compiling ContainersPreview Drain+Reduce.swift
[164/282] Compiling ContainersPreview Drain.swift
[165/282] Compiling ContainersPreview Producer+Collect.swift
[166/282] Compiling ContainersPreview Producer+Filter.swift
[167/282] Compiling ContainersPreview BorrowingIteratorProtocol+Map.swift
[168/282] Compiling ContainersPreview BorrowingIteratorProtocol+Reduce.swift
[169/282] Compiling ContainersPreview BorrowingIteratorProtocol+SpanwiseZip.swift
[170/282] Compiling ContainersPreview BorrowingIteratorProtocol.swift
[171/282] Compiling ContainersPreview BorrowingSequence+Algorithms.swift
[172/282] Compiling ContainersPreview Producer+Map.swift
[173/282] Compiling ContainersPreview Producer+Reduce.swift
[174/282] Compiling ContainersPreview Producer.swift
[175/282] Compiling ContainersPreview InputSpan.swift
[176/282] Compiling ContainersPreview MutableRef.swift
[177/282] Compiling HTTPTypes NIOLock.swift
[179/282] Compiling Tracing InstrumentationSystem+Tracing.swift
[180/282] Compiling ContainersPreview Container+SpanwiseZip.swift
[181/282] Compiling ContainersPreview Container.swift
[182/282] Compiling ContainersPreview ContainerIterator.swift
[183/282] Compiling ContainersPreview DynamicContainer.swift
[184/282] Compiling ContainersPreview MutableContainer.swift
[185/282] Compiling ContainersPreview PermutableContainer.swift
[186/282] Compiling ContainersPreview RandomAccessContainer.swift
[187/282] Compiling ContainersPreview RangeExpression2.swift
[188/282] Compiling ContainersPreview RangeReplaceableContainer.swift
[189/282] Compiling ContainersPreview Strideable+Limits.swift
[190/282] Compiling NIOConcurrencyHelpers NIOAtomic.swift
[191/282] Compiling ContainersPreview Ref.swift
[192/282] Compiling ContainersPreview Shared.swift
[193/282] Compiling ContainersPreview SpanIterator.swift
[194/282] Compiling ContainersPreview UniqueBox.swift
[195/282] Emitting module ContainersPreview
[196/285] Compiling NIOConcurrencyHelpers atomics.swift
[197/286] Compiling CoreMetrics MappingMetricsFactory.swift
[198/286] Compiling CoreMetrics Locks.swift
[200/286] Compiling CoreMetrics Metrics.swift
[201/286] Emitting module CoreMetrics
[202/287] Compiling Tracing TracingTime.swift
[203/287] Compiling ConcurrencyHelpers LockedValueBox.swift
[205/287] Compiling ContainersPreview OutputSpan+Extras.swift
[206/287] Compiling ContainersPreview TemporaryAllocation.swift
[207/287] Compiling ContainersPreview BorrowingIteratorProtocol+Copy.swift
[208/287] Compiling ContainersPreview BorrowingIteratorProtocol+ElementsEqual.swift
[209/287] Compiling ContainersPreview BorrowingIteratorProtocol+Filter.swift
[210/288] Compiling Tracing TracerProtocol.swift
[211/288] Emitting module Tracing
[213/303] Compiling HTTPTypes ISOLatin1String.swift
[214/303] Compiling HTTPTypes HTTPRequest.swift
[215/308] Compiling OrderedCollections OrderedSet+Partial SetAlgebra formSymmetricDifference.swift
[216/308] Compiling OrderedCollections OrderedSet+Partial SetAlgebra formUnion.swift
[217/308] Compiling OrderedCollections OrderedSet+Partial SetAlgebra intersection.swift
[218/308] Compiling OrderedCollections OrderedSet+Partial SetAlgebra isDisjoint.swift
[219/308] Compiling OrderedCollections OrderedSet+Partial SetAlgebra isEqualSet.swift
[220/308] Compiling OrderedCollections OrderedSet+Partial SetAlgebra isStrictSubset.swift
[221/308] Compiling OrderedCollections OrderedSet+Partial SetAlgebra isStrictSuperset.swift
[222/308] Compiling OrderedCollections OrderedSet+Partial SetAlgebra isSubset.swift
[223/356] Compiling Tracing Tracer.swift
[224/356] Compiling Tracing TracerProtocol+Legacy.swift
[225/356] Compiling ConcurrencyHelpers Lock.swift
[226/356] Emitting module ConcurrencyHelpers
[227/356] Compiling OrderedCollections OrderedSet+Partial SetAlgebra isSuperset.swift
[228/356] Compiling OrderedCollections OrderedSet+Partial SetAlgebra subtract.swift
[229/356] Compiling OrderedCollections OrderedSet+Partial SetAlgebra subtracting.swift
[230/356] Compiling OrderedCollections OrderedSet+Partial SetAlgebra symmetricDifference.swift
[231/356] Compiling OrderedCollections OrderedSet+Partial SetAlgebra union.swift
[232/356] Compiling OrderedCollections OrderedSet+Partial SetAlgebra+Basics.swift
[233/356] Compiling OrderedCollections OrderedSet+RandomAccessCollection.swift
[234/356] Compiling OrderedCollections OrderedSet+ReserveCapacity.swift
[235/357] Compiling HTTPTypes HTTPRequest+URL.swift
[236/357] Emitting module Metrics
[237/357] Compiling HTTPTypes HTTPResponse.swift
[239/357] Compiling Metrics Metrics.swift
[241/359] Compiling DequeModule RigidDeque+Initializers.swift
[242/359] Compiling DequeModule RigidDeque+Insertions.swift
[243/360] Compiling DequeModule RigidDeque+Experimental.swift
[244/360] Compiling DequeModule RigidDeque+Hashable.swift
[245/363] Compiling DequeModule Deque._Storage.swift
[246/363] Compiling DequeModule Deque._UnsafeHandle.swift
[247/363] Compiling DequeModule Deque.swift
[248/363] Compiling DequeModule RigidDeque+Equatable.swift
[249/363] Compiling DequeModule UniqueDeque+Initializers.swift
[250/363] Compiling DequeModule UniqueDeque+Insertions.swift
[251/363] Compiling DequeModule UniqueDeque+Prepend.swift
[252/363] Compiling DequeModule UniqueDeque+Removals.swift
[254/363] Emitting module UnixSignals
[255/364] Compiling Tracing NoOpTracer.swift
[256/364] Compiling Tracing SpanProtocol.swift
[259/365] Compiling UnixSignals UnixSignal.swift
[260/365] Compiling DequeModule UniqueDeque+Hashable.swift
[265/365] Compiling DequeModule UniqueDeque+Container.swift
[266/365] Compiling DequeModule UniqueDeque+Deprecated.swift
[267/365] Compiling DequeModule UniqueDeque+Descriptions.swift
[268/365] Compiling DequeModule UniqueDeque+Equatable.swift
[269/365] Compiling DequeModule UniqueDeque+Experimental.swift
[271/370] Compiling Atomics IntegerOperations.swift
[272/370] Compiling Atomics Unmanaged extensions.swift
[273/370] Compiling DequeModule _DequeBufferHeader.swift
[274/370] Compiling DequeModule RigidDeque+Append.swift
[275/370] Compiling DequeModule RigidDeque+Consumption.swift
[276/370] Compiling DequeModule RigidDeque+Container.swift
[277/370] Compiling DequeModule RigidDeque+Descriptions.swift
[278/370] Compiling DequeModule RigidDeque+Removals.swift
[279/370] Compiling DequeModule RigidDeque+Replacements.swift
[280/370] Compiling DequeModule RigidDeque+Testing.swift
[281/370] Compiling DequeModule RigidDeque.swift
[282/370] Compiling DequeModule UniqueDeque+Append.swift
[283/370] Compiling DequeModule UniqueDeque+Consumption.swift
[286/370] Compiling DequeModule Deque+Testing.swift
[294/370] Compiling UnixSignals UnixSignalsSequence.swift
[295/371] Compiling DequeModule Deque+Descriptions.swift
[296/371] Compiling DequeModule Deque+Equatable.swift
[297/371] Compiling DequeModule Deque+ExpressibleByArrayLiteral.swift
[319/371] Compiling DequeModule Deque+Codable.swift
[320/371] Compiling DequeModule Deque+Collection.swift
[321/371] Compiling DequeModule Deque+CustomReflectable.swift
[325/371] Compiling DequeModule Deque+Extras.swift
[326/371] Compiling DequeModule Deque+Hashable.swift
[335/371] Compiling OrderedCollections OrderedSet+Sendable.swift
[336/371] Compiling OrderedCollections OrderedSet+SubSequence.swift
[337/371] Compiling OrderedCollections OrderedSet+Testing.swift
[338/371] Compiling OrderedCollections OrderedSet+UnorderedView.swift
[339/371] Compiling OrderedCollections OrderedSet+UnstableInternals.swift
[340/371] Compiling OrderedCollections OrderedSet.swift
[341/371] Compiling OrderedCollections _UnsafeBitset.swift
[354/371] Emitting module HTTPTypes
[355/371] Compiling HTTPTypes HTTPFields.swift
[362/372] Emitting module Atomics
[367/373] Emitting module OrderedCollections
[369/459] Emitting module DequeModule
[370/459] Compiling GraphQL TypeFromAST.swift
[371/459] Compiling GraphQL TypeInfo.swift
[372/459] Compiling GraphQL ValueFromAST.swift
[373/459] Compiling GraphQL ValueFromASTUntyped.swift
[374/459] Compiling GraphQL NoDeprecatedCustomRule.swift
error: emit-module command failed with exit code 1 (use -v to see invocation)
[376/460] Emitting module GraphQL
/host/spi-builder-workspace/.build/checkouts/GraphQL/Sources/GraphQL/Execution/Execute.swift:1:8: error: no such module 'Dispatch'
   1 | import Dispatch
     |        `- error: no such module 'Dispatch'
   2 | import OrderedCollections
   3 |
/root/.swiftpm/swift-sdks/swift-6.2-RELEASE_wasm.artifactbundle/swift-6.2-RELEASE_wasm/wasm32-unknown-wasip1/swift.xctoolchain/usr/lib/swift_static/CoreFoundation/CoreFoundation.h:28:10: note: while building module 'wasi_emulated_signal' imported from /root/.swiftpm/swift-sdks/swift-6.2-RELEASE_wasm.artifactbundle/swift-6.2-RELEASE_wasm/wasm32-unknown-wasip1/swift.xctoolchain/usr/lib/swift_static/CoreFoundation/CoreFoundation.h:28:
 26 | #include <setjmp.h>
 27 | #endif
 28 | #include <signal.h>
    |          `- note: while building module 'wasi_emulated_signal' imported from /root/.swiftpm/swift-sdks/swift-6.2-RELEASE_wasm.artifactbundle/swift-6.2-RELEASE_wasm/wasm32-unknown-wasip1/swift.xctoolchain/usr/lib/swift_static/CoreFoundation/CoreFoundation.h:28:
 29 | #include <stddef.h>
 30 | #include <stdio.h>
<module-includes>:1:10: note: in file included from <module-includes>:1:
1 | #include "signal.h"
  |          `- note: in file included from <module-includes>:1:
2 |
[377/631] Compiling NIOCore NIOSplitLinesMessageDecoder.swift
/host/spi-builder-workspace/.build/checkouts/GraphQL/Sources/GraphQL/Execution/Execute.swift:1:8: error: no such module 'Dispatch'
   1 | import Dispatch
     |        `- error: no such module 'Dispatch'
   2 | import OrderedCollections
   3 |
/root/.swiftpm/swift-sdks/swift-6.2-RELEASE_wasm.artifactbundle/swift-6.2-RELEASE_wasm/wasm32-unknown-wasip1/swift.xctoolchain/usr/lib/swift_static/CoreFoundation/CoreFoundation.h:28:10: note: while building module 'wasi_emulated_signal' imported from /root/.swiftpm/swift-sdks/swift-6.2-RELEASE_wasm.artifactbundle/swift-6.2-RELEASE_wasm/wasm32-unknown-wasip1/swift.xctoolchain/usr/lib/swift_static/CoreFoundation/CoreFoundation.h:28:
 26 | #include <setjmp.h>
 27 | #endif
 28 | #include <signal.h>
    |          `- note: while building module 'wasi_emulated_signal' imported from /root/.swiftpm/swift-sdks/swift-6.2-RELEASE_wasm.artifactbundle/swift-6.2-RELEASE_wasm/wasm32-unknown-wasip1/swift.xctoolchain/usr/lib/swift_static/CoreFoundation/CoreFoundation.h:28:
 29 | #include <stddef.h>
 30 | #include <stdio.h>
<module-includes>:1:10: note: in file included from <module-includes>:1:
1 | #include "signal.h"
  |          `- note: in file included from <module-includes>:1:
2 |
[378/631] Compiling NIOCore NIOTransportAccessibleChannelCore.swift
/host/spi-builder-workspace/.build/checkouts/GraphQL/Sources/GraphQL/Execution/Execute.swift:1:8: error: no such module 'Dispatch'
   1 | import Dispatch
     |        `- error: no such module 'Dispatch'
   2 | import OrderedCollections
   3 |
/root/.swiftpm/swift-sdks/swift-6.2-RELEASE_wasm.artifactbundle/swift-6.2-RELEASE_wasm/wasm32-unknown-wasip1/swift.xctoolchain/usr/lib/swift_static/CoreFoundation/CoreFoundation.h:28:10: note: while building module 'wasi_emulated_signal' imported from /root/.swiftpm/swift-sdks/swift-6.2-RELEASE_wasm.artifactbundle/swift-6.2-RELEASE_wasm/wasm32-unknown-wasip1/swift.xctoolchain/usr/lib/swift_static/CoreFoundation/CoreFoundation.h:28:
 26 | #include <setjmp.h>
 27 | #endif
 28 | #include <signal.h>
    |          `- note: while building module 'wasi_emulated_signal' imported from /root/.swiftpm/swift-sdks/swift-6.2-RELEASE_wasm.artifactbundle/swift-6.2-RELEASE_wasm/wasm32-unknown-wasip1/swift.xctoolchain/usr/lib/swift_static/CoreFoundation/CoreFoundation.h:28:
 29 | #include <stddef.h>
 30 | #include <stdio.h>
<module-includes>:1:10: note: in file included from <module-includes>:1:
1 | #include "signal.h"
  |          `- note: in file included from <module-includes>:1:
2 |
[379/631] Compiling NIOCore RecvByteBufferAllocator.swift
/host/spi-builder-workspace/.build/checkouts/GraphQL/Sources/GraphQL/Execution/Execute.swift:1:8: error: no such module 'Dispatch'
   1 | import Dispatch
     |        `- error: no such module 'Dispatch'
   2 | import OrderedCollections
   3 |
/root/.swiftpm/swift-sdks/swift-6.2-RELEASE_wasm.artifactbundle/swift-6.2-RELEASE_wasm/wasm32-unknown-wasip1/swift.xctoolchain/usr/lib/swift_static/CoreFoundation/CoreFoundation.h:28:10: note: while building module 'wasi_emulated_signal' imported from /root/.swiftpm/swift-sdks/swift-6.2-RELEASE_wasm.artifactbundle/swift-6.2-RELEASE_wasm/wasm32-unknown-wasip1/swift.xctoolchain/usr/lib/swift_static/CoreFoundation/CoreFoundation.h:28:
 26 | #include <setjmp.h>
 27 | #endif
 28 | #include <signal.h>
    |          `- note: while building module 'wasi_emulated_signal' imported from /root/.swiftpm/swift-sdks/swift-6.2-RELEASE_wasm.artifactbundle/swift-6.2-RELEASE_wasm/wasm32-unknown-wasip1/swift.xctoolchain/usr/lib/swift_static/CoreFoundation/CoreFoundation.h:28:
 29 | #include <stddef.h>
 30 | #include <stdio.h>
<module-includes>:1:10: note: in file included from <module-includes>:1:
1 | #include "signal.h"
  |          `- note: in file included from <module-includes>:1:
2 |
[380/631] Compiling GraphQL KnownDirectivesRule.swift
/host/spi-builder-workspace/.build/checkouts/GraphQL/Sources/GraphQL/Execution/Execute.swift:1:8: error: no such module 'Dispatch'
   1 | import Dispatch
     |        `- error: no such module 'Dispatch'
   2 | import OrderedCollections
   3 |
/root/.swiftpm/swift-sdks/swift-6.2-RELEASE_wasm.artifactbundle/swift-6.2-RELEASE_wasm/wasm32-unknown-wasip1/swift.xctoolchain/usr/lib/swift_static/CoreFoundation/CoreFoundation.h:28:10: note: while building module 'wasi_emulated_signal' imported from /root/.swiftpm/swift-sdks/swift-6.2-RELEASE_wasm.artifactbundle/swift-6.2-RELEASE_wasm/wasm32-unknown-wasip1/swift.xctoolchain/usr/lib/swift_static/CoreFoundation/CoreFoundation.h:28:
 26 | #include <setjmp.h>
 27 | #endif
 28 | #include <signal.h>
    |          `- note: while building module 'wasi_emulated_signal' imported from /root/.swiftpm/swift-sdks/swift-6.2-RELEASE_wasm.artifactbundle/swift-6.2-RELEASE_wasm/wasm32-unknown-wasip1/swift.xctoolchain/usr/lib/swift_static/CoreFoundation/CoreFoundation.h:28:
 29 | #include <stddef.h>
 30 | #include <stdio.h>
<module-includes>:1:10: note: in file included from <module-includes>:1:
1 | #include "signal.h"
  |          `- note: in file included from <module-includes>:1:
2 |
[381/631] Compiling GraphQL KnownFragmentNamesRule.swift
/host/spi-builder-workspace/.build/checkouts/GraphQL/Sources/GraphQL/Execution/Execute.swift:1:8: error: no such module 'Dispatch'
   1 | import Dispatch
     |        `- error: no such module 'Dispatch'
   2 | import OrderedCollections
   3 |
/root/.swiftpm/swift-sdks/swift-6.2-RELEASE_wasm.artifactbundle/swift-6.2-RELEASE_wasm/wasm32-unknown-wasip1/swift.xctoolchain/usr/lib/swift_static/CoreFoundation/CoreFoundation.h:28:10: note: while building module 'wasi_emulated_signal' imported from /root/.swiftpm/swift-sdks/swift-6.2-RELEASE_wasm.artifactbundle/swift-6.2-RELEASE_wasm/wasm32-unknown-wasip1/swift.xctoolchain/usr/lib/swift_static/CoreFoundation/CoreFoundation.h:28:
 26 | #include <setjmp.h>
 27 | #endif
 28 | #include <signal.h>
    |          `- note: while building module 'wasi_emulated_signal' imported from /root/.swiftpm/swift-sdks/swift-6.2-RELEASE_wasm.artifactbundle/swift-6.2-RELEASE_wasm/wasm32-unknown-wasip1/swift.xctoolchain/usr/lib/swift_static/CoreFoundation/CoreFoundation.h:28:
 29 | #include <stddef.h>
 30 | #include <stdio.h>
<module-includes>:1:10: note: in file included from <module-includes>:1:
1 | #include "signal.h"
  |          `- note: in file included from <module-includes>:1:
2 |
[382/631] Compiling GraphQL KnownTypeNamesRule.swift
/host/spi-builder-workspace/.build/checkouts/GraphQL/Sources/GraphQL/Execution/Execute.swift:1:8: error: no such module 'Dispatch'
   1 | import Dispatch
     |        `- error: no such module 'Dispatch'
   2 | import OrderedCollections
   3 |
/root/.swiftpm/swift-sdks/swift-6.2-RELEASE_wasm.artifactbundle/swift-6.2-RELEASE_wasm/wasm32-unknown-wasip1/swift.xctoolchain/usr/lib/swift_static/CoreFoundation/CoreFoundation.h:28:10: note: while building module 'wasi_emulated_signal' imported from /root/.swiftpm/swift-sdks/swift-6.2-RELEASE_wasm.artifactbundle/swift-6.2-RELEASE_wasm/wasm32-unknown-wasip1/swift.xctoolchain/usr/lib/swift_static/CoreFoundation/CoreFoundation.h:28:
 26 | #include <setjmp.h>
 27 | #endif
 28 | #include <signal.h>
    |          `- note: while building module 'wasi_emulated_signal' imported from /root/.swiftpm/swift-sdks/swift-6.2-RELEASE_wasm.artifactbundle/swift-6.2-RELEASE_wasm/wasm32-unknown-wasip1/swift.xctoolchain/usr/lib/swift_static/CoreFoundation/CoreFoundation.h:28:
 29 | #include <stddef.h>
 30 | #include <stdio.h>
<module-includes>:1:10: note: in file included from <module-includes>:1:
1 | #include "signal.h"
  |          `- note: in file included from <module-includes>:1:
2 |
[383/631] Compiling GraphQL LoneAnonymousOperationRule.swift
/host/spi-builder-workspace/.build/checkouts/GraphQL/Sources/GraphQL/Execution/Execute.swift:1:8: error: no such module 'Dispatch'
   1 | import Dispatch
     |        `- error: no such module 'Dispatch'
   2 | import OrderedCollections
   3 |
/root/.swiftpm/swift-sdks/swift-6.2-RELEASE_wasm.artifactbundle/swift-6.2-RELEASE_wasm/wasm32-unknown-wasip1/swift.xctoolchain/usr/lib/swift_static/CoreFoundation/CoreFoundation.h:28:10: note: while building module 'wasi_emulated_signal' imported from /root/.swiftpm/swift-sdks/swift-6.2-RELEASE_wasm.artifactbundle/swift-6.2-RELEASE_wasm/wasm32-unknown-wasip1/swift.xctoolchain/usr/lib/swift_static/CoreFoundation/CoreFoundation.h:28:
 26 | #include <setjmp.h>
 27 | #endif
 28 | #include <signal.h>
    |          `- note: while building module 'wasi_emulated_signal' imported from /root/.swiftpm/swift-sdks/swift-6.2-RELEASE_wasm.artifactbundle/swift-6.2-RELEASE_wasm/wasm32-unknown-wasip1/swift.xctoolchain/usr/lib/swift_static/CoreFoundation/CoreFoundation.h:28:
 29 | #include <stddef.h>
 30 | #include <stdio.h>
<module-includes>:1:10: note: in file included from <module-includes>:1:
1 | #include "signal.h"
  |          `- note: in file included from <module-includes>:1:
2 |
[384/631] Compiling GraphQL LoneSchemaDefinitionRule.swift
/host/spi-builder-workspace/.build/checkouts/GraphQL/Sources/GraphQL/Execution/Execute.swift:1:8: error: no such module 'Dispatch'
   1 | import Dispatch
     |        `- error: no such module 'Dispatch'
   2 | import OrderedCollections
   3 |
/root/.swiftpm/swift-sdks/swift-6.2-RELEASE_wasm.artifactbundle/swift-6.2-RELEASE_wasm/wasm32-unknown-wasip1/swift.xctoolchain/usr/lib/swift_static/CoreFoundation/CoreFoundation.h:28:10: note: while building module 'wasi_emulated_signal' imported from /root/.swiftpm/swift-sdks/swift-6.2-RELEASE_wasm.artifactbundle/swift-6.2-RELEASE_wasm/wasm32-unknown-wasip1/swift.xctoolchain/usr/lib/swift_static/CoreFoundation/CoreFoundation.h:28:
 26 | #include <setjmp.h>
 27 | #endif
 28 | #include <signal.h>
    |          `- note: while building module 'wasi_emulated_signal' imported from /root/.swiftpm/swift-sdks/swift-6.2-RELEASE_wasm.artifactbundle/swift-6.2-RELEASE_wasm/wasm32-unknown-wasip1/swift.xctoolchain/usr/lib/swift_static/CoreFoundation/CoreFoundation.h:28:
 29 | #include <stddef.h>
 30 | #include <stdio.h>
<module-includes>:1:10: note: in file included from <module-includes>:1:
1 | #include "signal.h"
  |          `- note: in file included from <module-includes>:1:
2 |
[385/631] Compiling GraphQL NoFragmentCyclesRule.swift
/host/spi-builder-workspace/.build/checkouts/GraphQL/Sources/GraphQL/Execution/Execute.swift:1:8: error: no such module 'Dispatch'
   1 | import Dispatch
     |        `- error: no such module 'Dispatch'
   2 | import OrderedCollections
   3 |
/root/.swiftpm/swift-sdks/swift-6.2-RELEASE_wasm.artifactbundle/swift-6.2-RELEASE_wasm/wasm32-unknown-wasip1/swift.xctoolchain/usr/lib/swift_static/CoreFoundation/CoreFoundation.h:28:10: note: while building module 'wasi_emulated_signal' imported from /root/.swiftpm/swift-sdks/swift-6.2-RELEASE_wasm.artifactbundle/swift-6.2-RELEASE_wasm/wasm32-unknown-wasip1/swift.xctoolchain/usr/lib/swift_static/CoreFoundation/CoreFoundation.h:28:
 26 | #include <setjmp.h>
 27 | #endif
 28 | #include <signal.h>
    |          `- note: while building module 'wasi_emulated_signal' imported from /root/.swiftpm/swift-sdks/swift-6.2-RELEASE_wasm.artifactbundle/swift-6.2-RELEASE_wasm/wasm32-unknown-wasip1/swift.xctoolchain/usr/lib/swift_static/CoreFoundation/CoreFoundation.h:28:
 29 | #include <stddef.h>
 30 | #include <stdio.h>
<module-includes>:1:10: note: in file included from <module-includes>:1:
1 | #include "signal.h"
  |          `- note: in file included from <module-includes>:1:
2 |
[386/631] Compiling GraphQL NoUndefinedVariablesRule.swift
/host/spi-builder-workspace/.build/checkouts/GraphQL/Sources/GraphQL/Execution/Execute.swift:1:8: error: no such module 'Dispatch'
   1 | import Dispatch
     |        `- error: no such module 'Dispatch'
   2 | import OrderedCollections
   3 |
/root/.swiftpm/swift-sdks/swift-6.2-RELEASE_wasm.artifactbundle/swift-6.2-RELEASE_wasm/wasm32-unknown-wasip1/swift.xctoolchain/usr/lib/swift_static/CoreFoundation/CoreFoundation.h:28:10: note: while building module 'wasi_emulated_signal' imported from /root/.swiftpm/swift-sdks/swift-6.2-RELEASE_wasm.artifactbundle/swift-6.2-RELEASE_wasm/wasm32-unknown-wasip1/swift.xctoolchain/usr/lib/swift_static/CoreFoundation/CoreFoundation.h:28:
 26 | #include <setjmp.h>
 27 | #endif
 28 | #include <signal.h>
    |          `- note: while building module 'wasi_emulated_signal' imported from /root/.swiftpm/swift-sdks/swift-6.2-RELEASE_wasm.artifactbundle/swift-6.2-RELEASE_wasm/wasm32-unknown-wasip1/swift.xctoolchain/usr/lib/swift_static/CoreFoundation/CoreFoundation.h:28:
 29 | #include <stddef.h>
 30 | #include <stdio.h>
<module-includes>:1:10: note: in file included from <module-includes>:1:
1 | #include "signal.h"
  |          `- note: in file included from <module-includes>:1:
2 |
[387/631] Compiling GraphQL NoUnusedFragmentsRule.swift
/host/spi-builder-workspace/.build/checkouts/GraphQL/Sources/GraphQL/Execution/Execute.swift:1:8: error: no such module 'Dispatch'
   1 | import Dispatch
     |        `- error: no such module 'Dispatch'
   2 | import OrderedCollections
   3 |
/root/.swiftpm/swift-sdks/swift-6.2-RELEASE_wasm.artifactbundle/swift-6.2-RELEASE_wasm/wasm32-unknown-wasip1/swift.xctoolchain/usr/lib/swift_static/CoreFoundation/CoreFoundation.h:28:10: note: while building module 'wasi_emulated_signal' imported from /root/.swiftpm/swift-sdks/swift-6.2-RELEASE_wasm.artifactbundle/swift-6.2-RELEASE_wasm/wasm32-unknown-wasip1/swift.xctoolchain/usr/lib/swift_static/CoreFoundation/CoreFoundation.h:28:
 26 | #include <setjmp.h>
 27 | #endif
 28 | #include <signal.h>
    |          `- note: while building module 'wasi_emulated_signal' imported from /root/.swiftpm/swift-sdks/swift-6.2-RELEASE_wasm.artifactbundle/swift-6.2-RELEASE_wasm/wasm32-unknown-wasip1/swift.xctoolchain/usr/lib/swift_static/CoreFoundation/CoreFoundation.h:28:
 29 | #include <stddef.h>
 30 | #include <stdio.h>
<module-includes>:1:10: note: in file included from <module-includes>:1:
1 | #include "signal.h"
  |          `- note: in file included from <module-includes>:1:
2 |
[388/631] Compiling GraphQL NoUnusedVariablesRule.swift
/host/spi-builder-workspace/.build/checkouts/GraphQL/Sources/GraphQL/Execution/Execute.swift:1:8: error: no such module 'Dispatch'
   1 | import Dispatch
     |        `- error: no such module 'Dispatch'
   2 | import OrderedCollections
   3 |
/root/.swiftpm/swift-sdks/swift-6.2-RELEASE_wasm.artifactbundle/swift-6.2-RELEASE_wasm/wasm32-unknown-wasip1/swift.xctoolchain/usr/lib/swift_static/CoreFoundation/CoreFoundation.h:28:10: note: while building module 'wasi_emulated_signal' imported from /root/.swiftpm/swift-sdks/swift-6.2-RELEASE_wasm.artifactbundle/swift-6.2-RELEASE_wasm/wasm32-unknown-wasip1/swift.xctoolchain/usr/lib/swift_static/CoreFoundation/CoreFoundation.h:28:
 26 | #include <setjmp.h>
 27 | #endif
 28 | #include <signal.h>
    |          `- note: while building module 'wasi_emulated_signal' imported from /root/.swiftpm/swift-sdks/swift-6.2-RELEASE_wasm.artifactbundle/swift-6.2-RELEASE_wasm/wasm32-unknown-wasip1/swift.xctoolchain/usr/lib/swift_static/CoreFoundation/CoreFoundation.h:28:
 29 | #include <stddef.h>
 30 | #include <stdio.h>
<module-includes>:1:10: note: in file included from <module-includes>:1:
1 | #include "signal.h"
  |          `- note: in file included from <module-includes>:1:
2 |
[389/631] Compiling GraphQL PossibleFragmentSpreadsRule.swift
/host/spi-builder-workspace/.build/checkouts/GraphQL/Sources/GraphQL/Execution/Execute.swift:1:8: error: no such module 'Dispatch'
   1 | import Dispatch
     |        `- error: no such module 'Dispatch'
   2 | import OrderedCollections
   3 |
/root/.swiftpm/swift-sdks/swift-6.2-RELEASE_wasm.artifactbundle/swift-6.2-RELEASE_wasm/wasm32-unknown-wasip1/swift.xctoolchain/usr/lib/swift_static/CoreFoundation/CoreFoundation.h:28:10: note: while building module 'wasi_emulated_signal' imported from /root/.swiftpm/swift-sdks/swift-6.2-RELEASE_wasm.artifactbundle/swift-6.2-RELEASE_wasm/wasm32-unknown-wasip1/swift.xctoolchain/usr/lib/swift_static/CoreFoundation/CoreFoundation.h:28:
 26 | #include <setjmp.h>
 27 | #endif
 28 | #include <signal.h>
    |          `- note: while building module 'wasi_emulated_signal' imported from /root/.swiftpm/swift-sdks/swift-6.2-RELEASE_wasm.artifactbundle/swift-6.2-RELEASE_wasm/wasm32-unknown-wasip1/swift.xctoolchain/usr/lib/swift_static/CoreFoundation/CoreFoundation.h:28:
 29 | #include <stddef.h>
 30 | #include <stdio.h>
<module-includes>:1:10: note: in file included from <module-includes>:1:
1 | #include "signal.h"
  |          `- note: in file included from <module-includes>:1:
2 |
[390/631] Compiling GraphQL PossibleTypeExtensionsRule.swift
/host/spi-builder-workspace/.build/checkouts/GraphQL/Sources/GraphQL/Execution/Execute.swift:1:8: error: no such module 'Dispatch'
   1 | import Dispatch
     |        `- error: no such module 'Dispatch'
   2 | import OrderedCollections
   3 |
/root/.swiftpm/swift-sdks/swift-6.2-RELEASE_wasm.artifactbundle/swift-6.2-RELEASE_wasm/wasm32-unknown-wasip1/swift.xctoolchain/usr/lib/swift_static/CoreFoundation/CoreFoundation.h:28:10: note: while building module 'wasi_emulated_signal' imported from /root/.swiftpm/swift-sdks/swift-6.2-RELEASE_wasm.artifactbundle/swift-6.2-RELEASE_wasm/wasm32-unknown-wasip1/swift.xctoolchain/usr/lib/swift_static/CoreFoundation/CoreFoundation.h:28:
 26 | #include <setjmp.h>
 27 | #endif
 28 | #include <signal.h>
    |          `- note: while building module 'wasi_emulated_signal' imported from /root/.swiftpm/swift-sdks/swift-6.2-RELEASE_wasm.artifactbundle/swift-6.2-RELEASE_wasm/wasm32-unknown-wasip1/swift.xctoolchain/usr/lib/swift_static/CoreFoundation/CoreFoundation.h:28:
 29 | #include <stddef.h>
 30 | #include <stdio.h>
<module-includes>:1:10: note: in file included from <module-includes>:1:
1 | #include "signal.h"
  |          `- note: in file included from <module-includes>:1:
2 |
[391/631] Compiling GraphQL ProvidedRequiredArgumentsOnDirectivesRule.swift
/host/spi-builder-workspace/.build/checkouts/GraphQL/Sources/GraphQL/Execution/Execute.swift:1:8: error: no such module 'Dispatch'
   1 | import Dispatch
     |        `- error: no such module 'Dispatch'
   2 | import OrderedCollections
   3 |
/root/.swiftpm/swift-sdks/swift-6.2-RELEASE_wasm.artifactbundle/swift-6.2-RELEASE_wasm/wasm32-unknown-wasip1/swift.xctoolchain/usr/lib/swift_static/CoreFoundation/CoreFoundation.h:28:10: note: while building module 'wasi_emulated_signal' imported from /root/.swiftpm/swift-sdks/swift-6.2-RELEASE_wasm.artifactbundle/swift-6.2-RELEASE_wasm/wasm32-unknown-wasip1/swift.xctoolchain/usr/lib/swift_static/CoreFoundation/CoreFoundation.h:28:
 26 | #include <setjmp.h>
 27 | #endif
 28 | #include <signal.h>
    |          `- note: while building module 'wasi_emulated_signal' imported from /root/.swiftpm/swift-sdks/swift-6.2-RELEASE_wasm.artifactbundle/swift-6.2-RELEASE_wasm/wasm32-unknown-wasip1/swift.xctoolchain/usr/lib/swift_static/CoreFoundation/CoreFoundation.h:28:
 29 | #include <stddef.h>
 30 | #include <stdio.h>
<module-includes>:1:10: note: in file included from <module-includes>:1:
1 | #include "signal.h"
  |          `- note: in file included from <module-includes>:1:
2 |
[392/631] Compiling GraphQL ProvidedRequiredArgumentsRule.swift
/host/spi-builder-workspace/.build/checkouts/GraphQL/Sources/GraphQL/Execution/Execute.swift:1:8: error: no such module 'Dispatch'
   1 | import Dispatch
     |        `- error: no such module 'Dispatch'
   2 | import OrderedCollections
   3 |
/root/.swiftpm/swift-sdks/swift-6.2-RELEASE_wasm.artifactbundle/swift-6.2-RELEASE_wasm/wasm32-unknown-wasip1/swift.xctoolchain/usr/lib/swift_static/CoreFoundation/CoreFoundation.h:28:10: note: while building module 'wasi_emulated_signal' imported from /root/.swiftpm/swift-sdks/swift-6.2-RELEASE_wasm.artifactbundle/swift-6.2-RELEASE_wasm/wasm32-unknown-wasip1/swift.xctoolchain/usr/lib/swift_static/CoreFoundation/CoreFoundation.h:28:
 26 | #include <setjmp.h>
 27 | #endif
 28 | #include <signal.h>
    |          `- note: while building module 'wasi_emulated_signal' imported from /root/.swiftpm/swift-sdks/swift-6.2-RELEASE_wasm.artifactbundle/swift-6.2-RELEASE_wasm/wasm32-unknown-wasip1/swift.xctoolchain/usr/lib/swift_static/CoreFoundation/CoreFoundation.h:28:
 29 | #include <stddef.h>
 30 | #include <stdio.h>
<module-includes>:1:10: note: in file included from <module-includes>:1:
1 | #include "signal.h"
  |          `- note: in file included from <module-includes>:1:
2 |
[393/631] Compiling GraphQL ScalarLeafsRule.swift
/host/spi-builder-workspace/.build/checkouts/GraphQL/Sources/GraphQL/Execution/Execute.swift:1:8: error: no such module 'Dispatch'
   1 | import Dispatch
     |        `- error: no such module 'Dispatch'
   2 | import OrderedCollections
   3 |
/root/.swiftpm/swift-sdks/swift-6.2-RELEASE_wasm.artifactbundle/swift-6.2-RELEASE_wasm/wasm32-unknown-wasip1/swift.xctoolchain/usr/lib/swift_static/CoreFoundation/CoreFoundation.h:28:10: note: while building module 'wasi_emulated_signal' imported from /root/.swiftpm/swift-sdks/swift-6.2-RELEASE_wasm.artifactbundle/swift-6.2-RELEASE_wasm/wasm32-unknown-wasip1/swift.xctoolchain/usr/lib/swift_static/CoreFoundation/CoreFoundation.h:28:
 26 | #include <setjmp.h>
 27 | #endif
 28 | #include <signal.h>
    |          `- note: while building module 'wasi_emulated_signal' imported from /root/.swiftpm/swift-sdks/swift-6.2-RELEASE_wasm.artifactbundle/swift-6.2-RELEASE_wasm/wasm32-unknown-wasip1/swift.xctoolchain/usr/lib/swift_static/CoreFoundation/CoreFoundation.h:28:
 29 | #include <stddef.h>
 30 | #include <stdio.h>
<module-includes>:1:10: note: in file included from <module-includes>:1:
1 | #include "signal.h"
  |          `- note: in file included from <module-includes>:1:
2 |
[394/631] Compiling GraphQL UniqueArgumentDefinitionNamesRule.swift
/host/spi-builder-workspace/.build/checkouts/GraphQL/Sources/GraphQL/Execution/Execute.swift:1:8: error: no such module 'Dispatch'
   1 | import Dispatch
     |        `- error: no such module 'Dispatch'
   2 | import OrderedCollections
   3 |
/root/.swiftpm/swift-sdks/swift-6.2-RELEASE_wasm.artifactbundle/swift-6.2-RELEASE_wasm/wasm32-unknown-wasip1/swift.xctoolchain/usr/lib/swift_static/CoreFoundation/CoreFoundation.h:28:10: note: while building module 'wasi_emulated_signal' imported from /root/.swiftpm/swift-sdks/swift-6.2-RELEASE_wasm.artifactbundle/swift-6.2-RELEASE_wasm/wasm32-unknown-wasip1/swift.xctoolchain/usr/lib/swift_static/CoreFoundation/CoreFoundation.h:28:
 26 | #include <setjmp.h>
 27 | #endif
 28 | #include <signal.h>
    |          `- note: while building module 'wasi_emulated_signal' imported from /root/.swiftpm/swift-sdks/swift-6.2-RELEASE_wasm.artifactbundle/swift-6.2-RELEASE_wasm/wasm32-unknown-wasip1/swift.xctoolchain/usr/lib/swift_static/CoreFoundation/CoreFoundation.h:28:
 29 | #include <stddef.h>
 30 | #include <stdio.h>
<module-includes>:1:10: note: in file included from <module-includes>:1:
1 | #include "signal.h"
  |          `- note: in file included from <module-includes>:1:
2 |
[395/631] Compiling GraphQL UniqueArgumentNamesRule.swift
/host/spi-builder-workspace/.build/checkouts/GraphQL/Sources/GraphQL/Execution/Execute.swift:1:8: error: no such module 'Dispatch'
   1 | import Dispatch
     |        `- error: no such module 'Dispatch'
   2 | import OrderedCollections
   3 |
/root/.swiftpm/swift-sdks/swift-6.2-RELEASE_wasm.artifactbundle/swift-6.2-RELEASE_wasm/wasm32-unknown-wasip1/swift.xctoolchain/usr/lib/swift_static/CoreFoundation/CoreFoundation.h:28:10: note: while building module 'wasi_emulated_signal' imported from /root/.swiftpm/swift-sdks/swift-6.2-RELEASE_wasm.artifactbundle/swift-6.2-RELEASE_wasm/wasm32-unknown-wasip1/swift.xctoolchain/usr/lib/swift_static/CoreFoundation/CoreFoundation.h:28:
 26 | #include <setjmp.h>
 27 | #endif
 28 | #include <signal.h>
    |          `- note: while building module 'wasi_emulated_signal' imported from /root/.swiftpm/swift-sdks/swift-6.2-RELEASE_wasm.artifactbundle/swift-6.2-RELEASE_wasm/wasm32-unknown-wasip1/swift.xctoolchain/usr/lib/swift_static/CoreFoundation/CoreFoundation.h:28:
 29 | #include <stddef.h>
 30 | #include <stdio.h>
<module-includes>:1:10: note: in file included from <module-includes>:1:
1 | #include "signal.h"
  |          `- note: in file included from <module-includes>:1:
2 |
[396/631] Compiling GraphQL UniqueDirectiveNamesRule.swift
/host/spi-builder-workspace/.build/checkouts/GraphQL/Sources/GraphQL/Execution/Execute.swift:1:8: error: no such module 'Dispatch'
   1 | import Dispatch
     |        `- error: no such module 'Dispatch'
   2 | import OrderedCollections
   3 |
/root/.swiftpm/swift-sdks/swift-6.2-RELEASE_wasm.artifactbundle/swift-6.2-RELEASE_wasm/wasm32-unknown-wasip1/swift.xctoolchain/usr/lib/swift_static/CoreFoundation/CoreFoundation.h:28:10: note: while building module 'wasi_emulated_signal' imported from /root/.swiftpm/swift-sdks/swift-6.2-RELEASE_wasm.artifactbundle/swift-6.2-RELEASE_wasm/wasm32-unknown-wasip1/swift.xctoolchain/usr/lib/swift_static/CoreFoundation/CoreFoundation.h:28:
 26 | #include <setjmp.h>
 27 | #endif
 28 | #include <signal.h>
    |          `- note: while building module 'wasi_emulated_signal' imported from /root/.swiftpm/swift-sdks/swift-6.2-RELEASE_wasm.artifactbundle/swift-6.2-RELEASE_wasm/wasm32-unknown-wasip1/swift.xctoolchain/usr/lib/swift_static/CoreFoundation/CoreFoundation.h:28:
 29 | #include <stddef.h>
 30 | #include <stdio.h>
<module-includes>:1:10: note: in file included from <module-includes>:1:
1 | #include "signal.h"
  |          `- note: in file included from <module-includes>:1:
2 |
[397/631] Compiling GraphQL UniqueDirectivesPerLocationRule.swift
/host/spi-builder-workspace/.build/checkouts/GraphQL/Sources/GraphQL/Execution/Execute.swift:1:8: error: no such module 'Dispatch'
   1 | import Dispatch
     |        `- error: no such module 'Dispatch'
   2 | import OrderedCollections
   3 |
/root/.swiftpm/swift-sdks/swift-6.2-RELEASE_wasm.artifactbundle/swift-6.2-RELEASE_wasm/wasm32-unknown-wasip1/swift.xctoolchain/usr/lib/swift_static/CoreFoundation/CoreFoundation.h:28:10: note: while building module 'wasi_emulated_signal' imported from /root/.swiftpm/swift-sdks/swift-6.2-RELEASE_wasm.artifactbundle/swift-6.2-RELEASE_wasm/wasm32-unknown-wasip1/swift.xctoolchain/usr/lib/swift_static/CoreFoundation/CoreFoundation.h:28:
 26 | #include <setjmp.h>
 27 | #endif
 28 | #include <signal.h>
    |          `- note: while building module 'wasi_emulated_signal' imported from /root/.swiftpm/swift-sdks/swift-6.2-RELEASE_wasm.artifactbundle/swift-6.2-RELEASE_wasm/wasm32-unknown-wasip1/swift.xctoolchain/usr/lib/swift_static/CoreFoundation/CoreFoundation.h:28:
 29 | #include <stddef.h>
 30 | #include <stdio.h>
<module-includes>:1:10: note: in file included from <module-includes>:1:
1 | #include "signal.h"
  |          `- note: in file included from <module-includes>:1:
2 |
[398/631] Compiling GraphQL UniqueEnumValueNamesRule.swift
/host/spi-builder-workspace/.build/checkouts/GraphQL/Sources/GraphQL/Execution/Execute.swift:1:8: error: no such module 'Dispatch'
   1 | import Dispatch
     |        `- error: no such module 'Dispatch'
   2 | import OrderedCollections
   3 |
/root/.swiftpm/swift-sdks/swift-6.2-RELEASE_wasm.artifactbundle/swift-6.2-RELEASE_wasm/wasm32-unknown-wasip1/swift.xctoolchain/usr/lib/swift_static/CoreFoundation/CoreFoundation.h:28:10: note: while building module 'wasi_emulated_signal' imported from /root/.swiftpm/swift-sdks/swift-6.2-RELEASE_wasm.artifactbundle/swift-6.2-RELEASE_wasm/wasm32-unknown-wasip1/swift.xctoolchain/usr/lib/swift_static/CoreFoundation/CoreFoundation.h:28:
 26 | #include <setjmp.h>
 27 | #endif
 28 | #include <signal.h>
    |          `- note: while building module 'wasi_emulated_signal' imported from /root/.swiftpm/swift-sdks/swift-6.2-RELEASE_wasm.artifactbundle/swift-6.2-RELEASE_wasm/wasm32-unknown-wasip1/swift.xctoolchain/usr/lib/swift_static/CoreFoundation/CoreFoundation.h:28:
 29 | #include <stddef.h>
 30 | #include <stdio.h>
<module-includes>:1:10: note: in file included from <module-includes>:1:
1 | #include "signal.h"
  |          `- note: in file included from <module-includes>:1:
2 |
[399/631] Compiling GraphQL UniqueFieldDefinitionNamesRule.swift
/host/spi-builder-workspace/.build/checkouts/GraphQL/Sources/GraphQL/Execution/Execute.swift:1:8: error: no such module 'Dispatch'
   1 | import Dispatch
     |        `- error: no such module 'Dispatch'
   2 | import OrderedCollections
   3 |
/root/.swiftpm/swift-sdks/swift-6.2-RELEASE_wasm.artifactbundle/swift-6.2-RELEASE_wasm/wasm32-unknown-wasip1/swift.xctoolchain/usr/lib/swift_static/CoreFoundation/CoreFoundation.h:28:10: note: while building module 'wasi_emulated_signal' imported from /root/.swiftpm/swift-sdks/swift-6.2-RELEASE_wasm.artifactbundle/swift-6.2-RELEASE_wasm/wasm32-unknown-wasip1/swift.xctoolchain/usr/lib/swift_static/CoreFoundation/CoreFoundation.h:28:
 26 | #include <setjmp.h>
 27 | #endif
 28 | #include <signal.h>
    |          `- note: while building module 'wasi_emulated_signal' imported from /root/.swiftpm/swift-sdks/swift-6.2-RELEASE_wasm.artifactbundle/swift-6.2-RELEASE_wasm/wasm32-unknown-wasip1/swift.xctoolchain/usr/lib/swift_static/CoreFoundation/CoreFoundation.h:28:
 29 | #include <stddef.h>
 30 | #include <stdio.h>
<module-includes>:1:10: note: in file included from <module-includes>:1:
1 | #include "signal.h"
  |          `- note: in file included from <module-includes>:1:
2 |
[400/631] Compiling GraphQL UniqueFragmentNamesRule.swift
/host/spi-builder-workspace/.build/checkouts/GraphQL/Sources/GraphQL/Execution/Execute.swift:1:8: error: no such module 'Dispatch'
   1 | import Dispatch
     |        `- error: no such module 'Dispatch'
   2 | import OrderedCollections
   3 |
/root/.swiftpm/swift-sdks/swift-6.2-RELEASE_wasm.artifactbundle/swift-6.2-RELEASE_wasm/wasm32-unknown-wasip1/swift.xctoolchain/usr/lib/swift_static/CoreFoundation/CoreFoundation.h:28:10: note: while building module 'wasi_emulated_signal' imported from /root/.swiftpm/swift-sdks/swift-6.2-RELEASE_wasm.artifactbundle/swift-6.2-RELEASE_wasm/wasm32-unknown-wasip1/swift.xctoolchain/usr/lib/swift_static/CoreFoundation/CoreFoundation.h:28:
 26 | #include <setjmp.h>
 27 | #endif
 28 | #include <signal.h>
    |          `- note: while building module 'wasi_emulated_signal' imported from /root/.swiftpm/swift-sdks/swift-6.2-RELEASE_wasm.artifactbundle/swift-6.2-RELEASE_wasm/wasm32-unknown-wasip1/swift.xctoolchain/usr/lib/swift_static/CoreFoundation/CoreFoundation.h:28:
 29 | #include <stddef.h>
 30 | #include <stdio.h>
<module-includes>:1:10: note: in file included from <module-includes>:1:
1 | #include "signal.h"
  |          `- note: in file included from <module-includes>:1:
2 |
[401/631] Compiling Configuration JSONSnapshot.swift
[402/631] Compiling Configuration PropertyListSnapshot.swift
[403/631] Compiling Configuration ReloadingFileProvider.swift
[404/631] Compiling Configuration ReloadingFileProviderMetrics.swift
[405/631] Compiling Configuration YAMLSnapshot.swift
[406/631] Compiling AsyncAlgorithms _TinyArray.swift
[407/636] Compiling Configuration ConfigProviderHelpers.swift
/host/spi-builder-workspace/.build/checkouts/GraphQL/Sources/GraphQL/Execution/Execute.swift:1:8: error: no such module 'Dispatch'
   1 | import Dispatch
     |        `- error: no such module 'Dispatch'
   2 | import OrderedCollections
   3 |
/root/.swiftpm/swift-sdks/swift-6.2-RELEASE_wasm.artifactbundle/swift-6.2-RELEASE_wasm/wasm32-unknown-wasip1/swift.xctoolchain/usr/lib/swift_static/CoreFoundation/CoreFoundation.h:28:10: note: while building module 'wasi_emulated_signal' imported from /root/.swiftpm/swift-sdks/swift-6.2-RELEASE_wasm.artifactbundle/swift-6.2-RELEASE_wasm/wasm32-unknown-wasip1/swift.xctoolchain/usr/lib/swift_static/CoreFoundation/CoreFoundation.h:28:
 26 | #include <setjmp.h>
 27 | #endif
 28 | #include <signal.h>
    |          `- note: while building module 'wasi_emulated_signal' imported from /root/.swiftpm/swift-sdks/swift-6.2-RELEASE_wasm.artifactbundle/swift-6.2-RELEASE_wasm/wasm32-unknown-wasip1/swift.xctoolchain/usr/lib/swift_static/CoreFoundation/CoreFoundation.h:28:
 29 | #include <stddef.h>
 30 | #include <stdio.h>
<module-includes>:1:10: note: in file included from <module-includes>:1:
1 | #include "signal.h"
  |          `- note: in file included from <module-includes>:1:
2 |
[408/636] Compiling Configuration ConfigReader+internalHelpers.swift
/host/spi-builder-workspace/.build/checkouts/GraphQL/Sources/GraphQL/Execution/Execute.swift:1:8: error: no such module 'Dispatch'
   1 | import Dispatch
     |        `- error: no such module 'Dispatch'
   2 | import OrderedCollections
   3 |
/root/.swiftpm/swift-sdks/swift-6.2-RELEASE_wasm.artifactbundle/swift-6.2-RELEASE_wasm/wasm32-unknown-wasip1/swift.xctoolchain/usr/lib/swift_static/CoreFoundation/CoreFoundation.h:28:10: note: while building module 'wasi_emulated_signal' imported from /root/.swiftpm/swift-sdks/swift-6.2-RELEASE_wasm.artifactbundle/swift-6.2-RELEASE_wasm/wasm32-unknown-wasip1/swift.xctoolchain/usr/lib/swift_static/CoreFoundation/CoreFoundation.h:28:
 26 | #include <setjmp.h>
 27 | #endif
 28 | #include <signal.h>
    |          `- note: while building module 'wasi_emulated_signal' imported from /root/.swiftpm/swift-sdks/swift-6.2-RELEASE_wasm.artifactbundle/swift-6.2-RELEASE_wasm/wasm32-unknown-wasip1/swift.xctoolchain/usr/lib/swift_static/CoreFoundation/CoreFoundation.h:28:
 29 | #include <stddef.h>
 30 | #include <stdio.h>
<module-includes>:1:10: note: in file included from <module-includes>:1:
1 | #include "signal.h"
  |          `- note: in file included from <module-includes>:1:
2 |
[409/636] Compiling Configuration ConfigReader+methods.swift
/host/spi-builder-workspace/.build/checkouts/GraphQL/Sources/GraphQL/Execution/Execute.swift:1:8: error: no such module 'Dispatch'
   1 | import Dispatch
     |        `- error: no such module 'Dispatch'
   2 | import OrderedCollections
   3 |
/root/.swiftpm/swift-sdks/swift-6.2-RELEASE_wasm.artifactbundle/swift-6.2-RELEASE_wasm/wasm32-unknown-wasip1/swift.xctoolchain/usr/lib/swift_static/CoreFoundation/CoreFoundation.h:28:10: note: while building module 'wasi_emulated_signal' imported from /root/.swiftpm/swift-sdks/swift-6.2-RELEASE_wasm.artifactbundle/swift-6.2-RELEASE_wasm/wasm32-unknown-wasip1/swift.xctoolchain/usr/lib/swift_static/CoreFoundation/CoreFoundation.h:28:
 26 | #include <setjmp.h>
 27 | #endif
 28 | #include <signal.h>
    |          `- note: while building module 'wasi_emulated_signal' imported from /root/.swiftpm/swift-sdks/swift-6.2-RELEASE_wasm.artifactbundle/swift-6.2-RELEASE_wasm/wasm32-unknown-wasip1/swift.xctoolchain/usr/lib/swift_static/CoreFoundation/CoreFoundation.h:28:
 29 | #include <stddef.h>
 30 | #include <stdio.h>
<module-includes>:1:10: note: in file included from <module-includes>:1:
1 | #include "signal.h"
  |          `- note: in file included from <module-includes>:1:
2 |
[410/636] Compiling AsyncAlgorithms AsyncJoinedBySeparatorSequence.swift
/host/spi-builder-workspace/.build/checkouts/GraphQL/Sources/GraphQL/Execution/Execute.swift:1:8: error: no such module 'Dispatch'
   1 | import Dispatch
     |        `- error: no such module 'Dispatch'
   2 | import OrderedCollections
   3 |
/root/.swiftpm/swift-sdks/swift-6.2-RELEASE_wasm.artifactbundle/swift-6.2-RELEASE_wasm/wasm32-unknown-wasip1/swift.xctoolchain/usr/lib/swift_static/CoreFoundation/CoreFoundation.h:28:10: note: while building module 'wasi_emulated_signal' imported from /root/.swiftpm/swift-sdks/swift-6.2-RELEASE_wasm.artifactbundle/swift-6.2-RELEASE_wasm/wasm32-unknown-wasip1/swift.xctoolchain/usr/lib/swift_static/CoreFoundation/CoreFoundation.h:28:
 26 | #include <setjmp.h>
 27 | #endif
 28 | #include <signal.h>
    |          `- note: while building module 'wasi_emulated_signal' imported from /root/.swiftpm/swift-sdks/swift-6.2-RELEASE_wasm.artifactbundle/swift-6.2-RELEASE_wasm/wasm32-unknown-wasip1/swift.xctoolchain/usr/lib/swift_static/CoreFoundation/CoreFoundation.h:28:
 29 | #include <stddef.h>
 30 | #include <stdio.h>
<module-includes>:1:10: note: in file included from <module-includes>:1:
1 | #include "signal.h"
  |          `- note: in file included from <module-includes>:1:
2 |
[411/636] Compiling AsyncAlgorithms AsyncJoinedSequence.swift
/host/spi-builder-workspace/.build/checkouts/GraphQL/Sources/GraphQL/Execution/Execute.swift:1:8: error: no such module 'Dispatch'
   1 | import Dispatch
     |        `- error: no such module 'Dispatch'
   2 | import OrderedCollections
   3 |
/root/.swiftpm/swift-sdks/swift-6.2-RELEASE_wasm.artifactbundle/swift-6.2-RELEASE_wasm/wasm32-unknown-wasip1/swift.xctoolchain/usr/lib/swift_static/CoreFoundation/CoreFoundation.h:28:10: note: while building module 'wasi_emulated_signal' imported from /root/.swiftpm/swift-sdks/swift-6.2-RELEASE_wasm.artifactbundle/swift-6.2-RELEASE_wasm/wasm32-unknown-wasip1/swift.xctoolchain/usr/lib/swift_static/CoreFoundation/CoreFoundation.h:28:
 26 | #include <setjmp.h>
 27 | #endif
 28 | #include <signal.h>
    |          `- note: while building module 'wasi_emulated_signal' imported from /root/.swiftpm/swift-sdks/swift-6.2-RELEASE_wasm.artifactbundle/swift-6.2-RELEASE_wasm/wasm32-unknown-wasip1/swift.xctoolchain/usr/lib/swift_static/CoreFoundation/CoreFoundation.h:28:
 29 | #include <stddef.h>
 30 | #include <stdio.h>
<module-includes>:1:10: note: in file included from <module-includes>:1:
1 | #include "signal.h"
  |          `- note: in file included from <module-includes>:1:
2 |
[412/636] Compiling Configuration ConfigSnapshotReader.swift
/host/spi-builder-workspace/.build/checkouts/GraphQL/Sources/GraphQL/Execution/Execute.swift:1:8: error: no such module 'Dispatch'
   1 | import Dispatch
     |        `- error: no such module 'Dispatch'
   2 | import OrderedCollections
   3 |
/root/.swiftpm/swift-sdks/swift-6.2-RELEASE_wasm.artifactbundle/swift-6.2-RELEASE_wasm/wasm32-unknown-wasip1/swift.xctoolchain/usr/lib/swift_static/CoreFoundation/CoreFoundation.h:28:10: note: while building module 'wasi_emulated_signal' imported from /root/.swiftpm/swift-sdks/swift-6.2-RELEASE_wasm.artifactbundle/swift-6.2-RELEASE_wasm/wasm32-unknown-wasip1/swift.xctoolchain/usr/lib/swift_static/CoreFoundation/CoreFoundation.h:28:
 26 | #include <setjmp.h>
 27 | #endif
 28 | #include <signal.h>
    |          `- note: while building module 'wasi_emulated_signal' imported from /root/.swiftpm/swift-sdks/swift-6.2-RELEASE_wasm.artifactbundle/swift-6.2-RELEASE_wasm/wasm32-unknown-wasip1/swift.xctoolchain/usr/lib/swift_static/CoreFoundation/CoreFoundation.h:28:
 29 | #include <stddef.h>
 30 | #include <stdio.h>
<module-includes>:1:10: note: in file included from <module-includes>:1:
1 | #include "signal.h"
  |          `- note: in file included from <module-includes>:1:
2 |
[413/636] Compiling Configuration Deprecations.swift
/host/spi-builder-workspace/.build/checkouts/GraphQL/Sources/GraphQL/Execution/Execute.swift:1:8: error: no such module 'Dispatch'
   1 | import Dispatch
     |        `- error: no such module 'Dispatch'
   2 | import OrderedCollections
   3 |
/root/.swiftpm/swift-sdks/swift-6.2-RELEASE_wasm.artifactbundle/swift-6.2-RELEASE_wasm/wasm32-unknown-wasip1/swift.xctoolchain/usr/lib/swift_static/CoreFoundation/CoreFoundation.h:28:10: note: while building module 'wasi_emulated_signal' imported from /root/.swiftpm/swift-sdks/swift-6.2-RELEASE_wasm.artifactbundle/swift-6.2-RELEASE_wasm/wasm32-unknown-wasip1/swift.xctoolchain/usr/lib/swift_static/CoreFoundation/CoreFoundation.h:28:
 26 | #include <setjmp.h>
 27 | #endif
 28 | #include <signal.h>
    |          `- note: while building module 'wasi_emulated_signal' imported from /root/.swiftpm/swift-sdks/swift-6.2-RELEASE_wasm.artifactbundle/swift-6.2-RELEASE_wasm/wasm32-unknown-wasip1/swift.xctoolchain/usr/lib/swift_static/CoreFoundation/CoreFoundation.h:28:
 29 | #include <stddef.h>
 30 | #include <stdio.h>
<module-includes>:1:10: note: in file included from <module-includes>:1:
1 | #include "signal.h"
  |          `- note: in file included from <module-includes>:1:
2 |
[414/636] Compiling Configuration ExpressibleByConfigInt.swift
/host/spi-builder-workspace/.build/checkouts/GraphQL/Sources/GraphQL/Execution/Execute.swift:1:8: error: no such module 'Dispatch'
   1 | import Dispatch
     |        `- error: no such module 'Dispatch'
   2 | import OrderedCollections
   3 |
/root/.swiftpm/swift-sdks/swift-6.2-RELEASE_wasm.artifactbundle/swift-6.2-RELEASE_wasm/wasm32-unknown-wasip1/swift.xctoolchain/usr/lib/swift_static/CoreFoundation/CoreFoundation.h:28:10: note: while building module 'wasi_emulated_signal' imported from /root/.swiftpm/swift-sdks/swift-6.2-RELEASE_wasm.artifactbundle/swift-6.2-RELEASE_wasm/wasm32-unknown-wasip1/swift.xctoolchain/usr/lib/swift_static/CoreFoundation/CoreFoundation.h:28:
 26 | #include <setjmp.h>
 27 | #endif
 28 | #include <signal.h>
    |          `- note: while building module 'wasi_emulated_signal' imported from /root/.swiftpm/swift-sdks/swift-6.2-RELEASE_wasm.artifactbundle/swift-6.2-RELEASE_wasm/wasm32-unknown-wasip1/swift.xctoolchain/usr/lib/swift_static/CoreFoundation/CoreFoundation.h:28:
 29 | #include <stddef.h>
 30 | #include <stdio.h>
<module-includes>:1:10: note: in file included from <module-includes>:1:
1 | #include "signal.h"
  |          `- note: in file included from <module-includes>:1:
2 |
[415/636] Compiling Configuration ExpressibleByConfigString.swift
/host/spi-builder-workspace/.build/checkouts/GraphQL/Sources/GraphQL/Execution/Execute.swift:1:8: error: no such module 'Dispatch'
   1 | import Dispatch
     |        `- error: no such module 'Dispatch'
   2 | import OrderedCollections
   3 |
/root/.swiftpm/swift-sdks/swift-6.2-RELEASE_wasm.artifactbundle/swift-6.2-RELEASE_wasm/wasm32-unknown-wasip1/swift.xctoolchain/usr/lib/swift_static/CoreFoundation/CoreFoundation.h:28:10: note: while building module 'wasi_emulated_signal' imported from /root/.swiftpm/swift-sdks/swift-6.2-RELEASE_wasm.artifactbundle/swift-6.2-RELEASE_wasm/wasm32-unknown-wasip1/swift.xctoolchain/usr/lib/swift_static/CoreFoundation/CoreFoundation.h:28:
 26 | #include <setjmp.h>
 27 | #endif
 28 | #include <signal.h>
    |          `- note: while building module 'wasi_emulated_signal' imported from /root/.swiftpm/swift-sdks/swift-6.2-RELEASE_wasm.artifactbundle/swift-6.2-RELEASE_wasm/wasm32-unknown-wasip1/swift.xctoolchain/usr/lib/swift_static/CoreFoundation/CoreFoundation.h:28:
 29 | #include <stddef.h>
 30 | #include <stdio.h>
<module-includes>:1:10: note: in file included from <module-includes>:1:
1 | #include "signal.h"
  |          `- note: in file included from <module-includes>:1:
2 |
[416/636] Compiling Configuration CLIKeyEncoder.swift
/host/spi-builder-workspace/.build/checkouts/GraphQL/Sources/GraphQL/Execution/Execute.swift:1:8: error: no such module 'Dispatch'
   1 | import Dispatch
     |        `- error: no such module 'Dispatch'
   2 | import OrderedCollections
   3 |
/root/.swiftpm/swift-sdks/swift-6.2-RELEASE_wasm.artifactbundle/swift-6.2-RELEASE_wasm/wasm32-unknown-wasip1/swift.xctoolchain/usr/lib/swift_static/CoreFoundation/CoreFoundation.h:28:10: note: while building module 'wasi_emulated_signal' imported from /root/.swiftpm/swift-sdks/swift-6.2-RELEASE_wasm.artifactbundle/swift-6.2-RELEASE_wasm/wasm32-unknown-wasip1/swift.xctoolchain/usr/lib/swift_static/CoreFoundation/CoreFoundation.h:28:
 26 | #include <setjmp.h>
 27 | #endif
 28 | #include <signal.h>
    |          `- note: while building module 'wasi_emulated_signal' imported from /root/.swiftpm/swift-sdks/swift-6.2-RELEASE_wasm.artifactbundle/swift-6.2-RELEASE_wasm/wasm32-unknown-wasip1/swift.xctoolchain/usr/lib/swift_static/CoreFoundation/CoreFoundation.h:28:
 29 | #include <stddef.h>
 30 | #include <stdio.h>
<module-includes>:1:10: note: in file included from <module-includes>:1:
1 | #include "signal.h"
  |          `- note: in file included from <module-includes>:1:
2 |
[417/636] Compiling Configuration ConfigKeyEncoder.swift
/host/spi-builder-workspace/.build/checkouts/GraphQL/Sources/GraphQL/Execution/Execute.swift:1:8: error: no such module 'Dispatch'
   1 | import Dispatch
     |        `- error: no such module 'Dispatch'
   2 | import OrderedCollections
   3 |
/root/.swiftpm/swift-sdks/swift-6.2-RELEASE_wasm.artifactbundle/swift-6.2-RELEASE_wasm/wasm32-unknown-wasip1/swift.xctoolchain/usr/lib/swift_static/CoreFoundation/CoreFoundation.h:28:10: note: while building module 'wasi_emulated_signal' imported from /root/.swiftpm/swift-sdks/swift-6.2-RELEASE_wasm.artifactbundle/swift-6.2-RELEASE_wasm/wasm32-unknown-wasip1/swift.xctoolchain/usr/lib/swift_static/CoreFoundation/CoreFoundation.h:28:
 26 | #include <setjmp.h>
 27 | #endif
 28 | #include <signal.h>
    |          `- note: while building module 'wasi_emulated_signal' imported from /root/.swiftpm/swift-sdks/swift-6.2-RELEASE_wasm.artifactbundle/swift-6.2-RELEASE_wasm/wasm32-unknown-wasip1/swift.xctoolchain/usr/lib/swift_static/CoreFoundation/CoreFoundation.h:28:
 29 | #include <stddef.h>
 30 | #include <stdio.h>
<module-includes>:1:10: note: in file included from <module-includes>:1:
1 | #include "signal.h"
  |          `- note: in file included from <module-includes>:1:
2 |
[418/636] Compiling Configuration DotSeparatorKeyDecoder.swift
/host/spi-builder-workspace/.build/checkouts/GraphQL/Sources/GraphQL/Execution/Execute.swift:1:8: error: no such module 'Dispatch'
   1 | import Dispatch
     |        `- error: no such module 'Dispatch'
   2 | import OrderedCollections
   3 |
/root/.swiftpm/swift-sdks/swift-6.2-RELEASE_wasm.artifactbundle/swift-6.2-RELEASE_wasm/wasm32-unknown-wasip1/swift.xctoolchain/usr/lib/swift_static/CoreFoundation/CoreFoundation.h:28:10: note: while building module 'wasi_emulated_signal' imported from /root/.swiftpm/swift-sdks/swift-6.2-RELEASE_wasm.artifactbundle/swift-6.2-RELEASE_wasm/wasm32-unknown-wasip1/swift.xctoolchain/usr/lib/swift_static/CoreFoundation/CoreFoundation.h:28:
 26 | #include <setjmp.h>
 27 | #endif
 28 | #include <signal.h>
    |          `- note: while building module 'wasi_emulated_signal' imported from /root/.swiftpm/swift-sdks/swift-6.2-RELEASE_wasm.artifactbundle/swift-6.2-RELEASE_wasm/wasm32-unknown-wasip1/swift.xctoolchain/usr/lib/swift_static/CoreFoundation/CoreFoundation.h:28:
 29 | #include <stddef.h>
 30 | #include <stdio.h>
<module-includes>:1:10: note: in file included from <module-includes>:1:
1 | #include "signal.h"
  |          `- note: in file included from <module-includes>:1:
2 |
[419/636] Compiling GraphQL UniqueInputFieldNamesRule.swift
/host/spi-builder-workspace/.build/checkouts/GraphQL/Sources/GraphQL/Execution/Execute.swift:1:8: error: no such module 'Dispatch'
   1 | import Dispatch
     |        `- error: no such module 'Dispatch'
   2 | import OrderedCollections
   3 |
/root/.swiftpm/swift-sdks/swift-6.2-RELEASE_wasm.artifactbundle/swift-6.2-RELEASE_wasm/wasm32-unknown-wasip1/swift.xctoolchain/usr/lib/swift_static/CoreFoundation/CoreFoundation.h:28:10: note: while building module 'wasi_emulated_signal' imported from /root/.swiftpm/swift-sdks/swift-6.2-RELEASE_wasm.artifactbundle/swift-6.2-RELEASE_wasm/wasm32-unknown-wasip1/swift.xctoolchain/usr/lib/swift_static/CoreFoundation/CoreFoundation.h:28:
 26 | #include <setjmp.h>
 27 | #endif
 28 | #include <signal.h>
    |          `- note: while building module 'wasi_emulated_signal' imported from /root/.swiftpm/swift-sdks/swift-6.2-RELEASE_wasm.artifactbundle/swift-6.2-RELEASE_wasm/wasm32-unknown-wasip1/swift.xctoolchain/usr/lib/swift_static/CoreFoundation/CoreFoundation.h:28:
 29 | #include <stddef.h>
 30 | #include <stdio.h>
<module-includes>:1:10: note: in file included from <module-includes>:1:
1 | #include "signal.h"
  |          `- note: in file included from <module-includes>:1:
2 |
[420/636] Compiling GraphQL UniqueOperationNamesRule.swift
/host/spi-builder-workspace/.build/checkouts/GraphQL/Sources/GraphQL/Execution/Execute.swift:1:8: error: no such module 'Dispatch'
   1 | import Dispatch
     |        `- error: no such module 'Dispatch'
   2 | import OrderedCollections
   3 |
/root/.swiftpm/swift-sdks/swift-6.2-RELEASE_wasm.artifactbundle/swift-6.2-RELEASE_wasm/wasm32-unknown-wasip1/swift.xctoolchain/usr/lib/swift_static/CoreFoundation/CoreFoundation.h:28:10: note: while building module 'wasi_emulated_signal' imported from /root/.swiftpm/swift-sdks/swift-6.2-RELEASE_wasm.artifactbundle/swift-6.2-RELEASE_wasm/wasm32-unknown-wasip1/swift.xctoolchain/usr/lib/swift_static/CoreFoundation/CoreFoundation.h:28:
 26 | #include <setjmp.h>
 27 | #endif
 28 | #include <signal.h>
    |          `- note: while building module 'wasi_emulated_signal' imported from /root/.swiftpm/swift-sdks/swift-6.2-RELEASE_wasm.artifactbundle/swift-6.2-RELEASE_wasm/wasm32-unknown-wasip1/swift.xctoolchain/usr/lib/swift_static/CoreFoundation/CoreFoundation.h:28:
 29 | #include <stddef.h>
 30 | #include <stdio.h>
<module-includes>:1:10: note: in file included from <module-includes>:1:
1 | #include "signal.h"
  |          `- note: in file included from <module-includes>:1:
2 |
[421/636] Compiling GraphQL UniqueOperationTypesRule.swift
/host/spi-builder-workspace/.build/checkouts/GraphQL/Sources/GraphQL/Execution/Execute.swift:1:8: error: no such module 'Dispatch'
   1 | import Dispatch
     |        `- error: no such module 'Dispatch'
   2 | import OrderedCollections
   3 |
/root/.swiftpm/swift-sdks/swift-6.2-RELEASE_wasm.artifactbundle/swift-6.2-RELEASE_wasm/wasm32-unknown-wasip1/swift.xctoolchain/usr/lib/swift_static/CoreFoundation/CoreFoundation.h:28:10: note: while building module 'wasi_emulated_signal' imported from /root/.swiftpm/swift-sdks/swift-6.2-RELEASE_wasm.artifactbundle/swift-6.2-RELEASE_wasm/wasm32-unknown-wasip1/swift.xctoolchain/usr/lib/swift_static/CoreFoundation/CoreFoundation.h:28:
 26 | #include <setjmp.h>
 27 | #endif
 28 | #include <signal.h>
    |          `- note: while building module 'wasi_emulated_signal' imported from /root/.swiftpm/swift-sdks/swift-6.2-RELEASE_wasm.artifactbundle/swift-6.2-RELEASE_wasm/wasm32-unknown-wasip1/swift.xctoolchain/usr/lib/swift_static/CoreFoundation/CoreFoundation.h:28:
 29 | #include <stddef.h>
 30 | #include <stdio.h>
<module-includes>:1:10: note: in file included from <module-includes>:1:
1 | #include "signal.h"
  |          `- note: in file included from <module-includes>:1:
2 |
[422/636] Compiling GraphQL UniqueTypeNamesRule.swift
/host/spi-builder-workspace/.build/checkouts/GraphQL/Sources/GraphQL/Execution/Execute.swift:1:8: error: no such module 'Dispatch'
   1 | import Dispatch
     |        `- error: no such module 'Dispatch'
   2 | import OrderedCollections
   3 |
/root/.swiftpm/swift-sdks/swift-6.2-RELEASE_wasm.artifactbundle/swift-6.2-RELEASE_wasm/wasm32-unknown-wasip1/swift.xctoolchain/usr/lib/swift_static/CoreFoundation/CoreFoundation.h:28:10: note: while building module 'wasi_emulated_signal' imported from /root/.swiftpm/swift-sdks/swift-6.2-RELEASE_wasm.artifactbundle/swift-6.2-RELEASE_wasm/wasm32-unknown-wasip1/swift.xctoolchain/usr/lib/swift_static/CoreFoundation/CoreFoundation.h:28:
 26 | #include <setjmp.h>
 27 | #endif
 28 | #include <signal.h>
    |          `- note: while building module 'wasi_emulated_signal' imported from /root/.swiftpm/swift-sdks/swift-6.2-RELEASE_wasm.artifactbundle/swift-6.2-RELEASE_wasm/wasm32-unknown-wasip1/swift.xctoolchain/usr/lib/swift_static/CoreFoundation/CoreFoundation.h:28:
 29 | #include <stddef.h>
 30 | #include <stdio.h>
<module-includes>:1:10: note: in file included from <module-includes>:1:
1 | #include "signal.h"
  |          `- note: in file included from <module-includes>:1:
2 |
[423/636] Compiling GraphQL UniqueVariableNamesRule.swift
/host/spi-builder-workspace/.build/checkouts/GraphQL/Sources/GraphQL/Execution/Execute.swift:1:8: error: no such module 'Dispatch'
   1 | import Dispatch
     |        `- error: no such module 'Dispatch'
   2 | import OrderedCollections
   3 |
/root/.swiftpm/swift-sdks/swift-6.2-RELEASE_wasm.artifactbundle/swift-6.2-RELEASE_wasm/wasm32-unknown-wasip1/swift.xctoolchain/usr/lib/swift_static/CoreFoundation/CoreFoundation.h:28:10: note: while building module 'wasi_emulated_signal' imported from /root/.swiftpm/swift-sdks/swift-6.2-RELEASE_wasm.artifactbundle/swift-6.2-RELEASE_wasm/wasm32-unknown-wasip1/swift.xctoolchain/usr/lib/swift_static/CoreFoundation/CoreFoundation.h:28:
 26 | #include <setjmp.h>
 27 | #endif
 28 | #include <signal.h>
    |          `- note: while building module 'wasi_emulated_signal' imported from /root/.swiftpm/swift-sdks/swift-6.2-RELEASE_wasm.artifactbundle/swift-6.2-RELEASE_wasm/wasm32-unknown-wasip1/swift.xctoolchain/usr/lib/swift_static/CoreFoundation/CoreFoundation.h:28:
 29 | #include <stddef.h>
 30 | #include <stdio.h>
<module-includes>:1:10: note: in file included from <module-includes>:1:
1 | #include "signal.h"
  |          `- note: in file included from <module-includes>:1:
2 |
[424/636] Compiling GraphQL ValuesOfCorrectTypeRule.swift
/host/spi-builder-workspace/.build/checkouts/GraphQL/Sources/GraphQL/Execution/Execute.swift:1:8: error: no such module 'Dispatch'
   1 | import Dispatch
     |        `- error: no such module 'Dispatch'
   2 | import OrderedCollections
   3 |
/root/.swiftpm/swift-sdks/swift-6.2-RELEASE_wasm.artifactbundle/swift-6.2-RELEASE_wasm/wasm32-unknown-wasip1/swift.xctoolchain/usr/lib/swift_static/CoreFoundation/CoreFoundation.h:28:10: note: while building module 'wasi_emulated_signal' imported from /root/.swiftpm/swift-sdks/swift-6.2-RELEASE_wasm.artifactbundle/swift-6.2-RELEASE_wasm/wasm32-unknown-wasip1/swift.xctoolchain/usr/lib/swift_static/CoreFoundation/CoreFoundation.h:28:
 26 | #include <setjmp.h>
 27 | #endif
 28 | #include <signal.h>
    |          `- note: while building module 'wasi_emulated_signal' imported from /root/.swiftpm/swift-sdks/swift-6.2-RELEASE_wasm.artifactbundle/swift-6.2-RELEASE_wasm/wasm32-unknown-wasip1/swift.xctoolchain/usr/lib/swift_static/CoreFoundation/CoreFoundation.h:28:
 29 | #include <stddef.h>
 30 | #include <stdio.h>
<module-includes>:1:10: note: in file included from <module-includes>:1:
1 | #include "signal.h"
  |          `- note: in file included from <module-includes>:1:
2 |
[425/636] Compiling GraphQL VariablesAreInputTypesRule.swift
/host/spi-builder-workspace/.build/checkouts/GraphQL/Sources/GraphQL/Execution/Execute.swift:1:8: error: no such module 'Dispatch'
   1 | import Dispatch
     |        `- error: no such module 'Dispatch'
   2 | import OrderedCollections
   3 |
/root/.swiftpm/swift-sdks/swift-6.2-RELEASE_wasm.artifactbundle/swift-6.2-RELEASE_wasm/wasm32-unknown-wasip1/swift.xctoolchain/usr/lib/swift_static/CoreFoundation/CoreFoundation.h:28:10: note: while building module 'wasi_emulated_signal' imported from /root/.swiftpm/swift-sdks/swift-6.2-RELEASE_wasm.artifactbundle/swift-6.2-RELEASE_wasm/wasm32-unknown-wasip1/swift.xctoolchain/usr/lib/swift_static/CoreFoundation/CoreFoundation.h:28:
 26 | #include <setjmp.h>
 27 | #endif
 28 | #include <signal.h>
    |          `- note: while building module 'wasi_emulated_signal' imported from /root/.swiftpm/swift-sdks/swift-6.2-RELEASE_wasm.artifactbundle/swift-6.2-RELEASE_wasm/wasm32-unknown-wasip1/swift.xctoolchain/usr/lib/swift_static/CoreFoundation/CoreFoundation.h:28:
 29 | #include <stddef.h>
 30 | #include <stdio.h>
<module-includes>:1:10: note: in file included from <module-includes>:1:
1 | #include "signal.h"
  |          `- note: in file included from <module-includes>:1:
2 |
[426/636] Compiling GraphQL VariablesInAllowedPositionRule.swift
/host/spi-builder-workspace/.build/checkouts/GraphQL/Sources/GraphQL/Execution/Execute.swift:1:8: error: no such module 'Dispatch'
   1 | import Dispatch
     |        `- error: no such module 'Dispatch'
   2 | import OrderedCollections
   3 |
/root/.swiftpm/swift-sdks/swift-6.2-RELEASE_wasm.artifactbundle/swift-6.2-RELEASE_wasm/wasm32-unknown-wasip1/swift.xctoolchain/usr/lib/swift_static/CoreFoundation/CoreFoundation.h:28:10: note: while building module 'wasi_emulated_signal' imported from /root/.swiftpm/swift-sdks/swift-6.2-RELEASE_wasm.artifactbundle/swift-6.2-RELEASE_wasm/wasm32-unknown-wasip1/swift.xctoolchain/usr/lib/swift_static/CoreFoundation/CoreFoundation.h:28:
 26 | #include <setjmp.h>
 27 | #endif
 28 | #include <signal.h>
    |          `- note: while building module 'wasi_emulated_signal' imported from /root/.swiftpm/swift-sdks/swift-6.2-RELEASE_wasm.artifactbundle/swift-6.2-RELEASE_wasm/wasm32-unknown-wasip1/swift.xctoolchain/usr/lib/swift_static/CoreFoundation/CoreFoundation.h:28:
 29 | #include <stddef.h>
 30 | #include <stdio.h>
<module-includes>:1:10: note: in file included from <module-includes>:1:
1 | #include "signal.h"
  |          `- note: in file included from <module-includes>:1:
2 |
[427/636] Compiling GraphQL SpecifiedRules.swift
/host/spi-builder-workspace/.build/checkouts/GraphQL/Sources/GraphQL/Execution/Execute.swift:1:8: error: no such module 'Dispatch'
   1 | import Dispatch
     |        `- error: no such module 'Dispatch'
   2 | import OrderedCollections
   3 |
/root/.swiftpm/swift-sdks/swift-6.2-RELEASE_wasm.artifactbundle/swift-6.2-RELEASE_wasm/wasm32-unknown-wasip1/swift.xctoolchain/usr/lib/swift_static/CoreFoundation/CoreFoundation.h:28:10: note: while building module 'wasi_emulated_signal' imported from /root/.swiftpm/swift-sdks/swift-6.2-RELEASE_wasm.artifactbundle/swift-6.2-RELEASE_wasm/wasm32-unknown-wasip1/swift.xctoolchain/usr/lib/swift_static/CoreFoundation/CoreFoundation.h:28:
 26 | #include <setjmp.h>
 27 | #endif
 28 | #include <signal.h>
    |          `- note: while building module 'wasi_emulated_signal' imported from /root/.swiftpm/swift-sdks/swift-6.2-RELEASE_wasm.artifactbundle/swift-6.2-RELEASE_wasm/wasm32-unknown-wasip1/swift.xctoolchain/usr/lib/swift_static/CoreFoundation/CoreFoundation.h:28:
 29 | #include <stddef.h>
 30 | #include <stdio.h>
<module-includes>:1:10: note: in file included from <module-includes>:1:
1 | #include "signal.h"
  |          `- note: in file included from <module-includes>:1:
2 |
[428/636] Compiling GraphQL Validate.swift
/host/spi-builder-workspace/.build/checkouts/GraphQL/Sources/GraphQL/Execution/Execute.swift:1:8: error: no such module 'Dispatch'
   1 | import Dispatch
     |        `- error: no such module 'Dispatch'
   2 | import OrderedCollections
   3 |
/root/.swiftpm/swift-sdks/swift-6.2-RELEASE_wasm.artifactbundle/swift-6.2-RELEASE_wasm/wasm32-unknown-wasip1/swift.xctoolchain/usr/lib/swift_static/CoreFoundation/CoreFoundation.h:28:10: note: while building module 'wasi_emulated_signal' imported from /root/.swiftpm/swift-sdks/swift-6.2-RELEASE_wasm.artifactbundle/swift-6.2-RELEASE_wasm/wasm32-unknown-wasip1/swift.xctoolchain/usr/lib/swift_static/CoreFoundation/CoreFoundation.h:28:
 26 | #include <setjmp.h>
 27 | #endif
 28 | #include <signal.h>
    |          `- note: while building module 'wasi_emulated_signal' imported from /root/.swiftpm/swift-sdks/swift-6.2-RELEASE_wasm.artifactbundle/swift-6.2-RELEASE_wasm/wasm32-unknown-wasip1/swift.xctoolchain/usr/lib/swift_static/CoreFoundation/CoreFoundation.h:28:
 29 | #include <stddef.h>
 30 | #include <stdio.h>
<module-includes>:1:10: note: in file included from <module-includes>:1:
1 | #include "signal.h"
  |          `- note: in file included from <module-includes>:1:
2 |
[429/636] Compiling GraphQL ValidationContext.swift
/host/spi-builder-workspace/.build/checkouts/GraphQL/Sources/GraphQL/Execution/Execute.swift:1:8: error: no such module 'Dispatch'
   1 | import Dispatch
     |        `- error: no such module 'Dispatch'
   2 | import OrderedCollections
   3 |
/root/.swiftpm/swift-sdks/swift-6.2-RELEASE_wasm.artifactbundle/swift-6.2-RELEASE_wasm/wasm32-unknown-wasip1/swift.xctoolchain/usr/lib/swift_static/CoreFoundation/CoreFoundation.h:28:10: note: while building module 'wasi_emulated_signal' imported from /root/.swiftpm/swift-sdks/swift-6.2-RELEASE_wasm.artifactbundle/swift-6.2-RELEASE_wasm/wasm32-unknown-wasip1/swift.xctoolchain/usr/lib/swift_static/CoreFoundation/CoreFoundation.h:28:
 26 | #include <setjmp.h>
 27 | #endif
 28 | #include <signal.h>
    |          `- note: while building module 'wasi_emulated_signal' imported from /root/.swiftpm/swift-sdks/swift-6.2-RELEASE_wasm.artifactbundle/swift-6.2-RELEASE_wasm/wasm32-unknown-wasip1/swift.xctoolchain/usr/lib/swift_static/CoreFoundation/CoreFoundation.h:28:
 29 | #include <stddef.h>
 30 | #include <stdio.h>
<module-includes>:1:10: note: in file included from <module-includes>:1:
1 | #include "signal.h"
  |          `- note: in file included from <module-includes>:1:
2 |
[430/636] Compiling AsyncAlgorithms AsyncInterspersedSequence.swift
/host/spi-builder-workspace/.build/checkouts/GraphQL/Sources/GraphQL/Execution/Execute.swift:1:8: error: no such module 'Dispatch'
   1 | import Dispatch
     |        `- error: no such module 'Dispatch'
   2 | import OrderedCollections
   3 |
/root/.swiftpm/swift-sdks/swift-6.2-RELEASE_wasm.artifactbundle/swift-6.2-RELEASE_wasm/wasm32-unknown-wasip1/swift.xctoolchain/usr/lib/swift_static/CoreFoundation/CoreFoundation.h:28:10: note: while building module 'wasi_emulated_signal' imported from /root/.swiftpm/swift-sdks/swift-6.2-RELEASE_wasm.artifactbundle/swift-6.2-RELEASE_wasm/wasm32-unknown-wasip1/swift.xctoolchain/usr/lib/swift_static/CoreFoundation/CoreFoundation.h:28:
 26 | #include <setjmp.h>
 27 | #endif
 28 | #include <signal.h>
    |          `- note: while building module 'wasi_emulated_signal' imported from /root/.swiftpm/swift-sdks/swift-6.2-RELEASE_wasm.artifactbundle/swift-6.2-RELEASE_wasm/wasm32-unknown-wasip1/swift.xctoolchain/usr/lib/swift_static/CoreFoundation/CoreFoundation.h:28:
 29 | #include <stddef.h>
 30 | #include <stdio.h>
<module-includes>:1:10: note: in file included from <module-includes>:1:
1 | #include "signal.h"
  |          `- note: in file included from <module-includes>:1:
2 |
[431/636] Compiling AsyncAlgorithms Locking.swift
/host/spi-builder-workspace/.build/checkouts/GraphQL/Sources/GraphQL/Execution/Execute.swift:1:8: error: no such module 'Dispatch'
   1 | import Dispatch
     |        `- error: no such module 'Dispatch'
   2 | import OrderedCollections
   3 |
/root/.swiftpm/swift-sdks/swift-6.2-RELEASE_wasm.artifactbundle/swift-6.2-RELEASE_wasm/wasm32-unknown-wasip1/swift.xctoolchain/usr/lib/swift_static/CoreFoundation/CoreFoundation.h:28:10: note: while building module 'wasi_emulated_signal' imported from /root/.swiftpm/swift-sdks/swift-6.2-RELEASE_wasm.artifactbundle/swift-6.2-RELEASE_wasm/wasm32-unknown-wasip1/swift.xctoolchain/usr/lib/swift_static/CoreFoundation/CoreFoundation.h:28:
 26 | #include <setjmp.h>
 27 | #endif
 28 | #include <signal.h>
    |          `- note: while building module 'wasi_emulated_signal' imported from /root/.swiftpm/swift-sdks/swift-6.2-RELEASE_wasm.artifactbundle/swift-6.2-RELEASE_wasm/wasm32-unknown-wasip1/swift.xctoolchain/usr/lib/swift_static/CoreFoundation/CoreFoundation.h:28:
 29 | #include <stddef.h>
 30 | #include <stdio.h>
<module-includes>:1:10: note: in file included from <module-includes>:1:
1 | #include "signal.h"
  |          `- note: in file included from <module-includes>:1:
2 |
[432/636] Compiling AsyncAlgorithms AsyncCombineLatest3Sequence.swift
/host/spi-builder-workspace/.build/checkouts/GraphQL/Sources/GraphQL/Execution/Execute.swift:1:8: error: no such module 'Dispatch'
   1 | import Dispatch
     |        `- error: no such module 'Dispatch'
   2 | import OrderedCollections
   3 |
/root/.swiftpm/swift-sdks/swift-6.2-RELEASE_wasm.artifactbundle/swift-6.2-RELEASE_wasm/wasm32-unknown-wasip1/swift.xctoolchain/usr/lib/swift_static/CoreFoundation/CoreFoundation.h:28:10: note: while building module 'wasi_emulated_signal' imported from /root/.swiftpm/swift-sdks/swift-6.2-RELEASE_wasm.artifactbundle/swift-6.2-RELEASE_wasm/wasm32-unknown-wasip1/swift.xctoolchain/usr/lib/swift_static/CoreFoundation/CoreFoundation.h:28:
 26 | #include <setjmp.h>
 27 | #endif
 28 | #include <signal.h>
    |          `- note: while building module 'wasi_emulated_signal' imported from /root/.swiftpm/swift-sdks/swift-6.2-RELEASE_wasm.artifactbundle/swift-6.2-RELEASE_wasm/wasm32-unknown-wasip1/swift.xctoolchain/usr/lib/swift_static/CoreFoundation/CoreFoundation.h:28:
 29 | #include <stddef.h>
 30 | #include <stdio.h>
<module-includes>:1:10: note: in file included from <module-includes>:1:
1 | #include "signal.h"
  |          `- note: in file included from <module-includes>:1:
2 |
[433/636] Compiling AsyncAlgorithms CombineLatestStateMachine.swift
/host/spi-builder-workspace/.build/checkouts/GraphQL/Sources/GraphQL/Execution/Execute.swift:1:8: error: no such module 'Dispatch'
   1 | import Dispatch
     |        `- error: no such module 'Dispatch'
   2 | import OrderedCollections
   3 |
/root/.swiftpm/swift-sdks/swift-6.2-RELEASE_wasm.artifactbundle/swift-6.2-RELEASE_wasm/wasm32-unknown-wasip1/swift.xctoolchain/usr/lib/swift_static/CoreFoundation/CoreFoundation.h:28:10: note: while building module 'wasi_emulated_signal' imported from /root/.swiftpm/swift-sdks/swift-6.2-RELEASE_wasm.artifactbundle/swift-6.2-RELEASE_wasm/wasm32-unknown-wasip1/swift.xctoolchain/usr/lib/swift_static/CoreFoundation/CoreFoundation.h:28:
 26 | #include <setjmp.h>
 27 | #endif
 28 | #include <signal.h>
    |          `- note: while building module 'wasi_emulated_signal' imported from /root/.swiftpm/swift-sdks/swift-6.2-RELEASE_wasm.artifactbundle/swift-6.2-RELEASE_wasm/wasm32-unknown-wasip1/swift.xctoolchain/usr/lib/swift_static/CoreFoundation/CoreFoundation.h:28:
 29 | #include <stddef.h>
 30 | #include <stdio.h>
<module-includes>:1:10: note: in file included from <module-includes>:1:
1 | #include "signal.h"
  |          `- note: in file included from <module-includes>:1:
2 |
[434/636] Compiling AsyncAlgorithms CombineLatestStorage.swift
/host/spi-builder-workspace/.build/checkouts/GraphQL/Sources/GraphQL/Execution/Execute.swift:1:8: error: no such module 'Dispatch'
   1 | import Dispatch
     |        `- error: no such module 'Dispatch'
   2 | import OrderedCollections
   3 |
/root/.swiftpm/swift-sdks/swift-6.2-RELEASE_wasm.artifactbundle/swift-6.2-RELEASE_wasm/wasm32-unknown-wasip1/swift.xctoolchain/usr/lib/swift_static/CoreFoundation/CoreFoundation.h:28:10: note: while building module 'wasi_emulated_signal' imported from /root/.swiftpm/swift-sdks/swift-6.2-RELEASE_wasm.artifactbundle/swift-6.2-RELEASE_wasm/wasm32-unknown-wasip1/swift.xctoolchain/usr/lib/swift_static/CoreFoundation/CoreFoundation.h:28:
 26 | #include <setjmp.h>
 27 | #endif
 28 | #include <signal.h>
    |          `- note: while building module 'wasi_emulated_signal' imported from /root/.swiftpm/swift-sdks/swift-6.2-RELEASE_wasm.artifactbundle/swift-6.2-RELEASE_wasm/wasm32-unknown-wasip1/swift.xctoolchain/usr/lib/swift_static/CoreFoundation/CoreFoundation.h:28:
 29 | #include <stddef.h>
 30 | #include <stdio.h>
<module-includes>:1:10: note: in file included from <module-includes>:1:
1 | #include "signal.h"
  |          `- note: in file included from <module-includes>:1:
2 |
[435/636] Compiling AsyncAlgorithms AsyncDebounceSequence.swift
/host/spi-builder-workspace/.build/checkouts/GraphQL/Sources/GraphQL/Execution/Execute.swift:1:8: error: no such module 'Dispatch'
   1 | import Dispatch
     |        `- error: no such module 'Dispatch'
   2 | import OrderedCollections
   3 |
/root/.swiftpm/swift-sdks/swift-6.2-RELEASE_wasm.artifactbundle/swift-6.2-RELEASE_wasm/wasm32-unknown-wasip1/swift.xctoolchain/usr/lib/swift_static/CoreFoundation/CoreFoundation.h:28:10: note: while building module 'wasi_emulated_signal' imported from /root/.swiftpm/swift-sdks/swift-6.2-RELEASE_wasm.artifactbundle/swift-6.2-RELEASE_wasm/wasm32-unknown-wasip1/swift.xctoolchain/usr/lib/swift_static/CoreFoundation/CoreFoundation.h:28:
 26 | #include <setjmp.h>
 27 | #endif
 28 | #include <signal.h>
    |          `- note: while building module 'wasi_emulated_signal' imported from /root/.swiftpm/swift-sdks/swift-6.2-RELEASE_wasm.artifactbundle/swift-6.2-RELEASE_wasm/wasm32-unknown-wasip1/swift.xctoolchain/usr/lib/swift_static/CoreFoundation/CoreFoundation.h:28:
 29 | #include <stddef.h>
 30 | #include <stdio.h>
<module-includes>:1:10: note: in file included from <module-includes>:1:
1 | #include "signal.h"
  |          `- note: in file included from <module-includes>:1:
2 |
[436/636] Compiling Configuration CombineLatestManyStorage.swift
/host/spi-builder-workspace/.build/checkouts/GraphQL/Sources/GraphQL/Execution/Execute.swift:1:8: error: no such module 'Dispatch'
   1 | import Dispatch
     |        `- error: no such module 'Dispatch'
   2 | import OrderedCollections
   3 |
/root/.swiftpm/swift-sdks/swift-6.2-RELEASE_wasm.artifactbundle/swift-6.2-RELEASE_wasm/wasm32-unknown-wasip1/swift.xctoolchain/usr/lib/swift_static/CoreFoundation/CoreFoundation.h:28:10: note: while building module 'wasi_emulated_signal' imported from /root/.swiftpm/swift-sdks/swift-6.2-RELEASE_wasm.artifactbundle/swift-6.2-RELEASE_wasm/wasm32-unknown-wasip1/swift.xctoolchain/usr/lib/swift_static/CoreFoundation/CoreFoundation.h:28:
 26 | #include <setjmp.h>
 27 | #endif
 28 | #include <signal.h>
    |          `- note: while building module 'wasi_emulated_signal' imported from /root/.swiftpm/swift-sdks/swift-6.2-RELEASE_wasm.artifactbundle/swift-6.2-RELEASE_wasm/wasm32-unknown-wasip1/swift.xctoolchain/usr/lib/swift_static/CoreFoundation/CoreFoundation.h:28:
 29 | #include <stddef.h>
 30 | #include <stdio.h>
<module-includes>:1:10: note: in file included from <module-includes>:1:
1 | #include "signal.h"
  |          `- note: in file included from <module-includes>:1:
2 |
[437/636] Compiling Configuration AsyncSequences.swift
/host/spi-builder-workspace/.build/checkouts/GraphQL/Sources/GraphQL/Execution/Execute.swift:1:8: error: no such module 'Dispatch'
   1 | import Dispatch
     |        `- error: no such module 'Dispatch'
   2 | import OrderedCollections
   3 |
/root/.swiftpm/swift-sdks/swift-6.2-RELEASE_wasm.artifactbundle/swift-6.2-RELEASE_wasm/wasm32-unknown-wasip1/swift.xctoolchain/usr/lib/swift_static/CoreFoundation/CoreFoundation.h:28:10: note: while building module 'wasi_emulated_signal' imported from /root/.swiftpm/swift-sdks/swift-6.2-RELEASE_wasm.artifactbundle/swift-6.2-RELEASE_wasm/wasm32-unknown-wasip1/swift.xctoolchain/usr/lib/swift_static/CoreFoundation/CoreFoundation.h:28:
 26 | #include <setjmp.h>
 27 | #endif
 28 | #include <signal.h>
    |          `- note: while building module 'wasi_emulated_signal' imported from /root/.swiftpm/swift-sdks/swift-6.2-RELEASE_wasm.artifactbundle/swift-6.2-RELEASE_wasm/wasm32-unknown-wasip1/swift.xctoolchain/usr/lib/swift_static/CoreFoundation/CoreFoundation.h:28:
 29 | #include <stddef.h>
 30 | #include <stdio.h>
<module-includes>:1:10: note: in file included from <module-includes>:1:
1 | #include "signal.h"
  |          `- note: in file included from <module-includes>:1:
2 |
[438/636] Compiling Configuration FoundationExtensions.swift
/host/spi-builder-workspace/.build/checkouts/GraphQL/Sources/GraphQL/Execution/Execute.swift:1:8: error: no such module 'Dispatch'
   1 | import Dispatch
     |        `- error: no such module 'Dispatch'
   2 | import OrderedCollections
   3 |
/root/.swiftpm/swift-sdks/swift-6.2-RELEASE_wasm.artifactbundle/swift-6.2-RELEASE_wasm/wasm32-unknown-wasip1/swift.xctoolchain/usr/lib/swift_static/CoreFoundation/CoreFoundation.h:28:10: note: while building module 'wasi_emulated_signal' imported from /root/.swiftpm/swift-sdks/swift-6.2-RELEASE_wasm.artifactbundle/swift-6.2-RELEASE_wasm/wasm32-unknown-wasip1/swift.xctoolchain/usr/lib/swift_static/CoreFoundation/CoreFoundation.h:28:
 26 | #include <setjmp.h>
 27 | #endif
 28 | #include <signal.h>
    |          `- note: while building module 'wasi_emulated_signal' imported from /root/.swiftpm/swift-sdks/swift-6.2-RELEASE_wasm.artifactbundle/swift-6.2-RELEASE_wasm/wasm32-unknown-wasip1/swift.xctoolchain/usr/lib/swift_static/CoreFoundation/CoreFoundation.h:28:
 29 | #include <stddef.h>
 30 | #include <stdio.h>
<module-includes>:1:10: note: in file included from <module-includes>:1:
1 | #include "signal.h"
  |          `- note: in file included from <module-includes>:1:
2 |
[439/636] Compiling Configuration Span.swift
/host/spi-builder-workspace/.build/checkouts/GraphQL/Sources/GraphQL/Execution/Execute.swift:1:8: error: no such module 'Dispatch'
   1 | import Dispatch
     |        `- error: no such module 'Dispatch'
   2 | import OrderedCollections
   3 |
/root/.swiftpm/swift-sdks/swift-6.2-RELEASE_wasm.artifactbundle/swift-6.2-RELEASE_wasm/wasm32-unknown-wasip1/swift.xctoolchain/usr/lib/swift_static/CoreFoundation/CoreFoundation.h:28:10: note: while building module 'wasi_emulated_signal' imported from /root/.swiftpm/swift-sdks/swift-6.2-RELEASE_wasm.artifactbundle/swift-6.2-RELEASE_wasm/wasm32-unknown-wasip1/swift.xctoolchain/usr/lib/swift_static/CoreFoundation/CoreFoundation.h:28:
 26 | #include <setjmp.h>
 27 | #endif
 28 | #include <signal.h>
    |          `- note: while building module 'wasi_emulated_signal' imported from /root/.swiftpm/swift-sdks/swift-6.2-RELEASE_wasm.artifactbundle/swift-6.2-RELEASE_wasm/wasm32-unknown-wasip1/swift.xctoolchain/usr/lib/swift_static/CoreFoundation/CoreFoundation.h:28:
 29 | #include <stddef.h>
 30 | #include <stdio.h>
<module-includes>:1:10: note: in file included from <module-includes>:1:
1 | #include "signal.h"
  |          `- note: in file included from <module-includes>:1:
2 |
[440/636] Compiling Configuration ConfigBytesFromStringDecoder.swift
/host/spi-builder-workspace/.build/checkouts/GraphQL/Sources/GraphQL/Execution/Execute.swift:1:8: error: no such module 'Dispatch'
   1 | import Dispatch
     |        `- error: no such module 'Dispatch'
   2 | import OrderedCollections
   3 |
/root/.swiftpm/swift-sdks/swift-6.2-RELEASE_wasm.artifactbundle/swift-6.2-RELEASE_wasm/wasm32-unknown-wasip1/swift.xctoolchain/usr/lib/swift_static/CoreFoundation/CoreFoundation.h:28:10: note: while building module 'wasi_emulated_signal' imported from /root/.swiftpm/swift-sdks/swift-6.2-RELEASE_wasm.artifactbundle/swift-6.2-RELEASE_wasm/wasm32-unknown-wasip1/swift.xctoolchain/usr/lib/swift_static/CoreFoundation/CoreFoundation.h:28:
 26 | #include <setjmp.h>
 27 | #endif
 28 | #include <signal.h>
    |          `- note: while building module 'wasi_emulated_signal' imported from /root/.swiftpm/swift-sdks/swift-6.2-RELEASE_wasm.artifactbundle/swift-6.2-RELEASE_wasm/wasm32-unknown-wasip1/swift.xctoolchain/usr/lib/swift_static/CoreFoundation/CoreFoundation.h:28:
 29 | #include <stddef.h>
 30 | #include <stdio.h>
<module-includes>:1:10: note: in file included from <module-includes>:1:
1 | #include "signal.h"
  |          `- note: in file included from <module-includes>:1:
2 |
[441/636] Compiling AsyncAlgorithms MergeStateMachine.swift
/host/spi-builder-workspace/.build/checkouts/GraphQL/Sources/GraphQL/Execution/Execute.swift:1:8: error: no such module 'Dispatch'
   1 | import Dispatch
     |        `- error: no such module 'Dispatch'
   2 | import OrderedCollections
   3 |
/root/.swiftpm/swift-sdks/swift-6.2-RELEASE_wasm.artifactbundle/swift-6.2-RELEASE_wasm/wasm32-unknown-wasip1/swift.xctoolchain/usr/lib/swift_static/CoreFoundation/CoreFoundation.h:28:10: note: while building module 'wasi_emulated_signal' imported from /root/.swiftpm/swift-sdks/swift-6.2-RELEASE_wasm.artifactbundle/swift-6.2-RELEASE_wasm/wasm32-unknown-wasip1/swift.xctoolchain/usr/lib/swift_static/CoreFoundation/CoreFoundation.h:28:
 26 | #include <setjmp.h>
 27 | #endif
 28 | #include <signal.h>
    |          `- note: while building module 'wasi_emulated_signal' imported from /root/.swiftpm/swift-sdks/swift-6.2-RELEASE_wasm.artifactbundle/swift-6.2-RELEASE_wasm/wasm32-unknown-wasip1/swift.xctoolchain/usr/lib/swift_static/CoreFoundation/CoreFoundation.h:28:
 29 | #include <stddef.h>
 30 | #include <stdio.h>
<module-includes>:1:10: note: in file included from <module-includes>:1:
1 | #include "signal.h"
  |          `- note: in file included from <module-includes>:1:
2 |
[442/636] Compiling Configuration EnvironmentKeyEncoder.swift
/host/spi-builder-workspace/.build/checkouts/GraphQL/Sources/GraphQL/Execution/Execute.swift:1:8: error: no such module 'Dispatch'
   1 | import Dispatch
     |        `- error: no such module 'Dispatch'
   2 | import OrderedCollections
   3 |
/root/.swiftpm/swift-sdks/swift-6.2-RELEASE_wasm.artifactbundle/swift-6.2-RELEASE_wasm/wasm32-unknown-wasip1/swift.xctoolchain/usr/lib/swift_static/CoreFoundation/CoreFoundation.h:28:10: note: while building module 'wasi_emulated_signal' imported from /root/.swiftpm/swift-sdks/swift-6.2-RELEASE_wasm.artifactbundle/swift-6.2-RELEASE_wasm/wasm32-unknown-wasip1/swift.xctoolchain/usr/lib/swift_static/CoreFoundation/CoreFoundation.h:28:
 26 | #include <setjmp.h>
 27 | #endif
 28 | #include <signal.h>
    |          `- note: while building module 'wasi_emulated_signal' imported from /root/.swiftpm/swift-sdks/swift-6.2-RELEASE_wasm.artifactbundle/swift-6.2-RELEASE_wasm/wasm32-unknown-wasip1/swift.xctoolchain/usr/lib/swift_static/CoreFoundation/CoreFoundation.h:28:
 29 | #include <stddef.h>
 30 | #include <stdio.h>
<module-includes>:1:10: note: in file included from <module-includes>:1:
1 | #include "signal.h"
  |          `- note: in file included from <module-includes>:1:
2 |
[443/636] Compiling Configuration EnvironmentVariablesProvider.swift
/host/spi-builder-workspace/.build/checkouts/GraphQL/Sources/GraphQL/Execution/Execute.swift:1:8: error: no such module 'Dispatch'
   1 | import Dispatch
     |        `- error: no such module 'Dispatch'
   2 | import OrderedCollections
   3 |
/root/.swiftpm/swift-sdks/swift-6.2-RELEASE_wasm.artifactbundle/swift-6.2-RELEASE_wasm/wasm32-unknown-wasip1/swift.xctoolchain/usr/lib/swift_static/CoreFoundation/CoreFoundation.h:28:10: note: while building module 'wasi_emulated_signal' imported from /root/.swiftpm/swift-sdks/swift-6.2-RELEASE_wasm.artifactbundle/swift-6.2-RELEASE_wasm/wasm32-unknown-wasip1/swift.xctoolchain/usr/lib/swift_static/CoreFoundation/CoreFoundation.h:28:
 26 | #include <setjmp.h>
 27 | #endif
 28 | #include <signal.h>
    |          `- note: while building module 'wasi_emulated_signal' imported from /root/.swiftpm/swift-sdks/swift-6.2-RELEASE_wasm.artifactbundle/swift-6.2-RELEASE_wasm/wasm32-unknown-wasip1/swift.xctoolchain/usr/lib/swift_static/CoreFoundation/CoreFoundation.h:28:
 29 | #include <stddef.h>
 30 | #include <stdio.h>
<module-includes>:1:10: note: in file included from <module-includes>:1:
1 | #include "signal.h"
  |          `- note: in file included from <module-includes>:1:
2 |
[444/636] Compiling Configuration CommonProviderFileSystem.swift
/host/spi-builder-workspace/.build/checkouts/GraphQL/Sources/GraphQL/Execution/Execute.swift:1:8: error: no such module 'Dispatch'
   1 | import Dispatch
     |        `- error: no such module 'Dispatch'
   2 | import OrderedCollections
   3 |
/root/.swiftpm/swift-sdks/swift-6.2-RELEASE_wasm.artifactbundle/swift-6.2-RELEASE_wasm/wasm32-unknown-wasip1/swift.xctoolchain/usr/lib/swift_static/CoreFoundation/CoreFoundation.h:28:10: note: while building module 'wasi_emulated_signal' imported from /root/.swiftpm/swift-sdks/swift-6.2-RELEASE_wasm.artifactbundle/swift-6.2-RELEASE_wasm/wasm32-unknown-wasip1/swift.xctoolchain/usr/lib/swift_static/CoreFoundation/CoreFoundation.h:28:
 26 | #include <setjmp.h>
 27 | #endif
 28 | #include <signal.h>
    |          `- note: while building module 'wasi_emulated_signal' imported from /root/.swiftpm/swift-sdks/swift-6.2-RELEASE_wasm.artifactbundle/swift-6.2-RELEASE_wasm/wasm32-unknown-wasip1/swift.xctoolchain/usr/lib/swift_static/CoreFoundation/CoreFoundation.h:28:
 29 | #include <stddef.h>
 30 | #include <stdio.h>
<module-includes>:1:10: note: in file included from <module-includes>:1:
1 | #include "signal.h"
  |          `- note: in file included from <module-includes>:1:
2 |
[445/636] Compiling Configuration DirectoryFilesProvider.swift
/host/spi-builder-workspace/.build/checkouts/GraphQL/Sources/GraphQL/Execution/Execute.swift:1:8: error: no such module 'Dispatch'
   1 | import Dispatch
     |        `- error: no such module 'Dispatch'
   2 | import OrderedCollections
   3 |
/root/.swiftpm/swift-sdks/swift-6.2-RELEASE_wasm.artifactbundle/swift-6.2-RELEASE_wasm/wasm32-unknown-wasip1/swift.xctoolchain/usr/lib/swift_static/CoreFoundation/CoreFoundation.h:28:10: note: while building module 'wasi_emulated_signal' imported from /root/.swiftpm/swift-sdks/swift-6.2-RELEASE_wasm.artifactbundle/swift-6.2-RELEASE_wasm/wasm32-unknown-wasip1/swift.xctoolchain/usr/lib/swift_static/CoreFoundation/CoreFoundation.h:28:
 26 | #include <setjmp.h>
 27 | #endif
 28 | #include <signal.h>
    |          `- note: while building module 'wasi_emulated_signal' imported from /root/.swiftpm/swift-sdks/swift-6.2-RELEASE_wasm.artifactbundle/swift-6.2-RELEASE_wasm/wasm32-unknown-wasip1/swift.xctoolchain/usr/lib/swift_static/CoreFoundation/CoreFoundation.h:28:
 29 | #include <stddef.h>
 30 | #include <stdio.h>
<module-includes>:1:10: note: in file included from <module-includes>:1:
1 | #include "signal.h"
  |          `- note: in file included from <module-includes>:1:
2 |
[446/636] Compiling Configuration FileProvider.swift
/host/spi-builder-workspace/.build/checkouts/GraphQL/Sources/GraphQL/Execution/Execute.swift:1:8: error: no such module 'Dispatch'
   1 | import Dispatch
     |        `- error: no such module 'Dispatch'
   2 | import OrderedCollections
   3 |
/root/.swiftpm/swift-sdks/swift-6.2-RELEASE_wasm.artifactbundle/swift-6.2-RELEASE_wasm/wasm32-unknown-wasip1/swift.xctoolchain/usr/lib/swift_static/CoreFoundation/CoreFoundation.h:28:10: note: while building module 'wasi_emulated_signal' imported from /root/.swiftpm/swift-sdks/swift-6.2-RELEASE_wasm.artifactbundle/swift-6.2-RELEASE_wasm/wasm32-unknown-wasip1/swift.xctoolchain/usr/lib/swift_static/CoreFoundation/CoreFoundation.h:28:
 26 | #include <setjmp.h>
 27 | #endif
 28 | #include <signal.h>
    |          `- note: while building module 'wasi_emulated_signal' imported from /root/.swiftpm/swift-sdks/swift-6.2-RELEASE_wasm.artifactbundle/swift-6.2-RELEASE_wasm/wasm32-unknown-wasip1/swift.xctoolchain/usr/lib/swift_static/CoreFoundation/CoreFoundation.h:28:
 29 | #include <stddef.h>
 30 | #include <stdio.h>
<module-includes>:1:10: note: in file included from <module-includes>:1:
1 | #include "signal.h"
  |          `- note: in file included from <module-includes>:1:
2 |
[447/636] Compiling Configuration FileProviderSnapshot.swift
/host/spi-builder-workspace/.build/checkouts/GraphQL/Sources/GraphQL/Execution/Execute.swift:1:8: error: no such module 'Dispatch'
   1 | import Dispatch
     |        `- error: no such module 'Dispatch'
   2 | import OrderedCollections
   3 |
/root/.swiftpm/swift-sdks/swift-6.2-RELEASE_wasm.artifactbundle/swift-6.2-RELEASE_wasm/wasm32-unknown-wasip1/swift.xctoolchain/usr/lib/swift_static/CoreFoundation/CoreFoundation.h:28:10: note: while building module 'wasi_emulated_signal' imported from /root/.swiftpm/swift-sdks/swift-6.2-RELEASE_wasm.artifactbundle/swift-6.2-RELEASE_wasm/wasm32-unknown-wasip1/swift.xctoolchain/usr/lib/swift_static/CoreFoundation/CoreFoundation.h:28:
 26 | #include <setjmp.h>
 27 | #endif
 28 | #include <signal.h>
    |          `- note: while building module 'wasi_emulated_signal' imported from /root/.swiftpm/swift-sdks/swift-6.2-RELEASE_wasm.artifactbundle/swift-6.2-RELEASE_wasm/wasm32-unknown-wasip1/swift.xctoolchain/usr/lib/swift_static/CoreFoundation/CoreFoundation.h:28:
 29 | #include <stddef.h>
 30 | #include <stdio.h>
<module-includes>:1:10: note: in file included from <module-includes>:1:
1 | #include "signal.h"
  |          `- note: in file included from <module-includes>:1:
2 |
/host/spi-builder-workspace/.build/checkouts/GraphQL/Sources/GraphQL/Execution/Execute.swift:1:8: error: no such module 'Dispatch'
   1 | import Dispatch
     |        `- error: no such module 'Dispatch'
   2 | import OrderedCollections
   3 |
/root/.swiftpm/swift-sdks/swift-6.2-RELEASE_wasm.artifactbundle/swift-6.2-RELEASE_wasm/wasm32-unknown-wasip1/swift.xctoolchain/usr/lib/swift_static/CoreFoundation/CoreFoundation.h:28:10: note: while building module 'wasi_emulated_signal' imported from /root/.swiftpm/swift-sdks/swift-6.2-RELEASE_wasm.artifactbundle/swift-6.2-RELEASE_wasm/wasm32-unknown-wasip1/swift.xctoolchain/usr/lib/swift_static/CoreFoundation/CoreFoundation.h:28:
 26 | #include <setjmp.h>
 27 | #endif
 28 | #include <signal.h>
    |          `- note: while building module 'wasi_emulated_signal' imported from /root/.swiftpm/swift-sdks/swift-6.2-RELEASE_wasm.artifactbundle/swift-6.2-RELEASE_wasm/wasm32-unknown-wasip1/swift.xctoolchain/usr/lib/swift_static/CoreFoundation/CoreFoundation.h:28:
 29 | #include <stddef.h>
 30 | #include <stdio.h>
<module-includes>:1:10: note: in file included from <module-includes>:1:
1 | #include "signal.h"
  |          `- note: in file included from <module-includes>:1:
2 |
/host/spi-builder-workspace/.build/checkouts/GraphQL/Sources/GraphQL/Execution/Execute.swift:1:8: error: no such module 'Dispatch'
   1 | import Dispatch
     |        `- error: no such module 'Dispatch'
   2 | import OrderedCollections
   3 |
/root/.swiftpm/swift-sdks/swift-6.2-RELEASE_wasm.artifactbundle/swift-6.2-RELEASE_wasm/wasm32-unknown-wasip1/swift.xctoolchain/usr/lib/swift_static/CoreFoundation/CoreFoundation.h:28:10: note: while building module 'wasi_emulated_signal' imported from /root/.swiftpm/swift-sdks/swift-6.2-RELEASE_wasm.artifactbundle/swift-6.2-RELEASE_wasm/wasm32-unknown-wasip1/swift.xctoolchain/usr/lib/swift_static/CoreFoundation/CoreFoundation.h:28:
 26 | #include <setjmp.h>
 27 | #endif
 28 | #include <signal.h>
    |          `- note: while building module 'wasi_emulated_signal' imported from /root/.swiftpm/swift-sdks/swift-6.2-RELEASE_wasm.artifactbundle/swift-6.2-RELEASE_wasm/wasm32-unknown-wasip1/swift.xctoolchain/usr/lib/swift_static/CoreFoundation/CoreFoundation.h:28:
 29 | #include <stddef.h>
 30 | #include <stdio.h>
<module-includes>:1:10: note: in file included from <module-includes>:1:
1 | #include "signal.h"
  |          `- note: in file included from <module-includes>:1:
2 |
/host/spi-builder-workspace/.build/checkouts/GraphQL/Sources/GraphQL/Execution/Execute.swift:1:8: error: no such module 'Dispatch'
   1 | import Dispatch
     |        `- error: no such module 'Dispatch'
   2 | import OrderedCollections
   3 |
/root/.swiftpm/swift-sdks/swift-6.2-RELEASE_wasm.artifactbundle/swift-6.2-RELEASE_wasm/wasm32-unknown-wasip1/swift.xctoolchain/usr/lib/swift_static/CoreFoundation/CoreFoundation.h:28:10: note: while building module 'wasi_emulated_signal' imported from /root/.swiftpm/swift-sdks/swift-6.2-RELEASE_wasm.artifactbundle/swift-6.2-RELEASE_wasm/wasm32-unknown-wasip1/swift.xctoolchain/usr/lib/swift_static/CoreFoundation/CoreFoundation.h:28:
 26 | #include <setjmp.h>
 27 | #endif
 28 | #include <signal.h>
    |          `- note: while building module 'wasi_emulated_signal' imported from /root/.swiftpm/swift-sdks/swift-6.2-RELEASE_wasm.artifactbundle/swift-6.2-RELEASE_wasm/wasm32-unknown-wasip1/swift.xctoolchain/usr/lib/swift_static/CoreFoundation/CoreFoundation.h:28:
 29 | #include <stddef.h>
 30 | #include <stdio.h>
<module-includes>:1:10: note: in file included from <module-includes>:1:
1 | #include "signal.h"
  |          `- note: in file included from <module-includes>:1:
2 |
/host/spi-builder-workspace/.build/checkouts/GraphQL/Sources/GraphQL/Execution/Execute.swift:1:8: error: no such module 'Dispatch'
   1 | import Dispatch
     |        `- error: no such module 'Dispatch'
   2 | import OrderedCollections
   3 |
/root/.swiftpm/swift-sdks/swift-6.2-RELEASE_wasm.artifactbundle/swift-6.2-RELEASE_wasm/wasm32-unknown-wasip1/swift.xctoolchain/usr/lib/swift_static/CoreFoundation/CoreFoundation.h:28:10: note: while building module 'wasi_emulated_signal' imported from /root/.swiftpm/swift-sdks/swift-6.2-RELEASE_wasm.artifactbundle/swift-6.2-RELEASE_wasm/wasm32-unknown-wasip1/swift.xctoolchain/usr/lib/swift_static/CoreFoundation/CoreFoundation.h:28:
 26 | #include <setjmp.h>
 27 | #endif
 28 | #include <signal.h>
    |          `- note: while building module 'wasi_emulated_signal' imported from /root/.swiftpm/swift-sdks/swift-6.2-RELEASE_wasm.artifactbundle/swift-6.2-RELEASE_wasm/wasm32-unknown-wasip1/swift.xctoolchain/usr/lib/swift_static/CoreFoundation/CoreFoundation.h:28:
 29 | #include <stddef.h>
 30 | #include <stdio.h>
<module-includes>:1:10: note: in file included from <module-includes>:1:
1 | #include "signal.h"
  |          `- note: in file included from <module-includes>:1:
2 |
/host/spi-builder-workspace/.build/checkouts/GraphQL/Sources/GraphQL/Execution/Execute.swift:1:8: error: no such module 'Dispatch'
   1 | import Dispatch
     |        `- error: no such module 'Dispatch'
   2 | import OrderedCollections
   3 |
/root/.swiftpm/swift-sdks/swift-6.2-RELEASE_wasm.artifactbundle/swift-6.2-RELEASE_wasm/wasm32-unknown-wasip1/swift.xctoolchain/usr/lib/swift_static/CoreFoundation/CoreFoundation.h:28:10: note: while building module 'wasi_emulated_signal' imported from /root/.swiftpm/swift-sdks/swift-6.2-RELEASE_wasm.artifactbundle/swift-6.2-RELEASE_wasm/wasm32-unknown-wasip1/swift.xctoolchain/usr/lib/swift_static/CoreFoundation/CoreFoundation.h:28:
 26 | #include <setjmp.h>
 27 | #endif
 28 | #include <signal.h>
    |          `- note: while building module 'wasi_emulated_signal' imported from /root/.swiftpm/swift-sdks/swift-6.2-RELEASE_wasm.artifactbundle/swift-6.2-RELEASE_wasm/wasm32-unknown-wasip1/swift.xctoolchain/usr/lib/swift_static/CoreFoundation/CoreFoundation.h:28:
 29 | #include <stddef.h>
 30 | #include <stdio.h>
<module-includes>:1:10: note: in file included from <module-includes>:1:
1 | #include "signal.h"
  |          `- note: in file included from <module-includes>:1:
2 |
/host/spi-builder-workspace/.build/checkouts/GraphQL/Sources/GraphQL/Execution/Execute.swift:1:8: error: no such module 'Dispatch'
   1 | import Dispatch
     |        `- error: no such module 'Dispatch'
   2 | import OrderedCollections
   3 |
/root/.swiftpm/swift-sdks/swift-6.2-RELEASE_wasm.artifactbundle/swift-6.2-RELEASE_wasm/wasm32-unknown-wasip1/swift.xctoolchain/usr/lib/swift_static/CoreFoundation/CoreFoundation.h:28:10: note: while building module 'wasi_emulated_signal' imported from /root/.swiftpm/swift-sdks/swift-6.2-RELEASE_wasm.artifactbundle/swift-6.2-RELEASE_wasm/wasm32-unknown-wasip1/swift.xctoolchain/usr/lib/swift_static/CoreFoundation/CoreFoundation.h:28:
 26 | #include <setjmp.h>
 27 | #endif
 28 | #include <signal.h>
    |          `- note: while building module 'wasi_emulated_signal' imported from /root/.swiftpm/swift-sdks/swift-6.2-RELEASE_wasm.artifactbundle/swift-6.2-RELEASE_wasm/wasm32-unknown-wasip1/swift.xctoolchain/usr/lib/swift_static/CoreFoundation/CoreFoundation.h:28:
 29 | #include <stddef.h>
 30 | #include <stdio.h>
<module-includes>:1:10: note: in file included from <module-includes>:1:
1 | #include "signal.h"
  |          `- note: in file included from <module-includes>:1:
2 |
[454/636] Emitting module Configuration
[461/636] Compiling AsyncAlgorithms MergeStorage.swift
/host/spi-builder-workspace/.build/checkouts/GraphQL/Sources/GraphQL/Execution/Execute.swift:1:8: error: no such module 'Dispatch'
   1 | import Dispatch
     |        `- error: no such module 'Dispatch'
   2 | import OrderedCollections
   3 |
/root/.swiftpm/swift-sdks/swift-6.2-RELEASE_wasm.artifactbundle/swift-6.2-RELEASE_wasm/wasm32-unknown-wasip1/swift.xctoolchain/usr/lib/swift_static/CoreFoundation/CoreFoundation.h:28:10: note: while building module 'wasi_emulated_signal' imported from /root/.swiftpm/swift-sdks/swift-6.2-RELEASE_wasm.artifactbundle/swift-6.2-RELEASE_wasm/wasm32-unknown-wasip1/swift.xctoolchain/usr/lib/swift_static/CoreFoundation/CoreFoundation.h:28:
 26 | #include <setjmp.h>
 27 | #endif
 28 | #include <signal.h>
    |          `- note: while building module 'wasi_emulated_signal' imported from /root/.swiftpm/swift-sdks/swift-6.2-RELEASE_wasm.artifactbundle/swift-6.2-RELEASE_wasm/wasm32-unknown-wasip1/swift.xctoolchain/usr/lib/swift_static/CoreFoundation/CoreFoundation.h:28:
 29 | #include <stddef.h>
 30 | #include <stdio.h>
<module-includes>:1:10: note: in file included from <module-includes>:1:
1 | #include "signal.h"
  |          `- note: in file included from <module-includes>:1:
2 |
[462/636] Compiling AsyncAlgorithms MultiProducerSingleConsumerAsyncChannel+Internal.swift
/host/spi-builder-workspace/.build/checkouts/GraphQL/Sources/GraphQL/Execution/Execute.swift:1:8: error: no such module 'Dispatch'
   1 | import Dispatch
     |        `- error: no such module 'Dispatch'
   2 | import OrderedCollections
   3 |
/root/.swiftpm/swift-sdks/swift-6.2-RELEASE_wasm.artifactbundle/swift-6.2-RELEASE_wasm/wasm32-unknown-wasip1/swift.xctoolchain/usr/lib/swift_static/CoreFoundation/CoreFoundation.h:28:10: note: while building module 'wasi_emulated_signal' imported from /root/.swiftpm/swift-sdks/swift-6.2-RELEASE_wasm.artifactbundle/swift-6.2-RELEASE_wasm/wasm32-unknown-wasip1/swift.xctoolchain/usr/lib/swift_static/CoreFoundation/CoreFoundation.h:28:
 26 | #include <setjmp.h>
 27 | #endif
 28 | #include <signal.h>
    |          `- note: while building module 'wasi_emulated_signal' imported from /root/.swiftpm/swift-sdks/swift-6.2-RELEASE_wasm.artifactbundle/swift-6.2-RELEASE_wasm/wasm32-unknown-wasip1/swift.xctoolchain/usr/lib/swift_static/CoreFoundation/CoreFoundation.h:28:
 29 | #include <stddef.h>
 30 | #include <stdio.h>
<module-includes>:1:10: note: in file included from <module-includes>:1:
1 | #include "signal.h"
  |          `- note: in file included from <module-includes>:1:
2 |
[463/636] Compiling AsyncAlgorithms MultiProducerSingleConsumerAsyncChannel.swift
/host/spi-builder-workspace/.build/checkouts/GraphQL/Sources/GraphQL/Execution/Execute.swift:1:8: error: no such module 'Dispatch'
   1 | import Dispatch
     |        `- error: no such module 'Dispatch'
   2 | import OrderedCollections
   3 |
/root/.swiftpm/swift-sdks/swift-6.2-RELEASE_wasm.artifactbundle/swift-6.2-RELEASE_wasm/wasm32-unknown-wasip1/swift.xctoolchain/usr/lib/swift_static/CoreFoundation/CoreFoundation.h:28:10: note: while building module 'wasi_emulated_signal' imported from /root/.swiftpm/swift-sdks/swift-6.2-RELEASE_wasm.artifactbundle/swift-6.2-RELEASE_wasm/wasm32-unknown-wasip1/swift.xctoolchain/usr/lib/swift_static/CoreFoundation/CoreFoundation.h:28:
 26 | #include <setjmp.h>
 27 | #endif
 28 | #include <signal.h>
    |          `- note: while building module 'wasi_emulated_signal' imported from /root/.swiftpm/swift-sdks/swift-6.2-RELEASE_wasm.artifactbundle/swift-6.2-RELEASE_wasm/wasm32-unknown-wasip1/swift.xctoolchain/usr/lib/swift_static/CoreFoundation/CoreFoundation.h:28:
 29 | #include <stddef.h>
 30 | #include <stdio.h>
<module-includes>:1:10: note: in file included from <module-includes>:1:
1 | #include "signal.h"
  |          `- note: in file included from <module-includes>:1:
2 |
[464/636] Compiling AsyncAlgorithms RangeReplaceableCollection.swift
/host/spi-builder-workspace/.build/checkouts/GraphQL/Sources/GraphQL/Execution/Execute.swift:1:8: error: no such module 'Dispatch'
   1 | import Dispatch
     |        `- error: no such module 'Dispatch'
   2 | import OrderedCollections
   3 |
/root/.swiftpm/swift-sdks/swift-6.2-RELEASE_wasm.artifactbundle/swift-6.2-RELEASE_wasm/wasm32-unknown-wasip1/swift.xctoolchain/usr/lib/swift_static/CoreFoundation/CoreFoundation.h:28:10: note: while building module 'wasi_emulated_signal' imported from /root/.swiftpm/swift-sdks/swift-6.2-RELEASE_wasm.artifactbundle/swift-6.2-RELEASE_wasm/wasm32-unknown-wasip1/swift.xctoolchain/usr/lib/swift_static/CoreFoundation/CoreFoundation.h:28:
 26 | #include <setjmp.h>
 27 | #endif
 28 | #include <signal.h>
    |          `- note: while building module 'wasi_emulated_signal' imported from /root/.swiftpm/swift-sdks/swift-6.2-RELEASE_wasm.artifactbundle/swift-6.2-RELEASE_wasm/wasm32-unknown-wasip1/swift.xctoolchain/usr/lib/swift_static/CoreFoundation/CoreFoundation.h:28:
 29 | #include <stddef.h>
 30 | #include <stdio.h>
<module-includes>:1:10: note: in file included from <module-includes>:1:
1 | #include "signal.h"
  |          `- note: in file included from <module-includes>:1:
2 |
[465/636] Compiling NIOCore EventLoop.swift
/host/spi-builder-workspace/.build/checkouts/GraphQL/Sources/GraphQL/Execution/Execute.swift:1:8: error: no such module 'Dispatch'
   1 | import Dispatch
     |        `- error: no such module 'Dispatch'
   2 | import OrderedCollections
   3 |
/root/.swiftpm/swift-sdks/swift-6.2-RELEASE_wasm.artifactbundle/swift-6.2-RELEASE_wasm/wasm32-unknown-wasip1/swift.xctoolchain/usr/lib/swift_static/CoreFoundation/CoreFoundation.h:28:10: note: while building module 'wasi_emulated_signal' imported from /root/.swiftpm/swift-sdks/swift-6.2-RELEASE_wasm.artifactbundle/swift-6.2-RELEASE_wasm/wasm32-unknown-wasip1/swift.xctoolchain/usr/lib/swift_static/CoreFoundation/CoreFoundation.h:28:
 26 | #include <setjmp.h>
 27 | #endif
 28 | #include <signal.h>
    |          `- note: while building module 'wasi_emulated_signal' imported from /root/.swiftpm/swift-sdks/swift-6.2-RELEASE_wasm.artifactbundle/swift-6.2-RELEASE_wasm/wasm32-unknown-wasip1/swift.xctoolchain/usr/lib/swift_static/CoreFoundation/CoreFoundation.h:28:
 29 | #include <stddef.h>
 30 | #include <stdio.h>
<module-includes>:1:10: note: in file included from <module-includes>:1:
1 | #include "signal.h"
  |          `- note: in file included from <module-includes>:1:
2 |
[466/636] Compiling NIOCore EventLoopFuture+AssumeIsolated.swift
/host/spi-builder-workspace/.build/checkouts/GraphQL/Sources/GraphQL/Execution/Execute.swift:1:8: error: no such module 'Dispatch'
   1 | import Dispatch
     |        `- error: no such module 'Dispatch'
   2 | import OrderedCollections
   3 |
/root/.swiftpm/swift-sdks/swift-6.2-RELEASE_wasm.artifactbundle/swift-6.2-RELEASE_wasm/wasm32-unknown-wasip1/swift.xctoolchain/usr/lib/swift_static/CoreFoundation/CoreFoundation.h:28:10: note: while building module 'wasi_emulated_signal' imported from /root/.swiftpm/swift-sdks/swift-6.2-RELEASE_wasm.artifactbundle/swift-6.2-RELEASE_wasm/wasm32-unknown-wasip1/swift.xctoolchain/usr/lib/swift_static/CoreFoundation/CoreFoundation.h:28:
 26 | #include <setjmp.h>
 27 | #endif
 28 | #include <signal.h>
    |          `- note: while building module 'wasi_emulated_signal' imported from /root/.swiftpm/swift-sdks/swift-6.2-RELEASE_wasm.artifactbundle/swift-6.2-RELEASE_wasm/wasm32-unknown-wasip1/swift.xctoolchain/usr/lib/swift_static/CoreFoundation/CoreFoundation.h:28:
 29 | #include <stddef.h>
 30 | #include <stdio.h>
<module-includes>:1:10: note: in file included from <module-includes>:1:
1 | #include "signal.h"
  |          `- note: in file included from <module-includes>:1:
2 |
[467/636] Compiling NIOCore NIOCoreSendableMetatype.swift
/host/spi-builder-workspace/.build/checkouts/GraphQL/Sources/GraphQL/Execution/Execute.swift:1:8: error: no such module 'Dispatch'
   1 | import Dispatch
     |        `- error: no such module 'Dispatch'
   2 | import OrderedCollections
   3 |
/root/.swiftpm/swift-sdks/swift-6.2-RELEASE_wasm.artifactbundle/swift-6.2-RELEASE_wasm/wasm32-unknown-wasip1/swift.xctoolchain/usr/lib/swift_static/CoreFoundation/CoreFoundation.h:28:10: note: while building module 'wasi_emulated_signal' imported from /root/.swiftpm/swift-sdks/swift-6.2-RELEASE_wasm.artifactbundle/swift-6.2-RELEASE_wasm/wasm32-unknown-wasip1/swift.xctoolchain/usr/lib/swift_static/CoreFoundation/CoreFoundation.h:28:
 26 | #include <setjmp.h>
 27 | #endif
 28 | #include <signal.h>
    |          `- note: while building module 'wasi_emulated_signal' imported from /root/.swiftpm/swift-sdks/swift-6.2-RELEASE_wasm.artifactbundle/swift-6.2-RELEASE_wasm/wasm32-unknown-wasip1/swift.xctoolchain/usr/lib/swift_static/CoreFoundation/CoreFoundation.h:28:
 29 | #include <stddef.h>
 30 | #include <stdio.h>
<module-includes>:1:10: note: in file included from <module-includes>:1:
1 | #include "signal.h"
  |          `- note: in file included from <module-includes>:1:
2 |
[468/636] Compiling NIOCore NIODecodedAsyncSequence.swift
/host/spi-builder-workspace/.build/checkouts/GraphQL/Sources/GraphQL/Execution/Execute.swift:1:8: error: no such module 'Dispatch'
   1 | import Dispatch
     |        `- error: no such module 'Dispatch'
   2 | import OrderedCollections
   3 |
/root/.swiftpm/swift-sdks/swift-6.2-RELEASE_wasm.artifactbundle/swift-6.2-RELEASE_wasm/wasm32-unknown-wasip1/swift.xctoolchain/usr/lib/swift_static/CoreFoundation/CoreFoundation.h:28:10: note: while building module 'wasi_emulated_signal' imported from /root/.swiftpm/swift-sdks/swift-6.2-RELEASE_wasm.artifactbundle/swift-6.2-RELEASE_wasm/wasm32-unknown-wasip1/swift.xctoolchain/usr/lib/swift_static/CoreFoundation/CoreFoundation.h:28:
 26 | #include <setjmp.h>
 27 | #endif
 28 | #include <signal.h>
    |          `- note: while building module 'wasi_emulated_signal' imported from /root/.swiftpm/swift-sdks/swift-6.2-RELEASE_wasm.artifactbundle/swift-6.2-RELEASE_wasm/wasm32-unknown-wasip1/swift.xctoolchain/usr/lib/swift_static/CoreFoundation/CoreFoundation.h:28:
 29 | #include <stddef.h>
 30 | #include <stdio.h>
<module-includes>:1:10: note: in file included from <module-includes>:1:
1 | #include "signal.h"
  |          `- note: in file included from <module-includes>:1:
2 |
[469/636] Compiling NIOCore NIOLoopBound.swift
/host/spi-builder-workspace/.build/checkouts/GraphQL/Sources/GraphQL/Execution/Execute.swift:1:8: error: no such module 'Dispatch'
   1 | import Dispatch
     |        `- error: no such module 'Dispatch'
   2 | import OrderedCollections
   3 |
/root/.swiftpm/swift-sdks/swift-6.2-RELEASE_wasm.artifactbundle/swift-6.2-RELEASE_wasm/wasm32-unknown-wasip1/swift.xctoolchain/usr/lib/swift_static/CoreFoundation/CoreFoundation.h:28:10: note: while building module 'wasi_emulated_signal' imported from /root/.swiftpm/swift-sdks/swift-6.2-RELEASE_wasm.artifactbundle/swift-6.2-RELEASE_wasm/wasm32-unknown-wasip1/swift.xctoolchain/usr/lib/swift_static/CoreFoundation/CoreFoundation.h:28:
 26 | #include <setjmp.h>
 27 | #endif
 28 | #include <signal.h>
    |          `- note: while building module 'wasi_emulated_signal' imported from /root/.swiftpm/swift-sdks/swift-6.2-RELEASE_wasm.artifactbundle/swift-6.2-RELEASE_wasm/wasm32-unknown-wasip1/swift.xctoolchain/usr/lib/swift_static/CoreFoundation/CoreFoundation.h:28:
 29 | #include <stddef.h>
 30 | #include <stdio.h>
<module-includes>:1:10: note: in file included from <module-includes>:1:
1 | #include "signal.h"
  |          `- note: in file included from <module-includes>:1:
2 |
[470/636] Compiling NIOCore NIOPooledRecvBufferAllocator.swift
/host/spi-builder-workspace/.build/checkouts/GraphQL/Sources/GraphQL/Execution/Execute.swift:1:8: error: no such module 'Dispatch'
   1 | import Dispatch
     |        `- error: no such module 'Dispatch'
   2 | import OrderedCollections
   3 |
/root/.swiftpm/swift-sdks/swift-6.2-RELEASE_wasm.artifactbundle/swift-6.2-RELEASE_wasm/wasm32-unknown-wasip1/swift.xctoolchain/usr/lib/swift_static/CoreFoundation/CoreFoundation.h:28:10: note: while building module 'wasi_emulated_signal' imported from /root/.swiftpm/swift-sdks/swift-6.2-RELEASE_wasm.artifactbundle/swift-6.2-RELEASE_wasm/wasm32-unknown-wasip1/swift.xctoolchain/usr/lib/swift_static/CoreFoundation/CoreFoundation.h:28:
 26 | #include <setjmp.h>
 27 | #endif
 28 | #include <signal.h>
    |          `- note: while building module 'wasi_emulated_signal' imported from /root/.swiftpm/swift-sdks/swift-6.2-RELEASE_wasm.artifactbundle/swift-6.2-RELEASE_wasm/wasm32-unknown-wasip1/swift.xctoolchain/usr/lib/swift_static/CoreFoundation/CoreFoundation.h:28:
 29 | #include <stddef.h>
 30 | #include <stdio.h>
<module-includes>:1:10: note: in file included from <module-includes>:1:
1 | #include "signal.h"
  |          `- note: in file included from <module-includes>:1:
2 |
[471/636] Compiling NIOCore NIOScheduledCallback.swift
/host/spi-builder-workspace/.build/checkouts/GraphQL/Sources/GraphQL/Execution/Execute.swift:1:8: error: no such module 'Dispatch'
   1 | import Dispatch
     |        `- error: no such module 'Dispatch'
   2 | import OrderedCollections
   3 |
/root/.swiftpm/swift-sdks/swift-6.2-RELEASE_wasm.artifactbundle/swift-6.2-RELEASE_wasm/wasm32-unknown-wasip1/swift.xctoolchain/usr/lib/swift_static/CoreFoundation/CoreFoundation.h:28:10: note: while building module 'wasi_emulated_signal' imported from /root/.swiftpm/swift-sdks/swift-6.2-RELEASE_wasm.artifactbundle/swift-6.2-RELEASE_wasm/wasm32-unknown-wasip1/swift.xctoolchain/usr/lib/swift_static/CoreFoundation/CoreFoundation.h:28:
 26 | #include <setjmp.h>
 27 | #endif
 28 | #include <signal.h>
    |          `- note: while building module 'wasi_emulated_signal' imported from /root/.swiftpm/swift-sdks/swift-6.2-RELEASE_wasm.artifactbundle/swift-6.2-RELEASE_wasm/wasm32-unknown-wasip1/swift.xctoolchain/usr/lib/swift_static/CoreFoundation/CoreFoundation.h:28:
 29 | #include <stddef.h>
 30 | #include <stdio.h>
<module-includes>:1:10: note: in file included from <module-includes>:1:
1 | #include "signal.h"
  |          `- note: in file included from <module-includes>:1:
2 |
[472/636] Compiling NIOCore NIOSendable.swift
/host/spi-builder-workspace/.build/checkouts/GraphQL/Sources/GraphQL/Execution/Execute.swift:1:8: error: no such module 'Dispatch'
   1 | import Dispatch
     |        `- error: no such module 'Dispatch'
   2 | import OrderedCollections
   3 |
/root/.swiftpm/swift-sdks/swift-6.2-RELEASE_wasm.artifactbundle/swift-6.2-RELEASE_wasm/wasm32-unknown-wasip1/swift.xctoolchain/usr/lib/swift_static/CoreFoundation/CoreFoundation.h:28:10: note: while building module 'wasi_emulated_signal' imported from /root/.swiftpm/swift-sdks/swift-6.2-RELEASE_wasm.artifactbundle/swift-6.2-RELEASE_wasm/wasm32-unknown-wasip1/swift.xctoolchain/usr/lib/swift_static/CoreFoundation/CoreFoundation.h:28:
 26 | #include <setjmp.h>
 27 | #endif
 28 | #include <signal.h>
    |          `- note: while building module 'wasi_emulated_signal' imported from /root/.swiftpm/swift-sdks/swift-6.2-RELEASE_wasm.artifactbundle/swift-6.2-RELEASE_wasm/wasm32-unknown-wasip1/swift.xctoolchain/usr/lib/swift_static/CoreFoundation/CoreFoundation.h:28:
 29 | #include <stddef.h>
 30 | #include <stdio.h>
<module-includes>:1:10: note: in file included from <module-includes>:1:
1 | #include "signal.h"
  |          `- note: in file included from <module-includes>:1:
2 |
[473/636] Compiling Configuration SeparatorKeyEncoder.swift
[474/636] Compiling AsyncAlgorithms AsyncThrowingInclusiveReductionsSequence.swift
[475/636] Compiling AsyncAlgorithms AsyncTimerSequence.swift
[476/636] Compiling AsyncAlgorithms AsyncBufferSequence.swift
[477/636] Compiling Configuration CommandLineArgumentsProvider.swift
[478/636] Compiling Configuration EnvironmentFileParser.swift
[509/644] Compiling Configuration AccessReporter.swift
[510/644] Compiling Configuration AccessLogger.swift
[511/644] Compiling Configuration FileAccessLogger.swift
[512/644] Compiling Configuration ConfigContext.swift
[528/651] Emitting module AsyncAlgorithms
/host/spi-builder-workspace/.build/checkouts/GraphQL/Sources/GraphQL/Execution/Execute.swift:1:8: error: no such module 'Dispatch'
   1 | import Dispatch
     |        `- error: no such module 'Dispatch'
   2 | import OrderedCollections
   3 |
/root/.swiftpm/swift-sdks/swift-6.2-RELEASE_wasm.artifactbundle/swift-6.2-RELEASE_wasm/wasm32-unknown-wasip1/swift.xctoolchain/usr/lib/swift_static/CoreFoundation/CoreFoundation.h:28:10: note: while building module 'wasi_emulated_signal' imported from /root/.swiftpm/swift-sdks/swift-6.2-RELEASE_wasm.artifactbundle/swift-6.2-RELEASE_wasm/wasm32-unknown-wasip1/swift.xctoolchain/usr/lib/swift_static/CoreFoundation/CoreFoundation.h:28:
 26 | #include <setjmp.h>
 27 | #endif
 28 | #include <signal.h>
    |          `- note: while building module 'wasi_emulated_signal' imported from /root/.swiftpm/swift-sdks/swift-6.2-RELEASE_wasm.artifactbundle/swift-6.2-RELEASE_wasm/wasm32-unknown-wasip1/swift.xctoolchain/usr/lib/swift_static/CoreFoundation/CoreFoundation.h:28:
 29 | #include <stddef.h>
 30 | #include <stdio.h>
<module-includes>:1:10: note: in file included from <module-includes>:1:
1 | #include "signal.h"
  |          `- note: in file included from <module-includes>:1:
2 |
/host/spi-builder-workspace/.build/checkouts/GraphQL/Sources/GraphQL/Execution/Execute.swift:1:8: error: no such module 'Dispatch'
   1 | import Dispatch
     |        `- error: no such module 'Dispatch'
   2 | import OrderedCollections
   3 |
/root/.swiftpm/swift-sdks/swift-6.2-RELEASE_wasm.artifactbundle/swift-6.2-RELEASE_wasm/wasm32-unknown-wasip1/swift.xctoolchain/usr/lib/swift_static/CoreFoundation/CoreFoundation.h:28:10: note: while building module 'wasi_emulated_signal' imported from /root/.swiftpm/swift-sdks/swift-6.2-RELEASE_wasm.artifactbundle/swift-6.2-RELEASE_wasm/wasm32-unknown-wasip1/swift.xctoolchain/usr/lib/swift_static/CoreFoundation/CoreFoundation.h:28:
 26 | #include <setjmp.h>
 27 | #endif
 28 | #include <signal.h>
    |          `- note: while building module 'wasi_emulated_signal' imported from /root/.swiftpm/swift-sdks/swift-6.2-RELEASE_wasm.artifactbundle/swift-6.2-RELEASE_wasm/wasm32-unknown-wasip1/swift.xctoolchain/usr/lib/swift_static/CoreFoundation/CoreFoundation.h:28:
 29 | #include <stddef.h>
 30 | #include <stdio.h>
<module-includes>:1:10: note: in file included from <module-includes>:1:
1 | #include "signal.h"
  |          `- note: in file included from <module-includes>:1:
2 |
/host/spi-builder-workspace/.build/checkouts/GraphQL/Sources/GraphQL/Execution/Execute.swift:1:8: error: no such module 'Dispatch'
   1 | import Dispatch
     |        `- error: no such module 'Dispatch'
   2 | import OrderedCollections
   3 |
/root/.swiftpm/swift-sdks/swift-6.2-RELEASE_wasm.artifactbundle/swift-6.2-RELEASE_wasm/wasm32-unknown-wasip1/swift.xctoolchain/usr/lib/swift_static/CoreFoundation/CoreFoundation.h:28:10: note: while building module 'wasi_emulated_signal' imported from /root/.swiftpm/swift-sdks/swift-6.2-RELEASE_wasm.artifactbundle/swift-6.2-RELEASE_wasm/wasm32-unknown-wasip1/swift.xctoolchain/usr/lib/swift_static/CoreFoundation/CoreFoundation.h:28:
 26 | #include <setjmp.h>
 27 | #endif
 28 | #include <signal.h>
    |          `- note: while building module 'wasi_emulated_signal' imported from /root/.swiftpm/swift-sdks/swift-6.2-RELEASE_wasm.artifactbundle/swift-6.2-RELEASE_wasm/wasm32-unknown-wasip1/swift.xctoolchain/usr/lib/swift_static/CoreFoundation/CoreFoundation.h:28:
 29 | #include <stddef.h>
 30 | #include <stdio.h>
<module-includes>:1:10: note: in file included from <module-includes>:1:
1 | #include "signal.h"
  |          `- note: in file included from <module-includes>:1:
2 |
/host/spi-builder-workspace/.build/checkouts/GraphQL/Sources/GraphQL/Execution/Execute.swift:1:8: error: no such module 'Dispatch'
   1 | import Dispatch
     |        `- error: no such module 'Dispatch'
   2 | import OrderedCollections
   3 |
/root/.swiftpm/swift-sdks/swift-6.2-RELEASE_wasm.artifactbundle/swift-6.2-RELEASE_wasm/wasm32-unknown-wasip1/swift.xctoolchain/usr/lib/swift_static/CoreFoundation/CoreFoundation.h:28:10: note: while building module 'wasi_emulated_signal' imported from /root/.swiftpm/swift-sdks/swift-6.2-RELEASE_wasm.artifactbundle/swift-6.2-RELEASE_wasm/wasm32-unknown-wasip1/swift.xctoolchain/usr/lib/swift_static/CoreFoundation/CoreFoundation.h:28:
 26 | #include <setjmp.h>
 27 | #endif
 28 | #include <signal.h>
    |          `- note: while building module 'wasi_emulated_signal' imported from /root/.swiftpm/swift-sdks/swift-6.2-RELEASE_wasm.artifactbundle/swift-6.2-RELEASE_wasm/wasm32-unknown-wasip1/swift.xctoolchain/usr/lib/swift_static/CoreFoundation/CoreFoundation.h:28:
 29 | #include <stddef.h>
 30 | #include <stdio.h>
<module-includes>:1:10: note: in file included from <module-includes>:1:
1 | #include "signal.h"
  |          `- note: in file included from <module-includes>:1:
2 |
[542/651] Compiling Configuration ConfigKey.swift
/host/spi-builder-workspace/.build/checkouts/GraphQL/Sources/GraphQL/Execution/Execute.swift:1:8: error: no such module 'Dispatch'
   1 | import Dispatch
     |        `- error: no such module 'Dispatch'
   2 | import OrderedCollections
   3 |
/root/.swiftpm/swift-sdks/swift-6.2-RELEASE_wasm.artifactbundle/swift-6.2-RELEASE_wasm/wasm32-unknown-wasip1/swift.xctoolchain/usr/lib/swift_static/CoreFoundation/CoreFoundation.h:28:10: note: while building module 'wasi_emulated_signal' imported from /root/.swiftpm/swift-sdks/swift-6.2-RELEASE_wasm.artifactbundle/swift-6.2-RELEASE_wasm/wasm32-unknown-wasip1/swift.xctoolchain/usr/lib/swift_static/CoreFoundation/CoreFoundation.h:28:
 26 | #include <setjmp.h>
 27 | #endif
 28 | #include <signal.h>
    |          `- note: while building module 'wasi_emulated_signal' imported from /root/.swiftpm/swift-sdks/swift-6.2-RELEASE_wasm.artifactbundle/swift-6.2-RELEASE_wasm/wasm32-unknown-wasip1/swift.xctoolchain/usr/lib/swift_static/CoreFoundation/CoreFoundation.h:28:
 29 | #include <stddef.h>
 30 | #include <stdio.h>
<module-includes>:1:10: note: in file included from <module-includes>:1:
1 | #include "signal.h"
  |          `- note: in file included from <module-includes>:1:
2 |
[543/651] Compiling Configuration ConfigProvider.swift
/host/spi-builder-workspace/.build/checkouts/GraphQL/Sources/GraphQL/Execution/Execute.swift:1:8: error: no such module 'Dispatch'
   1 | import Dispatch
     |        `- error: no such module 'Dispatch'
   2 | import OrderedCollections
   3 |
/root/.swiftpm/swift-sdks/swift-6.2-RELEASE_wasm.artifactbundle/swift-6.2-RELEASE_wasm/wasm32-unknown-wasip1/swift.xctoolchain/usr/lib/swift_static/CoreFoundation/CoreFoundation.h:28:10: note: while building module 'wasi_emulated_signal' imported from /root/.swiftpm/swift-sdks/swift-6.2-RELEASE_wasm.artifactbundle/swift-6.2-RELEASE_wasm/wasm32-unknown-wasip1/swift.xctoolchain/usr/lib/swift_static/CoreFoundation/CoreFoundation.h:28:
 26 | #include <setjmp.h>
 27 | #endif
 28 | #include <signal.h>
    |          `- note: while building module 'wasi_emulated_signal' imported from /root/.swiftpm/swift-sdks/swift-6.2-RELEASE_wasm.artifactbundle/swift-6.2-RELEASE_wasm/wasm32-unknown-wasip1/swift.xctoolchain/usr/lib/swift_static/CoreFoundation/CoreFoundation.h:28:
 29 | #include <stddef.h>
 30 | #include <stdio.h>
<module-includes>:1:10: note: in file included from <module-includes>:1:
1 | #include "signal.h"
  |          `- note: in file included from <module-includes>:1:
2 |
/host/spi-builder-workspace/.build/checkouts/GraphQL/Sources/GraphQL/Execution/Execute.swift:1:8: error: no such module 'Dispatch'
   1 | import Dispatch
     |        `- error: no such module 'Dispatch'
   2 | import OrderedCollections
   3 |
/root/.swiftpm/swift-sdks/swift-6.2-RELEASE_wasm.artifactbundle/swift-6.2-RELEASE_wasm/wasm32-unknown-wasip1/swift.xctoolchain/usr/lib/swift_static/CoreFoundation/CoreFoundation.h:28:10: note: while building module 'wasi_emulated_signal' imported from /root/.swiftpm/swift-sdks/swift-6.2-RELEASE_wasm.artifactbundle/swift-6.2-RELEASE_wasm/wasm32-unknown-wasip1/swift.xctoolchain/usr/lib/swift_static/CoreFoundation/CoreFoundation.h:28:
 26 | #include <setjmp.h>
 27 | #endif
 28 | #include <signal.h>
    |          `- note: while building module 'wasi_emulated_signal' imported from /root/.swiftpm/swift-sdks/swift-6.2-RELEASE_wasm.artifactbundle/swift-6.2-RELEASE_wasm/wasm32-unknown-wasip1/swift.xctoolchain/usr/lib/swift_static/CoreFoundation/CoreFoundation.h:28:
 29 | #include <stddef.h>
 30 | #include <stdio.h>
<module-includes>:1:10: note: in file included from <module-includes>:1:
1 | #include "signal.h"
  |          `- note: in file included from <module-includes>:1:
2 |
/host/spi-builder-workspace/.build/checkouts/GraphQL/Sources/GraphQL/Execution/Execute.swift:1:8: error: no such module 'Dispatch'
   1 | import Dispatch
     |        `- error: no such module 'Dispatch'
   2 | import OrderedCollections
   3 |
/root/.swiftpm/swift-sdks/swift-6.2-RELEASE_wasm.artifactbundle/swift-6.2-RELEASE_wasm/wasm32-unknown-wasip1/swift.xctoolchain/usr/lib/swift_static/CoreFoundation/CoreFoundation.h:28:10: note: while building module 'wasi_emulated_signal' imported from /root/.swiftpm/swift-sdks/swift-6.2-RELEASE_wasm.artifactbundle/swift-6.2-RELEASE_wasm/wasm32-unknown-wasip1/swift.xctoolchain/usr/lib/swift_static/CoreFoundation/CoreFoundation.h:28:
 26 | #include <setjmp.h>
 27 | #endif
 28 | #include <signal.h>
    |          `- note: while building module 'wasi_emulated_signal' imported from /root/.swiftpm/swift-sdks/swift-6.2-RELEASE_wasm.artifactbundle/swift-6.2-RELEASE_wasm/wasm32-unknown-wasip1/swift.xctoolchain/usr/lib/swift_static/CoreFoundation/CoreFoundation.h:28:
 29 | #include <stddef.h>
 30 | #include <stdio.h>
<module-includes>:1:10: note: in file included from <module-includes>:1:
1 | #include "signal.h"
  |          `- note: in file included from <module-includes>:1:
2 |
/host/spi-builder-workspace/.build/checkouts/GraphQL/Sources/GraphQL/Execution/Execute.swift:1:8: error: no such module 'Dispatch'
   1 | import Dispatch
     |        `- error: no such module 'Dispatch'
   2 | import OrderedCollections
   3 |
/root/.swiftpm/swift-sdks/swift-6.2-RELEASE_wasm.artifactbundle/swift-6.2-RELEASE_wasm/wasm32-unknown-wasip1/swift.xctoolchain/usr/lib/swift_static/CoreFoundation/CoreFoundation.h:28:10: note: while building module 'wasi_emulated_signal' imported from /root/.swiftpm/swift-sdks/swift-6.2-RELEASE_wasm.artifactbundle/swift-6.2-RELEASE_wasm/wasm32-unknown-wasip1/swift.xctoolchain/usr/lib/swift_static/CoreFoundation/CoreFoundation.h:28:
 26 | #include <setjmp.h>
 27 | #endif
 28 | #include <signal.h>
    |          `- note: while building module 'wasi_emulated_signal' imported from /root/.swiftpm/swift-sdks/swift-6.2-RELEASE_wasm.artifactbundle/swift-6.2-RELEASE_wasm/wasm32-unknown-wasip1/swift.xctoolchain/usr/lib/swift_static/CoreFoundation/CoreFoundation.h:28:
 29 | #include <stddef.h>
 30 | #include <stdio.h>
<module-includes>:1:10: note: in file included from <module-includes>:1:
1 | #include "signal.h"
  |          `- note: in file included from <module-includes>:1:
2 |
/host/spi-builder-workspace/.build/checkouts/GraphQL/Sources/GraphQL/Execution/Execute.swift:1:8: error: no such module 'Dispatch'
   1 | import Dispatch
     |        `- error: no such module 'Dispatch'
   2 | import OrderedCollections
   3 |
/root/.swiftpm/swift-sdks/swift-6.2-RELEASE_wasm.artifactbundle/swift-6.2-RELEASE_wasm/wasm32-unknown-wasip1/swift.xctoolchain/usr/lib/swift_static/CoreFoundation/CoreFoundation.h:28:10: note: while building module 'wasi_emulated_signal' imported from /root/.swiftpm/swift-sdks/swift-6.2-RELEASE_wasm.artifactbundle/swift-6.2-RELEASE_wasm/wasm32-unknown-wasip1/swift.xctoolchain/usr/lib/swift_static/CoreFoundation/CoreFoundation.h:28:
 26 | #include <setjmp.h>
 27 | #endif
 28 | #include <signal.h>
    |          `- note: while building module 'wasi_emulated_signal' imported from /root/.swiftpm/swift-sdks/swift-6.2-RELEASE_wasm.artifactbundle/swift-6.2-RELEASE_wasm/wasm32-unknown-wasip1/swift.xctoolchain/usr/lib/swift_static/CoreFoundation/CoreFoundation.h:28:
 29 | #include <stddef.h>
 30 | #include <stdio.h>
<module-includes>:1:10: note: in file included from <module-includes>:1:
1 | #include "signal.h"
  |          `- note: in file included from <module-includes>:1:
2 |
/host/spi-builder-workspace/.build/checkouts/GraphQL/Sources/GraphQL/Execution/Execute.swift:1:8: error: no such module 'Dispatch'
   1 | import Dispatch
     |        `- error: no such module 'Dispatch'
   2 | import OrderedCollections
   3 |
/root/.swiftpm/swift-sdks/swift-6.2-RELEASE_wasm.artifactbundle/swift-6.2-RELEASE_wasm/wasm32-unknown-wasip1/swift.xctoolchain/usr/lib/swift_static/CoreFoundation/CoreFoundation.h:28:10: note: while building module 'wasi_emulated_signal' imported from /root/.swiftpm/swift-sdks/swift-6.2-RELEASE_wasm.artifactbundle/swift-6.2-RELEASE_wasm/wasm32-unknown-wasip1/swift.xctoolchain/usr/lib/swift_static/CoreFoundation/CoreFoundation.h:28:
 26 | #include <setjmp.h>
 27 | #endif
 28 | #include <signal.h>
    |          `- note: while building module 'wasi_emulated_signal' imported from /root/.swiftpm/swift-sdks/swift-6.2-RELEASE_wasm.artifactbundle/swift-6.2-RELEASE_wasm/wasm32-unknown-wasip1/swift.xctoolchain/usr/lib/swift_static/CoreFoundation/CoreFoundation.h:28:
 29 | #include <stddef.h>
 30 | #include <stdio.h>
<module-includes>:1:10: note: in file included from <module-includes>:1:
1 | #include "signal.h"
  |          `- note: in file included from <module-includes>:1:
2 |
/host/spi-builder-workspace/.build/checkouts/GraphQL/Sources/GraphQL/Execution/Execute.swift:1:8: error: no such module 'Dispatch'
   1 | import Dispatch
     |        `- error: no such module 'Dispatch'
   2 | import OrderedCollections
   3 |
/root/.swiftpm/swift-sdks/swift-6.2-RELEASE_wasm.artifactbundle/swift-6.2-RELEASE_wasm/wasm32-unknown-wasip1/swift.xctoolchain/usr/lib/swift_static/CoreFoundation/CoreFoundation.h:28:10: note: while building module 'wasi_emulated_signal' imported from /root/.swiftpm/swift-sdks/swift-6.2-RELEASE_wasm.artifactbundle/swift-6.2-RELEASE_wasm/wasm32-unknown-wasip1/swift.xctoolchain/usr/lib/swift_static/CoreFoundation/CoreFoundation.h:28:
 26 | #include <setjmp.h>
 27 | #endif
 28 | #include <signal.h>
    |          `- note: while building module 'wasi_emulated_signal' imported from /root/.swiftpm/swift-sdks/swift-6.2-RELEASE_wasm.artifactbundle/swift-6.2-RELEASE_wasm/wasm32-unknown-wasip1/swift.xctoolchain/usr/lib/swift_static/CoreFoundation/CoreFoundation.h:28:
 29 | #include <stddef.h>
 30 | #include <stdio.h>
<module-includes>:1:10: note: in file included from <module-includes>:1:
1 | #include "signal.h"
  |          `- note: in file included from <module-includes>:1:
2 |
BUILD FAILURE 6.2 wasm