Build Information
Failed to build Benchmarking, reference v1.0.0 (6a224c), with Swift 6.4 for watchOS using Xcode 27.0 on 17 Sep 2026 22:32:27 UTC.
Build Command
env DEVELOPER_DIR=/Applications/Xcode-27.0.0-Release.Candidate.app xcrun xcodebuild -IDEClonedSourcePackagesDirPathOverride=$PWD/.dependencies -skipMacroValidation -skipPackagePluginValidation -derivedDataPath $PWD/.derivedData build -scheme Benchmarking -destination generic/platform=watchOSBuild Log
WriteAuxiliaryFile /Users/admin/builder/spi-builder-workspace/.derivedData/Build/Intermediates.noindex/Benchmarking.build/Debug-watchos/BenchmarkIPC-t.build/Objects-normal/arm64_32/BenchmarkIPC-OutputFileMap.json (in target 'BenchmarkIPC' from project 'Benchmarking')
cd /Users/admin/builder/spi-builder-workspace
write-file /Users/admin/builder/spi-builder-workspace/.derivedData/Build/Intermediates.noindex/Benchmarking.build/Debug-watchos/BenchmarkIPC-t.build/Objects-normal/arm64_32/BenchmarkIPC-OutputFileMap.json
Copy /Users/admin/builder/spi-builder-workspace/.derivedData/Build/Intermediates.noindex/GeneratedModuleMaps-watchos/Benchmarking.modulemap /Users/admin/builder/spi-builder-workspace/.derivedData/Build/Intermediates.noindex/Benchmarking.build/Debug-watchos/Benchmarking-t.build/Benchmarking.modulemap (in target 'Benchmarking' from project 'Benchmarking')
cd /Users/admin/builder/spi-builder-workspace
builtin-copy -exclude .DS_Store -exclude CVS -exclude .svn -exclude .git -exclude .hg -resolve-src-symlinks /Users/admin/builder/spi-builder-workspace/.derivedData/Build/Intermediates.noindex/Benchmarking.build/Debug-watchos/Benchmarking-t.build/Benchmarking.modulemap /Users/admin/builder/spi-builder-workspace/.derivedData/Build/Intermediates.noindex/GeneratedModuleMaps-watchos
WriteAuxiliaryFile /Users/admin/builder/spi-builder-workspace/.derivedData/Build/Intermediates.noindex/Benchmarking.build/Debug-watchos/BenchmarkIPC-t.build/Objects-normal/arm64/BenchmarkIPC.SwiftConstValuesFileList (in target 'BenchmarkIPC' from project 'Benchmarking')
cd /Users/admin/builder/spi-builder-workspace
write-file /Users/admin/builder/spi-builder-workspace/.derivedData/Build/Intermediates.noindex/Benchmarking.build/Debug-watchos/BenchmarkIPC-t.build/Objects-normal/arm64/BenchmarkIPC.SwiftConstValuesFileList
WriteAuxiliaryFile /Users/admin/builder/spi-builder-workspace/.derivedData/Build/Intermediates.noindex/Benchmarking.build/Debug-watchos/BenchmarkIPC-t.build/Objects-normal/arm64/BenchmarkIPC.LinkFileList (in target 'BenchmarkIPC' from project 'Benchmarking')
cd /Users/admin/builder/spi-builder-workspace
write-file /Users/admin/builder/spi-builder-workspace/.derivedData/Build/Intermediates.noindex/Benchmarking.build/Debug-watchos/BenchmarkIPC-t.build/Objects-normal/arm64/BenchmarkIPC.LinkFileList
WriteAuxiliaryFile /Users/admin/builder/spi-builder-workspace/.derivedData/Build/Intermediates.noindex/Benchmarking.build/Debug-watchos/BenchmarkIPC-t.build/Objects-normal/arm64/BenchmarkIPC-OutputFileMap.json (in target 'BenchmarkIPC' from project 'Benchmarking')
cd /Users/admin/builder/spi-builder-workspace
write-file /Users/admin/builder/spi-builder-workspace/.derivedData/Build/Intermediates.noindex/Benchmarking.build/Debug-watchos/BenchmarkIPC-t.build/Objects-normal/arm64/BenchmarkIPC-OutputFileMap.json
WriteAuxiliaryFile /Users/admin/builder/spi-builder-workspace/.derivedData/Build/Intermediates.noindex/Benchmarking.build/Debug-watchos/BenchmarkIPC-t.build/BenchmarkIPC.modulemap (in target 'BenchmarkIPC' from project 'Benchmarking')
cd /Users/admin/builder/spi-builder-workspace
write-file /Users/admin/builder/spi-builder-workspace/.derivedData/Build/Intermediates.noindex/Benchmarking.build/Debug-watchos/BenchmarkIPC-t.build/BenchmarkIPC.modulemap
WriteAuxiliaryFile /Users/admin/builder/spi-builder-workspace/.derivedData/Build/Intermediates.noindex/Benchmarking.build/Debug-watchos/BenchmarkIPC-t.build/BenchmarkIPC.DependencyStaticMetadataFileList (in target 'BenchmarkIPC' from project 'Benchmarking')
cd /Users/admin/builder/spi-builder-workspace
write-file /Users/admin/builder/spi-builder-workspace/.derivedData/Build/Intermediates.noindex/Benchmarking.build/Debug-watchos/BenchmarkIPC-t.build/BenchmarkIPC.DependencyStaticMetadataFileList
WriteAuxiliaryFile /Users/admin/builder/spi-builder-workspace/.derivedData/Build/Intermediates.noindex/Benchmarking.build/Debug-watchos/BenchmarkIPC-t.build/BenchmarkIPC.DependencyMetadataFileList (in target 'BenchmarkIPC' from project 'Benchmarking')
cd /Users/admin/builder/spi-builder-workspace
write-file /Users/admin/builder/spi-builder-workspace/.derivedData/Build/Intermediates.noindex/Benchmarking.build/Debug-watchos/BenchmarkIPC-t.build/BenchmarkIPC.DependencyMetadataFileList
Copy /Users/admin/builder/spi-builder-workspace/.derivedData/Build/Intermediates.noindex/GeneratedModuleMaps-watchos/BenchmarkIPC.modulemap /Users/admin/builder/spi-builder-workspace/.derivedData/Build/Intermediates.noindex/Benchmarking.build/Debug-watchos/BenchmarkIPC-t.build/BenchmarkIPC.modulemap (in target 'BenchmarkIPC' from project 'Benchmarking')
cd /Users/admin/builder/spi-builder-workspace
builtin-copy -exclude .DS_Store -exclude CVS -exclude .svn -exclude .git -exclude .hg -resolve-src-symlinks /Users/admin/builder/spi-builder-workspace/.derivedData/Build/Intermediates.noindex/Benchmarking.build/Debug-watchos/BenchmarkIPC-t.build/BenchmarkIPC.modulemap /Users/admin/builder/spi-builder-workspace/.derivedData/Build/Intermediates.noindex/GeneratedModuleMaps-watchos
SwiftDriver OptionParser normal arm64_32 com.apple.xcode.tools.swift.compiler (in target 'OptionParser' from project 'OptionParser')
cd /Users/admin/builder/spi-builder-workspace/.swiftpm/xcode
builtin-SwiftDriver -- /Applications/Xcode-27.0.0-Release.Candidate.app/Contents/Developer/Toolchains/XcodeDefault.xctoolchain/usr/bin/swiftc -parse-as-library -module-name OptionParser -Onone @/Users/admin/builder/spi-builder-workspace/.derivedData/Build/Intermediates.noindex/OptionParser.build/Debug-watchos/OptionParser-t.build/Objects-normal/arm64_32/OptionParser.SwiftFileList -DSWIFT_PACKAGE -DDEBUG -DSWIFT_MODULE_RESOURCE_BUNDLE_UNAVAILABLE -DXcode -plugin-path /Applications/Xcode-27.0.0-Release.Candidate.app/Contents/Developer/Toolchains/XcodeDefault.xctoolchain/usr/lib/swift/host/plugins/testing -enable-experimental-feature DebugDescriptionMacro -sdk /Applications/Xcode-27.0.0-Release.Candidate.app/Contents/Developer/Platforms/WatchOS.platform/Developer/SDKs/WatchOS27.0.sdk -target arm64_32-apple-watchos9.0 -g -module-cache-path /Users/admin/builder/spi-builder-workspace/.derivedData/ModuleCache.noindex -Xfrontend -serialize-debugging-options -enable-testing -suppress-warnings -index-store-path /Users/admin/builder/spi-builder-workspace/.derivedData/Index.noindex/DataStore -Xcc -D_LIBCPP_HARDENING_MODE\=_LIBCPP_HARDENING_MODE_DEBUG -swift-version 4 -I /Users/admin/builder/spi-builder-workspace/.derivedData/Build/Products/Debug-watchos -Isystem /Applications/Xcode-27.0.0-Release.Candidate.app/Contents/Developer/Platforms/WatchOS.platform/Developer/usr/lib -F /Users/admin/builder/spi-builder-workspace/.derivedData/Build/Products/Debug-watchos -F /Applications/Xcode-27.0.0-Release.Candidate.app/Contents/Developer/Platforms/WatchOS.platform/Developer/Library/Frameworks -F /Applications/Xcode-27.0.0-Release.Candidate.app/Contents/Developer/Platforms/WatchOS.platform/Developer/SDKs/WatchOS27.0.sdk/Developer/Library/Frameworks -c -j10 -enable-batch-mode -incremental -Xcc -ivfsstatcache -Xcc /Users/admin/builder/spi-builder-workspace/.derivedData/SDKStatCaches.noindex/watchos27.0-24R360-e829b21a6f8c9b70876ba0858053c04477534ef55a1706bf4c1112bbb242f0a2.sdkstatcache -output-file-map /Users/admin/builder/spi-builder-workspace/.derivedData/Build/Intermediates.noindex/OptionParser.build/Debug-watchos/OptionParser-t.build/Objects-normal/arm64_32/OptionParser-OutputFileMap.json -save-temps -no-color-diagnostics -emit-dependencies -emit-module -emit-module-path /Users/admin/builder/spi-builder-workspace/.derivedData/Build/Intermediates.noindex/OptionParser.build/Debug-watchos/OptionParser-t.build/Objects-normal/arm64_32/OptionParser.swiftmodule -serialize-diagnostics -validate-clang-modules-once -clang-build-session-file /Users/admin/builder/spi-builder-workspace/.derivedData/ModuleCache.noindex/Session.modulevalidation -Xcc -fmodules-prune-interval\=86400 -Xcc -fmodules-prune-after\=345600 -emit-const-values -const-gather-protocols-list /Users/admin/builder/spi-builder-workspace/.derivedData/Build/Intermediates.noindex/OptionParser.build/Debug-watchos/OptionParser-t.build/Objects-normal/arm64_32/OptionParser_const_extract_protocols.json -Xcc -I/Users/admin/builder/spi-builder-workspace/.derivedData/Build/Products/Debug-watchos/include -Xcc -I/Users/admin/builder/spi-builder-workspace/.derivedData/Build/Intermediates.noindex/OptionParser.build/Debug-watchos/OptionParser-t.build/DerivedSources-normal/arm64_32 -Xcc -I/Users/admin/builder/spi-builder-workspace/.derivedData/Build/Intermediates.noindex/OptionParser.build/Debug-watchos/OptionParser-t.build/DerivedSources/arm64_32 -Xcc -I/Users/admin/builder/spi-builder-workspace/.derivedData/Build/Intermediates.noindex/OptionParser.build/Debug-watchos/OptionParser-t.build/DerivedSources -Xcc -DSWIFT_PACKAGE -Xcc -DDEBUG\=1 -emit-objc-header -emit-objc-header-path /Users/admin/builder/spi-builder-workspace/.derivedData/Build/Intermediates.noindex/OptionParser.build/Debug-watchos/OptionParser-t.build/Objects-normal/arm64_32/OptionParser-Swift.h -working-directory /Users/admin/builder/spi-builder-workspace/.swiftpm/xcode -experimental-emit-module-separately -disable-cmo
SwiftDriver BenchmarkIPC normal arm64_32 com.apple.xcode.tools.swift.compiler (in target 'BenchmarkIPC' from project 'Benchmarking')
cd /Users/admin/builder/spi-builder-workspace/.swiftpm/xcode
builtin-SwiftDriver -- /Applications/Xcode-27.0.0-Release.Candidate.app/Contents/Developer/Toolchains/XcodeDefault.xctoolchain/usr/bin/swiftc -parse-as-library -module-name BenchmarkIPC -Onone @/Users/admin/builder/spi-builder-workspace/.derivedData/Build/Intermediates.noindex/Benchmarking.build/Debug-watchos/BenchmarkIPC-t.build/Objects-normal/arm64_32/BenchmarkIPC.SwiftFileList -DSWIFT_PACKAGE -DDEBUG -DSWIFT_MODULE_RESOURCE_BUNDLE_UNAVAILABLE -DXcode -plugin-path /Applications/Xcode-27.0.0-Release.Candidate.app/Contents/Developer/Toolchains/XcodeDefault.xctoolchain/usr/lib/swift/host/plugins/testing -enable-experimental-feature DebugDescriptionMacro -sdk /Applications/Xcode-27.0.0-Release.Candidate.app/Contents/Developer/Platforms/WatchOS.platform/Developer/SDKs/WatchOS27.0.sdk -target arm64_32-apple-watchos9.0 -g -module-cache-path /Users/admin/builder/spi-builder-workspace/.derivedData/ModuleCache.noindex -Xfrontend -serialize-debugging-options -enable-testing -index-store-path /Users/admin/builder/spi-builder-workspace/.derivedData/Index.noindex/DataStore -Xcc -D_LIBCPP_HARDENING_MODE\=_LIBCPP_HARDENING_MODE_DEBUG -swift-version 4 -I /Users/admin/builder/spi-builder-workspace/.derivedData/Build/Products/Debug-watchos -Isystem /Applications/Xcode-27.0.0-Release.Candidate.app/Contents/Developer/Platforms/WatchOS.platform/Developer/usr/lib -F /Users/admin/builder/spi-builder-workspace/.derivedData/Build/Products/Debug-watchos -F /Applications/Xcode-27.0.0-Release.Candidate.app/Contents/Developer/Platforms/WatchOS.platform/Developer/Library/Frameworks -F /Applications/Xcode-27.0.0-Release.Candidate.app/Contents/Developer/Platforms/WatchOS.platform/Developer/SDKs/WatchOS27.0.sdk/Developer/Library/Frameworks -c -j10 -enable-batch-mode -incremental -Xcc -ivfsstatcache -Xcc /Users/admin/builder/spi-builder-workspace/.derivedData/SDKStatCaches.noindex/watchos27.0-24R360-e829b21a6f8c9b70876ba0858053c04477534ef55a1706bf4c1112bbb242f0a2.sdkstatcache -output-file-map /Users/admin/builder/spi-builder-workspace/.derivedData/Build/Intermediates.noindex/Benchmarking.build/Debug-watchos/BenchmarkIPC-t.build/Objects-normal/arm64_32/BenchmarkIPC-OutputFileMap.json -save-temps -no-color-diagnostics -emit-dependencies -emit-module -emit-module-path /Users/admin/builder/spi-builder-workspace/.derivedData/Build/Intermediates.noindex/Benchmarking.build/Debug-watchos/BenchmarkIPC-t.build/Objects-normal/arm64_32/BenchmarkIPC.swiftmodule -serialize-diagnostics -validate-clang-modules-once -clang-build-session-file /Users/admin/builder/spi-builder-workspace/.derivedData/ModuleCache.noindex/Session.modulevalidation -Xcc -fmodules-prune-interval\=86400 -Xcc -fmodules-prune-after\=345600 -emit-const-values -const-gather-protocols-list /Users/admin/builder/spi-builder-workspace/.derivedData/Build/Intermediates.noindex/Benchmarking.build/Debug-watchos/BenchmarkIPC-t.build/Objects-normal/arm64_32/BenchmarkIPC_const_extract_protocols.json -Xcc -I/Users/admin/builder/spi-builder-workspace/.derivedData/Build/Products/Debug-watchos/include -Xcc -I/Users/admin/builder/spi-builder-workspace/.derivedData/Build/Intermediates.noindex/Benchmarking.build/Debug-watchos/BenchmarkIPC-t.build/DerivedSources-normal/arm64_32 -Xcc -I/Users/admin/builder/spi-builder-workspace/.derivedData/Build/Intermediates.noindex/Benchmarking.build/Debug-watchos/BenchmarkIPC-t.build/DerivedSources/arm64_32 -Xcc -I/Users/admin/builder/spi-builder-workspace/.derivedData/Build/Intermediates.noindex/Benchmarking.build/Debug-watchos/BenchmarkIPC-t.build/DerivedSources -Xcc -DSWIFT_PACKAGE -Xcc -DDEBUG\=1 -emit-objc-header -emit-objc-header-path /Users/admin/builder/spi-builder-workspace/.derivedData/Build/Intermediates.noindex/Benchmarking.build/Debug-watchos/BenchmarkIPC-t.build/Objects-normal/arm64_32/BenchmarkIPC-Swift.h -working-directory /Users/admin/builder/spi-builder-workspace/.swiftpm/xcode -experimental-emit-module-separately -disable-cmo
SwiftDriver OptionParser normal arm64 com.apple.xcode.tools.swift.compiler (in target 'OptionParser' from project 'OptionParser')
cd /Users/admin/builder/spi-builder-workspace/.swiftpm/xcode
builtin-SwiftDriver -- /Applications/Xcode-27.0.0-Release.Candidate.app/Contents/Developer/Toolchains/XcodeDefault.xctoolchain/usr/bin/swiftc -parse-as-library -module-name OptionParser -Onone @/Users/admin/builder/spi-builder-workspace/.derivedData/Build/Intermediates.noindex/OptionParser.build/Debug-watchos/OptionParser-t.build/Objects-normal/arm64/OptionParser.SwiftFileList -DSWIFT_PACKAGE -DDEBUG -DSWIFT_MODULE_RESOURCE_BUNDLE_UNAVAILABLE -DXcode -plugin-path /Applications/Xcode-27.0.0-Release.Candidate.app/Contents/Developer/Toolchains/XcodeDefault.xctoolchain/usr/lib/swift/host/plugins/testing -enable-experimental-feature DebugDescriptionMacro -sdk /Applications/Xcode-27.0.0-Release.Candidate.app/Contents/Developer/Platforms/WatchOS.platform/Developer/SDKs/WatchOS27.0.sdk -target arm64-apple-watchos9.0 -g -module-cache-path /Users/admin/builder/spi-builder-workspace/.derivedData/ModuleCache.noindex -Xfrontend -serialize-debugging-options -enable-testing -suppress-warnings -index-store-path /Users/admin/builder/spi-builder-workspace/.derivedData/Index.noindex/DataStore -Xcc -D_LIBCPP_HARDENING_MODE\=_LIBCPP_HARDENING_MODE_DEBUG -swift-version 4 -I /Users/admin/builder/spi-builder-workspace/.derivedData/Build/Products/Debug-watchos -Isystem /Applications/Xcode-27.0.0-Release.Candidate.app/Contents/Developer/Platforms/WatchOS.platform/Developer/usr/lib -F /Users/admin/builder/spi-builder-workspace/.derivedData/Build/Products/Debug-watchos -F /Applications/Xcode-27.0.0-Release.Candidate.app/Contents/Developer/Platforms/WatchOS.platform/Developer/Library/Frameworks -F /Applications/Xcode-27.0.0-Release.Candidate.app/Contents/Developer/Platforms/WatchOS.platform/Developer/SDKs/WatchOS27.0.sdk/Developer/Library/Frameworks -c -j10 -enable-batch-mode -incremental -Xcc -ivfsstatcache -Xcc /Users/admin/builder/spi-builder-workspace/.derivedData/SDKStatCaches.noindex/watchos27.0-24R360-e829b21a6f8c9b70876ba0858053c04477534ef55a1706bf4c1112bbb242f0a2.sdkstatcache -output-file-map /Users/admin/builder/spi-builder-workspace/.derivedData/Build/Intermediates.noindex/OptionParser.build/Debug-watchos/OptionParser-t.build/Objects-normal/arm64/OptionParser-OutputFileMap.json -save-temps -no-color-diagnostics -emit-dependencies -emit-module -emit-module-path /Users/admin/builder/spi-builder-workspace/.derivedData/Build/Intermediates.noindex/OptionParser.build/Debug-watchos/OptionParser-t.build/Objects-normal/arm64/OptionParser.swiftmodule -serialize-diagnostics -validate-clang-modules-once -clang-build-session-file /Users/admin/builder/spi-builder-workspace/.derivedData/ModuleCache.noindex/Session.modulevalidation -Xcc -fmodules-prune-interval\=86400 -Xcc -fmodules-prune-after\=345600 -emit-const-values -const-gather-protocols-list /Users/admin/builder/spi-builder-workspace/.derivedData/Build/Intermediates.noindex/OptionParser.build/Debug-watchos/OptionParser-t.build/Objects-normal/arm64/OptionParser_const_extract_protocols.json -Xcc -I/Users/admin/builder/spi-builder-workspace/.derivedData/Build/Products/Debug-watchos/include -Xcc -I/Users/admin/builder/spi-builder-workspace/.derivedData/Build/Intermediates.noindex/OptionParser.build/Debug-watchos/OptionParser-t.build/DerivedSources-normal/arm64 -Xcc -I/Users/admin/builder/spi-builder-workspace/.derivedData/Build/Intermediates.noindex/OptionParser.build/Debug-watchos/OptionParser-t.build/DerivedSources/arm64 -Xcc -I/Users/admin/builder/spi-builder-workspace/.derivedData/Build/Intermediates.noindex/OptionParser.build/Debug-watchos/OptionParser-t.build/DerivedSources -Xcc -DSWIFT_PACKAGE -Xcc -DDEBUG\=1 -emit-objc-header -emit-objc-header-path /Users/admin/builder/spi-builder-workspace/.derivedData/Build/Intermediates.noindex/OptionParser.build/Debug-watchos/OptionParser-t.build/Objects-normal/arm64/OptionParser-Swift.h -working-directory /Users/admin/builder/spi-builder-workspace/.swiftpm/xcode -experimental-emit-module-separately -disable-cmo
SwiftDriver BenchmarkIPC normal arm64 com.apple.xcode.tools.swift.compiler (in target 'BenchmarkIPC' from project 'Benchmarking')
cd /Users/admin/builder/spi-builder-workspace/.swiftpm/xcode
builtin-SwiftDriver -- /Applications/Xcode-27.0.0-Release.Candidate.app/Contents/Developer/Toolchains/XcodeDefault.xctoolchain/usr/bin/swiftc -parse-as-library -module-name BenchmarkIPC -Onone @/Users/admin/builder/spi-builder-workspace/.derivedData/Build/Intermediates.noindex/Benchmarking.build/Debug-watchos/BenchmarkIPC-t.build/Objects-normal/arm64/BenchmarkIPC.SwiftFileList -DSWIFT_PACKAGE -DDEBUG -DSWIFT_MODULE_RESOURCE_BUNDLE_UNAVAILABLE -DXcode -plugin-path /Applications/Xcode-27.0.0-Release.Candidate.app/Contents/Developer/Toolchains/XcodeDefault.xctoolchain/usr/lib/swift/host/plugins/testing -enable-experimental-feature DebugDescriptionMacro -sdk /Applications/Xcode-27.0.0-Release.Candidate.app/Contents/Developer/Platforms/WatchOS.platform/Developer/SDKs/WatchOS27.0.sdk -target arm64-apple-watchos9.0 -g -module-cache-path /Users/admin/builder/spi-builder-workspace/.derivedData/ModuleCache.noindex -Xfrontend -serialize-debugging-options -enable-testing -index-store-path /Users/admin/builder/spi-builder-workspace/.derivedData/Index.noindex/DataStore -Xcc -D_LIBCPP_HARDENING_MODE\=_LIBCPP_HARDENING_MODE_DEBUG -swift-version 4 -I /Users/admin/builder/spi-builder-workspace/.derivedData/Build/Products/Debug-watchos -Isystem /Applications/Xcode-27.0.0-Release.Candidate.app/Contents/Developer/Platforms/WatchOS.platform/Developer/usr/lib -F /Users/admin/builder/spi-builder-workspace/.derivedData/Build/Products/Debug-watchos -F /Applications/Xcode-27.0.0-Release.Candidate.app/Contents/Developer/Platforms/WatchOS.platform/Developer/Library/Frameworks -F /Applications/Xcode-27.0.0-Release.Candidate.app/Contents/Developer/Platforms/WatchOS.platform/Developer/SDKs/WatchOS27.0.sdk/Developer/Library/Frameworks -c -j10 -enable-batch-mode -incremental -Xcc -ivfsstatcache -Xcc /Users/admin/builder/spi-builder-workspace/.derivedData/SDKStatCaches.noindex/watchos27.0-24R360-e829b21a6f8c9b70876ba0858053c04477534ef55a1706bf4c1112bbb242f0a2.sdkstatcache -output-file-map /Users/admin/builder/spi-builder-workspace/.derivedData/Build/Intermediates.noindex/Benchmarking.build/Debug-watchos/BenchmarkIPC-t.build/Objects-normal/arm64/BenchmarkIPC-OutputFileMap.json -save-temps -no-color-diagnostics -emit-dependencies -emit-module -emit-module-path /Users/admin/builder/spi-builder-workspace/.derivedData/Build/Intermediates.noindex/Benchmarking.build/Debug-watchos/BenchmarkIPC-t.build/Objects-normal/arm64/BenchmarkIPC.swiftmodule -serialize-diagnostics -validate-clang-modules-once -clang-build-session-file /Users/admin/builder/spi-builder-workspace/.derivedData/ModuleCache.noindex/Session.modulevalidation -Xcc -fmodules-prune-interval\=86400 -Xcc -fmodules-prune-after\=345600 -emit-const-values -const-gather-protocols-list /Users/admin/builder/spi-builder-workspace/.derivedData/Build/Intermediates.noindex/Benchmarking.build/Debug-watchos/BenchmarkIPC-t.build/Objects-normal/arm64/BenchmarkIPC_const_extract_protocols.json -Xcc -I/Users/admin/builder/spi-builder-workspace/.derivedData/Build/Products/Debug-watchos/include -Xcc -I/Users/admin/builder/spi-builder-workspace/.derivedData/Build/Intermediates.noindex/Benchmarking.build/Debug-watchos/BenchmarkIPC-t.build/DerivedSources-normal/arm64 -Xcc -I/Users/admin/builder/spi-builder-workspace/.derivedData/Build/Intermediates.noindex/Benchmarking.build/Debug-watchos/BenchmarkIPC-t.build/DerivedSources/arm64 -Xcc -I/Users/admin/builder/spi-builder-workspace/.derivedData/Build/Intermediates.noindex/Benchmarking.build/Debug-watchos/BenchmarkIPC-t.build/DerivedSources -Xcc -DSWIFT_PACKAGE -Xcc -DDEBUG\=1 -emit-objc-header -emit-objc-header-path /Users/admin/builder/spi-builder-workspace/.derivedData/Build/Intermediates.noindex/Benchmarking.build/Debug-watchos/BenchmarkIPC-t.build/Objects-normal/arm64/BenchmarkIPC-Swift.h -working-directory /Users/admin/builder/spi-builder-workspace/.swiftpm/xcode -experimental-emit-module-separately -disable-cmo
SwiftEmitModule normal arm64_32 Emitting\ module\ for\ BenchmarkIPC (in target 'BenchmarkIPC' from project 'Benchmarking')
SwiftCompile normal arm64_32 (in target 'BenchmarkIPC' from project 'Benchmarking')
cd /Users/admin/builder/spi-builder-workspace/.swiftpm/xcode
SwiftCompile normal arm64 Compiling\ BenchmarkIPC.swift /Users/admin/builder/spi-builder-workspace/BenchmarkIPC/BenchmarkIPC.swift (in target 'BenchmarkIPC' from project 'Benchmarking')
SwiftCompile normal arm64 /Users/admin/builder/spi-builder-workspace/BenchmarkIPC/BenchmarkIPC.swift (in target 'BenchmarkIPC' from project 'Benchmarking')
cd /Users/admin/builder/spi-builder-workspace/.swiftpm/xcode
builtin-SwiftPerFileCompile BenchmarkIPC.swift
SwiftEmitModule normal arm64 Emitting\ module\ for\ BenchmarkIPC (in target 'BenchmarkIPC' from project 'Benchmarking')
SwiftCompile normal arm64 (in target 'BenchmarkIPC' from project 'Benchmarking')
cd /Users/admin/builder/spi-builder-workspace/.swiftpm/xcode
SwiftCompile normal arm64_32 Compiling\ BenchmarkIPC.swift /Users/admin/builder/spi-builder-workspace/BenchmarkIPC/BenchmarkIPC.swift (in target 'BenchmarkIPC' from project 'Benchmarking')
SwiftCompile normal arm64_32 /Users/admin/builder/spi-builder-workspace/BenchmarkIPC/BenchmarkIPC.swift (in target 'BenchmarkIPC' from project 'Benchmarking')
cd /Users/admin/builder/spi-builder-workspace/.swiftpm/xcode
builtin-SwiftPerFileCompile BenchmarkIPC.swift
SwiftEmitModule normal arm64_32 Emitting\ module\ for\ OptionParser (in target 'OptionParser' from project 'OptionParser')
SwiftCompile normal arm64_32 (in target 'OptionParser' from project 'OptionParser')
cd /Users/admin/builder/spi-builder-workspace/.swiftpm/xcode
SwiftCompile normal arm64_32 Compiling\ Command.swift /Users/admin/builder/spi-builder-workspace/.dependencies/checkouts/OptionParser/OptionParser/Command.swift (in target 'OptionParser' from project 'OptionParser')
SwiftCompile normal arm64_32 /Users/admin/builder/spi-builder-workspace/.dependencies/checkouts/OptionParser/OptionParser/Command.swift (in target 'OptionParser' from project 'OptionParser')
cd /Users/admin/builder/spi-builder-workspace/.swiftpm/xcode
builtin-SwiftPerFileCompile Command.swift
SwiftCompile normal arm64_32 Compiling\ Argument.swift /Users/admin/builder/spi-builder-workspace/.dependencies/checkouts/OptionParser/OptionParser/Argument.swift (in target 'OptionParser' from project 'OptionParser')
SwiftCompile normal arm64_32 /Users/admin/builder/spi-builder-workspace/.dependencies/checkouts/OptionParser/OptionParser/Argument.swift (in target 'OptionParser' from project 'OptionParser')
cd /Users/admin/builder/spi-builder-workspace/.swiftpm/xcode
builtin-SwiftPerFileCompile Argument.swift
SwiftCompile normal arm64_32 Compiling\ Syntax.swift /Users/admin/builder/spi-builder-workspace/.dependencies/checkouts/OptionParser/OptionParser/Syntax.swift (in target 'OptionParser' from project 'OptionParser')
SwiftCompile normal arm64_32 /Users/admin/builder/spi-builder-workspace/.dependencies/checkouts/OptionParser/OptionParser/Syntax.swift (in target 'OptionParser' from project 'OptionParser')
cd /Users/admin/builder/spi-builder-workspace/.swiftpm/xcode
builtin-SwiftPerFileCompile Syntax.swift
SwiftCompile normal arm64_32 Compiling\ Parameter.swift /Users/admin/builder/spi-builder-workspace/.dependencies/checkouts/OptionParser/OptionParser/Parameter.swift (in target 'OptionParser' from project 'OptionParser')
SwiftCompile normal arm64_32 /Users/admin/builder/spi-builder-workspace/.dependencies/checkouts/OptionParser/OptionParser/Parameter.swift (in target 'OptionParser' from project 'OptionParser')
cd /Users/admin/builder/spi-builder-workspace/.swiftpm/xcode
builtin-SwiftPerFileCompile Parameter.swift
SwiftCompile normal arm64_32 Compiling\ ParseContext.swift /Users/admin/builder/spi-builder-workspace/.dependencies/checkouts/OptionParser/OptionParser/ParseContext.swift (in target 'OptionParser' from project 'OptionParser')
SwiftCompile normal arm64_32 /Users/admin/builder/spi-builder-workspace/.dependencies/checkouts/OptionParser/OptionParser/ParseContext.swift (in target 'OptionParser' from project 'OptionParser')
cd /Users/admin/builder/spi-builder-workspace/.swiftpm/xcode
builtin-SwiftPerFileCompile ParseContext.swift
SwiftEmitModule normal arm64 Emitting\ module\ for\ OptionParser (in target 'OptionParser' from project 'OptionParser')
SwiftCompile normal arm64 (in target 'OptionParser' from project 'OptionParser')
cd /Users/admin/builder/spi-builder-workspace/.swiftpm/xcode
SwiftCompile normal arm64 Compiling\ OptionParser.swift /Users/admin/builder/spi-builder-workspace/.dependencies/checkouts/OptionParser/OptionParser/OptionParser.swift (in target 'OptionParser' from project 'OptionParser')
SwiftCompile normal arm64 /Users/admin/builder/spi-builder-workspace/.dependencies/checkouts/OptionParser/OptionParser/OptionParser.swift (in target 'OptionParser' from project 'OptionParser')
cd /Users/admin/builder/spi-builder-workspace/.swiftpm/xcode
builtin-SwiftPerFileCompile OptionParser.swift
SwiftDriverJobDiscovery normal arm64 Emitting module for BenchmarkIPC (in target 'BenchmarkIPC' from project 'Benchmarking')
SwiftDriverJobDiscovery normal arm64_32 Emitting module for BenchmarkIPC (in target 'BenchmarkIPC' from project 'Benchmarking')
SwiftDriver\ Compilation\ Requirements BenchmarkIPC normal arm64_32 com.apple.xcode.tools.swift.compiler (in target 'BenchmarkIPC' from project 'Benchmarking')
cd /Users/admin/builder/spi-builder-workspace/.swiftpm/xcode
builtin-Swift-Compilation-Requirements -- /Applications/Xcode-27.0.0-Release.Candidate.app/Contents/Developer/Toolchains/XcodeDefault.xctoolchain/usr/bin/swiftc -parse-as-library -module-name BenchmarkIPC -Onone @/Users/admin/builder/spi-builder-workspace/.derivedData/Build/Intermediates.noindex/Benchmarking.build/Debug-watchos/BenchmarkIPC-t.build/Objects-normal/arm64_32/BenchmarkIPC.SwiftFileList -DSWIFT_PACKAGE -DDEBUG -DSWIFT_MODULE_RESOURCE_BUNDLE_UNAVAILABLE -DXcode -plugin-path /Applications/Xcode-27.0.0-Release.Candidate.app/Contents/Developer/Toolchains/XcodeDefault.xctoolchain/usr/lib/swift/host/plugins/testing -enable-experimental-feature DebugDescriptionMacro -sdk /Applications/Xcode-27.0.0-Release.Candidate.app/Contents/Developer/Platforms/WatchOS.platform/Developer/SDKs/WatchOS27.0.sdk -target arm64_32-apple-watchos9.0 -g -module-cache-path /Users/admin/builder/spi-builder-workspace/.derivedData/ModuleCache.noindex -Xfrontend -serialize-debugging-options -enable-testing -index-store-path /Users/admin/builder/spi-builder-workspace/.derivedData/Index.noindex/DataStore -Xcc -D_LIBCPP_HARDENING_MODE\=_LIBCPP_HARDENING_MODE_DEBUG -swift-version 4 -I /Users/admin/builder/spi-builder-workspace/.derivedData/Build/Products/Debug-watchos -Isystem /Applications/Xcode-27.0.0-Release.Candidate.app/Contents/Developer/Platforms/WatchOS.platform/Developer/usr/lib -F /Users/admin/builder/spi-builder-workspace/.derivedData/Build/Products/Debug-watchos -F /Applications/Xcode-27.0.0-Release.Candidate.app/Contents/Developer/Platforms/WatchOS.platform/Developer/Library/Frameworks -F /Applications/Xcode-27.0.0-Release.Candidate.app/Contents/Developer/Platforms/WatchOS.platform/Developer/SDKs/WatchOS27.0.sdk/Developer/Library/Frameworks -c -j10 -enable-batch-mode -incremental -Xcc -ivfsstatcache -Xcc /Users/admin/builder/spi-builder-workspace/.derivedData/SDKStatCaches.noindex/watchos27.0-24R360-e829b21a6f8c9b70876ba0858053c04477534ef55a1706bf4c1112bbb242f0a2.sdkstatcache -output-file-map /Users/admin/builder/spi-builder-workspace/.derivedData/Build/Intermediates.noindex/Benchmarking.build/Debug-watchos/BenchmarkIPC-t.build/Objects-normal/arm64_32/BenchmarkIPC-OutputFileMap.json -save-temps -no-color-diagnostics -emit-dependencies -emit-module -emit-module-path /Users/admin/builder/spi-builder-workspace/.derivedData/Build/Intermediates.noindex/Benchmarking.build/Debug-watchos/BenchmarkIPC-t.build/Objects-normal/arm64_32/BenchmarkIPC.swiftmodule -serialize-diagnostics -validate-clang-modules-once -clang-build-session-file /Users/admin/builder/spi-builder-workspace/.derivedData/ModuleCache.noindex/Session.modulevalidation -Xcc -fmodules-prune-interval\=86400 -Xcc -fmodules-prune-after\=345600 -emit-const-values -const-gather-protocols-list /Users/admin/builder/spi-builder-workspace/.derivedData/Build/Intermediates.noindex/Benchmarking.build/Debug-watchos/BenchmarkIPC-t.build/Objects-normal/arm64_32/BenchmarkIPC_const_extract_protocols.json -Xcc -I/Users/admin/builder/spi-builder-workspace/.derivedData/Build/Products/Debug-watchos/include -Xcc -I/Users/admin/builder/spi-builder-workspace/.derivedData/Build/Intermediates.noindex/Benchmarking.build/Debug-watchos/BenchmarkIPC-t.build/DerivedSources-normal/arm64_32 -Xcc -I/Users/admin/builder/spi-builder-workspace/.derivedData/Build/Intermediates.noindex/Benchmarking.build/Debug-watchos/BenchmarkIPC-t.build/DerivedSources/arm64_32 -Xcc -I/Users/admin/builder/spi-builder-workspace/.derivedData/Build/Intermediates.noindex/Benchmarking.build/Debug-watchos/BenchmarkIPC-t.build/DerivedSources -Xcc -DSWIFT_PACKAGE -Xcc -DDEBUG\=1 -emit-objc-header -emit-objc-header-path /Users/admin/builder/spi-builder-workspace/.derivedData/Build/Intermediates.noindex/Benchmarking.build/Debug-watchos/BenchmarkIPC-t.build/Objects-normal/arm64_32/BenchmarkIPC-Swift.h -working-directory /Users/admin/builder/spi-builder-workspace/.swiftpm/xcode -experimental-emit-module-separately -disable-cmo
SwiftDriverJobDiscovery normal arm64_32 Emitting module for OptionParser (in target 'OptionParser' from project 'OptionParser')
SwiftDriver\ Compilation\ Requirements OptionParser normal arm64_32 com.apple.xcode.tools.swift.compiler (in target 'OptionParser' from project 'OptionParser')
cd /Users/admin/builder/spi-builder-workspace/.swiftpm/xcode
builtin-Swift-Compilation-Requirements -- /Applications/Xcode-27.0.0-Release.Candidate.app/Contents/Developer/Toolchains/XcodeDefault.xctoolchain/usr/bin/swiftc -parse-as-library -module-name OptionParser -Onone @/Users/admin/builder/spi-builder-workspace/.derivedData/Build/Intermediates.noindex/OptionParser.build/Debug-watchos/OptionParser-t.build/Objects-normal/arm64_32/OptionParser.SwiftFileList -DSWIFT_PACKAGE -DDEBUG -DSWIFT_MODULE_RESOURCE_BUNDLE_UNAVAILABLE -DXcode -plugin-path /Applications/Xcode-27.0.0-Release.Candidate.app/Contents/Developer/Toolchains/XcodeDefault.xctoolchain/usr/lib/swift/host/plugins/testing -enable-experimental-feature DebugDescriptionMacro -sdk /Applications/Xcode-27.0.0-Release.Candidate.app/Contents/Developer/Platforms/WatchOS.platform/Developer/SDKs/WatchOS27.0.sdk -target arm64_32-apple-watchos9.0 -g -module-cache-path /Users/admin/builder/spi-builder-workspace/.derivedData/ModuleCache.noindex -Xfrontend -serialize-debugging-options -enable-testing -suppress-warnings -index-store-path /Users/admin/builder/spi-builder-workspace/.derivedData/Index.noindex/DataStore -Xcc -D_LIBCPP_HARDENING_MODE\=_LIBCPP_HARDENING_MODE_DEBUG -swift-version 4 -I /Users/admin/builder/spi-builder-workspace/.derivedData/Build/Products/Debug-watchos -Isystem /Applications/Xcode-27.0.0-Release.Candidate.app/Contents/Developer/Platforms/WatchOS.platform/Developer/usr/lib -F /Users/admin/builder/spi-builder-workspace/.derivedData/Build/Products/Debug-watchos -F /Applications/Xcode-27.0.0-Release.Candidate.app/Contents/Developer/Platforms/WatchOS.platform/Developer/Library/Frameworks -F /Applications/Xcode-27.0.0-Release.Candidate.app/Contents/Developer/Platforms/WatchOS.platform/Developer/SDKs/WatchOS27.0.sdk/Developer/Library/Frameworks -c -j10 -enable-batch-mode -incremental -Xcc -ivfsstatcache -Xcc /Users/admin/builder/spi-builder-workspace/.derivedData/SDKStatCaches.noindex/watchos27.0-24R360-e829b21a6f8c9b70876ba0858053c04477534ef55a1706bf4c1112bbb242f0a2.sdkstatcache -output-file-map /Users/admin/builder/spi-builder-workspace/.derivedData/Build/Intermediates.noindex/OptionParser.build/Debug-watchos/OptionParser-t.build/Objects-normal/arm64_32/OptionParser-OutputFileMap.json -save-temps -no-color-diagnostics -emit-dependencies -emit-module -emit-module-path /Users/admin/builder/spi-builder-workspace/.derivedData/Build/Intermediates.noindex/OptionParser.build/Debug-watchos/OptionParser-t.build/Objects-normal/arm64_32/OptionParser.swiftmodule -serialize-diagnostics -validate-clang-modules-once -clang-build-session-file /Users/admin/builder/spi-builder-workspace/.derivedData/ModuleCache.noindex/Session.modulevalidation -Xcc -fmodules-prune-interval\=86400 -Xcc -fmodules-prune-after\=345600 -emit-const-values -const-gather-protocols-list /Users/admin/builder/spi-builder-workspace/.derivedData/Build/Intermediates.noindex/OptionParser.build/Debug-watchos/OptionParser-t.build/Objects-normal/arm64_32/OptionParser_const_extract_protocols.json -Xcc -I/Users/admin/builder/spi-builder-workspace/.derivedData/Build/Products/Debug-watchos/include -Xcc -I/Users/admin/builder/spi-builder-workspace/.derivedData/Build/Intermediates.noindex/OptionParser.build/Debug-watchos/OptionParser-t.build/DerivedSources-normal/arm64_32 -Xcc -I/Users/admin/builder/spi-builder-workspace/.derivedData/Build/Intermediates.noindex/OptionParser.build/Debug-watchos/OptionParser-t.build/DerivedSources/arm64_32 -Xcc -I/Users/admin/builder/spi-builder-workspace/.derivedData/Build/Intermediates.noindex/OptionParser.build/Debug-watchos/OptionParser-t.build/DerivedSources -Xcc -DSWIFT_PACKAGE -Xcc -DDEBUG\=1 -emit-objc-header -emit-objc-header-path /Users/admin/builder/spi-builder-workspace/.derivedData/Build/Intermediates.noindex/OptionParser.build/Debug-watchos/OptionParser-t.build/Objects-normal/arm64_32/OptionParser-Swift.h -working-directory /Users/admin/builder/spi-builder-workspace/.swiftpm/xcode -experimental-emit-module-separately -disable-cmo
SwiftDriver\ Compilation\ Requirements BenchmarkIPC normal arm64 com.apple.xcode.tools.swift.compiler (in target 'BenchmarkIPC' from project 'Benchmarking')
cd /Users/admin/builder/spi-builder-workspace/.swiftpm/xcode
builtin-Swift-Compilation-Requirements -- /Applications/Xcode-27.0.0-Release.Candidate.app/Contents/Developer/Toolchains/XcodeDefault.xctoolchain/usr/bin/swiftc -parse-as-library -module-name BenchmarkIPC -Onone @/Users/admin/builder/spi-builder-workspace/.derivedData/Build/Intermediates.noindex/Benchmarking.build/Debug-watchos/BenchmarkIPC-t.build/Objects-normal/arm64/BenchmarkIPC.SwiftFileList -DSWIFT_PACKAGE -DDEBUG -DSWIFT_MODULE_RESOURCE_BUNDLE_UNAVAILABLE -DXcode -plugin-path /Applications/Xcode-27.0.0-Release.Candidate.app/Contents/Developer/Toolchains/XcodeDefault.xctoolchain/usr/lib/swift/host/plugins/testing -enable-experimental-feature DebugDescriptionMacro -sdk /Applications/Xcode-27.0.0-Release.Candidate.app/Contents/Developer/Platforms/WatchOS.platform/Developer/SDKs/WatchOS27.0.sdk -target arm64-apple-watchos9.0 -g -module-cache-path /Users/admin/builder/spi-builder-workspace/.derivedData/ModuleCache.noindex -Xfrontend -serialize-debugging-options -enable-testing -index-store-path /Users/admin/builder/spi-builder-workspace/.derivedData/Index.noindex/DataStore -Xcc -D_LIBCPP_HARDENING_MODE\=_LIBCPP_HARDENING_MODE_DEBUG -swift-version 4 -I /Users/admin/builder/spi-builder-workspace/.derivedData/Build/Products/Debug-watchos -Isystem /Applications/Xcode-27.0.0-Release.Candidate.app/Contents/Developer/Platforms/WatchOS.platform/Developer/usr/lib -F /Users/admin/builder/spi-builder-workspace/.derivedData/Build/Products/Debug-watchos -F /Applications/Xcode-27.0.0-Release.Candidate.app/Contents/Developer/Platforms/WatchOS.platform/Developer/Library/Frameworks -F /Applications/Xcode-27.0.0-Release.Candidate.app/Contents/Developer/Platforms/WatchOS.platform/Developer/SDKs/WatchOS27.0.sdk/Developer/Library/Frameworks -c -j10 -enable-batch-mode -incremental -Xcc -ivfsstatcache -Xcc /Users/admin/builder/spi-builder-workspace/.derivedData/SDKStatCaches.noindex/watchos27.0-24R360-e829b21a6f8c9b70876ba0858053c04477534ef55a1706bf4c1112bbb242f0a2.sdkstatcache -output-file-map /Users/admin/builder/spi-builder-workspace/.derivedData/Build/Intermediates.noindex/Benchmarking.build/Debug-watchos/BenchmarkIPC-t.build/Objects-normal/arm64/BenchmarkIPC-OutputFileMap.json -save-temps -no-color-diagnostics -emit-dependencies -emit-module -emit-module-path /Users/admin/builder/spi-builder-workspace/.derivedData/Build/Intermediates.noindex/Benchmarking.build/Debug-watchos/BenchmarkIPC-t.build/Objects-normal/arm64/BenchmarkIPC.swiftmodule -serialize-diagnostics -validate-clang-modules-once -clang-build-session-file /Users/admin/builder/spi-builder-workspace/.derivedData/ModuleCache.noindex/Session.modulevalidation -Xcc -fmodules-prune-interval\=86400 -Xcc -fmodules-prune-after\=345600 -emit-const-values -const-gather-protocols-list /Users/admin/builder/spi-builder-workspace/.derivedData/Build/Intermediates.noindex/Benchmarking.build/Debug-watchos/BenchmarkIPC-t.build/Objects-normal/arm64/BenchmarkIPC_const_extract_protocols.json -Xcc -I/Users/admin/builder/spi-builder-workspace/.derivedData/Build/Products/Debug-watchos/include -Xcc -I/Users/admin/builder/spi-builder-workspace/.derivedData/Build/Intermediates.noindex/Benchmarking.build/Debug-watchos/BenchmarkIPC-t.build/DerivedSources-normal/arm64 -Xcc -I/Users/admin/builder/spi-builder-workspace/.derivedData/Build/Intermediates.noindex/Benchmarking.build/Debug-watchos/BenchmarkIPC-t.build/DerivedSources/arm64 -Xcc -I/Users/admin/builder/spi-builder-workspace/.derivedData/Build/Intermediates.noindex/Benchmarking.build/Debug-watchos/BenchmarkIPC-t.build/DerivedSources -Xcc -DSWIFT_PACKAGE -Xcc -DDEBUG\=1 -emit-objc-header -emit-objc-header-path /Users/admin/builder/spi-builder-workspace/.derivedData/Build/Intermediates.noindex/Benchmarking.build/Debug-watchos/BenchmarkIPC-t.build/Objects-normal/arm64/BenchmarkIPC-Swift.h -working-directory /Users/admin/builder/spi-builder-workspace/.swiftpm/xcode -experimental-emit-module-separately -disable-cmo
Copy /Users/admin/builder/spi-builder-workspace/.derivedData/Build/Products/Debug-watchos/OptionParser.swiftmodule/arm64_32-apple-watchos.swiftmodule /Users/admin/builder/spi-builder-workspace/.derivedData/Build/Intermediates.noindex/OptionParser.build/Debug-watchos/OptionParser-t.build/Objects-normal/arm64_32/OptionParser.swiftmodule (in target 'OptionParser' from project 'OptionParser')
cd /Users/admin/builder/spi-builder-workspace/.dependencies/checkouts/OptionParser
builtin-copy -exclude .DS_Store -exclude CVS -exclude .svn -exclude .git -exclude .hg -resolve-src-symlinks -rename /Users/admin/builder/spi-builder-workspace/.derivedData/Build/Intermediates.noindex/OptionParser.build/Debug-watchos/OptionParser-t.build/Objects-normal/arm64_32/OptionParser.swiftmodule /Users/admin/builder/spi-builder-workspace/.derivedData/Build/Products/Debug-watchos/OptionParser.swiftmodule/arm64_32-apple-watchos.swiftmodule
Copy /Users/admin/builder/spi-builder-workspace/.derivedData/Build/Products/Debug-watchos/OptionParser.swiftmodule/arm64_32-apple-watchos.swiftdoc /Users/admin/builder/spi-builder-workspace/.derivedData/Build/Intermediates.noindex/OptionParser.build/Debug-watchos/OptionParser-t.build/Objects-normal/arm64_32/OptionParser.swiftdoc (in target 'OptionParser' from project 'OptionParser')
cd /Users/admin/builder/spi-builder-workspace/.dependencies/checkouts/OptionParser
builtin-copy -exclude .DS_Store -exclude CVS -exclude .svn -exclude .git -exclude .hg -resolve-src-symlinks -rename /Users/admin/builder/spi-builder-workspace/.derivedData/Build/Intermediates.noindex/OptionParser.build/Debug-watchos/OptionParser-t.build/Objects-normal/arm64_32/OptionParser.swiftdoc /Users/admin/builder/spi-builder-workspace/.derivedData/Build/Products/Debug-watchos/OptionParser.swiftmodule/arm64_32-apple-watchos.swiftdoc
Copy /Users/admin/builder/spi-builder-workspace/.derivedData/Build/Products/Debug-watchos/OptionParser.swiftmodule/arm64_32-apple-watchos.abi.json /Users/admin/builder/spi-builder-workspace/.derivedData/Build/Intermediates.noindex/OptionParser.build/Debug-watchos/OptionParser-t.build/Objects-normal/arm64_32/OptionParser.abi.json (in target 'OptionParser' from project 'OptionParser')
cd /Users/admin/builder/spi-builder-workspace/.dependencies/checkouts/OptionParser
builtin-copy -exclude .DS_Store -exclude CVS -exclude .svn -exclude .git -exclude .hg -resolve-src-symlinks -rename /Users/admin/builder/spi-builder-workspace/.derivedData/Build/Intermediates.noindex/OptionParser.build/Debug-watchos/OptionParser-t.build/Objects-normal/arm64_32/OptionParser.abi.json /Users/admin/builder/spi-builder-workspace/.derivedData/Build/Products/Debug-watchos/OptionParser.swiftmodule/arm64_32-apple-watchos.abi.json
Copy /Users/admin/builder/spi-builder-workspace/.derivedData/Build/Products/Debug-watchos/OptionParser.swiftmodule/Project/arm64_32-apple-watchos.swiftsourceinfo /Users/admin/builder/spi-builder-workspace/.derivedData/Build/Intermediates.noindex/OptionParser.build/Debug-watchos/OptionParser-t.build/Objects-normal/arm64_32/OptionParser.swiftsourceinfo (in target 'OptionParser' from project 'OptionParser')
cd /Users/admin/builder/spi-builder-workspace/.dependencies/checkouts/OptionParser
builtin-copy -exclude .DS_Store -exclude CVS -exclude .svn -exclude .git -exclude .hg -resolve-src-symlinks -rename /Users/admin/builder/spi-builder-workspace/.derivedData/Build/Intermediates.noindex/OptionParser.build/Debug-watchos/OptionParser-t.build/Objects-normal/arm64_32/OptionParser.swiftsourceinfo /Users/admin/builder/spi-builder-workspace/.derivedData/Build/Products/Debug-watchos/OptionParser.swiftmodule/Project/arm64_32-apple-watchos.swiftsourceinfo
SwiftMergeGeneratedHeaders /Users/admin/builder/spi-builder-workspace/.derivedData/Build/Intermediates.noindex/GeneratedModuleMaps-watchos/BenchmarkIPC-Swift.h /Users/admin/builder/spi-builder-workspace/.derivedData/Build/Intermediates.noindex/Benchmarking.build/Debug-watchos/BenchmarkIPC-t.build/Objects-normal/arm64/BenchmarkIPC-Swift.h /Users/admin/builder/spi-builder-workspace/.derivedData/Build/Intermediates.noindex/Benchmarking.build/Debug-watchos/BenchmarkIPC-t.build/Objects-normal/arm64_32/BenchmarkIPC-Swift.h (in target 'BenchmarkIPC' from project 'Benchmarking')
cd /Users/admin/builder/spi-builder-workspace
builtin-swiftHeaderTool -arch arm64 /Users/admin/builder/spi-builder-workspace/.derivedData/Build/Intermediates.noindex/Benchmarking.build/Debug-watchos/BenchmarkIPC-t.build/Objects-normal/arm64/BenchmarkIPC-Swift.h -arch arm64_32 /Users/admin/builder/spi-builder-workspace/.derivedData/Build/Intermediates.noindex/Benchmarking.build/Debug-watchos/BenchmarkIPC-t.build/Objects-normal/arm64_32/BenchmarkIPC-Swift.h -o /Users/admin/builder/spi-builder-workspace/.derivedData/Build/Intermediates.noindex/GeneratedModuleMaps-watchos/BenchmarkIPC-Swift.h
Copy /Users/admin/builder/spi-builder-workspace/.derivedData/Build/Products/Debug-watchos/BenchmarkIPC.swiftmodule/arm64_32-apple-watchos.swiftmodule /Users/admin/builder/spi-builder-workspace/.derivedData/Build/Intermediates.noindex/Benchmarking.build/Debug-watchos/BenchmarkIPC-t.build/Objects-normal/arm64_32/BenchmarkIPC.swiftmodule (in target 'BenchmarkIPC' from project 'Benchmarking')
cd /Users/admin/builder/spi-builder-workspace
builtin-copy -exclude .DS_Store -exclude CVS -exclude .svn -exclude .git -exclude .hg -resolve-src-symlinks -rename /Users/admin/builder/spi-builder-workspace/.derivedData/Build/Intermediates.noindex/Benchmarking.build/Debug-watchos/BenchmarkIPC-t.build/Objects-normal/arm64_32/BenchmarkIPC.swiftmodule /Users/admin/builder/spi-builder-workspace/.derivedData/Build/Products/Debug-watchos/BenchmarkIPC.swiftmodule/arm64_32-apple-watchos.swiftmodule
Copy /Users/admin/builder/spi-builder-workspace/.derivedData/Build/Products/Debug-watchos/BenchmarkIPC.swiftmodule/arm64_32-apple-watchos.swiftdoc /Users/admin/builder/spi-builder-workspace/.derivedData/Build/Intermediates.noindex/Benchmarking.build/Debug-watchos/BenchmarkIPC-t.build/Objects-normal/arm64_32/BenchmarkIPC.swiftdoc (in target 'BenchmarkIPC' from project 'Benchmarking')
cd /Users/admin/builder/spi-builder-workspace
builtin-copy -exclude .DS_Store -exclude CVS -exclude .svn -exclude .git -exclude .hg -resolve-src-symlinks -rename /Users/admin/builder/spi-builder-workspace/.derivedData/Build/Intermediates.noindex/Benchmarking.build/Debug-watchos/BenchmarkIPC-t.build/Objects-normal/arm64_32/BenchmarkIPC.swiftdoc /Users/admin/builder/spi-builder-workspace/.derivedData/Build/Products/Debug-watchos/BenchmarkIPC.swiftmodule/arm64_32-apple-watchos.swiftdoc
Copy /Users/admin/builder/spi-builder-workspace/.derivedData/Build/Products/Debug-watchos/BenchmarkIPC.swiftmodule/arm64_32-apple-watchos.abi.json /Users/admin/builder/spi-builder-workspace/.derivedData/Build/Intermediates.noindex/Benchmarking.build/Debug-watchos/BenchmarkIPC-t.build/Objects-normal/arm64_32/BenchmarkIPC.abi.json (in target 'BenchmarkIPC' from project 'Benchmarking')
cd /Users/admin/builder/spi-builder-workspace
builtin-copy -exclude .DS_Store -exclude CVS -exclude .svn -exclude .git -exclude .hg -resolve-src-symlinks -rename /Users/admin/builder/spi-builder-workspace/.derivedData/Build/Intermediates.noindex/Benchmarking.build/Debug-watchos/BenchmarkIPC-t.build/Objects-normal/arm64_32/BenchmarkIPC.abi.json /Users/admin/builder/spi-builder-workspace/.derivedData/Build/Products/Debug-watchos/BenchmarkIPC.swiftmodule/arm64_32-apple-watchos.abi.json
Copy /Users/admin/builder/spi-builder-workspace/.derivedData/Build/Products/Debug-watchos/BenchmarkIPC.swiftmodule/arm64-apple-watchos.swiftmodule /Users/admin/builder/spi-builder-workspace/.derivedData/Build/Intermediates.noindex/Benchmarking.build/Debug-watchos/BenchmarkIPC-t.build/Objects-normal/arm64/BenchmarkIPC.swiftmodule (in target 'BenchmarkIPC' from project 'Benchmarking')
cd /Users/admin/builder/spi-builder-workspace
builtin-copy -exclude .DS_Store -exclude CVS -exclude .svn -exclude .git -exclude .hg -resolve-src-symlinks -rename /Users/admin/builder/spi-builder-workspace/.derivedData/Build/Intermediates.noindex/Benchmarking.build/Debug-watchos/BenchmarkIPC-t.build/Objects-normal/arm64/BenchmarkIPC.swiftmodule /Users/admin/builder/spi-builder-workspace/.derivedData/Build/Products/Debug-watchos/BenchmarkIPC.swiftmodule/arm64-apple-watchos.swiftmodule
Copy /Users/admin/builder/spi-builder-workspace/.derivedData/Build/Products/Debug-watchos/BenchmarkIPC.swiftmodule/arm64-apple-watchos.swiftdoc /Users/admin/builder/spi-builder-workspace/.derivedData/Build/Intermediates.noindex/Benchmarking.build/Debug-watchos/BenchmarkIPC-t.build/Objects-normal/arm64/BenchmarkIPC.swiftdoc (in target 'BenchmarkIPC' from project 'Benchmarking')
cd /Users/admin/builder/spi-builder-workspace
builtin-copy -exclude .DS_Store -exclude CVS -exclude .svn -exclude .git -exclude .hg -resolve-src-symlinks -rename /Users/admin/builder/spi-builder-workspace/.derivedData/Build/Intermediates.noindex/Benchmarking.build/Debug-watchos/BenchmarkIPC-t.build/Objects-normal/arm64/BenchmarkIPC.swiftdoc /Users/admin/builder/spi-builder-workspace/.derivedData/Build/Products/Debug-watchos/BenchmarkIPC.swiftmodule/arm64-apple-watchos.swiftdoc
Copy /Users/admin/builder/spi-builder-workspace/.derivedData/Build/Products/Debug-watchos/BenchmarkIPC.swiftmodule/arm64-apple-watchos.abi.json /Users/admin/builder/spi-builder-workspace/.derivedData/Build/Intermediates.noindex/Benchmarking.build/Debug-watchos/BenchmarkIPC-t.build/Objects-normal/arm64/BenchmarkIPC.abi.json (in target 'BenchmarkIPC' from project 'Benchmarking')
cd /Users/admin/builder/spi-builder-workspace
builtin-copy -exclude .DS_Store -exclude CVS -exclude .svn -exclude .git -exclude .hg -resolve-src-symlinks -rename /Users/admin/builder/spi-builder-workspace/.derivedData/Build/Intermediates.noindex/Benchmarking.build/Debug-watchos/BenchmarkIPC-t.build/Objects-normal/arm64/BenchmarkIPC.abi.json /Users/admin/builder/spi-builder-workspace/.derivedData/Build/Products/Debug-watchos/BenchmarkIPC.swiftmodule/arm64-apple-watchos.abi.json
Copy /Users/admin/builder/spi-builder-workspace/.derivedData/Build/Products/Debug-watchos/BenchmarkIPC.swiftmodule/Project/arm64_32-apple-watchos.swiftsourceinfo /Users/admin/builder/spi-builder-workspace/.derivedData/Build/Intermediates.noindex/Benchmarking.build/Debug-watchos/BenchmarkIPC-t.build/Objects-normal/arm64_32/BenchmarkIPC.swiftsourceinfo (in target 'BenchmarkIPC' from project 'Benchmarking')
cd /Users/admin/builder/spi-builder-workspace
builtin-copy -exclude .DS_Store -exclude CVS -exclude .svn -exclude .git -exclude .hg -resolve-src-symlinks -rename /Users/admin/builder/spi-builder-workspace/.derivedData/Build/Intermediates.noindex/Benchmarking.build/Debug-watchos/BenchmarkIPC-t.build/Objects-normal/arm64_32/BenchmarkIPC.swiftsourceinfo /Users/admin/builder/spi-builder-workspace/.derivedData/Build/Products/Debug-watchos/BenchmarkIPC.swiftmodule/Project/arm64_32-apple-watchos.swiftsourceinfo
Copy /Users/admin/builder/spi-builder-workspace/.derivedData/Build/Products/Debug-watchos/BenchmarkIPC.swiftmodule/Project/arm64-apple-watchos.swiftsourceinfo /Users/admin/builder/spi-builder-workspace/.derivedData/Build/Intermediates.noindex/Benchmarking.build/Debug-watchos/BenchmarkIPC-t.build/Objects-normal/arm64/BenchmarkIPC.swiftsourceinfo (in target 'BenchmarkIPC' from project 'Benchmarking')
cd /Users/admin/builder/spi-builder-workspace
builtin-copy -exclude .DS_Store -exclude CVS -exclude .svn -exclude .git -exclude .hg -resolve-src-symlinks -rename /Users/admin/builder/spi-builder-workspace/.derivedData/Build/Intermediates.noindex/Benchmarking.build/Debug-watchos/BenchmarkIPC-t.build/Objects-normal/arm64/BenchmarkIPC.swiftsourceinfo /Users/admin/builder/spi-builder-workspace/.derivedData/Build/Products/Debug-watchos/BenchmarkIPC.swiftmodule/Project/arm64-apple-watchos.swiftsourceinfo
SwiftCompile normal arm64 Compiling\ Command.swift /Users/admin/builder/spi-builder-workspace/.dependencies/checkouts/OptionParser/OptionParser/Command.swift (in target 'OptionParser' from project 'OptionParser')
SwiftCompile normal arm64 /Users/admin/builder/spi-builder-workspace/.dependencies/checkouts/OptionParser/OptionParser/Command.swift (in target 'OptionParser' from project 'OptionParser')
cd /Users/admin/builder/spi-builder-workspace/.swiftpm/xcode
builtin-SwiftPerFileCompile Command.swift
SwiftCompile normal arm64_32 Compiling\ Option.swift /Users/admin/builder/spi-builder-workspace/.dependencies/checkouts/OptionParser/OptionParser/Option.swift (in target 'OptionParser' from project 'OptionParser')
SwiftCompile normal arm64_32 /Users/admin/builder/spi-builder-workspace/.dependencies/checkouts/OptionParser/OptionParser/Option.swift (in target 'OptionParser' from project 'OptionParser')
cd /Users/admin/builder/spi-builder-workspace/.swiftpm/xcode
builtin-SwiftPerFileCompile Option.swift
SwiftDriverJobDiscovery normal arm64 Emitting module for OptionParser (in target 'OptionParser' from project 'OptionParser')
SwiftDriver\ Compilation\ Requirements OptionParser normal arm64 com.apple.xcode.tools.swift.compiler (in target 'OptionParser' from project 'OptionParser')
cd /Users/admin/builder/spi-builder-workspace/.swiftpm/xcode
builtin-Swift-Compilation-Requirements -- /Applications/Xcode-27.0.0-Release.Candidate.app/Contents/Developer/Toolchains/XcodeDefault.xctoolchain/usr/bin/swiftc -parse-as-library -module-name OptionParser -Onone @/Users/admin/builder/spi-builder-workspace/.derivedData/Build/Intermediates.noindex/OptionParser.build/Debug-watchos/OptionParser-t.build/Objects-normal/arm64/OptionParser.SwiftFileList -DSWIFT_PACKAGE -DDEBUG -DSWIFT_MODULE_RESOURCE_BUNDLE_UNAVAILABLE -DXcode -plugin-path /Applications/Xcode-27.0.0-Release.Candidate.app/Contents/Developer/Toolchains/XcodeDefault.xctoolchain/usr/lib/swift/host/plugins/testing -enable-experimental-feature DebugDescriptionMacro -sdk /Applications/Xcode-27.0.0-Release.Candidate.app/Contents/Developer/Platforms/WatchOS.platform/Developer/SDKs/WatchOS27.0.sdk -target arm64-apple-watchos9.0 -g -module-cache-path /Users/admin/builder/spi-builder-workspace/.derivedData/ModuleCache.noindex -Xfrontend -serialize-debugging-options -enable-testing -suppress-warnings -index-store-path /Users/admin/builder/spi-builder-workspace/.derivedData/Index.noindex/DataStore -Xcc -D_LIBCPP_HARDENING_MODE\=_LIBCPP_HARDENING_MODE_DEBUG -swift-version 4 -I /Users/admin/builder/spi-builder-workspace/.derivedData/Build/Products/Debug-watchos -Isystem /Applications/Xcode-27.0.0-Release.Candidate.app/Contents/Developer/Platforms/WatchOS.platform/Developer/usr/lib -F /Users/admin/builder/spi-builder-workspace/.derivedData/Build/Products/Debug-watchos -F /Applications/Xcode-27.0.0-Release.Candidate.app/Contents/Developer/Platforms/WatchOS.platform/Developer/Library/Frameworks -F /Applications/Xcode-27.0.0-Release.Candidate.app/Contents/Developer/Platforms/WatchOS.platform/Developer/SDKs/WatchOS27.0.sdk/Developer/Library/Frameworks -c -j10 -enable-batch-mode -incremental -Xcc -ivfsstatcache -Xcc /Users/admin/builder/spi-builder-workspace/.derivedData/SDKStatCaches.noindex/watchos27.0-24R360-e829b21a6f8c9b70876ba0858053c04477534ef55a1706bf4c1112bbb242f0a2.sdkstatcache -output-file-map /Users/admin/builder/spi-builder-workspace/.derivedData/Build/Intermediates.noindex/OptionParser.build/Debug-watchos/OptionParser-t.build/Objects-normal/arm64/OptionParser-OutputFileMap.json -save-temps -no-color-diagnostics -emit-dependencies -emit-module -emit-module-path /Users/admin/builder/spi-builder-workspace/.derivedData/Build/Intermediates.noindex/OptionParser.build/Debug-watchos/OptionParser-t.build/Objects-normal/arm64/OptionParser.swiftmodule -serialize-diagnostics -validate-clang-modules-once -clang-build-session-file /Users/admin/builder/spi-builder-workspace/.derivedData/ModuleCache.noindex/Session.modulevalidation -Xcc -fmodules-prune-interval\=86400 -Xcc -fmodules-prune-after\=345600 -emit-const-values -const-gather-protocols-list /Users/admin/builder/spi-builder-workspace/.derivedData/Build/Intermediates.noindex/OptionParser.build/Debug-watchos/OptionParser-t.build/Objects-normal/arm64/OptionParser_const_extract_protocols.json -Xcc -I/Users/admin/builder/spi-builder-workspace/.derivedData/Build/Products/Debug-watchos/include -Xcc -I/Users/admin/builder/spi-builder-workspace/.derivedData/Build/Intermediates.noindex/OptionParser.build/Debug-watchos/OptionParser-t.build/DerivedSources-normal/arm64 -Xcc -I/Users/admin/builder/spi-builder-workspace/.derivedData/Build/Intermediates.noindex/OptionParser.build/Debug-watchos/OptionParser-t.build/DerivedSources/arm64 -Xcc -I/Users/admin/builder/spi-builder-workspace/.derivedData/Build/Intermediates.noindex/OptionParser.build/Debug-watchos/OptionParser-t.build/DerivedSources -Xcc -DSWIFT_PACKAGE -Xcc -DDEBUG\=1 -emit-objc-header -emit-objc-header-path /Users/admin/builder/spi-builder-workspace/.derivedData/Build/Intermediates.noindex/OptionParser.build/Debug-watchos/OptionParser-t.build/Objects-normal/arm64/OptionParser-Swift.h -working-directory /Users/admin/builder/spi-builder-workspace/.swiftpm/xcode -experimental-emit-module-separately -disable-cmo
SwiftDriverJobDiscovery normal arm64 Compiling OptionParser.swift (in target 'OptionParser' from project 'OptionParser')
SwiftCompile normal arm64 Compiling\ OptionValue.swift /Users/admin/builder/spi-builder-workspace/.dependencies/checkouts/OptionParser/OptionParser/OptionValue.swift (in target 'OptionParser' from project 'OptionParser')
SwiftCompile normal arm64 /Users/admin/builder/spi-builder-workspace/.dependencies/checkouts/OptionParser/OptionParser/OptionValue.swift (in target 'OptionParser' from project 'OptionParser')
cd /Users/admin/builder/spi-builder-workspace/.swiftpm/xcode
builtin-SwiftPerFileCompile OptionValue.swift
SwiftMergeGeneratedHeaders /Users/admin/builder/spi-builder-workspace/.derivedData/Build/Intermediates.noindex/GeneratedModuleMaps-watchos/OptionParser-Swift.h /Users/admin/builder/spi-builder-workspace/.derivedData/Build/Intermediates.noindex/OptionParser.build/Debug-watchos/OptionParser-t.build/Objects-normal/arm64/OptionParser-Swift.h /Users/admin/builder/spi-builder-workspace/.derivedData/Build/Intermediates.noindex/OptionParser.build/Debug-watchos/OptionParser-t.build/Objects-normal/arm64_32/OptionParser-Swift.h (in target 'OptionParser' from project 'OptionParser')
cd /Users/admin/builder/spi-builder-workspace/.dependencies/checkouts/OptionParser
builtin-swiftHeaderTool -arch arm64 /Users/admin/builder/spi-builder-workspace/.derivedData/Build/Intermediates.noindex/OptionParser.build/Debug-watchos/OptionParser-t.build/Objects-normal/arm64/OptionParser-Swift.h -arch arm64_32 /Users/admin/builder/spi-builder-workspace/.derivedData/Build/Intermediates.noindex/OptionParser.build/Debug-watchos/OptionParser-t.build/Objects-normal/arm64_32/OptionParser-Swift.h -o /Users/admin/builder/spi-builder-workspace/.derivedData/Build/Intermediates.noindex/GeneratedModuleMaps-watchos/OptionParser-Swift.h
SwiftDriverJobDiscovery normal arm64_32 Compiling Syntax.swift (in target 'OptionParser' from project 'OptionParser')
Copy /Users/admin/builder/spi-builder-workspace/.derivedData/Build/Products/Debug-watchos/OptionParser.swiftmodule/arm64-apple-watchos.swiftmodule /Users/admin/builder/spi-builder-workspace/.derivedData/Build/Intermediates.noindex/OptionParser.build/Debug-watchos/OptionParser-t.build/Objects-normal/arm64/OptionParser.swiftmodule (in target 'OptionParser' from project 'OptionParser')
cd /Users/admin/builder/spi-builder-workspace/.dependencies/checkouts/OptionParser
builtin-copy -exclude .DS_Store -exclude CVS -exclude .svn -exclude .git -exclude .hg -resolve-src-symlinks -rename /Users/admin/builder/spi-builder-workspace/.derivedData/Build/Intermediates.noindex/OptionParser.build/Debug-watchos/OptionParser-t.build/Objects-normal/arm64/OptionParser.swiftmodule /Users/admin/builder/spi-builder-workspace/.derivedData/Build/Products/Debug-watchos/OptionParser.swiftmodule/arm64-apple-watchos.swiftmodule
Copy /Users/admin/builder/spi-builder-workspace/.derivedData/Build/Products/Debug-watchos/OptionParser.swiftmodule/arm64-apple-watchos.swiftdoc /Users/admin/builder/spi-builder-workspace/.derivedData/Build/Intermediates.noindex/OptionParser.build/Debug-watchos/OptionParser-t.build/Objects-normal/arm64/OptionParser.swiftdoc (in target 'OptionParser' from project 'OptionParser')
cd /Users/admin/builder/spi-builder-workspace/.dependencies/checkouts/OptionParser
builtin-copy -exclude .DS_Store -exclude CVS -exclude .svn -exclude .git -exclude .hg -resolve-src-symlinks -rename /Users/admin/builder/spi-builder-workspace/.derivedData/Build/Intermediates.noindex/OptionParser.build/Debug-watchos/OptionParser-t.build/Objects-normal/arm64/OptionParser.swiftdoc /Users/admin/builder/spi-builder-workspace/.derivedData/Build/Products/Debug-watchos/OptionParser.swiftmodule/arm64-apple-watchos.swiftdoc
Copy /Users/admin/builder/spi-builder-workspace/.derivedData/Build/Products/Debug-watchos/OptionParser.swiftmodule/arm64-apple-watchos.abi.json /Users/admin/builder/spi-builder-workspace/.derivedData/Build/Intermediates.noindex/OptionParser.build/Debug-watchos/OptionParser-t.build/Objects-normal/arm64/OptionParser.abi.json (in target 'OptionParser' from project 'OptionParser')
cd /Users/admin/builder/spi-builder-workspace/.dependencies/checkouts/OptionParser
builtin-copy -exclude .DS_Store -exclude CVS -exclude .svn -exclude .git -exclude .hg -resolve-src-symlinks -rename /Users/admin/builder/spi-builder-workspace/.derivedData/Build/Intermediates.noindex/OptionParser.build/Debug-watchos/OptionParser-t.build/Objects-normal/arm64/OptionParser.abi.json /Users/admin/builder/spi-builder-workspace/.derivedData/Build/Products/Debug-watchos/OptionParser.swiftmodule/arm64-apple-watchos.abi.json
Copy /Users/admin/builder/spi-builder-workspace/.derivedData/Build/Products/Debug-watchos/OptionParser.swiftmodule/Project/arm64-apple-watchos.swiftsourceinfo /Users/admin/builder/spi-builder-workspace/.derivedData/Build/Intermediates.noindex/OptionParser.build/Debug-watchos/OptionParser-t.build/Objects-normal/arm64/OptionParser.swiftsourceinfo (in target 'OptionParser' from project 'OptionParser')
cd /Users/admin/builder/spi-builder-workspace/.dependencies/checkouts/OptionParser
builtin-copy -exclude .DS_Store -exclude CVS -exclude .svn -exclude .git -exclude .hg -resolve-src-symlinks -rename /Users/admin/builder/spi-builder-workspace/.derivedData/Build/Intermediates.noindex/OptionParser.build/Debug-watchos/OptionParser-t.build/Objects-normal/arm64/OptionParser.swiftsourceinfo /Users/admin/builder/spi-builder-workspace/.derivedData/Build/Products/Debug-watchos/OptionParser.swiftmodule/Project/arm64-apple-watchos.swiftsourceinfo
SwiftCompile normal arm64 Compiling\ Argument.swift /Users/admin/builder/spi-builder-workspace/.dependencies/checkouts/OptionParser/OptionParser/Argument.swift (in target 'OptionParser' from project 'OptionParser')
SwiftCompile normal arm64 /Users/admin/builder/spi-builder-workspace/.dependencies/checkouts/OptionParser/OptionParser/Argument.swift (in target 'OptionParser' from project 'OptionParser')
cd /Users/admin/builder/spi-builder-workspace/.swiftpm/xcode
builtin-SwiftPerFileCompile Argument.swift
SwiftDriverJobDiscovery normal arm64 Compiling OptionValue.swift (in target 'OptionParser' from project 'OptionParser')
SwiftCompile normal arm64 Compiling\ Help.swift /Users/admin/builder/spi-builder-workspace/.dependencies/checkouts/OptionParser/OptionParser/Help.swift (in target 'OptionParser' from project 'OptionParser')
SwiftCompile normal arm64 /Users/admin/builder/spi-builder-workspace/.dependencies/checkouts/OptionParser/OptionParser/Help.swift (in target 'OptionParser' from project 'OptionParser')
cd /Users/admin/builder/spi-builder-workspace/.swiftpm/xcode
builtin-SwiftPerFileCompile Help.swift
SwiftCompile normal arm64 Compiling\ Parameter.swift /Users/admin/builder/spi-builder-workspace/.dependencies/checkouts/OptionParser/OptionParser/Parameter.swift (in target 'OptionParser' from project 'OptionParser')
SwiftCompile normal arm64 /Users/admin/builder/spi-builder-workspace/.dependencies/checkouts/OptionParser/OptionParser/Parameter.swift (in target 'OptionParser' from project 'OptionParser')
cd /Users/admin/builder/spi-builder-workspace/.swiftpm/xcode
builtin-SwiftPerFileCompile Parameter.swift
SwiftDriverJobDiscovery normal arm64_32 Compiling ParseContext.swift (in target 'OptionParser' from project 'OptionParser')
SwiftCompile normal arm64_32 Compiling\ OptionValue.swift /Users/admin/builder/spi-builder-workspace/.dependencies/checkouts/OptionParser/OptionParser/OptionValue.swift (in target 'OptionParser' from project 'OptionParser')
SwiftCompile normal arm64_32 /Users/admin/builder/spi-builder-workspace/.dependencies/checkouts/OptionParser/OptionParser/OptionValue.swift (in target 'OptionParser' from project 'OptionParser')
cd /Users/admin/builder/spi-builder-workspace/.swiftpm/xcode
builtin-SwiftPerFileCompile OptionValue.swift
SwiftDriverJobDiscovery normal arm64 Compiling Argument.swift (in target 'OptionParser' from project 'OptionParser')
SwiftDriverJobDiscovery normal arm64_32 Compiling Argument.swift (in target 'OptionParser' from project 'OptionParser')
SwiftCompile normal arm64 Compiling\ ParseContext.swift /Users/admin/builder/spi-builder-workspace/.dependencies/checkouts/OptionParser/OptionParser/ParseContext.swift (in target 'OptionParser' from project 'OptionParser')
SwiftCompile normal arm64 /Users/admin/builder/spi-builder-workspace/.dependencies/checkouts/OptionParser/OptionParser/ParseContext.swift (in target 'OptionParser' from project 'OptionParser')
cd /Users/admin/builder/spi-builder-workspace/.swiftpm/xcode
builtin-SwiftPerFileCompile ParseContext.swift
SwiftDriverJobDiscovery normal arm64_32 Compiling Parameter.swift (in target 'OptionParser' from project 'OptionParser')
SwiftCompile normal arm64_32 Compiling\ OptionParser.swift /Users/admin/builder/spi-builder-workspace/.dependencies/checkouts/OptionParser/OptionParser/OptionParser.swift (in target 'OptionParser' from project 'OptionParser')
SwiftCompile normal arm64_32 /Users/admin/builder/spi-builder-workspace/.dependencies/checkouts/OptionParser/OptionParser/OptionParser.swift (in target 'OptionParser' from project 'OptionParser')
cd /Users/admin/builder/spi-builder-workspace/.swiftpm/xcode
builtin-SwiftPerFileCompile OptionParser.swift
SwiftCompile normal arm64 Compiling\ Option.swift /Users/admin/builder/spi-builder-workspace/.dependencies/checkouts/OptionParser/OptionParser/Option.swift (in target 'OptionParser' from project 'OptionParser')
SwiftCompile normal arm64 /Users/admin/builder/spi-builder-workspace/.dependencies/checkouts/OptionParser/OptionParser/Option.swift (in target 'OptionParser' from project 'OptionParser')
cd /Users/admin/builder/spi-builder-workspace/.swiftpm/xcode
builtin-SwiftPerFileCompile Option.swift
SwiftDriverJobDiscovery normal arm64 Compiling Command.swift (in target 'OptionParser' from project 'OptionParser')
SwiftCompile normal arm64_32 Compiling\ Help.swift /Users/admin/builder/spi-builder-workspace/.dependencies/checkouts/OptionParser/OptionParser/Help.swift (in target 'OptionParser' from project 'OptionParser')
SwiftCompile normal arm64_32 /Users/admin/builder/spi-builder-workspace/.dependencies/checkouts/OptionParser/OptionParser/Help.swift (in target 'OptionParser' from project 'OptionParser')
cd /Users/admin/builder/spi-builder-workspace/.swiftpm/xcode
builtin-SwiftPerFileCompile Help.swift
SwiftDriverJobDiscovery normal arm64_32 Compiling Command.swift (in target 'OptionParser' from project 'OptionParser')
SwiftCompile normal arm64 Compiling\ Syntax.swift /Users/admin/builder/spi-builder-workspace/.dependencies/checkouts/OptionParser/OptionParser/Syntax.swift (in target 'OptionParser' from project 'OptionParser')
SwiftCompile normal arm64 /Users/admin/builder/spi-builder-workspace/.dependencies/checkouts/OptionParser/OptionParser/Syntax.swift (in target 'OptionParser' from project 'OptionParser')
cd /Users/admin/builder/spi-builder-workspace/.swiftpm/xcode
builtin-SwiftPerFileCompile Syntax.swift
SwiftDriverJobDiscovery normal arm64_32 Compiling Option.swift (in target 'OptionParser' from project 'OptionParser')
SwiftDriverJobDiscovery normal arm64 Compiling BenchmarkIPC.swift (in target 'BenchmarkIPC' from project 'Benchmarking')
SwiftDriver\ Compilation BenchmarkIPC normal arm64 com.apple.xcode.tools.swift.compiler (in target 'BenchmarkIPC' from project 'Benchmarking')
cd /Users/admin/builder/spi-builder-workspace/.swiftpm/xcode
builtin-Swift-Compilation -- /Applications/Xcode-27.0.0-Release.Candidate.app/Contents/Developer/Toolchains/XcodeDefault.xctoolchain/usr/bin/swiftc -parse-as-library -module-name BenchmarkIPC -Onone @/Users/admin/builder/spi-builder-workspace/.derivedData/Build/Intermediates.noindex/Benchmarking.build/Debug-watchos/BenchmarkIPC-t.build/Objects-normal/arm64/BenchmarkIPC.SwiftFileList -DSWIFT_PACKAGE -DDEBUG -DSWIFT_MODULE_RESOURCE_BUNDLE_UNAVAILABLE -DXcode -plugin-path /Applications/Xcode-27.0.0-Release.Candidate.app/Contents/Developer/Toolchains/XcodeDefault.xctoolchain/usr/lib/swift/host/plugins/testing -enable-experimental-feature DebugDescriptionMacro -sdk /Applications/Xcode-27.0.0-Release.Candidate.app/Contents/Developer/Platforms/WatchOS.platform/Developer/SDKs/WatchOS27.0.sdk -target arm64-apple-watchos9.0 -g -module-cache-path /Users/admin/builder/spi-builder-workspace/.derivedData/ModuleCache.noindex -Xfrontend -serialize-debugging-options -enable-testing -index-store-path /Users/admin/builder/spi-builder-workspace/.derivedData/Index.noindex/DataStore -Xcc -D_LIBCPP_HARDENING_MODE\=_LIBCPP_HARDENING_MODE_DEBUG -swift-version 4 -I /Users/admin/builder/spi-builder-workspace/.derivedData/Build/Products/Debug-watchos -Isystem /Applications/Xcode-27.0.0-Release.Candidate.app/Contents/Developer/Platforms/WatchOS.platform/Developer/usr/lib -F /Users/admin/builder/spi-builder-workspace/.derivedData/Build/Products/Debug-watchos -F /Applications/Xcode-27.0.0-Release.Candidate.app/Contents/Developer/Platforms/WatchOS.platform/Developer/Library/Frameworks -F /Applications/Xcode-27.0.0-Release.Candidate.app/Contents/Developer/Platforms/WatchOS.platform/Developer/SDKs/WatchOS27.0.sdk/Developer/Library/Frameworks -c -j10 -enable-batch-mode -incremental -Xcc -ivfsstatcache -Xcc /Users/admin/builder/spi-builder-workspace/.derivedData/SDKStatCaches.noindex/watchos27.0-24R360-e829b21a6f8c9b70876ba0858053c04477534ef55a1706bf4c1112bbb242f0a2.sdkstatcache -output-file-map /Users/admin/builder/spi-builder-workspace/.derivedData/Build/Intermediates.noindex/Benchmarking.build/Debug-watchos/BenchmarkIPC-t.build/Objects-normal/arm64/BenchmarkIPC-OutputFileMap.json -save-temps -no-color-diagnostics -emit-dependencies -emit-module -emit-module-path /Users/admin/builder/spi-builder-workspace/.derivedData/Build/Intermediates.noindex/Benchmarking.build/Debug-watchos/BenchmarkIPC-t.build/Objects-normal/arm64/BenchmarkIPC.swiftmodule -serialize-diagnostics -validate-clang-modules-once -clang-build-session-file /Users/admin/builder/spi-builder-workspace/.derivedData/ModuleCache.noindex/Session.modulevalidation -Xcc -fmodules-prune-interval\=86400 -Xcc -fmodules-prune-after\=345600 -emit-const-values -const-gather-protocols-list /Users/admin/builder/spi-builder-workspace/.derivedData/Build/Intermediates.noindex/Benchmarking.build/Debug-watchos/BenchmarkIPC-t.build/Objects-normal/arm64/BenchmarkIPC_const_extract_protocols.json -Xcc -I/Users/admin/builder/spi-builder-workspace/.derivedData/Build/Products/Debug-watchos/include -Xcc -I/Users/admin/builder/spi-builder-workspace/.derivedData/Build/Intermediates.noindex/Benchmarking.build/Debug-watchos/BenchmarkIPC-t.build/DerivedSources-normal/arm64 -Xcc -I/Users/admin/builder/spi-builder-workspace/.derivedData/Build/Intermediates.noindex/Benchmarking.build/Debug-watchos/BenchmarkIPC-t.build/DerivedSources/arm64 -Xcc -I/Users/admin/builder/spi-builder-workspace/.derivedData/Build/Intermediates.noindex/Benchmarking.build/Debug-watchos/BenchmarkIPC-t.build/DerivedSources -Xcc -DSWIFT_PACKAGE -Xcc -DDEBUG\=1 -emit-objc-header -emit-objc-header-path /Users/admin/builder/spi-builder-workspace/.derivedData/Build/Intermediates.noindex/Benchmarking.build/Debug-watchos/BenchmarkIPC-t.build/Objects-normal/arm64/BenchmarkIPC-Swift.h -working-directory /Users/admin/builder/spi-builder-workspace/.swiftpm/xcode -experimental-emit-module-separately -disable-cmo
Ld /Users/admin/builder/spi-builder-workspace/.derivedData/Build/Intermediates.noindex/Benchmarking.build/Debug-watchos/BenchmarkIPC-t.build/Objects-normal/arm64/Binary/BenchmarkIPC.o normal arm64 (in target 'BenchmarkIPC' from project 'Benchmarking')
cd /Users/admin/builder/spi-builder-workspace
/Applications/Xcode-27.0.0-Release.Candidate.app/Contents/Developer/Toolchains/XcodeDefault.xctoolchain/usr/bin/clang -Xlinker -reproducible -target arm64-apple-watchos9.0 -r -isysroot /Applications/Xcode-27.0.0-Release.Candidate.app/Contents/Developer/Platforms/WatchOS.platform/Developer/SDKs/WatchOS27.0.sdk -O0 -Xlinker -no_warn_duplicate_libraries -F/Users/admin/builder/spi-builder-workspace/.derivedData/Build/Intermediates.noindex/EagerLinkingTBDs/Debug-watchos -F/Users/admin/builder/spi-builder-workspace/.derivedData/Build/Products/Debug-watchos -iframework /Applications/Xcode-27.0.0-Release.Candidate.app/Contents/Developer/Platforms/WatchOS.platform/Developer/Library/Frameworks -iframework /Applications/Xcode-27.0.0-Release.Candidate.app/Contents/Developer/Platforms/WatchOS.platform/Developer/SDKs/WatchOS27.0.sdk/Developer/Library/Frameworks -filelist /Users/admin/builder/spi-builder-workspace/.derivedData/Build/Intermediates.noindex/Benchmarking.build/Debug-watchos/BenchmarkIPC-t.build/Objects-normal/arm64/BenchmarkIPC.LinkFileList -nostdlib -Xlinker -object_path_lto -Xlinker /Users/admin/builder/spi-builder-workspace/.derivedData/Build/Intermediates.noindex/Benchmarking.build/Debug-watchos/BenchmarkIPC-t.build/Objects-normal/arm64/BenchmarkIPC_lto.o -Xlinker -no_deduplicate -Xlinker -dependency_info -Xlinker /Users/admin/builder/spi-builder-workspace/.derivedData/Build/Intermediates.noindex/Benchmarking.build/Debug-watchos/BenchmarkIPC-t.build/Objects-normal/arm64/BenchmarkIPC_dependency_info.dat -fobjc-link-runtime -L/Applications/Xcode-27.0.0-Release.Candidate.app/Contents/Developer/Toolchains/XcodeDefault.xctoolchain/usr/lib/swift/watchos -L/usr/lib/swift -Xlinker -add_ast_path -Xlinker /Users/admin/builder/spi-builder-workspace/.derivedData/Build/Intermediates.noindex/Benchmarking.build/Debug-watchos/BenchmarkIPC-t.build/Objects-normal/arm64/BenchmarkIPC.swiftmodule -o /Users/admin/builder/spi-builder-workspace/.derivedData/Build/Intermediates.noindex/Benchmarking.build/Debug-watchos/BenchmarkIPC-t.build/Objects-normal/arm64/Binary/BenchmarkIPC.o
SwiftDriverJobDiscovery normal arm64_32 Compiling BenchmarkIPC.swift (in target 'BenchmarkIPC' from project 'Benchmarking')
SwiftDriver\ Compilation BenchmarkIPC normal arm64_32 com.apple.xcode.tools.swift.compiler (in target 'BenchmarkIPC' from project 'Benchmarking')
cd /Users/admin/builder/spi-builder-workspace/.swiftpm/xcode
builtin-Swift-Compilation -- /Applications/Xcode-27.0.0-Release.Candidate.app/Contents/Developer/Toolchains/XcodeDefault.xctoolchain/usr/bin/swiftc -parse-as-library -module-name BenchmarkIPC -Onone @/Users/admin/builder/spi-builder-workspace/.derivedData/Build/Intermediates.noindex/Benchmarking.build/Debug-watchos/BenchmarkIPC-t.build/Objects-normal/arm64_32/BenchmarkIPC.SwiftFileList -DSWIFT_PACKAGE -DDEBUG -DSWIFT_MODULE_RESOURCE_BUNDLE_UNAVAILABLE -DXcode -plugin-path /Applications/Xcode-27.0.0-Release.Candidate.app/Contents/Developer/Toolchains/XcodeDefault.xctoolchain/usr/lib/swift/host/plugins/testing -enable-experimental-feature DebugDescriptionMacro -sdk /Applications/Xcode-27.0.0-Release.Candidate.app/Contents/Developer/Platforms/WatchOS.platform/Developer/SDKs/WatchOS27.0.sdk -target arm64_32-apple-watchos9.0 -g -module-cache-path /Users/admin/builder/spi-builder-workspace/.derivedData/ModuleCache.noindex -Xfrontend -serialize-debugging-options -enable-testing -index-store-path /Users/admin/builder/spi-builder-workspace/.derivedData/Index.noindex/DataStore -Xcc -D_LIBCPP_HARDENING_MODE\=_LIBCPP_HARDENING_MODE_DEBUG -swift-version 4 -I /Users/admin/builder/spi-builder-workspace/.derivedData/Build/Products/Debug-watchos -Isystem /Applications/Xcode-27.0.0-Release.Candidate.app/Contents/Developer/Platforms/WatchOS.platform/Developer/usr/lib -F /Users/admin/builder/spi-builder-workspace/.derivedData/Build/Products/Debug-watchos -F /Applications/Xcode-27.0.0-Release.Candidate.app/Contents/Developer/Platforms/WatchOS.platform/Developer/Library/Frameworks -F /Applications/Xcode-27.0.0-Release.Candidate.app/Contents/Developer/Platforms/WatchOS.platform/Developer/SDKs/WatchOS27.0.sdk/Developer/Library/Frameworks -c -j10 -enable-batch-mode -incremental -Xcc -ivfsstatcache -Xcc /Users/admin/builder/spi-builder-workspace/.derivedData/SDKStatCaches.noindex/watchos27.0-24R360-e829b21a6f8c9b70876ba0858053c04477534ef55a1706bf4c1112bbb242f0a2.sdkstatcache -output-file-map /Users/admin/builder/spi-builder-workspace/.derivedData/Build/Intermediates.noindex/Benchmarking.build/Debug-watchos/BenchmarkIPC-t.build/Objects-normal/arm64_32/BenchmarkIPC-OutputFileMap.json -save-temps -no-color-diagnostics -emit-dependencies -emit-module -emit-module-path /Users/admin/builder/spi-builder-workspace/.derivedData/Build/Intermediates.noindex/Benchmarking.build/Debug-watchos/BenchmarkIPC-t.build/Objects-normal/arm64_32/BenchmarkIPC.swiftmodule -serialize-diagnostics -validate-clang-modules-once -clang-build-session-file /Users/admin/builder/spi-builder-workspace/.derivedData/ModuleCache.noindex/Session.modulevalidation -Xcc -fmodules-prune-interval\=86400 -Xcc -fmodules-prune-after\=345600 -emit-const-values -const-gather-protocols-list /Users/admin/builder/spi-builder-workspace/.derivedData/Build/Intermediates.noindex/Benchmarking.build/Debug-watchos/BenchmarkIPC-t.build/Objects-normal/arm64_32/BenchmarkIPC_const_extract_protocols.json -Xcc -I/Users/admin/builder/spi-builder-workspace/.derivedData/Build/Products/Debug-watchos/include -Xcc -I/Users/admin/builder/spi-builder-workspace/.derivedData/Build/Intermediates.noindex/Benchmarking.build/Debug-watchos/BenchmarkIPC-t.build/DerivedSources-normal/arm64_32 -Xcc -I/Users/admin/builder/spi-builder-workspace/.derivedData/Build/Intermediates.noindex/Benchmarking.build/Debug-watchos/BenchmarkIPC-t.build/DerivedSources/arm64_32 -Xcc -I/Users/admin/builder/spi-builder-workspace/.derivedData/Build/Intermediates.noindex/Benchmarking.build/Debug-watchos/BenchmarkIPC-t.build/DerivedSources -Xcc -DSWIFT_PACKAGE -Xcc -DDEBUG\=1 -emit-objc-header -emit-objc-header-path /Users/admin/builder/spi-builder-workspace/.derivedData/Build/Intermediates.noindex/Benchmarking.build/Debug-watchos/BenchmarkIPC-t.build/Objects-normal/arm64_32/BenchmarkIPC-Swift.h -working-directory /Users/admin/builder/spi-builder-workspace/.swiftpm/xcode -experimental-emit-module-separately -disable-cmo
Ld /Users/admin/builder/spi-builder-workspace/.derivedData/Build/Intermediates.noindex/Benchmarking.build/Debug-watchos/BenchmarkIPC-t.build/Objects-normal/arm64_32/Binary/BenchmarkIPC.o normal arm64_32 (in target 'BenchmarkIPC' from project 'Benchmarking')
cd /Users/admin/builder/spi-builder-workspace
/Applications/Xcode-27.0.0-Release.Candidate.app/Contents/Developer/Toolchains/XcodeDefault.xctoolchain/usr/bin/clang -Xlinker -reproducible -target arm64_32-apple-watchos9.0 -r -isysroot /Applications/Xcode-27.0.0-Release.Candidate.app/Contents/Developer/Platforms/WatchOS.platform/Developer/SDKs/WatchOS27.0.sdk -O0 -Xlinker -no_warn_duplicate_libraries -F/Users/admin/builder/spi-builder-workspace/.derivedData/Build/Intermediates.noindex/EagerLinkingTBDs/Debug-watchos -F/Users/admin/builder/spi-builder-workspace/.derivedData/Build/Products/Debug-watchos -iframework /Applications/Xcode-27.0.0-Release.Candidate.app/Contents/Developer/Platforms/WatchOS.platform/Developer/Library/Frameworks -iframework /Applications/Xcode-27.0.0-Release.Candidate.app/Contents/Developer/Platforms/WatchOS.platform/Developer/SDKs/WatchOS27.0.sdk/Developer/Library/Frameworks -filelist /Users/admin/builder/spi-builder-workspace/.derivedData/Build/Intermediates.noindex/Benchmarking.build/Debug-watchos/BenchmarkIPC-t.build/Objects-normal/arm64_32/BenchmarkIPC.LinkFileList -nostdlib -Xlinker -object_path_lto -Xlinker /Users/admin/builder/spi-builder-workspace/.derivedData/Build/Intermediates.noindex/Benchmarking.build/Debug-watchos/BenchmarkIPC-t.build/Objects-normal/arm64_32/BenchmarkIPC_lto.o -Xlinker -no_deduplicate -Xlinker -dependency_info -Xlinker /Users/admin/builder/spi-builder-workspace/.derivedData/Build/Intermediates.noindex/Benchmarking.build/Debug-watchos/BenchmarkIPC-t.build/Objects-normal/arm64_32/BenchmarkIPC_dependency_info.dat -fobjc-link-runtime -L/Applications/Xcode-27.0.0-Release.Candidate.app/Contents/Developer/Toolchains/XcodeDefault.xctoolchain/usr/lib/swift/watchos -L/usr/lib/swift -Xlinker -add_ast_path -Xlinker /Users/admin/builder/spi-builder-workspace/.derivedData/Build/Intermediates.noindex/Benchmarking.build/Debug-watchos/BenchmarkIPC-t.build/Objects-normal/arm64_32/BenchmarkIPC.swiftmodule -o /Users/admin/builder/spi-builder-workspace/.derivedData/Build/Intermediates.noindex/Benchmarking.build/Debug-watchos/BenchmarkIPC-t.build/Objects-normal/arm64_32/Binary/BenchmarkIPC.o
SwiftDriver Benchmarking normal arm64_32 com.apple.xcode.tools.swift.compiler (in target 'Benchmarking' from project 'Benchmarking')
cd /Users/admin/builder/spi-builder-workspace/.swiftpm/xcode
builtin-SwiftDriver -- /Applications/Xcode-27.0.0-Release.Candidate.app/Contents/Developer/Toolchains/XcodeDefault.xctoolchain/usr/bin/swiftc -parse-as-library -module-name Benchmarking -Onone @/Users/admin/builder/spi-builder-workspace/.derivedData/Build/Intermediates.noindex/Benchmarking.build/Debug-watchos/Benchmarking-t.build/Objects-normal/arm64_32/Benchmarking.SwiftFileList -DSWIFT_PACKAGE -DDEBUG -DSWIFT_MODULE_RESOURCE_BUNDLE_UNAVAILABLE -DXcode -plugin-path /Applications/Xcode-27.0.0-Release.Candidate.app/Contents/Developer/Toolchains/XcodeDefault.xctoolchain/usr/lib/swift/host/plugins/testing -enable-experimental-feature DebugDescriptionMacro -sdk /Applications/Xcode-27.0.0-Release.Candidate.app/Contents/Developer/Platforms/WatchOS.platform/Developer/SDKs/WatchOS27.0.sdk -target arm64_32-apple-watchos9.0 -g -module-cache-path /Users/admin/builder/spi-builder-workspace/.derivedData/ModuleCache.noindex -Xfrontend -serialize-debugging-options -enable-testing -index-store-path /Users/admin/builder/spi-builder-workspace/.derivedData/Index.noindex/DataStore -Xcc -D_LIBCPP_HARDENING_MODE\=_LIBCPP_HARDENING_MODE_DEBUG -swift-version 4 -I /Users/admin/builder/spi-builder-workspace/.derivedData/Build/Products/Debug-watchos -Isystem /Applications/Xcode-27.0.0-Release.Candidate.app/Contents/Developer/Platforms/WatchOS.platform/Developer/usr/lib -F /Users/admin/builder/spi-builder-workspace/.derivedData/Build/Products/Debug-watchos/PackageFrameworks -F /Users/admin/builder/spi-builder-workspace/.derivedData/Build/Products/Debug-watchos -F /Applications/Xcode-27.0.0-Release.Candidate.app/Contents/Developer/Platforms/WatchOS.platform/Developer/Library/Frameworks -F /Applications/Xcode-27.0.0-Release.Candidate.app/Contents/Developer/Platforms/WatchOS.platform/Developer/SDKs/WatchOS27.0.sdk/Developer/Library/Frameworks -c -j10 -enable-batch-mode -incremental -Xcc -ivfsstatcache -Xcc /Users/admin/builder/spi-builder-workspace/.derivedData/SDKStatCaches.noindex/watchos27.0-24R360-e829b21a6f8c9b70876ba0858053c04477534ef55a1706bf4c1112bbb242f0a2.sdkstatcache -output-file-map /Users/admin/builder/spi-builder-workspace/.derivedData/Build/Intermediates.noindex/Benchmarking.build/Debug-watchos/Benchmarking-t.build/Objects-normal/arm64_32/Benchmarking-OutputFileMap.json -save-temps -no-color-diagnostics -emit-dependencies -emit-module -emit-module-path /Users/admin/builder/spi-builder-workspace/.derivedData/Build/Intermediates.noindex/Benchmarking.build/Debug-watchos/Benchmarking-t.build/Objects-normal/arm64_32/Benchmarking.swiftmodule -serialize-diagnostics -validate-clang-modules-once -clang-build-session-file /Users/admin/builder/spi-builder-workspace/.derivedData/ModuleCache.noindex/Session.modulevalidation -Xcc -fmodules-prune-interval\=86400 -Xcc -fmodules-prune-after\=345600 -emit-const-values -const-gather-protocols-list /Users/admin/builder/spi-builder-workspace/.derivedData/Build/Intermediates.noindex/Benchmarking.build/Debug-watchos/Benchmarking-t.build/Objects-normal/arm64_32/Benchmarking_const_extract_protocols.json -Xcc -I/Users/admin/builder/spi-builder-workspace/.derivedData/Build/Products/Debug-watchos/include -Xcc -I/Users/admin/builder/spi-builder-workspace/.derivedData/Build/Intermediates.noindex/Benchmarking.build/Debug-watchos/Benchmarking-t.build/DerivedSources-normal/arm64_32 -Xcc -I/Users/admin/builder/spi-builder-workspace/.derivedData/Build/Intermediates.noindex/Benchmarking.build/Debug-watchos/Benchmarking-t.build/DerivedSources/arm64_32 -Xcc -I/Users/admin/builder/spi-builder-workspace/.derivedData/Build/Intermediates.noindex/Benchmarking.build/Debug-watchos/Benchmarking-t.build/DerivedSources -Xcc -DSWIFT_PACKAGE -Xcc -DDEBUG\=1 -emit-objc-header -emit-objc-header-path /Users/admin/builder/spi-builder-workspace/.derivedData/Build/Intermediates.noindex/Benchmarking.build/Debug-watchos/Benchmarking-t.build/Objects-normal/arm64_32/Benchmarking-Swift.h -working-directory /Users/admin/builder/spi-builder-workspace/.swiftpm/xcode -experimental-emit-module-separately -disable-cmo
SwiftDriver Benchmarking normal arm64 com.apple.xcode.tools.swift.compiler (in target 'Benchmarking' from project 'Benchmarking')
cd /Users/admin/builder/spi-builder-workspace/.swiftpm/xcode
builtin-SwiftDriver -- /Applications/Xcode-27.0.0-Release.Candidate.app/Contents/Developer/Toolchains/XcodeDefault.xctoolchain/usr/bin/swiftc -parse-as-library -module-name Benchmarking -Onone @/Users/admin/builder/spi-builder-workspace/.derivedData/Build/Intermediates.noindex/Benchmarking.build/Debug-watchos/Benchmarking-t.build/Objects-normal/arm64/Benchmarking.SwiftFileList -DSWIFT_PACKAGE -DDEBUG -DSWIFT_MODULE_RESOURCE_BUNDLE_UNAVAILABLE -DXcode -plugin-path /Applications/Xcode-27.0.0-Release.Candidate.app/Contents/Developer/Toolchains/XcodeDefault.xctoolchain/usr/lib/swift/host/plugins/testing -enable-experimental-feature DebugDescriptionMacro -sdk /Applications/Xcode-27.0.0-Release.Candidate.app/Contents/Developer/Platforms/WatchOS.platform/Developer/SDKs/WatchOS27.0.sdk -target arm64-apple-watchos9.0 -g -module-cache-path /Users/admin/builder/spi-builder-workspace/.derivedData/ModuleCache.noindex -Xfrontend -serialize-debugging-options -enable-testing -index-store-path /Users/admin/builder/spi-builder-workspace/.derivedData/Index.noindex/DataStore -Xcc -D_LIBCPP_HARDENING_MODE\=_LIBCPP_HARDENING_MODE_DEBUG -swift-version 4 -I /Users/admin/builder/spi-builder-workspace/.derivedData/Build/Products/Debug-watchos -Isystem /Applications/Xcode-27.0.0-Release.Candidate.app/Contents/Developer/Platforms/WatchOS.platform/Developer/usr/lib -F /Users/admin/builder/spi-builder-workspace/.derivedData/Build/Products/Debug-watchos/PackageFrameworks -F /Users/admin/builder/spi-builder-workspace/.derivedData/Build/Products/Debug-watchos -F /Applications/Xcode-27.0.0-Release.Candidate.app/Contents/Developer/Platforms/WatchOS.platform/Developer/Library/Frameworks -F /Applications/Xcode-27.0.0-Release.Candidate.app/Contents/Developer/Platforms/WatchOS.platform/Developer/SDKs/WatchOS27.0.sdk/Developer/Library/Frameworks -c -j10 -enable-batch-mode -incremental -Xcc -ivfsstatcache -Xcc /Users/admin/builder/spi-builder-workspace/.derivedData/SDKStatCaches.noindex/watchos27.0-24R360-e829b21a6f8c9b70876ba0858053c04477534ef55a1706bf4c1112bbb242f0a2.sdkstatcache -output-file-map /Users/admin/builder/spi-builder-workspace/.derivedData/Build/Intermediates.noindex/Benchmarking.build/Debug-watchos/Benchmarking-t.build/Objects-normal/arm64/Benchmarking-OutputFileMap.json -save-temps -no-color-diagnostics -emit-dependencies -emit-module -emit-module-path /Users/admin/builder/spi-builder-workspace/.derivedData/Build/Intermediates.noindex/Benchmarking.build/Debug-watchos/Benchmarking-t.build/Objects-normal/arm64/Benchmarking.swiftmodule -serialize-diagnostics -validate-clang-modules-once -clang-build-session-file /Users/admin/builder/spi-builder-workspace/.derivedData/ModuleCache.noindex/Session.modulevalidation -Xcc -fmodules-prune-interval\=86400 -Xcc -fmodules-prune-after\=345600 -emit-const-values -const-gather-protocols-list /Users/admin/builder/spi-builder-workspace/.derivedData/Build/Intermediates.noindex/Benchmarking.build/Debug-watchos/Benchmarking-t.build/Objects-normal/arm64/Benchmarking_const_extract_protocols.json -Xcc -I/Users/admin/builder/spi-builder-workspace/.derivedData/Build/Products/Debug-watchos/include -Xcc -I/Users/admin/builder/spi-builder-workspace/.derivedData/Build/Intermediates.noindex/Benchmarking.build/Debug-watchos/Benchmarking-t.build/DerivedSources-normal/arm64 -Xcc -I/Users/admin/builder/spi-builder-workspace/.derivedData/Build/Intermediates.noindex/Benchmarking.build/Debug-watchos/Benchmarking-t.build/DerivedSources/arm64 -Xcc -I/Users/admin/builder/spi-builder-workspace/.derivedData/Build/Intermediates.noindex/Benchmarking.build/Debug-watchos/Benchmarking-t.build/DerivedSources -Xcc -DSWIFT_PACKAGE -Xcc -DDEBUG\=1 -emit-objc-header -emit-objc-header-path /Users/admin/builder/spi-builder-workspace/.derivedData/Build/Intermediates.noindex/Benchmarking.build/Debug-watchos/Benchmarking-t.build/Objects-normal/arm64/Benchmarking-Swift.h -working-directory /Users/admin/builder/spi-builder-workspace/.swiftpm/xcode -experimental-emit-module-separately -disable-cmo
CreateUniversalBinary /Users/admin/builder/spi-builder-workspace/.derivedData/Build/Products/Debug-watchos/BenchmarkIPC.o normal arm64\ arm64_32 (in target 'BenchmarkIPC' from project 'Benchmarking')
cd /Users/admin/builder/spi-builder-workspace
/Applications/Xcode-27.0.0-Release.Candidate.app/Contents/Developer/Toolchains/XcodeDefault.xctoolchain/usr/bin/lipo -create /Users/admin/builder/spi-builder-workspace/.derivedData/Build/Intermediates.noindex/Benchmarking.build/Debug-watchos/BenchmarkIPC-t.build/Objects-normal/arm64/Binary/BenchmarkIPC.o /Users/admin/builder/spi-builder-workspace/.derivedData/Build/Intermediates.noindex/Benchmarking.build/Debug-watchos/BenchmarkIPC-t.build/Objects-normal/arm64_32/Binary/BenchmarkIPC.o -output /Users/admin/builder/spi-builder-workspace/.derivedData/Build/Products/Debug-watchos/BenchmarkIPC.o
SwiftEmitModule normal arm64_32 Emitting\ module\ for\ Benchmarking (in target 'Benchmarking' from project 'Benchmarking')
SwiftCompile normal arm64_32 (in target 'Benchmarking' from project 'Benchmarking')
cd /Users/admin/builder/spi-builder-workspace/.swiftpm/xcode
/Users/admin/builder/spi-builder-workspace/Benchmarking/Run.swift:9:1: warning: extension declares a conformance of imported type 'OutputFormat' to imported protocol 'OptionValue'; this will not behave correctly if the owners of 'BenchmarkIPC' introduce this conformance in the future
7 | import BenchmarkIPC
8 |
9 | extension RunOptions.OutputFormat: OptionValue {}
| |- warning: extension declares a conformance of imported type 'OutputFormat' to imported protocol 'OptionValue'; this will not behave correctly if the owners of 'BenchmarkIPC' introduce this conformance in the future
| `- note: add '@retroactive' to silence this warning
10 |
11 | struct AttabenchOptions {
/Users/admin/builder/spi-builder-workspace/Benchmarking/Shuffle.swift:31:40: warning: 'IndexDistance' is deprecated: all index distances are now of type Int [#DeprecatedDeclaration]
29 | }
30 |
31 | extension RandomAccessCollection where IndexDistance: FixedWidthInteger {
| `- warning: 'IndexDistance' is deprecated: all index distances are now of type Int [#DeprecatedDeclaration]
32 | public func randomElement() -> Element {
33 | precondition(count > 0)
/Users/admin/builder/spi-builder-workspace/Benchmarking/Shuffle.swift:40:65: warning: 'IndexDistance' is deprecated: all index distances are now of type Int [#DeprecatedDeclaration]
38 | }
39 |
40 | extension RandomAccessCollection where Self: MutableCollection, IndexDistance: FixedWidthInteger {
| `- warning: 'IndexDistance' is deprecated: all index distances are now of type Int [#DeprecatedDeclaration]
41 | public mutating func shuffle() {
42 | for i in indices {
[#DeprecatedDeclaration]: <https://docs.swift.org/compiler/documentation/diagnostics/deprecated-declaration>
SwiftEmitModule normal arm64 Emitting\ module\ for\ Benchmarking (in target 'Benchmarking' from project 'Benchmarking')
SwiftCompile normal arm64 (in target 'Benchmarking' from project 'Benchmarking')
cd /Users/admin/builder/spi-builder-workspace/.swiftpm/xcode
/Users/admin/builder/spi-builder-workspace/Benchmarking/Run.swift:9:1: warning: extension declares a conformance of imported type 'OutputFormat' to imported protocol 'OptionValue'; this will not behave correctly if the owners of 'BenchmarkIPC' introduce this conformance in the future
7 | import BenchmarkIPC
8 |
9 | extension RunOptions.OutputFormat: OptionValue {}
| |- warning: extension declares a conformance of imported type 'OutputFormat' to imported protocol 'OptionValue'; this will not behave correctly if the owners of 'BenchmarkIPC' introduce this conformance in the future
| `- note: add '@retroactive' to silence this warning
10 |
11 | struct AttabenchOptions {
/Users/admin/builder/spi-builder-workspace/Benchmarking/Shuffle.swift:31:40: warning: 'IndexDistance' is deprecated: all index distances are now of type Int [#DeprecatedDeclaration]
29 | }
30 |
31 | extension RandomAccessCollection where IndexDistance: FixedWidthInteger {
| `- warning: 'IndexDistance' is deprecated: all index distances are now of type Int [#DeprecatedDeclaration]
32 | public func randomElement() -> Element {
33 | precondition(count > 0)
/Users/admin/builder/spi-builder-workspace/Benchmarking/Shuffle.swift:40:65: warning: 'IndexDistance' is deprecated: all index distances are now of type Int [#DeprecatedDeclaration]
38 | }
39 |
40 | extension RandomAccessCollection where Self: MutableCollection, IndexDistance: FixedWidthInteger {
| `- warning: 'IndexDistance' is deprecated: all index distances are now of type Int [#DeprecatedDeclaration]
41 | public mutating func shuffle() {
42 | for i in indices {
[#DeprecatedDeclaration]: <https://docs.swift.org/compiler/documentation/diagnostics/deprecated-declaration>
SwiftCompile normal arm64_32 Compiling\ Output.swift /Users/admin/builder/spi-builder-workspace/Benchmarking/Output.swift (in target 'Benchmarking' from project 'Benchmarking')
SwiftCompile normal arm64_32 /Users/admin/builder/spi-builder-workspace/Benchmarking/Output.swift (in target 'Benchmarking' from project 'Benchmarking')
cd /Users/admin/builder/spi-builder-workspace/.swiftpm/xcode
builtin-SwiftPerFileCompile Output.swift
SwiftDriverJobDiscovery normal arm64_32 Compiling OptionParser.swift (in target 'OptionParser' from project 'OptionParser')
SwiftCompile normal arm64 Compiling\ Run.swift /Users/admin/builder/spi-builder-workspace/Benchmarking/Run.swift (in target 'Benchmarking' from project 'Benchmarking')
SwiftCompile normal arm64 /Users/admin/builder/spi-builder-workspace/Benchmarking/Run.swift (in target 'Benchmarking' from project 'Benchmarking')
cd /Users/admin/builder/spi-builder-workspace/.swiftpm/xcode
builtin-SwiftPerFileCompile Run.swift
/Users/admin/builder/spi-builder-workspace/Benchmarking/Run.swift:9:1: warning: extension declares a conformance of imported type 'OutputFormat' to imported protocol 'OptionValue'; this will not behave correctly if the owners of 'BenchmarkIPC' introduce this conformance in the future
7 | import BenchmarkIPC
8 |
9 | extension RunOptions.OutputFormat: OptionValue {}
| |- warning: extension declares a conformance of imported type 'OutputFormat' to imported protocol 'OptionValue'; this will not behave correctly if the owners of 'BenchmarkIPC' introduce this conformance in the future
| `- note: add '@retroactive' to silence this warning
10 |
11 | struct AttabenchOptions {
SwiftDriverJobDiscovery normal arm64 Compiling Help.swift (in target 'OptionParser' from project 'OptionParser')
SwiftCompile normal arm64 Compiling\ Noop.swift /Users/admin/builder/spi-builder-workspace/Benchmarking/Noop.swift (in target 'Benchmarking' from project 'Benchmarking')
SwiftCompile normal arm64 /Users/admin/builder/spi-builder-workspace/Benchmarking/Noop.swift (in target 'Benchmarking' from project 'Benchmarking')
cd /Users/admin/builder/spi-builder-workspace/.swiftpm/xcode
builtin-SwiftPerFileCompile Noop.swift
SwiftDriverJobDiscovery normal arm64 Compiling ParseContext.swift (in target 'OptionParser' from project 'OptionParser')
SwiftCompile normal arm64_32 Compiling\ Noop.swift /Users/admin/builder/spi-builder-workspace/Benchmarking/Noop.swift (in target 'Benchmarking' from project 'Benchmarking')
SwiftCompile normal arm64_32 /Users/admin/builder/spi-builder-workspace/Benchmarking/Noop.swift (in target 'Benchmarking' from project 'Benchmarking')
cd /Users/admin/builder/spi-builder-workspace/.swiftpm/xcode
builtin-SwiftPerFileCompile Noop.swift
SwiftDriverJobDiscovery normal arm64 Compiling Parameter.swift (in target 'OptionParser' from project 'OptionParser')
SwiftCompile normal arm64 Compiling\ Output.swift /Users/admin/builder/spi-builder-workspace/Benchmarking/Output.swift (in target 'Benchmarking' from project 'Benchmarking')
SwiftCompile normal arm64 /Users/admin/builder/spi-builder-workspace/Benchmarking/Output.swift (in target 'Benchmarking' from project 'Benchmarking')
cd /Users/admin/builder/spi-builder-workspace/.swiftpm/xcode
builtin-SwiftPerFileCompile Output.swift
SwiftDriverJobDiscovery normal arm64_32 Compiling OptionValue.swift (in target 'OptionParser' from project 'OptionParser')
SwiftCompile normal arm64 Compiling\ InputGenerator.swift /Users/admin/builder/spi-builder-workspace/Benchmarking/InputGenerator.swift (in target 'Benchmarking' from project 'Benchmarking')
SwiftCompile normal arm64 /Users/admin/builder/spi-builder-workspace/Benchmarking/InputGenerator.swift (in target 'Benchmarking' from project 'Benchmarking')
cd /Users/admin/builder/spi-builder-workspace/.swiftpm/xcode
builtin-SwiftPerFileCompile InputGenerator.swift
SwiftDriverJobDiscovery normal arm64_32 Compiling Help.swift (in target 'OptionParser' from project 'OptionParser')
SwiftDriver\ Compilation OptionParser normal arm64_32 com.apple.xcode.tools.swift.compiler (in target 'OptionParser' from project 'OptionParser')
cd /Users/admin/builder/spi-builder-workspace/.swiftpm/xcode
builtin-Swift-Compilation -- /Applications/Xcode-27.0.0-Release.Candidate.app/Contents/Developer/Toolchains/XcodeDefault.xctoolchain/usr/bin/swiftc -parse-as-library -module-name OptionParser -Onone @/Users/admin/builder/spi-builder-workspace/.derivedData/Build/Intermediates.noindex/OptionParser.build/Debug-watchos/OptionParser-t.build/Objects-normal/arm64_32/OptionParser.SwiftFileList -DSWIFT_PACKAGE -DDEBUG -DSWIFT_MODULE_RESOURCE_BUNDLE_UNAVAILABLE -DXcode -plugin-path /Applications/Xcode-27.0.0-Release.Candidate.app/Contents/Developer/Toolchains/XcodeDefault.xctoolchain/usr/lib/swift/host/plugins/testing -enable-experimental-feature DebugDescriptionMacro -sdk /Applications/Xcode-27.0.0-Release.Candidate.app/Contents/Developer/Platforms/WatchOS.platform/Developer/SDKs/WatchOS27.0.sdk -target arm64_32-apple-watchos9.0 -g -module-cache-path /Users/admin/builder/spi-builder-workspace/.derivedData/ModuleCache.noindex -Xfrontend -serialize-debugging-options -enable-testing -suppress-warnings -index-store-path /Users/admin/builder/spi-builder-workspace/.derivedData/Index.noindex/DataStore -Xcc -D_LIBCPP_HARDENING_MODE\=_LIBCPP_HARDENING_MODE_DEBUG -swift-version 4 -I /Users/admin/builder/spi-builder-workspace/.derivedData/Build/Products/Debug-watchos -Isystem /Applications/Xcode-27.0.0-Release.Candidate.app/Contents/Developer/Platforms/WatchOS.platform/Developer/usr/lib -F /Users/admin/builder/spi-builder-workspace/.derivedData/Build/Products/Debug-watchos -F /Applications/Xcode-27.0.0-Release.Candidate.app/Contents/Developer/Platforms/WatchOS.platform/Developer/Library/Frameworks -F /Applications/Xcode-27.0.0-Release.Candidate.app/Contents/Developer/Platforms/WatchOS.platform/Developer/SDKs/WatchOS27.0.sdk/Developer/Library/Frameworks -c -j10 -enable-batch-mode -incremental -Xcc -ivfsstatcache -Xcc /Users/admin/builder/spi-builder-workspace/.derivedData/SDKStatCaches.noindex/watchos27.0-24R360-e829b21a6f8c9b70876ba0858053c04477534ef55a1706bf4c1112bbb242f0a2.sdkstatcache -output-file-map /Users/admin/builder/spi-builder-workspace/.derivedData/Build/Intermediates.noindex/OptionParser.build/Debug-watchos/OptionParser-t.build/Objects-normal/arm64_32/OptionParser-OutputFileMap.json -save-temps -no-color-diagnostics -emit-dependencies -emit-module -emit-module-path /Users/admin/builder/spi-builder-workspace/.derivedData/Build/Intermediates.noindex/OptionParser.build/Debug-watchos/OptionParser-t.build/Objects-normal/arm64_32/OptionParser.swiftmodule -serialize-diagnostics -validate-clang-modules-once -clang-build-session-file /Users/admin/builder/spi-builder-workspace/.derivedData/ModuleCache.noindex/Session.modulevalidation -Xcc -fmodules-prune-interval\=86400 -Xcc -fmodules-prune-after\=345600 -emit-const-values -const-gather-protocols-list /Users/admin/builder/spi-builder-workspace/.derivedData/Build/Intermediates.noindex/OptionParser.build/Debug-watchos/OptionParser-t.build/Objects-normal/arm64_32/OptionParser_const_extract_protocols.json -Xcc -I/Users/admin/builder/spi-builder-workspace/.derivedData/Build/Products/Debug-watchos/include -Xcc -I/Users/admin/builder/spi-builder-workspace/.derivedData/Build/Intermediates.noindex/OptionParser.build/Debug-watchos/OptionParser-t.build/DerivedSources-normal/arm64_32 -Xcc -I/Users/admin/builder/spi-builder-workspace/.derivedData/Build/Intermediates.noindex/OptionParser.build/Debug-watchos/OptionParser-t.build/DerivedSources/arm64_32 -Xcc -I/Users/admin/builder/spi-builder-workspace/.derivedData/Build/Intermediates.noindex/OptionParser.build/Debug-watchos/OptionParser-t.build/DerivedSources -Xcc -DSWIFT_PACKAGE -Xcc -DDEBUG\=1 -emit-objc-header -emit-objc-header-path /Users/admin/builder/spi-builder-workspace/.derivedData/Build/Intermediates.noindex/OptionParser.build/Debug-watchos/OptionParser-t.build/Objects-normal/arm64_32/OptionParser-Swift.h -working-directory /Users/admin/builder/spi-builder-workspace/.swiftpm/xcode -experimental-emit-module-separately -disable-cmo
SwiftDriverJobDiscovery normal arm64 Compiling Option.swift (in target 'OptionParser' from project 'OptionParser')
SwiftCompile normal arm64 Compiling\ Complain.swift /Users/admin/builder/spi-builder-workspace/Benchmarking/Complain.swift (in target 'Benchmarking' from project 'Benchmarking')
SwiftCompile normal arm64 /Users/admin/builder/spi-builder-workspace/Benchmarking/Complain.swift (in target 'Benchmarking' from project 'Benchmarking')
cd /Users/admin/builder/spi-builder-workspace/.swiftpm/xcode
builtin-SwiftPerFileCompile Complain.swift
Ld /Users/admin/builder/spi-builder-workspace/.derivedData/Build/Intermediates.noindex/OptionParser.build/Debug-watchos/OptionParser-t.build/Objects-normal/arm64_32/Binary/OptionParser.o normal arm64_32 (in target 'OptionParser' from project 'OptionParser')
cd /Users/admin/builder/spi-builder-workspace/.dependencies/checkouts/OptionParser
/Applications/Xcode-27.0.0-Release.Candidate.app/Contents/Developer/Toolchains/XcodeDefault.xctoolchain/usr/bin/clang -Xlinker -reproducible -target arm64_32-apple-watchos9.0 -r -isysroot /Applications/Xcode-27.0.0-Release.Candidate.app/Contents/Developer/Platforms/WatchOS.platform/Developer/SDKs/WatchOS27.0.sdk -O0 -w -Xlinker -no_warn_duplicate_libraries -F/Users/admin/builder/spi-builder-workspace/.derivedData/Build/Intermediates.noindex/EagerLinkingTBDs/Debug-watchos -F/Users/admin/builder/spi-builder-workspace/.derivedData/Build/Products/Debug-watchos -iframework /Applications/Xcode-27.0.0-Release.Candidate.app/Contents/Developer/Platforms/WatchOS.platform/Developer/Library/Frameworks -iframework /Applications/Xcode-27.0.0-Release.Candidate.app/Contents/Developer/Platforms/WatchOS.platform/Developer/SDKs/WatchOS27.0.sdk/Developer/Library/Frameworks -filelist /Users/admin/builder/spi-builder-workspace/.derivedData/Build/Intermediates.noindex/OptionParser.build/Debug-watchos/OptionParser-t.build/Objects-normal/arm64_32/OptionParser.LinkFileList -nostdlib -Xlinker -object_path_lto -Xlinker /Users/admin/builder/spi-builder-workspace/.derivedData/Build/Intermediates.noindex/OptionParser.build/Debug-watchos/OptionParser-t.build/Objects-normal/arm64_32/OptionParser_lto.o -Xlinker -no_deduplicate -Xlinker -dependency_info -Xlinker /Users/admin/builder/spi-builder-workspace/.derivedData/Build/Intermediates.noindex/OptionParser.build/Debug-watchos/OptionParser-t.build/Objects-normal/arm64_32/OptionParser_dependency_info.dat -fobjc-link-runtime -L/Applications/Xcode-27.0.0-Release.Candidate.app/Contents/Developer/Toolchains/XcodeDefault.xctoolchain/usr/lib/swift/watchos -L/usr/lib/swift -Xlinker -add_ast_path -Xlinker /Users/admin/builder/spi-builder-workspace/.derivedData/Build/Intermediates.noindex/OptionParser.build/Debug-watchos/OptionParser-t.build/Objects-normal/arm64_32/OptionParser.swiftmodule -o /Users/admin/builder/spi-builder-workspace/.derivedData/Build/Intermediates.noindex/OptionParser.build/Debug-watchos/OptionParser-t.build/Objects-normal/arm64_32/Binary/OptionParser.o
SwiftDriverJobDiscovery normal arm64 Compiling Syntax.swift (in target 'OptionParser' from project 'OptionParser')
SwiftDriver\ Compilation OptionParser normal arm64 com.apple.xcode.tools.swift.compiler (in target 'OptionParser' from project 'OptionParser')
cd /Users/admin/builder/spi-builder-workspace/.swiftpm/xcode
builtin-Swift-Compilation -- /Applications/Xcode-27.0.0-Release.Candidate.app/Contents/Developer/Toolchains/XcodeDefault.xctoolchain/usr/bin/swiftc -parse-as-library -module-name OptionParser -Onone @/Users/admin/builder/spi-builder-workspace/.derivedData/Build/Intermediates.noindex/OptionParser.build/Debug-watchos/OptionParser-t.build/Objects-normal/arm64/OptionParser.SwiftFileList -DSWIFT_PACKAGE -DDEBUG -DSWIFT_MODULE_RESOURCE_BUNDLE_UNAVAILABLE -DXcode -plugin-path /Applications/Xcode-27.0.0-Release.Candidate.app/Contents/Developer/Toolchains/XcodeDefault.xctoolchain/usr/lib/swift/host/plugins/testing -enable-experimental-feature DebugDescriptionMacro -sdk /Applications/Xcode-27.0.0-Release.Candidate.app/Contents/Developer/Platforms/WatchOS.platform/Developer/SDKs/WatchOS27.0.sdk -target arm64-apple-watchos9.0 -g -module-cache-path /Users/admin/builder/spi-builder-workspace/.derivedData/ModuleCache.noindex -Xfrontend -serialize-debugging-options -enable-testing -suppress-warnings -index-store-path /Users/admin/builder/spi-builder-workspace/.derivedData/Index.noindex/DataStore -Xcc -D_LIBCPP_HARDENING_MODE\=_LIBCPP_HARDENING_MODE_DEBUG -swift-version 4 -I /Users/admin/builder/spi-builder-workspace/.derivedData/Build/Products/Debug-watchos -Isystem /Applications/Xcode-27.0.0-Release.Candidate.app/Contents/Developer/Platforms/WatchOS.platform/Developer/usr/lib -F /Users/admin/builder/spi-builder-workspace/.derivedData/Build/Products/Debug-watchos -F /Applications/Xcode-27.0.0-Release.Candidate.app/Contents/Developer/Platforms/WatchOS.platform/Developer/Library/Frameworks -F /Applications/Xcode-27.0.0-Release.Candidate.app/Contents/Developer/Platforms/WatchOS.platform/Developer/SDKs/WatchOS27.0.sdk/Developer/Library/Frameworks -c -j10 -enable-batch-mode -incremental -Xcc -ivfsstatcache -Xcc /Users/admin/builder/spi-builder-workspace/.derivedData/SDKStatCaches.noindex/watchos27.0-24R360-e829b21a6f8c9b70876ba0858053c04477534ef55a1706bf4c1112bbb242f0a2.sdkstatcache -output-file-map /Users/admin/builder/spi-builder-workspace/.derivedData/Build/Intermediates.noindex/OptionParser.build/Debug-watchos/OptionParser-t.build/Objects-normal/arm64/OptionParser-OutputFileMap.json -save-temps -no-color-diagnostics -emit-dependencies -emit-module -emit-module-path /Users/admin/builder/spi-builder-workspace/.derivedData/Build/Intermediates.noindex/OptionParser.build/Debug-watchos/OptionParser-t.build/Objects-normal/arm64/OptionParser.swiftmodule -serialize-diagnostics -validate-clang-modules-once -clang-build-session-file /Users/admin/builder/spi-builder-workspace/.derivedData/ModuleCache.noindex/Session.modulevalidation -Xcc -fmodules-prune-interval\=86400 -Xcc -fmodules-prune-after\=345600 -emit-const-values -const-gather-protocols-list /Users/admin/builder/spi-builder-workspace/.derivedData/Build/Intermediates.noindex/OptionParser.build/Debug-watchos/OptionParser-t.build/Objects-normal/arm64/OptionParser_const_extract_protocols.json -Xcc -I/Users/admin/builder/spi-builder-workspace/.derivedData/Build/Products/Debug-watchos/include -Xcc -I/Users/admin/builder/spi-builder-workspace/.derivedData/Build/Intermediates.noindex/OptionParser.build/Debug-watchos/OptionParser-t.build/DerivedSources-normal/arm64 -Xcc -I/Users/admin/builder/spi-builder-workspace/.derivedData/Build/Intermediates.noindex/OptionParser.build/Debug-watchos/OptionParser-t.build/DerivedSources/arm64 -Xcc -I/Users/admin/builder/spi-builder-workspace/.derivedData/Build/Intermediates.noindex/OptionParser.build/Debug-watchos/OptionParser-t.build/DerivedSources -Xcc -DSWIFT_PACKAGE -Xcc -DDEBUG\=1 -emit-objc-header -emit-objc-header-path /Users/admin/builder/spi-builder-workspace/.derivedData/Build/Intermediates.noindex/OptionParser.build/Debug-watchos/OptionParser-t.build/Objects-normal/arm64/OptionParser-Swift.h -working-directory /Users/admin/builder/spi-builder-workspace/.swiftpm/xcode -experimental-emit-module-separately -disable-cmo
SwiftCompile normal arm64_32 Compiling\ Complain.swift /Users/admin/builder/spi-builder-workspace/Benchmarking/Complain.swift (in target 'Benchmarking' from project 'Benchmarking')
SwiftCompile normal arm64_32 /Users/admin/builder/spi-builder-workspace/Benchmarking/Complain.swift (in target 'Benchmarking' from project 'Benchmarking')
cd /Users/admin/builder/spi-builder-workspace/.swiftpm/xcode
builtin-SwiftPerFileCompile Complain.swift
SwiftDriverJobDiscovery normal arm64_32 Compiling Noop.swift (in target 'Benchmarking' from project 'Benchmarking')
Ld /Users/admin/builder/spi-builder-workspace/.derivedData/Build/Intermediates.noindex/OptionParser.build/Debug-watchos/OptionParser-t.build/Objects-normal/arm64/Binary/OptionParser.o normal arm64 (in target 'OptionParser' from project 'OptionParser')
cd /Users/admin/builder/spi-builder-workspace/.dependencies/checkouts/OptionParser
/Applications/Xcode-27.0.0-Release.Candidate.app/Contents/Developer/Toolchains/XcodeDefault.xctoolchain/usr/bin/clang -Xlinker -reproducible -target arm64-apple-watchos9.0 -r -isysroot /Applications/Xcode-27.0.0-Release.Candidate.app/Contents/Developer/Platforms/WatchOS.platform/Developer/SDKs/WatchOS27.0.sdk -O0 -w -Xlinker -no_warn_duplicate_libraries -F/Users/admin/builder/spi-builder-workspace/.derivedData/Build/Intermediates.noindex/EagerLinkingTBDs/Debug-watchos -F/Users/admin/builder/spi-builder-workspace/.derivedData/Build/Products/Debug-watchos -iframework /Applications/Xcode-27.0.0-Release.Candidate.app/Contents/Developer/Platforms/WatchOS.platform/Developer/Library/Frameworks -iframework /Applications/Xcode-27.0.0-Release.Candidate.app/Contents/Developer/Platforms/WatchOS.platform/Developer/SDKs/WatchOS27.0.sdk/Developer/Library/Frameworks -filelist /Users/admin/builder/spi-builder-workspace/.derivedData/Build/Intermediates.noindex/OptionParser.build/Debug-watchos/OptionParser-t.build/Objects-normal/arm64/OptionParser.LinkFileList -nostdlib -Xlinker -object_path_lto -Xlinker /Users/admin/builder/spi-builder-workspace/.derivedData/Build/Intermediates.noindex/OptionParser.build/Debug-watchos/OptionParser-t.build/Objects-normal/arm64/OptionParser_lto.o -Xlinker -no_deduplicate -Xlinker -dependency_info -Xlinker /Users/admin/builder/spi-builder-workspace/.derivedData/Build/Intermediates.noindex/OptionParser.build/Debug-watchos/OptionParser-t.build/Objects-normal/arm64/OptionParser_dependency_info.dat -fobjc-link-runtime -L/Applications/Xcode-27.0.0-Release.Candidate.app/Contents/Developer/Toolchains/XcodeDefault.xctoolchain/usr/lib/swift/watchos -L/usr/lib/swift -Xlinker -add_ast_path -Xlinker /Users/admin/builder/spi-builder-workspace/.derivedData/Build/Intermediates.noindex/OptionParser.build/Debug-watchos/OptionParser-t.build/Objects-normal/arm64/OptionParser.swiftmodule -o /Users/admin/builder/spi-builder-workspace/.derivedData/Build/Intermediates.noindex/OptionParser.build/Debug-watchos/OptionParser-t.build/Objects-normal/arm64/Binary/OptionParser.o
SwiftCompile normal arm64_32 Compiling\ Timer.swift /Users/admin/builder/spi-builder-workspace/Benchmarking/Timer.swift (in target 'Benchmarking' from project 'Benchmarking')
/Users/admin/builder/spi-builder-workspace/Benchmarking/Timer.swift:14:21: error: 'CACurrentMediaTime()' is unavailable in watchOS
12 | static func measure(_ body: (BenchmarkTimer) -> Void) -> TimeInterval {
13 | let timer = BenchmarkTimer()
14 | let start = CACurrentMediaTime()
| `- error: 'CACurrentMediaTime()' is unavailable in watchOS
15 | body(timer)
16 | let end = CACurrentMediaTime()
/Applications/Xcode-27.0.0-Release.Candidate.app/Contents/Developer/Platforms/WatchOS.platform/Developer/SDKs/WatchOS27.0.sdk/System/Library/Frameworks/QuartzCore.framework/Headers/CABase.h:127:26: note: 'CACurrentMediaTime()' has been explicitly marked unavailable here
125 | * calling mach_absolute_time () and converting the units to seconds. */
126 |
127 | CA_EXTERN CFTimeInterval CACurrentMediaTime (void)
| `- note: 'CACurrentMediaTime()' has been explicitly marked unavailable here
128 | API_AVAILABLE(macos(10.5), ios(2.0)) API_UNAVAILABLE(watchos);
129 |
/Users/admin/builder/spi-builder-workspace/Benchmarking/Timer.swift:16:19: error: 'CACurrentMediaTime()' is unavailable in watchOS
14 | let start = CACurrentMediaTime()
15 | body(timer)
16 | let end = CACurrentMediaTime()
| `- error: 'CACurrentMediaTime()' is unavailable in watchOS
17 | return timer.elapsedTime ?? (end - start)
18 | }
/Applications/Xcode-27.0.0-Release.Candidate.app/Contents/Developer/Platforms/WatchOS.platform/Developer/SDKs/WatchOS27.0.sdk/System/Library/Frameworks/QuartzCore.framework/Headers/CABase.h:127:26: note: 'CACurrentMediaTime()' has been explicitly marked unavailable here
125 | * calling mach_absolute_time () and converting the units to seconds. */
126 |
127 | CA_EXTERN CFTimeInterval CACurrentMediaTime (void)
| `- note: 'CACurrentMediaTime()' has been explicitly marked unavailable here
128 | API_AVAILABLE(macos(10.5), ios(2.0)) API_UNAVAILABLE(watchos);
129 |
/Users/admin/builder/spi-builder-workspace/Benchmarking/Timer.swift:22:21: error: 'CACurrentMediaTime()' is unavailable in watchOS
20 | @inline(never)
21 | public func measure(_ body: () -> ()) {
22 | let start = CACurrentMediaTime()
| `- error: 'CACurrentMediaTime()' is unavailable in watchOS
23 | body()
24 | let end = CACurrentMediaTime()
/Applications/Xcode-27.0.0-Release.Candidate.app/Contents/Developer/Platforms/WatchOS.platform/Developer/SDKs/WatchOS27.0.sdk/System/Library/Frameworks/QuartzCore.framework/Headers/CABase.h:127:26: note: 'CACurrentMediaTime()' has been explicitly marked unavailable here
125 | * calling mach_absolute_time () and converting the units to seconds. */
126 |
127 | CA_EXTERN CFTimeInterval CACurrentMediaTime (void)
| `- note: 'CACurrentMediaTime()' has been explicitly marked unavailable here
128 | API_AVAILABLE(macos(10.5), ios(2.0)) API_UNAVAILABLE(watchos);
129 |
/Users/admin/builder/spi-builder-workspace/Benchmarking/Timer.swift:24:19: error: 'CACurrentMediaTime()' is unavailable in watchOS
22 | let start = CACurrentMediaTime()
23 | body()
24 | let end = CACurrentMediaTime()
| `- error: 'CACurrentMediaTime()' is unavailable in watchOS
25 | elapsedTime = end - start
26 | }
/Applications/Xcode-27.0.0-Release.Candidate.app/Contents/Developer/Platforms/WatchOS.platform/Developer/SDKs/WatchOS27.0.sdk/System/Library/Frameworks/QuartzCore.framework/Headers/CABase.h:127:26: note: 'CACurrentMediaTime()' has been explicitly marked unavailable here
125 | * calling mach_absolute_time () and converting the units to seconds. */
126 |
127 | CA_EXTERN CFTimeInterval CACurrentMediaTime (void)
| `- note: 'CACurrentMediaTime()' has been explicitly marked unavailable here
128 | API_AVAILABLE(macos(10.5), ios(2.0)) API_UNAVAILABLE(watchos);
129 |
Failed frontend command:
/Applications/Xcode-27.0.0-Release.Candidate.app/Contents/Developer/Toolchains/XcodeDefault.xctoolchain/usr/bin/swift-frontend -frontend -c /Users/admin/builder/spi-builder-workspace/Benchmarking/Benchmark.swift /Users/admin/builder/spi-builder-workspace/Benchmarking/Complain.swift /Users/admin/builder/spi-builder-workspace/Benchmarking/InputGenerator.swift /Users/admin/builder/spi-builder-workspace/Benchmarking/Noop.swift /Users/admin/builder/spi-builder-workspace/Benchmarking/Output.swift /Users/admin/builder/spi-builder-workspace/Benchmarking/Run.swift /Users/admin/builder/spi-builder-workspace/Benchmarking/Shuffle.swift -primary-file /Users/admin/builder/spi-builder-workspace/Benchmarking/Timer.swift -emit-dependencies-path /Users/admin/builder/spi-builder-workspace/.derivedData/Build/Intermediates.noindex/Benchmarking.build/Debug-watchos/Benchmarking-t.build/Objects-normal/arm64_32/Timer.d -emit-const-values-path /Users/admin/builder/spi-builder-workspace/.derivedData/Build/Intermediates.noindex/Benchmarking.build/Debug-watchos/Benchmarking-t.build/Objects-normal/arm64_32/Timer.swiftconstvalues -emit-reference-dependencies-path /Users/admin/builder/spi-builder-workspace/.derivedData/Build/Intermediates.noindex/Benchmarking.build/Debug-watchos/Benchmarking-t.build/Objects-normal/arm64_32/Timer.swiftdeps -serialize-diagnostics-path /Users/admin/builder/spi-builder-workspace/.derivedData/Build/Intermediates.noindex/Benchmarking.build/Debug-watchos/Benchmarking-t.build/Objects-normal/arm64_32/Timer.dia -target arm64_32-apple-watchos9.0 -enable-objc-interop -sdk /Applications/Xcode-27.0.0-Release.Candidate.app/Contents/Developer/Platforms/WatchOS.platform/Developer/SDKs/WatchOS27.0.sdk -I /Users/admin/builder/spi-builder-workspace/.derivedData/Build/Products/Debug-watchos -Isystem /Applications/Xcode-27.0.0-Release.Candidate.app/Contents/Developer/Platforms/WatchOS.platform/Developer/usr/lib -F /Users/admin/builder/spi-builder-workspace/.derivedData/Build/Products/Debug-watchos/PackageFrameworks -F /Users/admin/builder/spi-builder-workspace/.derivedData/Build/Products/Debug-watchos -F /Applications/Xcode-27.0.0-Release.Candidate.app/Contents/Developer/Platforms/WatchOS.platform/Developer/Library/Frameworks -F /Applications/Xcode-27.0.0-Release.Candidate.app/Contents/Developer/Platforms/WatchOS.platform/Developer/SDKs/WatchOS27.0.sdk/Developer/Library/Frameworks -module-cache-path /Users/admin/builder/spi-builder-workspace/.derivedData/ModuleCache.noindex -no-color-diagnostics -Xcc -fno-color-diagnostics -enable-testing -g -debug-info-format\=dwarf -dwarf-version\=4 -swift-version 4 -Onone -D SWIFT_PACKAGE -D DEBUG -D SWIFT_MODULE_RESOURCE_BUNDLE_UNAVAILABLE -D Xcode -serialize-debugging-options -enable-experimental-feature DebugDescriptionMacro -empty-abi-descriptor -plugin-path /Applications/Xcode-27.0.0-Release.Candidate.app/Contents/Developer/Toolchains/XcodeDefault.xctoolchain/usr/lib/swift/host/plugins/testing -validate-clang-modules-once -clang-build-session-file /Users/admin/builder/spi-builder-workspace/.derivedData/ModuleCache.noindex/Session.modulevalidation -Xcc -working-directory -Xcc /Users/admin/builder/spi-builder-workspace/.swiftpm/xcode -enable-anonymous-context-mangled-names -file-compilation-dir /Users/admin/builder/spi-builder-workspace/.swiftpm/xcode -Xcc -D_LIBCPP_HARDENING_MODE\=_LIBCPP_HARDENING_MODE_DEBUG -Xcc -ivfsstatcache -Xcc /Users/admin/builder/spi-builder-workspace/.derivedData/SDKStatCaches.noindex/watchos27.0-24R360-e829b21a6f8c9b70876ba0858053c04477534ef55a1706bf4c1112bbb242f0a2.sdkstatcache -Xcc -fmodules-prune-interval\=86400 -Xcc -fmodules-prune-after\=345600 -Xcc -I/Users/admin/builder/spi-builder-workspace/.derivedData/Build/Products/Debug-watchos/include -Xcc -I/Users/admin/builder/spi-builder-workspace/.derivedData/Build/Intermediates.noindex/Benchmarking.build/Debug-watchos/Benchmarking-t.build/DerivedSources-normal/arm64_32 -Xcc -I/Users/admin/builder/spi-builder-workspace/.derivedData/Build/Intermediates.noindex/Benchmarking.build/Debug-watchos/Benchmarking-t.build/DerivedSources/arm64_32 -Xcc -I/Users/admin/builder/spi-builder-workspace/.derivedData/Build/Intermediates.noindex/Benchmarking.build/Debug-watchos/Benchmarking-t.build/DerivedSources -Xcc -DSWIFT_PACKAGE -Xcc -DDEBUG\=1 -no-auto-bridging-header-chaining -module-name Benchmarking -const-gather-protocols-file /Users/admin/builder/spi-builder-workspace/.derivedData/Build/Intermediates.noindex/Benchmarking.build/Debug-watchos/Benchmarking-t.build/Objects-normal/arm64_32/Benchmarking_const_extract_protocols.json -disable-clang-spi -target-sdk-version 27.0 -target-sdk-name watchos27.0 -external-plugin-path /Applications/Xcode-27.0.0-Release.Candidate.app/Contents/Developer/Platforms/WatchOS.platform/Developer/usr/lib/swift/host/plugins\#/Applications/Xcode-27.0.0-Release.Candidate.app/Contents/Developer/Platforms/WatchOS.platform/Developer/usr/bin/swift-plugin-server -external-plugin-path /Applications/Xcode-27.0.0-Release.Candidate.app/Contents/Developer/Platforms/WatchOS.platform/Developer/usr/local/lib/swift/host/plugins\#/Applications/Xcode-27.0.0-Release.Candidate.app/Contents/Developer/Platforms/WatchOS.platform/Developer/usr/bin/swift-plugin-server -in-process-plugin-server-path /Applications/Xcode-27.0.0-Release.Candidate.app/Contents/Developer/Toolchains/XcodeDefault.xctoolchain/usr/lib/swift/host/libSwiftInProcPluginServer.dylib -plugin-path /Applications/Xcode-27.0.0-Release.Candidate.app/Contents/Developer/Toolchains/XcodeDefault.xctoolchain/usr/lib/swift/host/plugins -plugin-path /Applications/Xcode-27.0.0-Release.Candidate.app/Contents/Developer/Toolchains/XcodeDefault.xctoolchain/usr/local/lib/swift/host/plugins -parse-as-library -o /Users/admin/builder/spi-builder-workspace/.derivedData/Build/Intermediates.noindex/Benchmarking.build/Debug-watchos/Benchmarking-t.build/Objects-normal/arm64_32/Timer.o -index-unit-output-path /Benchmarking.build/Debug-watchos/Benchmarking-t.build/Objects-normal/arm64_32/Timer.o -index-store-path /Users/admin/builder/spi-builder-workspace/.derivedData/Index.noindex/DataStore -index-system-modules
SwiftCompile normal arm64_32 /Users/admin/builder/spi-builder-workspace/Benchmarking/Timer.swift (in target 'Benchmarking' from project 'Benchmarking')
cd /Users/admin/builder/spi-builder-workspace/.swiftpm/xcode
builtin-SwiftPerFileCompile Timer.swift
SwiftDriverJobDiscovery normal arm64 Compiling Noop.swift (in target 'Benchmarking' from project 'Benchmarking')
SwiftCompile normal arm64 Compiling\ Shuffle.swift /Users/admin/builder/spi-builder-workspace/Benchmarking/Shuffle.swift (in target 'Benchmarking' from project 'Benchmarking')
/Users/admin/builder/spi-builder-workspace/Benchmarking/Shuffle.swift:31:40: warning: 'IndexDistance' is deprecated: all index distances are now of type Int [#DeprecatedDeclaration]
29 | }
30 |
31 | extension RandomAccessCollection where IndexDistance: FixedWidthInteger {
| `- warning: 'IndexDistance' is deprecated: all index distances are now of type Int [#DeprecatedDeclaration]
32 | public func randomElement() -> Element {
33 | precondition(count > 0)
/Users/admin/builder/spi-builder-workspace/Benchmarking/Shuffle.swift:40:65: warning: 'IndexDistance' is deprecated: all index distances are now of type Int [#DeprecatedDeclaration]
38 | }
39 |
40 | extension RandomAccessCollection where Self: MutableCollection, IndexDistance: FixedWidthInteger {
| `- warning: 'IndexDistance' is deprecated: all index distances are now of type Int [#DeprecatedDeclaration]
41 | public mutating func shuffle() {
42 | for i in indices {
/Users/admin/builder/spi-builder-workspace/Benchmarking/Shuffle.swift:34:27: warning: 'IndexDistance' is deprecated: all index distances are now of type Int [#DeprecatedDeclaration]
32 | public func randomElement() -> Element {
33 | precondition(count > 0)
34 | let offset = Self.IndexDistance.random(below: count)
| `- warning: 'IndexDistance' is deprecated: all index distances are now of type Int [#DeprecatedDeclaration]
35 | let index = self.index(self.startIndex, offsetBy: offset)
36 | return self[index]
SwiftCompile normal arm64 /Users/admin/builder/spi-builder-workspace/Benchmarking/Shuffle.swift (in target 'Benchmarking' from project 'Benchmarking')
cd /Users/admin/builder/spi-builder-workspace/.swiftpm/xcode
builtin-SwiftPerFileCompile Shuffle.swift
CreateUniversalBinary /Users/admin/builder/spi-builder-workspace/.derivedData/Build/Products/Debug-watchos/OptionParser.o normal arm64\ arm64_32 (in target 'OptionParser' from project 'OptionParser')
cd /Users/admin/builder/spi-builder-workspace/.dependencies/checkouts/OptionParser
/Applications/Xcode-27.0.0-Release.Candidate.app/Contents/Developer/Toolchains/XcodeDefault.xctoolchain/usr/bin/lipo -create /Users/admin/builder/spi-builder-workspace/.derivedData/Build/Intermediates.noindex/OptionParser.build/Debug-watchos/OptionParser-t.build/Objects-normal/arm64/Binary/OptionParser.o /Users/admin/builder/spi-builder-workspace/.derivedData/Build/Intermediates.noindex/OptionParser.build/Debug-watchos/OptionParser-t.build/Objects-normal/arm64_32/Binary/OptionParser.o -output /Users/admin/builder/spi-builder-workspace/.derivedData/Build/Products/Debug-watchos/OptionParser.o
SwiftDriverJobDiscovery normal arm64 Compiling Complain.swift (in target 'Benchmarking' from project 'Benchmarking')
SwiftCompile normal arm64_32 Compiling\ Benchmark.swift /Users/admin/builder/spi-builder-workspace/Benchmarking/Benchmark.swift (in target 'Benchmarking' from project 'Benchmarking')
SwiftCompile normal arm64_32 /Users/admin/builder/spi-builder-workspace/Benchmarking/Benchmark.swift (in target 'Benchmarking' from project 'Benchmarking')
cd /Users/admin/builder/spi-builder-workspace/.swiftpm/xcode
builtin-SwiftPerFileCompile Benchmark.swift
SwiftDriverJobDiscovery normal arm64 Compiling InputGenerator.swift (in target 'Benchmarking' from project 'Benchmarking')
SwiftCompile normal arm64_32 Compiling\ Shuffle.swift /Users/admin/builder/spi-builder-workspace/Benchmarking/Shuffle.swift (in target 'Benchmarking' from project 'Benchmarking')
/Users/admin/builder/spi-builder-workspace/Benchmarking/Shuffle.swift:31:40: warning: 'IndexDistance' is deprecated: all index distances are now of type Int [#DeprecatedDeclaration]
29 | }
30 |
31 | extension RandomAccessCollection where IndexDistance: FixedWidthInteger {
| `- warning: 'IndexDistance' is deprecated: all index distances are now of type Int [#DeprecatedDeclaration]
32 | public func randomElement() -> Element {
33 | precondition(count > 0)
/Users/admin/builder/spi-builder-workspace/Benchmarking/Shuffle.swift:40:65: warning: 'IndexDistance' is deprecated: all index distances are now of type Int [#DeprecatedDeclaration]
38 | }
39 |
40 | extension RandomAccessCollection where Self: MutableCollection, IndexDistance: FixedWidthInteger {
| `- warning: 'IndexDistance' is deprecated: all index distances are now of type Int [#DeprecatedDeclaration]
41 | public mutating func shuffle() {
42 | for i in indices {
/Users/admin/builder/spi-builder-workspace/Benchmarking/Shuffle.swift:34:27: warning: 'IndexDistance' is deprecated: all index distances are now of type Int [#DeprecatedDeclaration]
32 | public func randomElement() -> Element {
33 | precondition(count > 0)
34 | let offset = Self.IndexDistance.random(below: count)
| `- warning: 'IndexDistance' is deprecated: all index distances are now of type Int [#DeprecatedDeclaration]
35 | let index = self.index(self.startIndex, offsetBy: offset)
36 | return self[index]
SwiftCompile normal arm64_32 /Users/admin/builder/spi-builder-workspace/Benchmarking/Shuffle.swift (in target 'Benchmarking' from project 'Benchmarking')
cd /Users/admin/builder/spi-builder-workspace/.swiftpm/xcode
builtin-SwiftPerFileCompile Shuffle.swift
SwiftCompile normal arm64 Compiling\ Benchmark.swift /Users/admin/builder/spi-builder-workspace/Benchmarking/Benchmark.swift (in target 'Benchmarking' from project 'Benchmarking')
SwiftCompile normal arm64 /Users/admin/builder/spi-builder-workspace/Benchmarking/Benchmark.swift (in target 'Benchmarking' from project 'Benchmarking')
cd /Users/admin/builder/spi-builder-workspace/.swiftpm/xcode
builtin-SwiftPerFileCompile Benchmark.swift
SwiftDriverJobDiscovery normal arm64_32 Emitting module for Benchmarking (in target 'Benchmarking' from project 'Benchmarking')
SwiftDriverJobDiscovery normal arm64 Emitting module for Benchmarking (in target 'Benchmarking' from project 'Benchmarking')
SwiftDriver\ Compilation\ Requirements Benchmarking normal arm64_32 com.apple.xcode.tools.swift.compiler (in target 'Benchmarking' from project 'Benchmarking')
cd /Users/admin/builder/spi-builder-workspace/.swiftpm/xcode
builtin-Swift-Compilation-Requirements -- /Applications/Xcode-27.0.0-Release.Candidate.app/Contents/Developer/Toolchains/XcodeDefault.xctoolchain/usr/bin/swiftc -parse-as-library -module-name Benchmarking -Onone @/Users/admin/builder/spi-builder-workspace/.derivedData/Build/Intermediates.noindex/Benchmarking.build/Debug-watchos/Benchmarking-t.build/Objects-normal/arm64_32/Benchmarking.SwiftFileList -DSWIFT_PACKAGE -DDEBUG -DSWIFT_MODULE_RESOURCE_BUNDLE_UNAVAILABLE -DXcode -plugin-path /Applications/Xcode-27.0.0-Release.Candidate.app/Contents/Developer/Toolchains/XcodeDefault.xctoolchain/usr/lib/swift/host/plugins/testing -enable-experimental-feature DebugDescriptionMacro -sdk /Applications/Xcode-27.0.0-Release.Candidate.app/Contents/Developer/Platforms/WatchOS.platform/Developer/SDKs/WatchOS27.0.sdk -target arm64_32-apple-watchos9.0 -g -module-cache-path /Users/admin/builder/spi-builder-workspace/.derivedData/ModuleCache.noindex -Xfrontend -serialize-debugging-options -enable-testing -index-store-path /Users/admin/builder/spi-builder-workspace/.derivedData/Index.noindex/DataStore -Xcc -D_LIBCPP_HARDENING_MODE\=_LIBCPP_HARDENING_MODE_DEBUG -swift-version 4 -I /Users/admin/builder/spi-builder-workspace/.derivedData/Build/Products/Debug-watchos -Isystem /Applications/Xcode-27.0.0-Release.Candidate.app/Contents/Developer/Platforms/WatchOS.platform/Developer/usr/lib -F /Users/admin/builder/spi-builder-workspace/.derivedData/Build/Products/Debug-watchos/PackageFrameworks -F /Users/admin/builder/spi-builder-workspace/.derivedData/Build/Products/Debug-watchos -F /Applications/Xcode-27.0.0-Release.Candidate.app/Contents/Developer/Platforms/WatchOS.platform/Developer/Library/Frameworks -F /Applications/Xcode-27.0.0-Release.Candidate.app/Contents/Developer/Platforms/WatchOS.platform/Developer/SDKs/WatchOS27.0.sdk/Developer/Library/Frameworks -c -j10 -enable-batch-mode -incremental -Xcc -ivfsstatcache -Xcc /Users/admin/builder/spi-builder-workspace/.derivedData/SDKStatCaches.noindex/watchos27.0-24R360-e829b21a6f8c9b70876ba0858053c04477534ef55a1706bf4c1112bbb242f0a2.sdkstatcache -output-file-map /Users/admin/builder/spi-builder-workspace/.derivedData/Build/Intermediates.noindex/Benchmarking.build/Debug-watchos/Benchmarking-t.build/Objects-normal/arm64_32/Benchmarking-OutputFileMap.json -save-temps -no-color-diagnostics -emit-dependencies -emit-module -emit-module-path /Users/admin/builder/spi-builder-workspace/.derivedData/Build/Intermediates.noindex/Benchmarking.build/Debug-watchos/Benchmarking-t.build/Objects-normal/arm64_32/Benchmarking.swiftmodule -serialize-diagnostics -validate-clang-modules-once -clang-build-session-file /Users/admin/builder/spi-builder-workspace/.derivedData/ModuleCache.noindex/Session.modulevalidation -Xcc -fmodules-prune-interval\=86400 -Xcc -fmodules-prune-after\=345600 -emit-const-values -const-gather-protocols-list /Users/admin/builder/spi-builder-workspace/.derivedData/Build/Intermediates.noindex/Benchmarking.build/Debug-watchos/Benchmarking-t.build/Objects-normal/arm64_32/Benchmarking_const_extract_protocols.json -Xcc -I/Users/admin/builder/spi-builder-workspace/.derivedData/Build/Products/Debug-watchos/include -Xcc -I/Users/admin/builder/spi-builder-workspace/.derivedData/Build/Intermediates.noindex/Benchmarking.build/Debug-watchos/Benchmarking-t.build/DerivedSources-normal/arm64_32 -Xcc -I/Users/admin/builder/spi-builder-workspace/.derivedData/Build/Intermediates.noindex/Benchmarking.build/Debug-watchos/Benchmarking-t.build/DerivedSources/arm64_32 -Xcc -I/Users/admin/builder/spi-builder-workspace/.derivedData/Build/Intermediates.noindex/Benchmarking.build/Debug-watchos/Benchmarking-t.build/DerivedSources -Xcc -DSWIFT_PACKAGE -Xcc -DDEBUG\=1 -emit-objc-header -emit-objc-header-path /Users/admin/builder/spi-builder-workspace/.derivedData/Build/Intermediates.noindex/Benchmarking.build/Debug-watchos/Benchmarking-t.build/Objects-normal/arm64_32/Benchmarking-Swift.h -working-directory /Users/admin/builder/spi-builder-workspace/.swiftpm/xcode -experimental-emit-module-separately -disable-cmo
SwiftDriver\ Compilation\ Requirements Benchmarking normal arm64 com.apple.xcode.tools.swift.compiler (in target 'Benchmarking' from project 'Benchmarking')
cd /Users/admin/builder/spi-builder-workspace/.swiftpm/xcode
builtin-Swift-Compilation-Requirements -- /Applications/Xcode-27.0.0-Release.Candidate.app/Contents/Developer/Toolchains/XcodeDefault.xctoolchain/usr/bin/swiftc -parse-as-library -module-name Benchmarking -Onone @/Users/admin/builder/spi-builder-workspace/.derivedData/Build/Intermediates.noindex/Benchmarking.build/Debug-watchos/Benchmarking-t.build/Objects-normal/arm64/Benchmarking.SwiftFileList -DSWIFT_PACKAGE -DDEBUG -DSWIFT_MODULE_RESOURCE_BUNDLE_UNAVAILABLE -DXcode -plugin-path /Applications/Xcode-27.0.0-Release.Candidate.app/Contents/Developer/Toolchains/XcodeDefault.xctoolchain/usr/lib/swift/host/plugins/testing -enable-experimental-feature DebugDescriptionMacro -sdk /Applications/Xcode-27.0.0-Release.Candidate.app/Contents/Developer/Platforms/WatchOS.platform/Developer/SDKs/WatchOS27.0.sdk -target arm64-apple-watchos9.0 -g -module-cache-path /Users/admin/builder/spi-builder-workspace/.derivedData/ModuleCache.noindex -Xfrontend -serialize-debugging-options -enable-testing -index-store-path /Users/admin/builder/spi-builder-workspace/.derivedData/Index.noindex/DataStore -Xcc -D_LIBCPP_HARDENING_MODE\=_LIBCPP_HARDENING_MODE_DEBUG -swift-version 4 -I /Users/admin/builder/spi-builder-workspace/.derivedData/Build/Products/Debug-watchos -Isystem /Applications/Xcode-27.0.0-Release.Candidate.app/Contents/Developer/Platforms/WatchOS.platform/Developer/usr/lib -F /Users/admin/builder/spi-builder-workspace/.derivedData/Build/Products/Debug-watchos/PackageFrameworks -F /Users/admin/builder/spi-builder-workspace/.derivedData/Build/Products/Debug-watchos -F /Applications/Xcode-27.0.0-Release.Candidate.app/Contents/Developer/Platforms/WatchOS.platform/Developer/Library/Frameworks -F /Applications/Xcode-27.0.0-Release.Candidate.app/Contents/Developer/Platforms/WatchOS.platform/Developer/SDKs/WatchOS27.0.sdk/Developer/Library/Frameworks -c -j10 -enable-batch-mode -incremental -Xcc -ivfsstatcache -Xcc /Users/admin/builder/spi-builder-workspace/.derivedData/SDKStatCaches.noindex/watchos27.0-24R360-e829b21a6f8c9b70876ba0858053c04477534ef55a1706bf4c1112bbb242f0a2.sdkstatcache -output-file-map /Users/admin/builder/spi-builder-workspace/.derivedData/Build/Intermediates.noindex/Benchmarking.build/Debug-watchos/Benchmarking-t.build/Objects-normal/arm64/Benchmarking-OutputFileMap.json -save-temps -no-color-diagnostics -emit-dependencies -emit-module -emit-module-path /Users/admin/builder/spi-builder-workspace/.derivedData/Build/Intermediates.noindex/Benchmarking.build/Debug-watchos/Benchmarking-t.build/Objects-normal/arm64/Benchmarking.swiftmodule -serialize-diagnostics -validate-clang-modules-once -clang-build-session-file /Users/admin/builder/spi-builder-workspace/.derivedData/ModuleCache.noindex/Session.modulevalidation -Xcc -fmodules-prune-interval\=86400 -Xcc -fmodules-prune-after\=345600 -emit-const-values -const-gather-protocols-list /Users/admin/builder/spi-builder-workspace/.derivedData/Build/Intermediates.noindex/Benchmarking.build/Debug-watchos/Benchmarking-t.build/Objects-normal/arm64/Benchmarking_const_extract_protocols.json -Xcc -I/Users/admin/builder/spi-builder-workspace/.derivedData/Build/Products/Debug-watchos/include -Xcc -I/Users/admin/builder/spi-builder-workspace/.derivedData/Build/Intermediates.noindex/Benchmarking.build/Debug-watchos/Benchmarking-t.build/DerivedSources-normal/arm64 -Xcc -I/Users/admin/builder/spi-builder-workspace/.derivedData/Build/Intermediates.noindex/Benchmarking.build/Debug-watchos/Benchmarking-t.build/DerivedSources/arm64 -Xcc -I/Users/admin/builder/spi-builder-workspace/.derivedData/Build/Intermediates.noindex/Benchmarking.build/Debug-watchos/Benchmarking-t.build/DerivedSources -Xcc -DSWIFT_PACKAGE -Xcc -DDEBUG\=1 -emit-objc-header -emit-objc-header-path /Users/admin/builder/spi-builder-workspace/.derivedData/Build/Intermediates.noindex/Benchmarking.build/Debug-watchos/Benchmarking-t.build/Objects-normal/arm64/Benchmarking-Swift.h -working-directory /Users/admin/builder/spi-builder-workspace/.swiftpm/xcode -experimental-emit-module-separately -disable-cmo
Copy /Users/admin/builder/spi-builder-workspace/.derivedData/Build/Products/Debug-watchos/Benchmarking.swiftmodule/arm64_32-apple-watchos.swiftmodule /Users/admin/builder/spi-builder-workspace/.derivedData/Build/Intermediates.noindex/Benchmarking.build/Debug-watchos/Benchmarking-t.build/Objects-normal/arm64_32/Benchmarking.swiftmodule (in target 'Benchmarking' from project 'Benchmarking')
cd /Users/admin/builder/spi-builder-workspace
builtin-copy -exclude .DS_Store -exclude CVS -exclude .svn -exclude .git -exclude .hg -resolve-src-symlinks -rename /Users/admin/builder/spi-builder-workspace/.derivedData/Build/Intermediates.noindex/Benchmarking.build/Debug-watchos/Benchmarking-t.build/Objects-normal/arm64_32/Benchmarking.swiftmodule /Users/admin/builder/spi-builder-workspace/.derivedData/Build/Products/Debug-watchos/Benchmarking.swiftmodule/arm64_32-apple-watchos.swiftmodule
SwiftMergeGeneratedHeaders /Users/admin/builder/spi-builder-workspace/.derivedData/Build/Intermediates.noindex/GeneratedModuleMaps-watchos/Benchmarking-Swift.h /Users/admin/builder/spi-builder-workspace/.derivedData/Build/Intermediates.noindex/Benchmarking.build/Debug-watchos/Benchmarking-t.build/Objects-normal/arm64/Benchmarking-Swift.h /Users/admin/builder/spi-builder-workspace/.derivedData/Build/Intermediates.noindex/Benchmarking.build/Debug-watchos/Benchmarking-t.build/Objects-normal/arm64_32/Benchmarking-Swift.h (in target 'Benchmarking' from project 'Benchmarking')
cd /Users/admin/builder/spi-builder-workspace
builtin-swiftHeaderTool -arch arm64 /Users/admin/builder/spi-builder-workspace/.derivedData/Build/Intermediates.noindex/Benchmarking.build/Debug-watchos/Benchmarking-t.build/Objects-normal/arm64/Benchmarking-Swift.h -arch arm64_32 /Users/admin/builder/spi-builder-workspace/.derivedData/Build/Intermediates.noindex/Benchmarking.build/Debug-watchos/Benchmarking-t.build/Objects-normal/arm64_32/Benchmarking-Swift.h -o /Users/admin/builder/spi-builder-workspace/.derivedData/Build/Intermediates.noindex/GeneratedModuleMaps-watchos/Benchmarking-Swift.h
Copy /Users/admin/builder/spi-builder-workspace/.derivedData/Build/Products/Debug-watchos/Benchmarking.swiftmodule/arm64_32-apple-watchos.swiftdoc /Users/admin/builder/spi-builder-workspace/.derivedData/Build/Intermediates.noindex/Benchmarking.build/Debug-watchos/Benchmarking-t.build/Objects-normal/arm64_32/Benchmarking.swiftdoc (in target 'Benchmarking' from project 'Benchmarking')
cd /Users/admin/builder/spi-builder-workspace
builtin-copy -exclude .DS_Store -exclude CVS -exclude .svn -exclude .git -exclude .hg -resolve-src-symlinks -rename /Users/admin/builder/spi-builder-workspace/.derivedData/Build/Intermediates.noindex/Benchmarking.build/Debug-watchos/Benchmarking-t.build/Objects-normal/arm64_32/Benchmarking.swiftdoc /Users/admin/builder/spi-builder-workspace/.derivedData/Build/Products/Debug-watchos/Benchmarking.swiftmodule/arm64_32-apple-watchos.swiftdoc
Copy /Users/admin/builder/spi-builder-workspace/.derivedData/Build/Products/Debug-watchos/Benchmarking.swiftmodule/arm64_32-apple-watchos.abi.json /Users/admin/builder/spi-builder-workspace/.derivedData/Build/Intermediates.noindex/Benchmarking.build/Debug-watchos/Benchmarking-t.build/Objects-normal/arm64_32/Benchmarking.abi.json (in target 'Benchmarking' from project 'Benchmarking')
cd /Users/admin/builder/spi-builder-workspace
builtin-copy -exclude .DS_Store -exclude CVS -exclude .svn -exclude .git -exclude .hg -resolve-src-symlinks -rename /Users/admin/builder/spi-builder-workspace/.derivedData/Build/Intermediates.noindex/Benchmarking.build/Debug-watchos/Benchmarking-t.build/Objects-normal/arm64_32/Benchmarking.abi.json /Users/admin/builder/spi-builder-workspace/.derivedData/Build/Products/Debug-watchos/Benchmarking.swiftmodule/arm64_32-apple-watchos.abi.json
Copy /Users/admin/builder/spi-builder-workspace/.derivedData/Build/Products/Debug-watchos/Benchmarking.swiftmodule/arm64-apple-watchos.swiftmodule /Users/admin/builder/spi-builder-workspace/.derivedData/Build/Intermediates.noindex/Benchmarking.build/Debug-watchos/Benchmarking-t.build/Objects-normal/arm64/Benchmarking.swiftmodule (in target 'Benchmarking' from project 'Benchmarking')
cd /Users/admin/builder/spi-builder-workspace
builtin-copy -exclude .DS_Store -exclude CVS -exclude .svn -exclude .git -exclude .hg -resolve-src-symlinks -rename /Users/admin/builder/spi-builder-workspace/.derivedData/Build/Intermediates.noindex/Benchmarking.build/Debug-watchos/Benchmarking-t.build/Objects-normal/arm64/Benchmarking.swiftmodule /Users/admin/builder/spi-builder-workspace/.derivedData/Build/Products/Debug-watchos/Benchmarking.swiftmodule/arm64-apple-watchos.swiftmodule
Copy /Users/admin/builder/spi-builder-workspace/.derivedData/Build/Products/Debug-watchos/Benchmarking.swiftmodule/arm64-apple-watchos.swiftdoc /Users/admin/builder/spi-builder-workspace/.derivedData/Build/Intermediates.noindex/Benchmarking.build/Debug-watchos/Benchmarking-t.build/Objects-normal/arm64/Benchmarking.swiftdoc (in target 'Benchmarking' from project 'Benchmarking')
cd /Users/admin/builder/spi-builder-workspace
builtin-copy -exclude .DS_Store -exclude CVS -exclude .svn -exclude .git -exclude .hg -resolve-src-symlinks -rename /Users/admin/builder/spi-builder-workspace/.derivedData/Build/Intermediates.noindex/Benchmarking.build/Debug-watchos/Benchmarking-t.build/Objects-normal/arm64/Benchmarking.swiftdoc /Users/admin/builder/spi-builder-workspace/.derivedData/Build/Products/Debug-watchos/Benchmarking.swiftmodule/arm64-apple-watchos.swiftdoc
Copy /Users/admin/builder/spi-builder-workspace/.derivedData/Build/Products/Debug-watchos/Benchmarking.swiftmodule/arm64-apple-watchos.abi.json /Users/admin/builder/spi-builder-workspace/.derivedData/Build/Intermediates.noindex/Benchmarking.build/Debug-watchos/Benchmarking-t.build/Objects-normal/arm64/Benchmarking.abi.json (in target 'Benchmarking' from project 'Benchmarking')
cd /Users/admin/builder/spi-builder-workspace
builtin-copy -exclude .DS_Store -exclude CVS -exclude .svn -exclude .git -exclude .hg -resolve-src-symlinks -rename /Users/admin/builder/spi-builder-workspace/.derivedData/Build/Intermediates.noindex/Benchmarking.build/Debug-watchos/Benchmarking-t.build/Objects-normal/arm64/Benchmarking.abi.json /Users/admin/builder/spi-builder-workspace/.derivedData/Build/Products/Debug-watchos/Benchmarking.swiftmodule/arm64-apple-watchos.abi.json
Copy /Users/admin/builder/spi-builder-workspace/.derivedData/Build/Products/Debug-watchos/Benchmarking.swiftmodule/Project/arm64_32-apple-watchos.swiftsourceinfo /Users/admin/builder/spi-builder-workspace/.derivedData/Build/Intermediates.noindex/Benchmarking.build/Debug-watchos/Benchmarking-t.build/Objects-normal/arm64_32/Benchmarking.swiftsourceinfo (in target 'Benchmarking' from project 'Benchmarking')
cd /Users/admin/builder/spi-builder-workspace
builtin-copy -exclude .DS_Store -exclude CVS -exclude .svn -exclude .git -exclude .hg -resolve-src-symlinks -rename /Users/admin/builder/spi-builder-workspace/.derivedData/Build/Intermediates.noindex/Benchmarking.build/Debug-watchos/Benchmarking-t.build/Objects-normal/arm64_32/Benchmarking.swiftsourceinfo /Users/admin/builder/spi-builder-workspace/.derivedData/Build/Products/Debug-watchos/Benchmarking.swiftmodule/Project/arm64_32-apple-watchos.swiftsourceinfo
Copy /Users/admin/builder/spi-builder-workspace/.derivedData/Build/Products/Debug-watchos/Benchmarking.swiftmodule/Project/arm64-apple-watchos.swiftsourceinfo /Users/admin/builder/spi-builder-workspace/.derivedData/Build/Intermediates.noindex/Benchmarking.build/Debug-watchos/Benchmarking-t.build/Objects-normal/arm64/Benchmarking.swiftsourceinfo (in target 'Benchmarking' from project 'Benchmarking')
cd /Users/admin/builder/spi-builder-workspace
builtin-copy -exclude .DS_Store -exclude CVS -exclude .svn -exclude .git -exclude .hg -resolve-src-symlinks -rename /Users/admin/builder/spi-builder-workspace/.derivedData/Build/Intermediates.noindex/Benchmarking.build/Debug-watchos/Benchmarking-t.build/Objects-normal/arm64/Benchmarking.swiftsourceinfo /Users/admin/builder/spi-builder-workspace/.derivedData/Build/Products/Debug-watchos/Benchmarking.swiftmodule/Project/arm64-apple-watchos.swiftsourceinfo
SwiftDriverJobDiscovery normal arm64_32 Compiling Complain.swift (in target 'Benchmarking' from project 'Benchmarking')
SwiftCompile normal arm64 Compiling\ Timer.swift /Users/admin/builder/spi-builder-workspace/Benchmarking/Timer.swift (in target 'Benchmarking' from project 'Benchmarking')
/Users/admin/builder/spi-builder-workspace/Benchmarking/Timer.swift:14:21: error: 'CACurrentMediaTime()' is unavailable in watchOS
12 | static func measure(_ body: (BenchmarkTimer) -> Void) -> TimeInterval {
13 | let timer = BenchmarkTimer()
14 | let start = CACurrentMediaTime()
| `- error: 'CACurrentMediaTime()' is unavailable in watchOS
15 | body(timer)
16 | let end = CACurrentMediaTime()
/Applications/Xcode-27.0.0-Release.Candidate.app/Contents/Developer/Platforms/WatchOS.platform/Developer/SDKs/WatchOS27.0.sdk/System/Library/Frameworks/QuartzCore.framework/Headers/CABase.h:127:26: note: 'CACurrentMediaTime()' has been explicitly marked unavailable here
125 | * calling mach_absolute_time () and converting the units to seconds. */
126 |
127 | CA_EXTERN CFTimeInterval CACurrentMediaTime (void)
| `- note: 'CACurrentMediaTime()' has been explicitly marked unavailable here
128 | API_AVAILABLE(macos(10.5), ios(2.0)) API_UNAVAILABLE(watchos);
129 |
/Users/admin/builder/spi-builder-workspace/Benchmarking/Timer.swift:16:19: error: 'CACurrentMediaTime()' is unavailable in watchOS
14 | let start = CACurrentMediaTime()
15 | body(timer)
16 | let end = CACurrentMediaTime()
| `- error: 'CACurrentMediaTime()' is unavailable in watchOS
17 | return timer.elapsedTime ?? (end - start)
18 | }
/Applications/Xcode-27.0.0-Release.Candidate.app/Contents/Developer/Platforms/WatchOS.platform/Developer/SDKs/WatchOS27.0.sdk/System/Library/Frameworks/QuartzCore.framework/Headers/CABase.h:127:26: note: 'CACurrentMediaTime()' has been explicitly marked unavailable here
125 | * calling mach_absolute_time () and converting the units to seconds. */
126 |
127 | CA_EXTERN CFTimeInterval CACurrentMediaTime (void)
| `- note: 'CACurrentMediaTime()' has been explicitly marked unavailable here
128 | API_AVAILABLE(macos(10.5), ios(2.0)) API_UNAVAILABLE(watchos);
129 |
/Users/admin/builder/spi-builder-workspace/Benchmarking/Timer.swift:22:21: error: 'CACurrentMediaTime()' is unavailable in watchOS
20 | @inline(never)
21 | public func measure(_ body: () -> ()) {
22 | let start = CACurrentMediaTime()
| `- error: 'CACurrentMediaTime()' is unavailable in watchOS
23 | body()
24 | let end = CACurrentMediaTime()
/Applications/Xcode-27.0.0-Release.Candidate.app/Contents/Developer/Platforms/WatchOS.platform/Developer/SDKs/WatchOS27.0.sdk/System/Library/Frameworks/QuartzCore.framework/Headers/CABase.h:127:26: note: 'CACurrentMediaTime()' has been explicitly marked unavailable here
125 | * calling mach_absolute_time () and converting the units to seconds. */
126 |
127 | CA_EXTERN CFTimeInterval CACurrentMediaTime (void)
| `- note: 'CACurrentMediaTime()' has been explicitly marked unavailable here
128 | API_AVAILABLE(macos(10.5), ios(2.0)) API_UNAVAILABLE(watchos);
129 |
SwiftCompile normal arm64 /Users/admin/builder/spi-builder-workspace/Benchmarking/Timer.swift (in target 'Benchmarking' from project 'Benchmarking')
cd /Users/admin/builder/spi-builder-workspace/.swiftpm/xcode
builtin-SwiftPerFileCompile Timer.swift
SwiftCompile normal arm64_32 Compiling\ InputGenerator.swift /Users/admin/builder/spi-builder-workspace/Benchmarking/InputGenerator.swift (in target 'Benchmarking' from project 'Benchmarking')
SwiftCompile normal arm64_32 /Users/admin/builder/spi-builder-workspace/Benchmarking/InputGenerator.swift (in target 'Benchmarking' from project 'Benchmarking')
cd /Users/admin/builder/spi-builder-workspace/.swiftpm/xcode
builtin-SwiftPerFileCompile InputGenerator.swift
SwiftDriverJobDiscovery normal arm64_32 Compiling Output.swift (in target 'Benchmarking' from project 'Benchmarking')
SwiftCompile normal arm64_32 Compiling\ Run.swift /Users/admin/builder/spi-builder-workspace/Benchmarking/Run.swift (in target 'Benchmarking' from project 'Benchmarking')
SwiftCompile normal arm64_32 /Users/admin/builder/spi-builder-workspace/Benchmarking/Run.swift (in target 'Benchmarking' from project 'Benchmarking')
cd /Users/admin/builder/spi-builder-workspace/.swiftpm/xcode
builtin-SwiftPerFileCompile Run.swift
SwiftDriverJobDiscovery normal arm64_32 Compiling InputGenerator.swift (in target 'Benchmarking' from project 'Benchmarking')
ExtractAppIntentsMetadata (in target 'OptionParser' from project 'OptionParser')
cd /Users/admin/builder/spi-builder-workspace/.dependencies/checkouts/OptionParser
/Applications/Xcode-27.0.0-Release.Candidate.app/Contents/Developer/Toolchains/XcodeDefault.xctoolchain/usr/bin/appintentsmetadataprocessor --toolchain-dir /var/run/com.apple.security.cryptexd/mnt/com.apple.MobileAsset.MetalToolchain-v27.1.266.1.kqjl4t/Metal.xctoolchain --module-name OptionParser --sdk-root /Applications/Xcode-27.0.0-Release.Candidate.app/Contents/Developer/Platforms/WatchOS.platform/Developer/SDKs/WatchOS27.0.sdk --xcode-version 27A266a --platform-family watchOS --deployment-target 9.0 --bundle-identifier optionparser.OptionParser --output /Users/admin/builder/spi-builder-workspace/.derivedData/Build/Products/Debug-watchos/OptionParser.appintents --target-triple arm64-apple-watchos9.0 --target-triple arm64_32-apple-watchos9.0 --binary-file /Users/admin/builder/spi-builder-workspace/.derivedData/Build/Products/Debug-watchos/OptionParser.o --dependency-file /Users/admin/builder/spi-builder-workspace/.derivedData/Build/Intermediates.noindex/OptionParser.build/Debug-watchos/OptionParser-t.build/Objects-normal/arm64/OptionParser_dependency_info.dat --dependency-file /Users/admin/builder/spi-builder-workspace/.derivedData/Build/Intermediates.noindex/OptionParser.build/Debug-watchos/OptionParser-t.build/Objects-normal/arm64_32/OptionParser_dependency_info.dat --stringsdata-file /Users/admin/builder/spi-builder-workspace/.derivedData/Build/Intermediates.noindex/OptionParser.build/Debug-watchos/OptionParser-t.build/Objects-normal/arm64/ExtractedAppShortcutsMetadata.stringsdata --stringsdata-file /Users/admin/builder/spi-builder-workspace/.derivedData/Build/Intermediates.noindex/OptionParser.build/Debug-watchos/OptionParser-t.build/Objects-normal/arm64_32/ExtractedAppShortcutsMetadata.stringsdata --source-file-list /Users/admin/builder/spi-builder-workspace/.derivedData/Build/Intermediates.noindex/OptionParser.build/Debug-watchos/OptionParser-t.build/Objects-normal/arm64/OptionParser.SwiftFileList --source-file-list /Users/admin/builder/spi-builder-workspace/.derivedData/Build/Intermediates.noindex/OptionParser.build/Debug-watchos/OptionParser-t.build/Objects-normal/arm64_32/OptionParser.SwiftFileList --metadata-file-list /Users/admin/builder/spi-builder-workspace/.derivedData/Build/Intermediates.noindex/OptionParser.build/Debug-watchos/OptionParser-t.build/OptionParser.DependencyMetadataFileList --static-metadata-file-list /Users/admin/builder/spi-builder-workspace/.derivedData/Build/Intermediates.noindex/OptionParser.build/Debug-watchos/OptionParser-t.build/OptionParser.DependencyStaticMetadataFileList --swift-const-vals-list /Users/admin/builder/spi-builder-workspace/.derivedData/Build/Intermediates.noindex/OptionParser.build/Debug-watchos/OptionParser-t.build/Objects-normal/arm64/OptionParser.SwiftConstValuesFileList --swift-const-vals-list /Users/admin/builder/spi-builder-workspace/.derivedData/Build/Intermediates.noindex/OptionParser.build/Debug-watchos/OptionParser-t.build/Objects-normal/arm64_32/OptionParser.SwiftConstValuesFileList --force --compile-time-extraction --deployment-aware-processing --no-app-shortcuts-localization
PruneExplicitPrecompiledModules /Users/admin/builder/spi-builder-workspace/.derivedData/SDKExplicitPrecompiledModules
PruneExplicitPrecompiledModules /Users/admin/builder/spi-builder-workspace/.derivedData/Build/Intermediates.noindex/SwiftExplicitPrecompiledModules
PruneExplicitPrecompiledModules /Users/admin/builder/spi-builder-workspace/.derivedData/Build/Intermediates.noindex/ExplicitPrecompiledModules
2026-09-17 18:32:17.799 xcodebuild[685:4344] [MT] IDERunDestination: Supported platforms for the buildables in the current scheme is empty.
** BUILD FAILED **
The following build commands failed:
SwiftCompile normal arm64_32 Compiling\ Timer.swift /Users/admin/builder/spi-builder-workspace/Benchmarking/Timer.swift (in target 'Benchmarking' from project 'Benchmarking')
SwiftCompile normal arm64_32 /Users/admin/builder/spi-builder-workspace/Benchmarking/Timer.swift (in target 'Benchmarking' from project 'Benchmarking')
Building workspace Benchmarking with scheme Benchmarking
(3 failures)
Command line invocation:
/Applications/Xcode-27.0.0-Release.Candidate.app/Contents/Developer/usr/bin/xcodebuild -IDEClonedSourcePackagesDirPathOverride=/Users/admin/builder/spi-builder-workspace/.dependencies -resolvePackageDependencies
Resolve Package Graph
Resolved source packages:
OptionParser: https://github.com/attaswift/OptionParser @ 1.0.0
Benchmarking: /Users/admin/builder/spi-builder-workspace
resolved source packages: OptionParser, Benchmarking
2026-09-17 18:32:24.138 xcodebuild[761:4747] [MT] IDERunDestination: Supported platforms for the buildables in the current scheme is empty.
{
"dependencies" : [
{
"identity" : "optionparser",
"requirement" : {
"range" : [
{
"lower_bound" : "1.0.0",
"upper_bound" : "2.0.0"
}
]
},
"type" : "sourceControl",
"url" : "https://github.com/attaswift/OptionParser"
}
],
"manifest_display_name" : "Benchmarking",
"name" : "Benchmarking",
"path" : "/Users/admin/builder/spi-builder-workspace",
"platforms" : [
],
"products" : [
{
"name" : "Benchmarking",
"targets" : [
"Benchmarking",
"BenchmarkIPC"
],
"type" : {
"library" : [
"automatic"
]
}
}
],
"swift_languages_versions" : [
"4"
],
"targets" : [
{
"c99name" : "Benchmarking",
"module_type" : "SwiftTarget",
"name" : "Benchmarking",
"path" : "Benchmarking",
"product_dependencies" : [
"OptionParser"
],
"product_memberships" : [
"Benchmarking"
],
"sources" : [
"Benchmark.swift",
"Complain.swift",
"InputGenerator.swift",
"Noop.swift",
"Output.swift",
"Run.swift",
"Shuffle.swift",
"Timer.swift"
],
"target_dependencies" : [
"BenchmarkIPC"
],
"type" : "library"
},
{
"c99name" : "BenchmarkIPC",
"module_type" : "SwiftTarget",
"name" : "BenchmarkIPC",
"path" : "BenchmarkIPC",
"product_memberships" : [
"Benchmarking"
],
"sources" : [
"BenchmarkIPC.swift"
],
"type" : "library"
}
],
"tools_version" : "4.0"
}
{
"workspace" : {
"name" : "Benchmarking",
"schemes" : [
"Benchmarking"
]
}
}
2026-09-17 18:32:25.411 xcodebuild[769:4819] [MT] IDERunDestination: Supported platforms for the buildables in the current scheme is empty.
Running build ...
env DEVELOPER_DIR=/Applications/Xcode-27.0.0-Release.Candidate.app xcrun xcodebuild -IDEClonedSourcePackagesDirPathOverride=$PWD/.dependencies -skipMacroValidation -skipPackagePluginValidation -derivedDataPath $PWD/.derivedData build -scheme Benchmarking -destination generic/platform=watchOS
Command line invocation:
/Applications/Xcode-27.0.0-Release.Candidate.app/Contents/Developer/usr/bin/xcodebuild -IDEClonedSourcePackagesDirPathOverride=/Users/admin/builder/spi-builder-workspace/.dependencies -skipMacroValidation -skipPackagePluginValidation -derivedDataPath /Users/admin/builder/spi-builder-workspace/.derivedData build -scheme Benchmarking -destination generic/platform=watchOS
Resolve Package Graph
Resolved source packages:
OptionParser: https://github.com/attaswift/OptionParser @ 1.0.0
Benchmarking: /Users/admin/builder/spi-builder-workspace
ComputePackagePrebuildTargetDependencyGraph
Prepare packages
CreateBuildRequest
SendProjectDescription
CreateBuildOperation
ComputeTargetDependencyGraph
note: Building targets in dependency order
note: Target dependency graph (5 targets)
Target 'Benchmarking-product' in project 'Benchmarking'
➜ Explicit dependency on target 'Benchmarking' in project 'Benchmarking'
➜ Explicit dependency on target 'BenchmarkIPC' in project 'Benchmarking'
➜ Explicit dependency on target 'OptionParser-product' in project 'OptionParser'
Target 'Benchmarking' in project 'Benchmarking'
➜ Explicit dependency on target 'BenchmarkIPC' in project 'Benchmarking'
➜ Explicit dependency on target 'OptionParser-product' in project 'OptionParser'
Target 'OptionParser-product' in project 'OptionParser'
➜ Explicit dependency on target 'OptionParser' in project 'OptionParser'
Target 'OptionParser' in project 'OptionParser' (no dependencies)
Target 'BenchmarkIPC' in project 'Benchmarking' (no dependencies)
GatherProvisioningInputs
CreateBuildDescription
ClangStatCache /Applications/Xcode-27.0.0-Release.Candidate.app/Contents/Developer/Toolchains/XcodeDefault.xctoolchain/usr/bin/clang-stat-cache /Applications/Xcode-27.0.0-Release.Candidate.app/Contents/Developer/Platforms/WatchOS.platform/Developer/SDKs/WatchOS27.0.sdk /Users/admin/builder/spi-builder-workspace/.derivedData/SDKStatCaches.noindex/watchos27.0-24R360-e829b21a6f8c9b70876ba0858053c04477534ef55a1706bf4c1112bbb242f0a2.sdkstatcache
cd /Users/admin/builder/spi-builder-workspace/.swiftpm/xcode
/Applications/Xcode-27.0.0-Release.Candidate.app/Contents/Developer/Toolchains/XcodeDefault.xctoolchain/usr/bin/clang-stat-cache /Applications/Xcode-27.0.0-Release.Candidate.app/Contents/Developer/Platforms/WatchOS.platform/Developer/SDKs/WatchOS27.0.sdk -o /Users/admin/builder/spi-builder-workspace/.derivedData/SDKStatCaches.noindex/watchos27.0-24R360-e829b21a6f8c9b70876ba0858053c04477534ef55a1706bf4c1112bbb242f0a2.sdkstatcache
ExtractAppIntentsMetadata (in target 'OptionParser' from project 'OptionParser')
cd /Users/admin/builder/spi-builder-workspace/.dependencies/checkouts/OptionParser
/Applications/Xcode-27.0.0-Release.Candidate.app/Contents/Developer/Toolchains/XcodeDefault.xctoolchain/usr/bin/appintentsmetadataprocessor --toolchain-dir /var/run/com.apple.security.cryptexd/mnt/com.apple.MobileAsset.MetalToolchain-v27.1.266.1.kqjl4t/Metal.xctoolchain --module-name OptionParser --sdk-root /Applications/Xcode-27.0.0-Release.Candidate.app/Contents/Developer/Platforms/WatchOS.platform/Developer/SDKs/WatchOS27.0.sdk --xcode-version 27A266a --platform-family watchOS --deployment-target 9.0 --bundle-identifier optionparser.OptionParser --output /Users/admin/builder/spi-builder-workspace/.derivedData/Build/Products/Debug-watchos/OptionParser.appintents --target-triple arm64-apple-watchos9.0 --target-triple arm64_32-apple-watchos9.0 --binary-file /Users/admin/builder/spi-builder-workspace/.derivedData/Build/Products/Debug-watchos/OptionParser.o --dependency-file /Users/admin/builder/spi-builder-workspace/.derivedData/Build/Intermediates.noindex/OptionParser.build/Debug-watchos/OptionParser-t.build/Objects-normal/arm64/OptionParser_dependency_info.dat --dependency-file /Users/admin/builder/spi-builder-workspace/.derivedData/Build/Intermediates.noindex/OptionParser.build/Debug-watchos/OptionParser-t.build/Objects-normal/arm64_32/OptionParser_dependency_info.dat --stringsdata-file /Users/admin/builder/spi-builder-workspace/.derivedData/Build/Intermediates.noindex/OptionParser.build/Debug-watchos/OptionParser-t.build/Objects-normal/arm64/ExtractedAppShortcutsMetadata.stringsdata --stringsdata-file /Users/admin/builder/spi-builder-workspace/.derivedData/Build/Intermediates.noindex/OptionParser.build/Debug-watchos/OptionParser-t.build/Objects-normal/arm64_32/ExtractedAppShortcutsMetadata.stringsdata --source-file-list /Users/admin/builder/spi-builder-workspace/.derivedData/Build/Intermediates.noindex/OptionParser.build/Debug-watchos/OptionParser-t.build/Objects-normal/arm64/OptionParser.SwiftFileList --source-file-list /Users/admin/builder/spi-builder-workspace/.derivedData/Build/Intermediates.noindex/OptionParser.build/Debug-watchos/OptionParser-t.build/Objects-normal/arm64_32/OptionParser.SwiftFileList --metadata-file-list /Users/admin/builder/spi-builder-workspace/.derivedData/Build/Intermediates.noindex/OptionParser.build/Debug-watchos/OptionParser-t.build/OptionParser.DependencyMetadataFileList --static-metadata-file-list /Users/admin/builder/spi-builder-workspace/.derivedData/Build/Intermediates.noindex/OptionParser.build/Debug-watchos/OptionParser-t.build/OptionParser.DependencyStaticMetadataFileList --swift-const-vals-list /Users/admin/builder/spi-builder-workspace/.derivedData/Build/Intermediates.noindex/OptionParser.build/Debug-watchos/OptionParser-t.build/Objects-normal/arm64/OptionParser.SwiftConstValuesFileList --swift-const-vals-list /Users/admin/builder/spi-builder-workspace/.derivedData/Build/Intermediates.noindex/OptionParser.build/Debug-watchos/OptionParser-t.build/Objects-normal/arm64_32/OptionParser.SwiftConstValuesFileList --force --compile-time-extraction --deployment-aware-processing --no-app-shortcuts-localization
2026-09-17 18:32:27.380 appintentsmetadataprocessor[773:4884] Starting appintentsmetadataprocessor export
2026-09-17 18:32:27.527 appintentsmetadataprocessor[773:4884] Extracted no relevant App Intents symbols, skipping writing output
SwiftDriver Benchmarking normal arm64_32 com.apple.xcode.tools.swift.compiler (in target 'Benchmarking' from project 'Benchmarking')
cd /Users/admin/builder/spi-builder-workspace/.swiftpm/xcode
builtin-SwiftDriver -- /Applications/Xcode-27.0.0-Release.Candidate.app/Contents/Developer/Toolchains/XcodeDefault.xctoolchain/usr/bin/swiftc -parse-as-library -module-name Benchmarking -Onone @/Users/admin/builder/spi-builder-workspace/.derivedData/Build/Intermediates.noindex/Benchmarking.build/Debug-watchos/Benchmarking-t.build/Objects-normal/arm64_32/Benchmarking.SwiftFileList -DSWIFT_PACKAGE -DDEBUG -DSWIFT_MODULE_RESOURCE_BUNDLE_UNAVAILABLE -DXcode -plugin-path /Applications/Xcode-27.0.0-Release.Candidate.app/Contents/Developer/Toolchains/XcodeDefault.xctoolchain/usr/lib/swift/host/plugins/testing -enable-experimental-feature DebugDescriptionMacro -sdk /Applications/Xcode-27.0.0-Release.Candidate.app/Contents/Developer/Platforms/WatchOS.platform/Developer/SDKs/WatchOS27.0.sdk -target arm64_32-apple-watchos9.0 -g -module-cache-path /Users/admin/builder/spi-builder-workspace/.derivedData/ModuleCache.noindex -Xfrontend -serialize-debugging-options -enable-testing -index-store-path /Users/admin/builder/spi-builder-workspace/.derivedData/Index.noindex/DataStore -Xcc -D_LIBCPP_HARDENING_MODE\=_LIBCPP_HARDENING_MODE_DEBUG -swift-version 4 -I /Users/admin/builder/spi-builder-workspace/.derivedData/Build/Products/Debug-watchos -Isystem /Applications/Xcode-27.0.0-Release.Candidate.app/Contents/Developer/Platforms/WatchOS.platform/Developer/usr/lib -F /Users/admin/builder/spi-builder-workspace/.derivedData/Build/Products/Debug-watchos/PackageFrameworks -F /Users/admin/builder/spi-builder-workspace/.derivedData/Build/Products/Debug-watchos -F /Applications/Xcode-27.0.0-Release.Candidate.app/Contents/Developer/Platforms/WatchOS.platform/Developer/Library/Frameworks -F /Applications/Xcode-27.0.0-Release.Candidate.app/Contents/Developer/Platforms/WatchOS.platform/Developer/SDKs/WatchOS27.0.sdk/Developer/Library/Frameworks -c -j10 -enable-batch-mode -incremental -Xcc -ivfsstatcache -Xcc /Users/admin/builder/spi-builder-workspace/.derivedData/SDKStatCaches.noindex/watchos27.0-24R360-e829b21a6f8c9b70876ba0858053c04477534ef55a1706bf4c1112bbb242f0a2.sdkstatcache -output-file-map /Users/admin/builder/spi-builder-workspace/.derivedData/Build/Intermediates.noindex/Benchmarking.build/Debug-watchos/Benchmarking-t.build/Objects-normal/arm64_32/Benchmarking-OutputFileMap.json -save-temps -no-color-diagnostics -emit-dependencies -emit-module -emit-module-path /Users/admin/builder/spi-builder-workspace/.derivedData/Build/Intermediates.noindex/Benchmarking.build/Debug-watchos/Benchmarking-t.build/Objects-normal/arm64_32/Benchmarking.swiftmodule -serialize-diagnostics -validate-clang-modules-once -clang-build-session-file /Users/admin/builder/spi-builder-workspace/.derivedData/ModuleCache.noindex/Session.modulevalidation -Xcc -fmodules-prune-interval\=86400 -Xcc -fmodules-prune-after\=345600 -emit-const-values -const-gather-protocols-list /Users/admin/builder/spi-builder-workspace/.derivedData/Build/Intermediates.noindex/Benchmarking.build/Debug-watchos/Benchmarking-t.build/Objects-normal/arm64_32/Benchmarking_const_extract_protocols.json -Xcc -I/Users/admin/builder/spi-builder-workspace/.derivedData/Build/Products/Debug-watchos/include -Xcc -I/Users/admin/builder/spi-builder-workspace/.derivedData/Build/Intermediates.noindex/Benchmarking.build/Debug-watchos/Benchmarking-t.build/DerivedSources-normal/arm64_32 -Xcc -I/Users/admin/builder/spi-builder-workspace/.derivedData/Build/Intermediates.noindex/Benchmarking.build/Debug-watchos/Benchmarking-t.build/DerivedSources/arm64_32 -Xcc -I/Users/admin/builder/spi-builder-workspace/.derivedData/Build/Intermediates.noindex/Benchmarking.build/Debug-watchos/Benchmarking-t.build/DerivedSources -Xcc -DSWIFT_PACKAGE -Xcc -DDEBUG\=1 -emit-objc-header -emit-objc-header-path /Users/admin/builder/spi-builder-workspace/.derivedData/Build/Intermediates.noindex/Benchmarking.build/Debug-watchos/Benchmarking-t.build/Objects-normal/arm64_32/Benchmarking-Swift.h -working-directory /Users/admin/builder/spi-builder-workspace/.swiftpm/xcode -experimental-emit-module-separately -disable-cmo
SwiftDriver Benchmarking normal arm64 com.apple.xcode.tools.swift.compiler (in target 'Benchmarking' from project 'Benchmarking')
cd /Users/admin/builder/spi-builder-workspace/.swiftpm/xcode
builtin-SwiftDriver -- /Applications/Xcode-27.0.0-Release.Candidate.app/Contents/Developer/Toolchains/XcodeDefault.xctoolchain/usr/bin/swiftc -parse-as-library -module-name Benchmarking -Onone @/Users/admin/builder/spi-builder-workspace/.derivedData/Build/Intermediates.noindex/Benchmarking.build/Debug-watchos/Benchmarking-t.build/Objects-normal/arm64/Benchmarking.SwiftFileList -DSWIFT_PACKAGE -DDEBUG -DSWIFT_MODULE_RESOURCE_BUNDLE_UNAVAILABLE -DXcode -plugin-path /Applications/Xcode-27.0.0-Release.Candidate.app/Contents/Developer/Toolchains/XcodeDefault.xctoolchain/usr/lib/swift/host/plugins/testing -enable-experimental-feature DebugDescriptionMacro -sdk /Applications/Xcode-27.0.0-Release.Candidate.app/Contents/Developer/Platforms/WatchOS.platform/Developer/SDKs/WatchOS27.0.sdk -target arm64-apple-watchos9.0 -g -module-cache-path /Users/admin/builder/spi-builder-workspace/.derivedData/ModuleCache.noindex -Xfrontend -serialize-debugging-options -enable-testing -index-store-path /Users/admin/builder/spi-builder-workspace/.derivedData/Index.noindex/DataStore -Xcc -D_LIBCPP_HARDENING_MODE\=_LIBCPP_HARDENING_MODE_DEBUG -swift-version 4 -I /Users/admin/builder/spi-builder-workspace/.derivedData/Build/Products/Debug-watchos -Isystem /Applications/Xcode-27.0.0-Release.Candidate.app/Contents/Developer/Platforms/WatchOS.platform/Developer/usr/lib -F /Users/admin/builder/spi-builder-workspace/.derivedData/Build/Products/Debug-watchos/PackageFrameworks -F /Users/admin/builder/spi-builder-workspace/.derivedData/Build/Products/Debug-watchos -F /Applications/Xcode-27.0.0-Release.Candidate.app/Contents/Developer/Platforms/WatchOS.platform/Developer/Library/Frameworks -F /Applications/Xcode-27.0.0-Release.Candidate.app/Contents/Developer/Platforms/WatchOS.platform/Developer/SDKs/WatchOS27.0.sdk/Developer/Library/Frameworks -c -j10 -enable-batch-mode -incremental -Xcc -ivfsstatcache -Xcc /Users/admin/builder/spi-builder-workspace/.derivedData/SDKStatCaches.noindex/watchos27.0-24R360-e829b21a6f8c9b70876ba0858053c04477534ef55a1706bf4c1112bbb242f0a2.sdkstatcache -output-file-map /Users/admin/builder/spi-builder-workspace/.derivedData/Build/Intermediates.noindex/Benchmarking.build/Debug-watchos/Benchmarking-t.build/Objects-normal/arm64/Benchmarking-OutputFileMap.json -save-temps -no-color-diagnostics -emit-dependencies -emit-module -emit-module-path /Users/admin/builder/spi-builder-workspace/.derivedData/Build/Intermediates.noindex/Benchmarking.build/Debug-watchos/Benchmarking-t.build/Objects-normal/arm64/Benchmarking.swiftmodule -serialize-diagnostics -validate-clang-modules-once -clang-build-session-file /Users/admin/builder/spi-builder-workspace/.derivedData/ModuleCache.noindex/Session.modulevalidation -Xcc -fmodules-prune-interval\=86400 -Xcc -fmodules-prune-after\=345600 -emit-const-values -const-gather-protocols-list /Users/admin/builder/spi-builder-workspace/.derivedData/Build/Intermediates.noindex/Benchmarking.build/Debug-watchos/Benchmarking-t.build/Objects-normal/arm64/Benchmarking_const_extract_protocols.json -Xcc -I/Users/admin/builder/spi-builder-workspace/.derivedData/Build/Products/Debug-watchos/include -Xcc -I/Users/admin/builder/spi-builder-workspace/.derivedData/Build/Intermediates.noindex/Benchmarking.build/Debug-watchos/Benchmarking-t.build/DerivedSources-normal/arm64 -Xcc -I/Users/admin/builder/spi-builder-workspace/.derivedData/Build/Intermediates.noindex/Benchmarking.build/Debug-watchos/Benchmarking-t.build/DerivedSources/arm64 -Xcc -I/Users/admin/builder/spi-builder-workspace/.derivedData/Build/Intermediates.noindex/Benchmarking.build/Debug-watchos/Benchmarking-t.build/DerivedSources -Xcc -DSWIFT_PACKAGE -Xcc -DDEBUG\=1 -emit-objc-header -emit-objc-header-path /Users/admin/builder/spi-builder-workspace/.derivedData/Build/Intermediates.noindex/Benchmarking.build/Debug-watchos/Benchmarking-t.build/Objects-normal/arm64/Benchmarking-Swift.h -working-directory /Users/admin/builder/spi-builder-workspace/.swiftpm/xcode -experimental-emit-module-separately -disable-cmo
ExtractAppIntentsMetadata (in target 'BenchmarkIPC' from project 'Benchmarking')
cd /Users/admin/builder/spi-builder-workspace
/Applications/Xcode-27.0.0-Release.Candidate.app/Contents/Developer/Toolchains/XcodeDefault.xctoolchain/usr/bin/appintentsmetadataprocessor --toolchain-dir /var/run/com.apple.security.cryptexd/mnt/com.apple.MobileAsset.MetalToolchain-v27.1.266.1.kqjl4t/Metal.xctoolchain --module-name BenchmarkIPC --sdk-root /Applications/Xcode-27.0.0-Release.Candidate.app/Contents/Developer/Platforms/WatchOS.platform/Developer/SDKs/WatchOS27.0.sdk --xcode-version 27A266a --platform-family watchOS --deployment-target 9.0 --bundle-identifier spi-builder-workspace.BenchmarkIPC --output /Users/admin/builder/spi-builder-workspace/.derivedData/Build/Products/Debug-watchos/BenchmarkIPC.appintents --target-triple arm64-apple-watchos9.0 --target-triple arm64_32-apple-watchos9.0 --binary-file /Users/admin/builder/spi-builder-workspace/.derivedData/Build/Products/Debug-watchos/BenchmarkIPC.o --dependency-file /Users/admin/builder/spi-builder-workspace/.derivedData/Build/Intermediates.noindex/Benchmarking.build/Debug-watchos/BenchmarkIPC-t.build/Objects-normal/arm64/BenchmarkIPC_dependency_info.dat --dependency-file /Users/admin/builder/spi-builder-workspace/.derivedData/Build/Intermediates.noindex/Benchmarking.build/Debug-watchos/BenchmarkIPC-t.build/Objects-normal/arm64_32/BenchmarkIPC_dependency_info.dat --stringsdata-file /Users/admin/builder/spi-builder-workspace/.derivedData/Build/Intermediates.noindex/Benchmarking.build/Debug-watchos/BenchmarkIPC-t.build/Objects-normal/arm64/ExtractedAppShortcutsMetadata.stringsdata --stringsdata-file /Users/admin/builder/spi-builder-workspace/.derivedData/Build/Intermediates.noindex/Benchmarking.build/Debug-watchos/BenchmarkIPC-t.build/Objects-normal/arm64_32/ExtractedAppShortcutsMetadata.stringsdata --source-file-list /Users/admin/builder/spi-builder-workspace/.derivedData/Build/Intermediates.noindex/Benchmarking.build/Debug-watchos/BenchmarkIPC-t.build/Objects-normal/arm64/BenchmarkIPC.SwiftFileList --source-file-list /Users/admin/builder/spi-builder-workspace/.derivedData/Build/Intermediates.noindex/Benchmarking.build/Debug-watchos/BenchmarkIPC-t.build/Objects-normal/arm64_32/BenchmarkIPC.SwiftFileList --metadata-file-list /Users/admin/builder/spi-builder-workspace/.derivedData/Build/Intermediates.noindex/Benchmarking.build/Debug-watchos/BenchmarkIPC-t.build/BenchmarkIPC.DependencyMetadataFileList --static-metadata-file-list /Users/admin/builder/spi-builder-workspace/.derivedData/Build/Intermediates.noindex/Benchmarking.build/Debug-watchos/BenchmarkIPC-t.build/BenchmarkIPC.DependencyStaticMetadataFileList --swift-const-vals-list /Users/admin/builder/spi-builder-workspace/.derivedData/Build/Intermediates.noindex/Benchmarking.build/Debug-watchos/BenchmarkIPC-t.build/Objects-normal/arm64/BenchmarkIPC.SwiftConstValuesFileList --swift-const-vals-list /Users/admin/builder/spi-builder-workspace/.derivedData/Build/Intermediates.noindex/Benchmarking.build/Debug-watchos/BenchmarkIPC-t.build/Objects-normal/arm64_32/BenchmarkIPC.SwiftConstValuesFileList --force --compile-time-extraction --deployment-aware-processing --no-app-shortcuts-localization
2026-09-17 18:32:27.380 appintentsmetadataprocessor[774:4885] Starting appintentsmetadataprocessor export
2026-09-17 18:32:27.526 appintentsmetadataprocessor[774:4885] Extracted no relevant App Intents symbols, skipping writing output
SwiftCompile normal arm64 Compiling\ Benchmark.swift /Users/admin/builder/spi-builder-workspace/Benchmarking/Benchmark.swift (in target 'Benchmarking' from project 'Benchmarking')
SwiftCompile normal arm64 /Users/admin/builder/spi-builder-workspace/Benchmarking/Benchmark.swift (in target 'Benchmarking' from project 'Benchmarking')
cd /Users/admin/builder/spi-builder-workspace/.swiftpm/xcode
builtin-SwiftPerFileCompile Benchmark.swift
SwiftCompile normal arm64 Compiling\ Run.swift /Users/admin/builder/spi-builder-workspace/Benchmarking/Run.swift (in target 'Benchmarking' from project 'Benchmarking')
SwiftCompile normal arm64 /Users/admin/builder/spi-builder-workspace/Benchmarking/Run.swift (in target 'Benchmarking' from project 'Benchmarking')
cd /Users/admin/builder/spi-builder-workspace/.swiftpm/xcode
builtin-SwiftPerFileCompile Run.swift
/Users/admin/builder/spi-builder-workspace/Benchmarking/Run.swift:9:1: warning: extension declares a conformance of imported type 'OutputFormat' to imported protocol 'OptionValue'; this will not behave correctly if the owners of 'BenchmarkIPC' introduce this conformance in the future
7 | import BenchmarkIPC
8 |
9 | extension RunOptions.OutputFormat: OptionValue {}
| |- warning: extension declares a conformance of imported type 'OutputFormat' to imported protocol 'OptionValue'; this will not behave correctly if the owners of 'BenchmarkIPC' introduce this conformance in the future
| `- note: add '@retroactive' to silence this warning
10 |
11 | struct AttabenchOptions {
SwiftCompile normal arm64 Compiling\ Output.swift /Users/admin/builder/spi-builder-workspace/Benchmarking/Output.swift (in target 'Benchmarking' from project 'Benchmarking')
SwiftCompile normal arm64 /Users/admin/builder/spi-builder-workspace/Benchmarking/Output.swift (in target 'Benchmarking' from project 'Benchmarking')
cd /Users/admin/builder/spi-builder-workspace/.swiftpm/xcode
builtin-SwiftPerFileCompile Output.swift
SwiftEmitModule normal arm64 Emitting\ module\ for\ Benchmarking (in target 'Benchmarking' from project 'Benchmarking')
/Users/admin/builder/spi-builder-workspace/Benchmarking/Run.swift:9:1: warning: extension declares a conformance of imported type 'OutputFormat' to imported protocol 'OptionValue'; this will not behave correctly if the owners of 'BenchmarkIPC' introduce this conformance in the future
7 | import BenchmarkIPC
8 |
9 | extension RunOptions.OutputFormat: OptionValue {}
| |- warning: extension declares a conformance of imported type 'OutputFormat' to imported protocol 'OptionValue'; this will not behave correctly if the owners of 'BenchmarkIPC' introduce this conformance in the future
| `- note: add '@retroactive' to silence this warning
10 |
11 | struct AttabenchOptions {
/Users/admin/builder/spi-builder-workspace/Benchmarking/Shuffle.swift:31:40: warning: 'IndexDistance' is deprecated: all index distances are now of type Int [#DeprecatedDeclaration]
29 | }
30 |
31 | extension RandomAccessCollection where IndexDistance: FixedWidthInteger {
| `- warning: 'IndexDistance' is deprecated: all index distances are now of type Int [#DeprecatedDeclaration]
32 | public func randomElement() -> Element {
33 | precondition(count > 0)
/Users/admin/builder/spi-builder-workspace/Benchmarking/Shuffle.swift:40:65: warning: 'IndexDistance' is deprecated: all index distances are now of type Int [#DeprecatedDeclaration]
38 | }
39 |
40 | extension RandomAccessCollection where Self: MutableCollection, IndexDistance: FixedWidthInteger {
| `- warning: 'IndexDistance' is deprecated: all index distances are now of type Int [#DeprecatedDeclaration]
41 | public mutating func shuffle() {
42 | for i in indices {
[#DeprecatedDeclaration]: <https://docs.swift.org/compiler/documentation/diagnostics/deprecated-declaration>
SwiftCompile normal arm64 (in target 'Benchmarking' from project 'Benchmarking')
cd /Users/admin/builder/spi-builder-workspace/.swiftpm/xcode
SwiftCompile normal arm64 Compiling\ Shuffle.swift /Users/admin/builder/spi-builder-workspace/Benchmarking/Shuffle.swift (in target 'Benchmarking' from project 'Benchmarking')
/Users/admin/builder/spi-builder-workspace/Benchmarking/Shuffle.swift:31:40: warning: 'IndexDistance' is deprecated: all index distances are now of type Int [#DeprecatedDeclaration]
29 | }
30 |
31 | extension RandomAccessCollection where IndexDistance: FixedWidthInteger {
| `- warning: 'IndexDistance' is deprecated: all index distances are now of type Int [#DeprecatedDeclaration]
32 | public func randomElement() -> Element {
33 | precondition(count > 0)
/Users/admin/builder/spi-builder-workspace/Benchmarking/Shuffle.swift:40:65: warning: 'IndexDistance' is deprecated: all index distances are now of type Int [#DeprecatedDeclaration]
38 | }
39 |
40 | extension RandomAccessCollection where Self: MutableCollection, IndexDistance: FixedWidthInteger {
| `- warning: 'IndexDistance' is deprecated: all index distances are now of type Int [#DeprecatedDeclaration]
41 | public mutating func shuffle() {
42 | for i in indices {
/Users/admin/builder/spi-builder-workspace/Benchmarking/Shuffle.swift:34:27: warning: 'IndexDistance' is deprecated: all index distances are now of type Int [#DeprecatedDeclaration]
32 | public func randomElement() -> Element {
33 | precondition(count > 0)
34 | let offset = Self.IndexDistance.random(below: count)
| `- warning: 'IndexDistance' is deprecated: all index distances are now of type Int [#DeprecatedDeclaration]
35 | let index = self.index(self.startIndex, offsetBy: offset)
36 | return self[index]
SwiftCompile normal arm64 /Users/admin/builder/spi-builder-workspace/Benchmarking/Shuffle.swift (in target 'Benchmarking' from project 'Benchmarking')
cd /Users/admin/builder/spi-builder-workspace/.swiftpm/xcode
builtin-SwiftPerFileCompile Shuffle.swift
SwiftEmitModule normal arm64_32 Emitting\ module\ for\ Benchmarking (in target 'Benchmarking' from project 'Benchmarking')
/Users/admin/builder/spi-builder-workspace/Benchmarking/Run.swift:9:1: warning: extension declares a conformance of imported type 'OutputFormat' to imported protocol 'OptionValue'; this will not behave correctly if the owners of 'BenchmarkIPC' introduce this conformance in the future
7 | import BenchmarkIPC
8 |
9 | extension RunOptions.OutputFormat: OptionValue {}
| |- warning: extension declares a conformance of imported type 'OutputFormat' to imported protocol 'OptionValue'; this will not behave correctly if the owners of 'BenchmarkIPC' introduce this conformance in the future
| `- note: add '@retroactive' to silence this warning
10 |
11 | struct AttabenchOptions {
/Users/admin/builder/spi-builder-workspace/Benchmarking/Shuffle.swift:31:40: warning: 'IndexDistance' is deprecated: all index distances are now of type Int [#DeprecatedDeclaration]
29 | }
30 |
31 | extension RandomAccessCollection where IndexDistance: FixedWidthInteger {
| `- warning: 'IndexDistance' is deprecated: all index distances are now of type Int [#DeprecatedDeclaration]
32 | public func randomElement() -> Element {
33 | precondition(count > 0)
/Users/admin/builder/spi-builder-workspace/Benchmarking/Shuffle.swift:40:65: warning: 'IndexDistance' is deprecated: all index distances are now of type Int [#DeprecatedDeclaration]
38 | }
39 |
40 | extension RandomAccessCollection where Self: MutableCollection, IndexDistance: FixedWidthInteger {
| `- warning: 'IndexDistance' is deprecated: all index distances are now of type Int [#DeprecatedDeclaration]
41 | public mutating func shuffle() {
42 | for i in indices {
[#DeprecatedDeclaration]: <https://docs.swift.org/compiler/documentation/diagnostics/deprecated-declaration>
SwiftCompile normal arm64_32 (in target 'Benchmarking' from project 'Benchmarking')
cd /Users/admin/builder/spi-builder-workspace/.swiftpm/xcode
SwiftCompile normal arm64 Compiling\ Timer.swift /Users/admin/builder/spi-builder-workspace/Benchmarking/Timer.swift (in target 'Benchmarking' from project 'Benchmarking')
/Users/admin/builder/spi-builder-workspace/Benchmarking/Timer.swift:14:21: error: 'CACurrentMediaTime()' is unavailable in watchOS
12 | static func measure(_ body: (BenchmarkTimer) -> Void) -> TimeInterval {
13 | let timer = BenchmarkTimer()
14 | let start = CACurrentMediaTime()
| `- error: 'CACurrentMediaTime()' is unavailable in watchOS
15 | body(timer)
16 | let end = CACurrentMediaTime()
/Applications/Xcode-27.0.0-Release.Candidate.app/Contents/Developer/Platforms/WatchOS.platform/Developer/SDKs/WatchOS27.0.sdk/System/Library/Frameworks/QuartzCore.framework/Headers/CABase.h:127:26: note: 'CACurrentMediaTime()' has been explicitly marked unavailable here
125 | * calling mach_absolute_time () and converting the units to seconds. */
126 |
127 | CA_EXTERN CFTimeInterval CACurrentMediaTime (void)
| `- note: 'CACurrentMediaTime()' has been explicitly marked unavailable here
128 | API_AVAILABLE(macos(10.5), ios(2.0)) API_UNAVAILABLE(watchos);
129 |
/Users/admin/builder/spi-builder-workspace/Benchmarking/Timer.swift:16:19: error: 'CACurrentMediaTime()' is unavailable in watchOS
14 | let start = CACurrentMediaTime()
15 | body(timer)
16 | let end = CACurrentMediaTime()
| `- error: 'CACurrentMediaTime()' is unavailable in watchOS
17 | return timer.elapsedTime ?? (end - start)
18 | }
/Applications/Xcode-27.0.0-Release.Candidate.app/Contents/Developer/Platforms/WatchOS.platform/Developer/SDKs/WatchOS27.0.sdk/System/Library/Frameworks/QuartzCore.framework/Headers/CABase.h:127:26: note: 'CACurrentMediaTime()' has been explicitly marked unavailable here
125 | * calling mach_absolute_time () and converting the units to seconds. */
126 |
127 | CA_EXTERN CFTimeInterval CACurrentMediaTime (void)
| `- note: 'CACurrentMediaTime()' has been explicitly marked unavailable here
128 | API_AVAILABLE(macos(10.5), ios(2.0)) API_UNAVAILABLE(watchos);
129 |
/Users/admin/builder/spi-builder-workspace/Benchmarking/Timer.swift:22:21: error: 'CACurrentMediaTime()' is unavailable in watchOS
20 | @inline(never)
21 | public func measure(_ body: () -> ()) {
22 | let start = CACurrentMediaTime()
| `- error: 'CACurrentMediaTime()' is unavailable in watchOS
23 | body()
24 | let end = CACurrentMediaTime()
/Applications/Xcode-27.0.0-Release.Candidate.app/Contents/Developer/Platforms/WatchOS.platform/Developer/SDKs/WatchOS27.0.sdk/System/Library/Frameworks/QuartzCore.framework/Headers/CABase.h:127:26: note: 'CACurrentMediaTime()' has been explicitly marked unavailable here
125 | * calling mach_absolute_time () and converting the units to seconds. */
126 |
127 | CA_EXTERN CFTimeInterval CACurrentMediaTime (void)
| `- note: 'CACurrentMediaTime()' has been explicitly marked unavailable here
128 | API_AVAILABLE(macos(10.5), ios(2.0)) API_UNAVAILABLE(watchos);
129 |
/Users/admin/builder/spi-builder-workspace/Benchmarking/Timer.swift:24:19: error: 'CACurrentMediaTime()' is unavailable in watchOS
22 | let start = CACurrentMediaTime()
23 | body()
24 | let end = CACurrentMediaTime()
| `- error: 'CACurrentMediaTime()' is unavailable in watchOS
25 | elapsedTime = end - start
26 | }
/Applications/Xcode-27.0.0-Release.Candidate.app/Contents/Developer/Platforms/WatchOS.platform/Developer/SDKs/WatchOS27.0.sdk/System/Library/Frameworks/QuartzCore.framework/Headers/CABase.h:127:26: note: 'CACurrentMediaTime()' has been explicitly marked unavailable here
125 | * calling mach_absolute_time () and converting the units to seconds. */
126 |
127 | CA_EXTERN CFTimeInterval CACurrentMediaTime (void)
| `- note: 'CACurrentMediaTime()' has been explicitly marked unavailable here
128 | API_AVAILABLE(macos(10.5), ios(2.0)) API_UNAVAILABLE(watchos);
129 |
Failed frontend command:
/Applications/Xcode-27.0.0-Release.Candidate.app/Contents/Developer/Toolchains/XcodeDefault.xctoolchain/usr/bin/swift-frontend -frontend -c /Users/admin/builder/spi-builder-workspace/Benchmarking/Benchmark.swift /Users/admin/builder/spi-builder-workspace/Benchmarking/Complain.swift /Users/admin/builder/spi-builder-workspace/Benchmarking/InputGenerator.swift /Users/admin/builder/spi-builder-workspace/Benchmarking/Noop.swift /Users/admin/builder/spi-builder-workspace/Benchmarking/Output.swift /Users/admin/builder/spi-builder-workspace/Benchmarking/Run.swift /Users/admin/builder/spi-builder-workspace/Benchmarking/Shuffle.swift -primary-file /Users/admin/builder/spi-builder-workspace/Benchmarking/Timer.swift -emit-dependencies-path /Users/admin/builder/spi-builder-workspace/.derivedData/Build/Intermediates.noindex/Benchmarking.build/Debug-watchos/Benchmarking-t.build/Objects-normal/arm64/Timer.d -emit-const-values-path /Users/admin/builder/spi-builder-workspace/.derivedData/Build/Intermediates.noindex/Benchmarking.build/Debug-watchos/Benchmarking-t.build/Objects-normal/arm64/Timer.swiftconstvalues -emit-reference-dependencies-path /Users/admin/builder/spi-builder-workspace/.derivedData/Build/Intermediates.noindex/Benchmarking.build/Debug-watchos/Benchmarking-t.build/Objects-normal/arm64/Timer.swiftdeps -serialize-diagnostics-path /Users/admin/builder/spi-builder-workspace/.derivedData/Build/Intermediates.noindex/Benchmarking.build/Debug-watchos/Benchmarking-t.build/Objects-normal/arm64/Timer.dia -target arm64-apple-watchos9.0 -Xllvm -aarch64-use-tbi -enable-objc-interop -stack-check -sdk /Applications/Xcode-27.0.0-Release.Candidate.app/Contents/Developer/Platforms/WatchOS.platform/Developer/SDKs/WatchOS27.0.sdk -I /Users/admin/builder/spi-builder-workspace/.derivedData/Build/Products/Debug-watchos -Isystem /Applications/Xcode-27.0.0-Release.Candidate.app/Contents/Developer/Platforms/WatchOS.platform/Developer/usr/lib -F /Users/admin/builder/spi-builder-workspace/.derivedData/Build/Products/Debug-watchos/PackageFrameworks -F /Users/admin/builder/spi-builder-workspace/.derivedData/Build/Products/Debug-watchos -F /Applications/Xcode-27.0.0-Release.Candidate.app/Contents/Developer/Platforms/WatchOS.platform/Developer/Library/Frameworks -F /Applications/Xcode-27.0.0-Release.Candidate.app/Contents/Developer/Platforms/WatchOS.platform/Developer/SDKs/WatchOS27.0.sdk/Developer/Library/Frameworks -module-cache-path /Users/admin/builder/spi-builder-workspace/.derivedData/ModuleCache.noindex -no-color-diagnostics -Xcc -fno-color-diagnostics -enable-testing -g -debug-info-format\=dwarf -dwarf-version\=4 -swift-version 4 -Onone -D SWIFT_PACKAGE -D DEBUG -D SWIFT_MODULE_RESOURCE_BUNDLE_UNAVAILABLE -D Xcode -serialize-debugging-options -enable-experimental-feature DebugDescriptionMacro -empty-abi-descriptor -plugin-path /Applications/Xcode-27.0.0-Release.Candidate.app/Contents/Developer/Toolchains/XcodeDefault.xctoolchain/usr/lib/swift/host/plugins/testing -validate-clang-modules-once -clang-build-session-file /Users/admin/builder/spi-builder-workspace/.derivedData/ModuleCache.noindex/Session.modulevalidation -Xcc -working-directory -Xcc /Users/admin/builder/spi-builder-workspace/.swiftpm/xcode -enable-anonymous-context-mangled-names -file-compilation-dir /Users/admin/builder/spi-builder-workspace/.swiftpm/xcode -Xcc -D_LIBCPP_HARDENING_MODE\=_LIBCPP_HARDENING_MODE_DEBUG -Xcc -ivfsstatcache -Xcc /Users/admin/builder/spi-builder-workspace/.derivedData/SDKStatCaches.noindex/watchos27.0-24R360-e829b21a6f8c9b70876ba0858053c04477534ef55a1706bf4c1112bbb242f0a2.sdkstatcache -Xcc -fmodules-prune-interval\=86400 -Xcc -fmodules-prune-after\=345600 -Xcc -I/Users/admin/builder/spi-builder-workspace/.derivedData/Build/Products/Debug-watchos/include -Xcc -I/Users/admin/builder/spi-builder-workspace/.derivedData/Build/Intermediates.noindex/Benchmarking.build/Debug-watchos/Benchmarking-t.build/DerivedSources-normal/arm64 -Xcc -I/Users/admin/builder/spi-builder-workspace/.derivedData/Build/Intermediates.noindex/Benchmarking.build/Debug-watchos/Benchmarking-t.build/DerivedSources/arm64 -Xcc -I/Users/admin/builder/spi-builder-workspace/.derivedData/Build/Intermediates.noindex/Benchmarking.build/Debug-watchos/Benchmarking-t.build/DerivedSources -Xcc -DSWIFT_PACKAGE -Xcc -DDEBUG\=1 -no-auto-bridging-header-chaining -module-name Benchmarking -const-gather-protocols-file /Users/admin/builder/spi-builder-workspace/.derivedData/Build/Intermediates.noindex/Benchmarking.build/Debug-watchos/Benchmarking-t.build/Objects-normal/arm64/Benchmarking_const_extract_protocols.json -disable-clang-spi -target-sdk-version 27.0 -target-sdk-name watchos27.0 -external-plugin-path /Applications/Xcode-27.0.0-Release.Candidate.app/Contents/Developer/Platforms/WatchOS.platform/Developer/usr/lib/swift/host/plugins\#/Applications/Xcode-27.0.0-Release.Candidate.app/Contents/Developer/Platforms/WatchOS.platform/Developer/usr/bin/swift-plugin-server -external-plugin-path /Applications/Xcode-27.0.0-Release.Candidate.app/Contents/Developer/Platforms/WatchOS.platform/Developer/usr/local/lib/swift/host/plugins\#/Applications/Xcode-27.0.0-Release.Candidate.app/Contents/Developer/Platforms/WatchOS.platform/Developer/usr/bin/swift-plugin-server -in-process-plugin-server-path /Applications/Xcode-27.0.0-Release.Candidate.app/Contents/Developer/Toolchains/XcodeDefault.xctoolchain/usr/lib/swift/host/libSwiftInProcPluginServer.dylib -plugin-path /Applications/Xcode-27.0.0-Release.Candidate.app/Contents/Developer/Toolchains/XcodeDefault.xctoolchain/usr/lib/swift/host/plugins -plugin-path /Applications/Xcode-27.0.0-Release.Candidate.app/Contents/Developer/Toolchains/XcodeDefault.xctoolchain/usr/local/lib/swift/host/plugins -parse-as-library -o /Users/admin/builder/spi-builder-workspace/.derivedData/Build/Intermediates.noindex/Benchmarking.build/Debug-watchos/Benchmarking-t.build/Objects-normal/arm64/Timer.o -index-unit-output-path /Benchmarking.build/Debug-watchos/Benchmarking-t.build/Objects-normal/arm64/Timer.o -index-store-path /Users/admin/builder/spi-builder-workspace/.derivedData/Index.noindex/DataStore -index-system-modules
SwiftCompile normal arm64 /Users/admin/builder/spi-builder-workspace/Benchmarking/Timer.swift (in target 'Benchmarking' from project 'Benchmarking')
cd /Users/admin/builder/spi-builder-workspace/.swiftpm/xcode
builtin-SwiftPerFileCompile Timer.swift
SwiftCompile normal arm64_32 Compiling\ Benchmark.swift /Users/admin/builder/spi-builder-workspace/Benchmarking/Benchmark.swift (in target 'Benchmarking' from project 'Benchmarking')
SwiftCompile normal arm64_32 /Users/admin/builder/spi-builder-workspace/Benchmarking/Benchmark.swift (in target 'Benchmarking' from project 'Benchmarking')
cd /Users/admin/builder/spi-builder-workspace/.swiftpm/xcode
builtin-SwiftPerFileCompile Benchmark.swift
SwiftCompile normal arm64_32 Compiling\ Timer.swift /Users/admin/builder/spi-builder-workspace/Benchmarking/Timer.swift (in target 'Benchmarking' from project 'Benchmarking')
SwiftCompile normal arm64_32 /Users/admin/builder/spi-builder-workspace/Benchmarking/Timer.swift (in target 'Benchmarking' from project 'Benchmarking')
cd /Users/admin/builder/spi-builder-workspace/.swiftpm/xcode
builtin-SwiftPerFileCompile Timer.swift
SwiftCompile normal arm64_32 Compiling\ Shuffle.swift /Users/admin/builder/spi-builder-workspace/Benchmarking/Shuffle.swift (in target 'Benchmarking' from project 'Benchmarking')
SwiftCompile normal arm64_32 /Users/admin/builder/spi-builder-workspace/Benchmarking/Shuffle.swift (in target 'Benchmarking' from project 'Benchmarking')
cd /Users/admin/builder/spi-builder-workspace/.swiftpm/xcode
builtin-SwiftPerFileCompile Shuffle.swift
SwiftCompile normal arm64_32 Compiling\ Run.swift /Users/admin/builder/spi-builder-workspace/Benchmarking/Run.swift (in target 'Benchmarking' from project 'Benchmarking')
SwiftCompile normal arm64_32 /Users/admin/builder/spi-builder-workspace/Benchmarking/Run.swift (in target 'Benchmarking' from project 'Benchmarking')
cd /Users/admin/builder/spi-builder-workspace/.swiftpm/xcode
builtin-SwiftPerFileCompile Run.swift
PruneExplicitPrecompiledModules /Users/admin/builder/spi-builder-workspace/.derivedData/Build/Intermediates.noindex/ExplicitPrecompiledModules
PruneExplicitPrecompiledModules /Users/admin/builder/spi-builder-workspace/.derivedData/Build/Intermediates.noindex/SwiftExplicitPrecompiledModules
PruneExplicitPrecompiledModules /Users/admin/builder/spi-builder-workspace/.derivedData/SDKExplicitPrecompiledModules
2026-09-17 18:32:26.497 xcodebuild[770:4844] [MT] IDERunDestination: Supported platforms for the buildables in the current scheme is empty.
** BUILD FAILED **
The following build commands failed:
SwiftCompile normal arm64 Compiling\ Timer.swift /Users/admin/builder/spi-builder-workspace/Benchmarking/Timer.swift (in target 'Benchmarking' from project 'Benchmarking')
SwiftCompile normal arm64 /Users/admin/builder/spi-builder-workspace/Benchmarking/Timer.swift (in target 'Benchmarking' from project 'Benchmarking')
Building workspace Benchmarking with scheme Benchmarking
(3 failures)
BUILD FAILURE 6.4 watchOS