The Swift Package Index logo.Swift Package Index

Build Information

Failed to build PCertificate, reference main (b77a8d), with Swift 6.4 for Wasm on 21 Sep 2026 03:46:25 UTC.

Build Command

bash -c docker run --pull=always --rm -v "checkouts-53886769-0":/host -w "$PWD" -e JAVA_HOME="/root/.sdkman/candidates/java/current" -e SPI_BUILD="1" -e SPI_PROCESSING="1" registry.gitlab.com/saguaro1/spi-images:wasm-6.4-latest swift build --swift-sdk swift-6.4.x-DEVELOPMENT-SNAPSHOT-2026-09-04-a_wasm 2>&1

Build Log

========================================
RunAll
========================================
Builder version: 5.1.0
Interrupt handler set up.
========================================
Checkout
========================================
Clone URL: https://github.com/AreroKetahi/P-Certificate.git
Reference: main
Initialized empty Git repository in /host/spi-builder-workspace/.git/
hint: Using 'master' as the name for the initial branch. This default branch name
hint: is subject to change. To configure the initial branch name to use in all
hint: of your new repositories, which will suppress this warning, call:
hint:
hint: 	git config --global init.defaultBranch <name>
hint:
hint: Names commonly chosen instead of 'master' are 'main', 'trunk' and
hint: 'development'. The just-created branch can be renamed via this command:
hint:
hint: 	git branch -m <name>
From https://github.com/AreroKetahi/P-Certificate
 * branch            main       -> FETCH_HEAD
 * [new branch]      main       -> origin/main
HEAD is now at b77a8d3 Merge pull request #2 from AreroKetahi/Accessability-Fix
Cloned https://github.com/AreroKetahi/P-Certificate.git
Revision (git rev-parse @):
b77a8d3c1a739897dd687c14d52a848a62c2f416
SPI manifest file found: $PWD/.spi.yml
SUCCESS checkout https://github.com/AreroKetahi/P-Certificate.git at main
========================================
Build
========================================
Selected platform:         wasm
Swift version:             6.4
Building package at path:  $PWD
https://github.com/AreroKetahi/P-Certificate.git
Running build ...
bash -c docker run --pull=always --rm -v "checkouts-53886769-0":/host -w "$PWD" -e JAVA_HOME="/root/.sdkman/candidates/java/current" -e SPI_BUILD="1" -e SPI_PROCESSING="1" registry.gitlab.com/saguaro1/spi-images:wasm-6.4-latest swift build --swift-sdk swift-6.4.x-DEVELOPMENT-SNAPSHOT-2026-09-04-a_wasm 2>&1
wasm-6.4-latest: Pulling from saguaro1/spi-images
Digest: sha256:4328fdb43c680d205c1d6761b1e3267aa38277eefdda9ddfb17b6a0f1a77857a
Status: Image is up to date for registry.gitlab.com/saguaro1/spi-images:wasm-6.4-latest
Fetching https://github.com/apple/swift-protobuf.git
Fetching https://github.com/apple/swift-crypto.git
[1/18549] Fetching swift-crypto
[11131/72745] Fetching swift-crypto, swift-protobuf
Fetched https://github.com/apple/swift-crypto.git (1.24s)
[10298/54196] Fetching swift-protobuf
Fetched https://github.com/apple/swift-protobuf.git (3.72s)
Computing version for https://github.com/apple/swift-protobuf.git
Computed https://github.com/apple/swift-protobuf.git at 1.38.1 (3.97s)
Computing version for https://github.com/apple/swift-crypto.git
Computed https://github.com/apple/swift-crypto.git at 3.15.1 (1.11s)
Fetching https://github.com/apple/swift-asn1.git
[1/1983] Fetching swift-asn1
Fetched https://github.com/apple/swift-asn1.git (0.51s)
Computing version for https://github.com/apple/swift-asn1.git
Computed https://github.com/apple/swift-asn1.git at 1.7.3 (1.58s)
Creating working copy for https://github.com/apple/swift-crypto.git
Working copy of https://github.com/apple/swift-crypto.git resolved at 3.15.1
Creating working copy for https://github.com/apple/swift-asn1.git
Working copy of https://github.com/apple/swift-asn1.git resolved at 1.7.3
Creating working copy for https://github.com/apple/swift-protobuf.git
Working copy of https://github.com/apple/swift-protobuf.git resolved at 1.38.1
warning: 'spi-builder-workspace': found 1 file(s) which are unhandled; explicitly declare them as resources or exclude from the target
    /host/spi-builder-workspace/Sources/PCertificate/Protobuf/PCSR.proto
Building for debugging...
[Computing dependencies]
[Pre-planning 1 / 304]
[Planning deferred tasks]
[61 / 483] SwiftASN1
[62 / 492] SwiftProtobuf
[63 / 492] CCryptoBoringSSL
[65 / 492] CCryptoBoringSSL
[68 / 492] CCryptoBoringSSL
[70 / 492] CCryptoBoringSSL
[73 / 492] CCryptoBoringSSL
[78 / 492] CCryptoBoringSSL
[79 / 492] CCryptoBoringSSL
[81 / 492] CCryptoBoringSSL
[84 / 492] CryptoBoringWrapper
[90 / 492] CCryptoBoringSSL
[91 / 492] CCryptoBoringSSL
[92 / 492] CCryptoBoringSSL
[96 / 492] CCryptoBoringSSL
[97 / 492] CCryptoBoringSSL
[98 / 492] CCryptoBoringSSL
[105 / 492] CCryptoBoringSSL
[109 / 492] CCryptoBoringSSL
[115 / 492] CCryptoBoringSSL
[118 / 492] CCryptoBoringSSL
[122 / 492] CCryptoBoringSSL
[123 / 492] CCryptoBoringSSL
[124 / 492] CCryptoBoringSSL
[125 / 492] SwiftProtobuf
[134 / 492] CCryptoBoringSSL
[136 / 492] CCryptoBoringSSL
[138 / 492] CCryptoBoringSSL
[140 / 492] CCryptoBoringSSL
[142 / 492] CCryptoBoringSSL
[143 / 492] CCryptoBoringSSL
[145 / 492] CCryptoBoringSSL
[147 / 492] CCryptoBoringSSL
[151 / 492] CCryptoBoringSSL
[152 / 492] CCryptoBoringSSL
[155 / 492] CCryptoBoringSSL
[159 / 492] CCryptoBoringSSL
[160 / 492] CCryptoBoringSSL
[161 / 492] CCryptoBoringSSL
[165 / 492] CCryptoBoringSSL
[166 / 492] CCryptoBoringSSL
[167 / 492] CCryptoBoringSSL
[169 / 492] CCryptoBoringSSL
[171 / 492] CCryptoBoringSSL
[178 / 492] CCryptoBoringSSL
[190 / 492] CCryptoBoringSSL
[203 / 492] CCryptoBoringSSL
[206 / 492] CCryptoBoringSSL
[207 / 492] CCryptoBoringSSL
[212 / 492] CCryptoBoringSSL
[215 / 492] CCryptoBoringSSL
[220 / 492] CCryptoBoringSSL
[223 / 492] CCryptoBoringSSL
[224 / 492] CCryptoBoringSSL
[227 / 492] CCryptoBoringSSL
[229 / 492] CCryptoBoringSSL
[232 / 492] CCryptoBoringSSL
[233 / 492] CCryptoBoringSSL
[236 / 492] CCryptoBoringSSL
[239 / 492] CCryptoBoringSSL
[241 / 492] CCryptoBoringSSL
[242 / 492] CCryptoBoringSSL
[243 / 492] CCryptoBoringSSL
[246 / 492] CCryptoBoringSSL
[249 / 492] CCryptoBoringSSL
[250 / 492] CCryptoBoringSSL
[254 / 492] CCryptoBoringSSL
[262 / 492] CCryptoBoringSSL
[266 / 492] CCryptoBoringSSL
[267 / 492] CCryptoBoringSSL
[270 / 492] CCryptoBoringSSL
[276 / 492] CCryptoBoringSSL
[278 / 492] CCryptoBoringSSL
[280 / 492] CCryptoBoringSSL
[283 / 492] CCryptoBoringSSL
[295 / 492] CCryptoBoringSSL
[304 / 492] CCryptoBoringSSL
[307 / 492] CCryptoBoringSSL
[311 / 492] CCryptoBoringSSL
[316 / 492] CCryptoBoringSSL
[320 / 492] CCryptoBoringSSL
[321 / 492] CCryptoBoringSSL
[323 / 492] CCryptoBoringSSL
[326 / 492] CCryptoBoringSSL
[328 / 492] CCryptoBoringSSL
[331 / 492] CCryptoBoringSSL
[333 / 492] CCryptoBoringSSL
[335 / 492] CCryptoBoringSSL
[337 / 492] CCryptoBoringSSL
[341 / 492] CCryptoBoringSSL
[344 / 492] CCryptoBoringSSL
[345 / 492] CCryptoBoringSSL
[349 / 492] CCryptoBoringSSL
[351 / 492] CCryptoBoringSSL
[352 / 492] CCryptoBoringSSL
[358 / 492] CCryptoBoringSSL
[365 / 492] CCryptoBoringSSL
[375 / 492] CCryptoBoringSSL
[377 / 492] CCryptoBoringSSL
[380 / 492] CCryptoBoringSSL
[383 / 492] CCryptoBoringSSL
[386 / 492] CCryptoBoringSSL
[390 / 492] CCryptoBoringSSL
[393 / 492] CCryptoBoringSSL
[395 / 492] CCryptoBoringSSL
[398 / 492] CCryptoBoringSSL
[408 / 492] CCryptoBoringSSL
[418 / 492] CCryptoBoringSSL
[423 / 492] CCryptoBoringSSL
[426 / 492] CCryptoBoringSSL
[427 / 492] CCryptoBoringSSL
[430 / 492] CCryptoBoringSSL
[433 / 492] CCryptoBoringSSL
[434 / 492] CCryptoBoringSSL
[438 / 492] CCryptoBoringSSL
[441 / 492] CCryptoBoringSSL
[442 / 492] SwiftProtobuf
[445 / 492] CCryptoBoringSSL
[447 / 492] SwiftProtobuf
[452 / 492] SwiftASN1-product
[453 / 492] SwiftASN1-product
[455 / 492] SwiftASN1
[458 / 492] CryptoBoringWrapper
[462 / 492] CryptoBoringWrapper
[465 / 493] SwiftASN1
[470 / 503] SwiftASN1
[473 / 503] CryptoBoringWrapper
[475 / 504] SwiftASN1
[477 / 504] CryptoBoringWrapper
[480 / 504] Crypto
error: SwiftCompile normal wasm32 /host/spi-builder-workspace/.build/checkouts/swift-crypto/Sources/_CryptoExtras/Util/ThreadSpecific/ThreadSpecific.swift failed with a nonzero exit code. Command line:     cd /host
    builtin-SwiftPerFileCompile ThreadSpecific.swift
[489 / 514] _CryptoExtras
/host/spi-builder-workspace/.build/checkouts/swift-crypto/Sources/_CryptoExtras/Util/ThreadSpecific/ThreadSpecific.swift:33:36: error: cannot find type 'ThreadOpsSystem' in scope
 31 |
 32 |     private class Key {
 33 |         private var underlyingKey: ThreadOpsSystem.ThreadSpecificKey
    |                                    `- error: cannot find type 'ThreadOpsSystem' in scope
 34 |
 35 |         internal init(destructor: @escaping ThreadOpsSystem.ThreadSpecificKeyDestructor) {
/host/spi-builder-workspace/.build/checkouts/swift-crypto/Sources/_CryptoExtras/Util/ThreadSpecific/ThreadSpecific.swift:35:45: error: cannot find type 'ThreadOpsSystem' in scope
 33 |         private var underlyingKey: ThreadOpsSystem.ThreadSpecificKey
 34 |
 35 |         internal init(destructor: @escaping ThreadOpsSystem.ThreadSpecificKeyDestructor) {
    |                                             `- error: cannot find type 'ThreadOpsSystem' in scope
 36 |             self.underlyingKey = ThreadOpsSystem.allocateThreadSpecificValue(destructor: destructor)
 37 |         }
/host/spi-builder-workspace/.build/checkouts/swift-crypto/Sources/_CryptoExtras/Util/ThreadSpecific/ThreadSpecific.swift:35:35: error: '@escaping' only applies to function types
 33 |         private var underlyingKey: ThreadOpsSystem.ThreadSpecificKey
 34 |
 35 |         internal init(destructor: @escaping ThreadOpsSystem.ThreadSpecificKeyDestructor) {
    |                                   `- error: '@escaping' only applies to function types
 36 |             self.underlyingKey = ThreadOpsSystem.allocateThreadSpecificValue(destructor: destructor)
 37 |         }
/host/spi-builder-workspace/.build/checkouts/swift-crypto/Sources/_CryptoExtras/Util/ThreadSpecific/ThreadSpecific.swift:36:34: error: cannot find 'ThreadOpsSystem' in scope
 34 |
 35 |         internal init(destructor: @escaping ThreadOpsSystem.ThreadSpecificKeyDestructor) {
 36 |             self.underlyingKey = ThreadOpsSystem.allocateThreadSpecificValue(destructor: destructor)
    |                                  `- error: cannot find 'ThreadOpsSystem' in scope
 37 |         }
 38 |
/host/spi-builder-workspace/.build/checkouts/swift-crypto/Sources/_CryptoExtras/Util/ThreadSpecific/ThreadSpecific.swift:40:13: error: cannot find 'ThreadOpsSystem' in scope
 38 |
 39 |         deinit {
 40 |             ThreadOpsSystem.deallocateThreadSpecificValue(self.underlyingKey)
    |             `- error: cannot find 'ThreadOpsSystem' in scope
 41 |         }
 42 |
/host/spi-builder-workspace/.build/checkouts/swift-crypto/Sources/_CryptoExtras/Util/ThreadSpecific/ThreadSpecific.swift:44:13: error: cannot find 'ThreadOpsSystem' in scope
 42 |
 43 |         func get() -> UnsafeMutableRawPointer? {
 44 |             ThreadOpsSystem.getThreadSpecificValue(self.underlyingKey)
    |             `- error: cannot find 'ThreadOpsSystem' in scope
 45 |         }
 46 |
/host/spi-builder-workspace/.build/checkouts/swift-crypto/Sources/_CryptoExtras/Util/ThreadSpecific/ThreadSpecific.swift:48:13: error: cannot find 'ThreadOpsSystem' in scope
 46 |
 47 |         func set(value: UnsafeMutableRawPointer?) {
 48 |             ThreadOpsSystem.setThreadSpecificValue(key: self.underlyingKey, value: value)
    |             `- error: cannot find 'ThreadOpsSystem' in scope
 49 |         }
 50 |     }
Failed frontend command:
/usr/bin/swift-frontend -frontend -c /host/spi-builder-workspace/.build/checkouts/swift-crypto/Sources/_CryptoExtras/AES/AES_CBC.swift /host/spi-builder-workspace/.build/checkouts/swift-crypto/Sources/_CryptoExtras/AES/AES_CFB.swift /host/spi-builder-workspace/.build/checkouts/swift-crypto/Sources/_CryptoExtras/AES/AES_CTR.swift /host/spi-builder-workspace/.build/checkouts/swift-crypto/Sources/_CryptoExtras/AES/AES_GCM_SIV.swift /host/spi-builder-workspace/.build/checkouts/swift-crypto/Sources/_CryptoExtras/AES/Block\ Function.swift /host/spi-builder-workspace/.build/checkouts/swift-crypto/Sources/_CryptoExtras/AES/BoringSSL/AES_CFB_boring.swift /host/spi-builder-workspace/.build/checkouts/swift-crypto/Sources/_CryptoExtras/AES/BoringSSL/AES_CTR_boring.swift /host/spi-builder-workspace/.build/checkouts/swift-crypto/Sources/_CryptoExtras/AES/BoringSSL/AES_GCM_SIV_boring.swift /host/spi-builder-workspace/.build/checkouts/swift-crypto/Sources/_CryptoExtras/AES/CMAC.swift /host/spi-builder-workspace/.build/checkouts/swift-crypto/Sources/_CryptoExtras/ARC/ARC+API.swift /host/spi-builder-workspace/.build/checkouts/swift-crypto/Sources/_CryptoExtras/ARC/ARC.swift /host/spi-builder-workspace/.build/checkouts/swift-crypto/Sources/_CryptoExtras/ARC/ARCCredential.swift /host/spi-builder-workspace/.build/checkouts/swift-crypto/Sources/_CryptoExtras/ARC/ARCEncoding.swift /host/spi-builder-workspace/.build/checkouts/swift-crypto/Sources/_CryptoExtras/ARC/ARCPrecredential.swift /host/spi-builder-workspace/.build/checkouts/swift-crypto/Sources/_CryptoExtras/ARC/ARCPresentation.swift /host/spi-builder-workspace/.build/checkouts/swift-crypto/Sources/_CryptoExtras/ARC/ARCRequest.swift /host/spi-builder-workspace/.build/checkouts/swift-crypto/Sources/_CryptoExtras/ARC/ARCResponse.swift /host/spi-builder-workspace/.build/checkouts/swift-crypto/Sources/_CryptoExtras/ARC/ARCServer.swift /host/spi-builder-workspace/.build/checkouts/swift-crypto/Sources/_CryptoExtras/ChaCha20CTR/BoringSSL/ChaCha20CTR_boring.swift /host/spi-builder-workspace/.build/checkouts/swift-crypto/Sources/_CryptoExtras/ChaCha20CTR/ChaCha20CTR.swift /host/spi-builder-workspace/.build/checkouts/swift-crypto/Sources/_CryptoExtras/EC/ObjectIdentifier.swift /host/spi-builder-workspace/.build/checkouts/swift-crypto/Sources/_CryptoExtras/EC/PKCS8DERRepresentation.swift /host/spi-builder-workspace/.build/checkouts/swift-crypto/Sources/_CryptoExtras/EC/PKCS8PrivateKey.swift /host/spi-builder-workspace/.build/checkouts/swift-crypto/Sources/_CryptoExtras/EC/RFC8410AlgorithmIdentifier.swift /host/spi-builder-workspace/.build/checkouts/swift-crypto/Sources/_CryptoExtras/ECToolbox/BoringSSL/ECToolbox_boring.swift /host/spi-builder-workspace/.build/checkouts/swift-crypto/Sources/_CryptoExtras/ECToolbox/ECToolbox.swift /host/spi-builder-workspace/.build/checkouts/swift-crypto/Sources/_CryptoExtras/H2G/HashToField.swift /host/spi-builder-workspace/.build/checkouts/swift-crypto/Sources/_CryptoExtras/Key\ Derivation/KDF.swift /host/spi-builder-workspace/.build/checkouts/swift-crypto/Sources/_CryptoExtras/Key\ Derivation/PBKDF2/BoringSSL/PBKDF2_boring.swift /host/spi-builder-workspace/.build/checkouts/swift-crypto/Sources/_CryptoExtras/Key\ Derivation/PBKDF2/BoringSSL/PBKDF2_commoncrypto.swift /host/spi-builder-workspace/.build/checkouts/swift-crypto/Sources/_CryptoExtras/Key\ Derivation/PBKDF2/PBKDF2.swift /host/spi-builder-workspace/.build/checkouts/swift-crypto/Sources/_CryptoExtras/Key\ Derivation/Scrypt/BoringSSL/Scrypt_boring.swift /host/spi-builder-workspace/.build/checkouts/swift-crypto/Sources/_CryptoExtras/Key\ Derivation/Scrypt/Scrypt.swift /host/spi-builder-workspace/.build/checkouts/swift-crypto/Sources/_CryptoExtras/OPRFs/OPRF.swift /host/spi-builder-workspace/.build/checkouts/swift-crypto/Sources/_CryptoExtras/OPRFs/OPRFClient.swift /host/spi-builder-workspace/.build/checkouts/swift-crypto/Sources/_CryptoExtras/OPRFs/OPRFServer.swift /host/spi-builder-workspace/.build/checkouts/swift-crypto/Sources/_CryptoExtras/OPRFs/VOPRF+API.swift /host/spi-builder-workspace/.build/checkouts/swift-crypto/Sources/_CryptoExtras/OPRFs/VOPRFClient.swift /host/spi-builder-workspace/.build/checkouts/swift-crypto/Sources/_CryptoExtras/OPRFs/VOPRFServer.swift /host/spi-builder-workspace/.build/checkouts/swift-crypto/Sources/_CryptoExtras/RSA/RSA+BlindSigning.swift /host/spi-builder-workspace/.build/checkouts/swift-crypto/Sources/_CryptoExtras/RSA/RSA.swift /host/spi-builder-workspace/.build/checkouts/swift-crypto/Sources/_CryptoExtras/RSA/RSA_boring.swift /host/spi-builder-workspace/.build/checkouts/swift-crypto/Sources/_CryptoExtras/Util/BoringSSLHelpers.swift /host/spi-builder-workspace/.build/checkouts/swift-crypto/Sources/_CryptoExtras/Util/CryptoKitErrors_boring.swift /host/spi-builder-workspace/.build/checkouts/swift-crypto/Sources/_CryptoExtras/Util/Data+Extensions.swift /host/spi-builder-workspace/.build/checkouts/swift-crypto/Sources/_CryptoExtras/Util/DigestType.swift /host/spi-builder-workspace/.build/checkouts/swift-crypto/Sources/_CryptoExtras/Util/Error.swift /host/spi-builder-workspace/.build/checkouts/swift-crypto/Sources/_CryptoExtras/Util/I2OSP.swift /host/spi-builder-workspace/.build/checkouts/swift-crypto/Sources/_CryptoExtras/Util/IntegerEncoding.swift /host/spi-builder-workspace/.build/checkouts/swift-crypto/Sources/_CryptoExtras/Util/PEMDocument.swift /host/spi-builder-workspace/.build/checkouts/swift-crypto/Sources/_CryptoExtras/Util/PrettyBytes.swift /host/spi-builder-workspace/.build/checkouts/swift-crypto/Sources/_CryptoExtras/Util/SubjectPublicKeyInfo.swift /host/spi-builder-workspace/.build/checkouts/swift-crypto/Sources/_CryptoExtras/Util/ThreadSpecific/ThreadOps.swift -primary-file /host/spi-builder-workspace/.build/checkouts/swift-crypto/Sources/_CryptoExtras/Util/ThreadSpecific/ThreadPosix.swift -primary-file /host/spi-builder-workspace/.build/checkouts/swift-crypto/Sources/_CryptoExtras/Util/ThreadSpecific/ThreadSpecific.swift -primary-file /host/spi-builder-workspace/.build/checkouts/swift-crypto/Sources/_CryptoExtras/Util/ThreadSpecific/ThreadWindows.swift -primary-file /host/spi-builder-workspace/.build/checkouts/swift-crypto/Sources/_CryptoExtras/ZKPs/DLEQ.swift -primary-file /host/spi-builder-workspace/.build/checkouts/swift-crypto/Sources/_CryptoExtras/ZKPs/Prover.swift -primary-file /host/spi-builder-workspace/.build/checkouts/swift-crypto/Sources/_CryptoExtras/ZKPs/Verifier.swift -primary-file /host/spi-builder-workspace/.build/checkouts/swift-crypto/Sources/_CryptoExtras/ZKPs/ZKPToolbox.swift -supplementary-output-file-map /host/spi-builder-workspace/.build/out/Intermediates.noindex/swift-crypto.build/Debug-webassembly-wasm32/_CryptoExtras-t.build/Objects-normal/wasm32/supplementaryOutputs-26 -target wasm32-unknown-wasip1 -disable-objc-interop -sdk /root/.swiftpm/swift-sdks/swift-6.4.x-DEVELOPMENT-SNAPSHOT-2026-09-04-a_wasm.artifactbundle/swift-6.4.x-DEVELOPMENT-SNAPSHOT-2026-09-04-a_wasm/wasm32-unknown-wasip1/WASI.sdk -sysroot /root/.swiftpm/swift-sdks/swift-6.4.x-DEVELOPMENT-SNAPSHOT-2026-09-04-a_wasm.artifactbundle/swift-6.4.x-DEVELOPMENT-SNAPSHOT-2026-09-04-a_wasm/wasm32-unknown-wasip1/WASI.sdk -I /host/spi-builder-workspace/.build/out/Products/Debug-webassembly-wasm32 -module-cache-path /host/spi-builder-workspace/.build/out/ModuleCache.noindex -color-diagnostics -Xcc -fcolor-diagnostics -enable-testing -g -debug-info-format\=dwarf -dwarf-version\=4 -suppress-warnings -swift-version 5 -Onone -D SWIFT_PACKAGE -D DEBUG -D SWIFT_MODULE_RESOURCE_BUNDLE_UNAVAILABLE -D CRYPTO_IN_SWIFTPM -D CRYPTO_IN_SWIFTPM_FORCE_BUILD_API -D Xcode -serialize-debugging-options -enable-upcoming-feature MemberImportVisibility -enable-experimental-feature DebugDescriptionMacro -empty-abi-descriptor -external-plugin-path /usr/lib/swift/host/plugins/testing\#/usr/bin/swift-plugin-server -validate-clang-modules-once -clang-build-session-file /host/spi-builder-workspace/.build/out/ModuleCache.noindex/Session.modulevalidation -Xcc -working-directory -Xcc /host -resource-dir /root/.swiftpm/swift-sdks/swift-6.4.x-DEVELOPMENT-SNAPSHOT-2026-09-04-a_wasm.artifactbundle/swift-6.4.x-DEVELOPMENT-SNAPSHOT-2026-09-04-a_wasm/wasm32-unknown-wasip1/swift.xctoolchain/usr/lib/swift_static -use-static-resource-dir -enable-anonymous-context-mangled-names -file-compilation-dir /host -Xcc -resource-dir -Xcc /root/.swiftpm/swift-sdks/swift-6.4.x-DEVELOPMENT-SNAPSHOT-2026-09-04-a_wasm.artifactbundle/swift-6.4.x-DEVELOPMENT-SNAPSHOT-2026-09-04-a_wasm/wasm32-unknown-wasip1/swift.xctoolchain/usr/lib/swift_static/clang -Xcc -fmodule-map-file\=/host/spi-builder-workspace/.build/checkouts/swift-crypto/Sources/CCryptoBoringSSLShims/include/module.modulemap -Xcc -fmodule-map-file\=/host/spi-builder-workspace/.build/checkouts/swift-crypto/Sources/CCryptoBoringSSL/include/module.modulemap -Xcc -D_LIBCPP_HARDENING_MODE\=_LIBCPP_HARDENING_MODE_DEBUG -Xcc -fmodules-prune-interval\=86400 -Xcc -fmodules-prune-after\=345600 -Xcc -I/host/spi-builder-workspace/.build/checkouts/swift-crypto/Sources/CCryptoBoringSSLShims/include -Xcc -I/host/spi-builder-workspace/.build/checkouts/swift-crypto/Sources/CCryptoBoringSSL/include -Xcc -I/host/spi-builder-workspace/.build/out/Products/Debug-webassembly-wasm32/include -Xcc -I/host/spi-builder-workspace/.build/out/Intermediates.noindex/swift-crypto.build/Debug-webassembly-wasm32/_CryptoExtras-t.build/DerivedSources-normal/wasm32 -Xcc -I/host/spi-builder-workspace/.build/out/Intermediates.noindex/swift-crypto.build/Debug-webassembly-wasm32/_CryptoExtras-t.build/DerivedSources/wasm32 -Xcc -I/host/spi-builder-workspace/.build/out/Intermediates.noindex/swift-crypto.build/Debug-webassembly-wasm32/_CryptoExtras-t.build/DerivedSources -Xcc -DSWIFT_PACKAGE -Xcc -DDEBUG\=1 -no-auto-bridging-header-chaining -module-name _CryptoExtras -package-name swift_crypto -const-gather-protocols-file /host/spi-builder-workspace/.build/out/Intermediates.noindex/swift-crypto.build/Debug-webassembly-wasm32/_CryptoExtras-t.build/Objects-normal/wasm32/_CryptoExtras_const_extract_protocols.json -in-process-plugin-server-path /usr/lib/swift/host/libSwiftInProcPluginServer.so -plugin-path /usr/lib/swift/host/plugins -plugin-path /usr/local/lib/swift/host/plugins -parse-as-library -o /host/spi-builder-workspace/.build/out/Intermediates.noindex/swift-crypto.build/Debug-webassembly-wasm32/_CryptoExtras-t.build/Objects-normal/wasm32/ThreadPosix.o -o /host/spi-builder-workspace/.build/out/Intermediates.noindex/swift-crypto.build/Debug-webassembly-wasm32/_CryptoExtras-t.build/Objects-normal/wasm32/ThreadSpecific.o -o /host/spi-builder-workspace/.build/out/Intermediates.noindex/swift-crypto.build/Debug-webassembly-wasm32/_CryptoExtras-t.build/Objects-normal/wasm32/ThreadWindows.o -o /host/spi-builder-workspace/.build/out/Intermediates.noindex/swift-crypto.build/Debug-webassembly-wasm32/_CryptoExtras-t.build/Objects-normal/wasm32/DLEQ.o -o /host/spi-builder-workspace/.build/out/Intermediates.noindex/swift-crypto.build/Debug-webassembly-wasm32/_CryptoExtras-t.build/Objects-normal/wasm32/Prover.o -o /host/spi-builder-workspace/.build/out/Intermediates.noindex/swift-crypto.build/Debug-webassembly-wasm32/_CryptoExtras-t.build/Objects-normal/wasm32/Verifier.o -o /host/spi-builder-workspace/.build/out/Intermediates.noindex/swift-crypto.build/Debug-webassembly-wasm32/_CryptoExtras-t.build/Objects-normal/wasm32/ZKPToolbox.o -index-unit-output-path /swift-crypto.build/Debug-webassembly-wasm32/_CryptoExtras-t.build/Objects-normal/wasm32/ThreadPosix.o -index-unit-output-path /swift-crypto.build/Debug-webassembly-wasm32/_CryptoExtras-t.build/Objects-normal/wasm32/ThreadSpecific.o -index-unit-output-path /swift-crypto.build/Debug-webassembly-wasm32/_CryptoExtras-t.build/Objects-normal/wasm32/ThreadWindows.o -index-unit-output-path /swift-crypto.build/Debug-webassembly-wasm32/_CryptoExtras-t.build/Objects-normal/wasm32/DLEQ.o -index-unit-output-path /swift-crypto.build/Debug-webassembly-wasm32/_CryptoExtras-t.build/Objects-normal/wasm32/Prover.o -index-unit-output-path /swift-crypto.build/Debug-webassembly-wasm32/_CryptoExtras-t.build/Objects-normal/wasm32/Verifier.o -index-unit-output-path /swift-crypto.build/Debug-webassembly-wasm32/_CryptoExtras-t.build/Objects-normal/wasm32/ZKPToolbox.o -index-store-path /host/spi-builder-workspace/.build/out -index-system-modules
error: Build failed
BUILD FAILURE 6.4 wasm