Build Information
Failed to build eudi-lib-sdjwt-swift, reference v0.15.1 (3019ea), with Swift 6.1 for Linux on 9 Oct 2026 22:54:54 UTC.
Build Command
bash -c docker run --pull=always --rm -v "checkouts-54344847-0":/host -w "$PWD" -e JAVA_HOME="/root/.sdkman/candidates/java/current" -e SPI_BUILD="1" -e SPI_PROCESSING="1" registry.gitlab.com/saguaro1/spi-images:basic-6.1-latest swift build --triple x86_64-unknown-linux-gnu 2>&1Build Log
========================================
RunAll
========================================
Builder version: 5.1.1
Interrupt handler set up.
========================================
Checkout
========================================
Clone URL: https://github.com/eu-digital-identity-wallet/eudi-lib-sdjwt-swift.git
Reference: v0.15.1
Initialized empty Git repository in /host/spi-builder-workspace/.git/
hint: Using 'master' as the name for the initial branch. This default branch name
hint: is subject to change. To configure the initial branch name to use in all
hint: of your new repositories, which will suppress this warning, call:
hint:
hint: git config --global init.defaultBranch <name>
hint:
hint: Names commonly chosen instead of 'master' are 'main', 'trunk' and
hint: 'development'. The just-created branch can be renamed via this command:
hint:
hint: git branch -m <name>
From https://github.com/eu-digital-identity-wallet/eudi-lib-sdjwt-swift
* tag v0.15.1 -> FETCH_HEAD
HEAD is now at 3019ea2 Merge pull request #189 from eu-digital-identity-wallet/release/0.15.1
Cloned https://github.com/eu-digital-identity-wallet/eudi-lib-sdjwt-swift.git
Revision (git rev-parse @):
3019ea2945efefcde342f462efdd35001df6613e
SUCCESS checkout https://github.com/eu-digital-identity-wallet/eudi-lib-sdjwt-swift.git at v0.15.1
========================================
Build
========================================
Selected platform: linux
Swift version: 6.1
Building package at path: $PWD
https://github.com/eu-digital-identity-wallet/eudi-lib-sdjwt-swift.git
https://github.com/eu-digital-identity-wallet/eudi-lib-sdjwt-swift.git
WARNING: environment variable SUPPRESS_SWIFT_6_FLAGS is not set
Running build ...
bash -c docker run --pull=always --rm -v "checkouts-54344847-0":/host -w "$PWD" -e JAVA_HOME="/root/.sdkman/candidates/java/current" -e SPI_BUILD="1" -e SPI_PROCESSING="1" registry.gitlab.com/saguaro1/spi-images:basic-6.1-latest swift build --triple x86_64-unknown-linux-gnu -Xswiftc -Xfrontend -Xswiftc -stats-output-dir -Xswiftc -Xfrontend -Xswiftc .stats -Xswiftc -strict-concurrency=complete -Xswiftc -enable-upcoming-feature -Xswiftc StrictConcurrency -Xswiftc -enable-upcoming-feature -Xswiftc DisableOutwardActorInference -Xswiftc -enable-upcoming-feature -Xswiftc GlobalActorIsolatedTypesUsability -Xswiftc -enable-upcoming-feature -Xswiftc InferSendableFromCaptures 2>&1
basic-6.1-latest: Pulling from saguaro1/spi-images
Digest: sha256:13a529f31207afe6597b18f20995fc2db944100da935819188c653038756cb1b
Status: Image is up to date for registry.gitlab.com/saguaro1/spi-images:basic-6.1-latest
Fetching https://github.com/apple/swift-certificates.git
Fetching https://github.com/beatt83/jose-swift.git
Fetching https://github.com/SwiftyJSON/SwiftyJSON.git
[1/2241] Fetching jose-swift
[1256/9850] Fetching jose-swift, swift-certificates
[2319/16153] Fetching jose-swift, swift-certificates, swiftyjson
Fetched https://github.com/beatt83/jose-swift.git from cache (0.54s)
[2277/13912] Fetching swift-certificates, swiftyjson
Fetching https://github.com/krzyzanowskim/CryptoSwift.git
Fetched https://github.com/apple/swift-certificates.git from cache (0.67s)
Fetched https://github.com/SwiftyJSON/SwiftyJSON.git from cache (0.68s)
[1/13439] Fetching cryptoswift
Fetched https://github.com/krzyzanowskim/CryptoSwift.git from cache (1.07s)
Computing version for https://github.com/beatt83/jose-swift.git
Computed https://github.com/beatt83/jose-swift.git at 6.0.5 (1.99s)
Fetching https://github.com/apple/swift-asn1.git
Fetching https://github.com/GigaBitcoin/secp256k1.swift.git
Fetching https://github.com/DLTAStudio/zlib.git
[1/2009] Fetching swift-asn1
[42/2074] Fetching swift-asn1, zlib
Fetched https://github.com/DLTAStudio/zlib.git from cache (0.41s)
Fetched https://github.com/apple/swift-asn1.git from cache (0.42s)
[1/11381] Fetching secp256k1.swift
Fetching https://github.com/apple/swift-crypto.git
Fetched https://github.com/GigaBitcoin/secp256k1.swift.git from cache (1.78s)
[1/18620] Fetching swift-crypto
Fetched https://github.com/apple/swift-crypto.git from cache (1.22s)
Computing version for https://github.com/krzyzanowskim/CryptoSwift.git
Computed https://github.com/krzyzanowskim/CryptoSwift.git at 1.10.0 (3.92s)
Computing version for https://github.com/DLTAStudio/zlib.git
Computed https://github.com/DLTAStudio/zlib.git at 1.0.2 (0.24s)
Computing version for https://github.com/SwiftyJSON/SwiftyJSON.git
Computed https://github.com/SwiftyJSON/SwiftyJSON.git at 5.0.2 (0.24s)
Computing version for https://github.com/apple/swift-asn1.git
Computed https://github.com/apple/swift-asn1.git at 1.7.3 (0.92s)
Computing version for https://github.com/GigaBitcoin/secp256k1.swift.git
Computed https://github.com/GigaBitcoin/secp256k1.swift.git at 0.23.2 (0.29s)
Computing version for https://github.com/apple/swift-certificates.git
Computed https://github.com/apple/swift-certificates.git at 1.21.0 (0.28s)
Computing version for https://github.com/apple/swift-crypto.git
Computed https://github.com/apple/swift-crypto.git at 4.5.2 (0.78s)
Creating working copy for https://github.com/DLTAStudio/zlib.git
Working copy of https://github.com/DLTAStudio/zlib.git resolved at 1.0.2
Creating working copy for https://github.com/apple/swift-crypto.git
Working copy of https://github.com/apple/swift-crypto.git resolved at 4.5.2
Creating working copy for https://github.com/SwiftyJSON/SwiftyJSON.git
Working copy of https://github.com/SwiftyJSON/SwiftyJSON.git resolved at 5.0.2
Creating working copy for https://github.com/beatt83/jose-swift.git
Working copy of https://github.com/beatt83/jose-swift.git resolved at 6.0.5
Creating working copy for https://github.com/GigaBitcoin/secp256k1.swift.git
Working copy of https://github.com/GigaBitcoin/secp256k1.swift.git resolved at 0.23.2
Creating working copy for https://github.com/apple/swift-certificates.git
Working copy of https://github.com/apple/swift-certificates.git resolved at 1.21.0
Creating working copy for https://github.com/krzyzanowskim/CryptoSwift.git
Working copy of https://github.com/krzyzanowskim/CryptoSwift.git resolved at 1.10.0
Creating working copy for https://github.com/apple/swift-asn1.git
Working copy of https://github.com/apple/swift-asn1.git resolved at 1.7.3
[1/1] Compiling plugin SharedSourcesPlugin
Building for debugging...
[1/398] Write sources
[1/398] Copying PrivacyInfo.xcprivacy
[1/398] Write sources
[20/398] Compiling CXKCPShims shims.c
[21/398] Compiling SimpleFIPS202.c
[22/398] Compiling KeccakSponge.c
[23/398] Compiling ZlibShims ZlibShim.c
[24/398] Compiling precomputed_ecmult_gen.c
[25/398] Compiling Utility.c
[26/398] Compiling KeccakHash.c
[27/398] Compiling fiat_p256_adx_sqr.S
[28/398] Compiling fiat_p256_adx_mul.S
[29/398] Compiling fiat_curve25519_adx_square.S
[30/398] Compiling fiat_curve25519_adx_mul.S
[31/398] Compiling md5-x86_64-linux.S
[32/398] Compiling md5-x86_64-apple.S
[33/398] Compiling md5-586-linux.S
[34/398] Write swift-version-24593BA9C3E375BF.txt
[35/398] Compiling md5-586-apple.S
[36/398] Compiling chacha20_poly1305_x86_64-apple.S
[37/398] Compiling chacha20_poly1305_x86_64-linux.S
[38/398] Compiling CCryptoBoringSSLShims shims.c
[39/400] Compiling KeccakP-1600-opt64.c
[40/400] Compiling secp256k1.c
[41/408] Compiling err_data.cc
[42/411] Compiling chacha20_poly1305_armv8-win.S
[43/429] Compiling chacha20_poly1305_armv8-linux.S
[44/502] Compiling chacha20_poly1305_armv8-apple.S
[45/528] Compiling chacha-x86_64-linux.S
[47/528] Emitting module _CertificateInternals
<unknown>:0: warning: upcoming feature 'InferSendableFromCaptures' is already enabled as of Swift version 6
<unknown>:0: warning: upcoming feature 'GlobalActorIsolatedTypesUsability' is already enabled as of Swift version 6
<unknown>:0: warning: upcoming feature 'DisableOutwardActorInference' is already enabled as of Swift version 6
[47/528] Compiling chacha-x86_64-apple.S
[48/528] Compiling chacha-x86-linux.S
[49/528] Compiling chacha-x86-apple.S
[50/528] Compiling chacha-armv8-win.S
[51/528] Compiling chacha-armv8-linux.S
[52/528] Compiling chacha-armv8-apple.S
[53/528] Compiling chacha-armv4-linux.S
[54/528] Compiling aes128gcmsiv-x86_64-linux.S
[55/528] Compiling aes128gcmsiv-x86_64-apple.S
[56/528] Compiling x86_64-mont5-linux.S
[57/528] Compiling x86_64-mont5-apple.S
[58/528] Compiling x86_64-mont-linux.S
[59/528] Compiling x86_64-mont-apple.S
[60/528] Compiling x86-mont-linux.S
[61/528] Compiling x86-mont-apple.S
[62/528] Compiling vpaes-x86_64-linux.S
[63/528] Compiling vpaes-x86_64-apple.S
[64/528] Compiling vpaes-x86-linux.S
[65/528] Compiling vpaes-x86-apple.S
[66/528] Compiling vpaes-armv8-win.S
[67/528] Compiling vpaes-armv8-linux.S
[68/528] Compiling vpaes-armv8-apple.S
[69/528] Compiling vpaes-armv7-linux.S
[70/528] Compiling sha512-x86_64-linux.S
[71/528] Compiling sha512-x86_64-apple.S
[72/528] Compiling sha512-armv8-win.S
[73/528] Compiling sha512-armv8-linux.S
[74/528] Compiling sha512-armv8-apple.S
[75/528] Compiling sha512-armv4-linux.S
[76/528] Compiling sha512-586-linux.S
[77/528] Compiling sha512-586-apple.S
[78/528] Compiling precomputed_ecmult.c
[79/528] Compiling sha256-x86_64-linux.S
[80/528] Compiling sha256-x86_64-apple.S
[81/528] Compiling sha256-armv8-win.S
[82/528] Compiling sha256-armv8-linux.S
[83/569] Compiling sha256-armv8-apple.S
[84/585] Compiling sha256-armv4-linux.S
[85/585] Compiling sha256-586-linux.S
[86/585] Compiling sha256-586-apple.S
[87/585] Compiling sha1-x86_64-linux.S
[88/585] Compiling sha1-x86_64-apple.S
[89/585] Compiling sha1-armv8-win.S
[90/585] Compiling sha1-armv8-linux.S
[91/585] Compiling sha1-armv8-apple.S
[93/585] Compiling P256K Combine.swift
<unknown>:0: warning: upcoming feature 'InferSendableFromCaptures' is already enabled as of Swift version 6
<unknown>:0: warning: upcoming feature 'GlobalActorIsolatedTypesUsability' is already enabled as of Swift version 6
<unknown>:0: warning: upcoming feature 'DisableOutwardActorInference' is already enabled as of Swift version 6
[94/585] Compiling P256K Context.swift
<unknown>:0: warning: upcoming feature 'InferSendableFromCaptures' is already enabled as of Swift version 6
<unknown>:0: warning: upcoming feature 'GlobalActorIsolatedTypesUsability' is already enabled as of Swift version 6
<unknown>:0: warning: upcoming feature 'DisableOutwardActorInference' is already enabled as of Swift version 6
[95/587] Compiling P256K ASN1OctetString.swift
<unknown>:0: warning: upcoming feature 'InferSendableFromCaptures' is already enabled as of Swift version 6
<unknown>:0: warning: upcoming feature 'GlobalActorIsolatedTypesUsability' is already enabled as of Swift version 6
<unknown>:0: warning: upcoming feature 'DisableOutwardActorInference' is already enabled as of Swift version 6
[96/587] Compiling P256K ASN1Strings.swift
<unknown>:0: warning: upcoming feature 'InferSendableFromCaptures' is already enabled as of Swift version 6
<unknown>:0: warning: upcoming feature 'GlobalActorIsolatedTypesUsability' is already enabled as of Swift version 6
<unknown>:0: warning: upcoming feature 'DisableOutwardActorInference' is already enabled as of Swift version 6
[97/587] Compiling P256K ArraySliceBigint.swift
<unknown>:0: warning: upcoming feature 'InferSendableFromCaptures' is already enabled as of Swift version 6
<unknown>:0: warning: upcoming feature 'GlobalActorIsolatedTypesUsability' is already enabled as of Swift version 6
<unknown>:0: warning: upcoming feature 'DisableOutwardActorInference' is already enabled as of Swift version 6
[98/587] Compiling P256K CryptoKitErrors.swift
<unknown>:0: warning: upcoming feature 'InferSendableFromCaptures' is already enabled as of Swift version 6
<unknown>:0: warning: upcoming feature 'GlobalActorIsolatedTypesUsability' is already enabled as of Swift version 6
<unknown>:0: warning: upcoming feature 'DisableOutwardActorInference' is already enabled as of Swift version 6
[99/587] Compiling P256K DH.swift
<unknown>:0: warning: upcoming feature 'InferSendableFromCaptures' is already enabled as of Swift version 6
<unknown>:0: warning: upcoming feature 'GlobalActorIsolatedTypesUsability' is already enabled as of Swift version 6
<unknown>:0: warning: upcoming feature 'DisableOutwardActorInference' is already enabled as of Swift version 6
[100/587] Compiling _CertificateInternals _TinyArray.swift
<unknown>:0: warning: upcoming feature 'InferSendableFromCaptures' is already enabled as of Swift version 6
<unknown>:0: warning: upcoming feature 'GlobalActorIsolatedTypesUsability' is already enabled as of Swift version 6
<unknown>:0: warning: upcoming feature 'DisableOutwardActorInference' is already enabled as of Swift version 6
[100/587] Compiling sha1-armv4-large-linux.S
[102/588] Compiling P256K Digest.swift
<unknown>:0: warning: upcoming feature 'InferSendableFromCaptures' is already enabled as of Swift version 6
<unknown>:0: warning: upcoming feature 'GlobalActorIsolatedTypesUsability' is already enabled as of Swift version 6
<unknown>:0: warning: upcoming feature 'DisableOutwardActorInference' is already enabled as of Swift version 6
[103/588] Compiling P256K Placeholder.swift
<unknown>:0: warning: upcoming feature 'InferSendableFromCaptures' is already enabled as of Swift version 6
<unknown>:0: warning: upcoming feature 'GlobalActorIsolatedTypesUsability' is already enabled as of Swift version 6
<unknown>:0: warning: upcoming feature 'DisableOutwardActorInference' is already enabled as of Swift version 6
[104/588] Compiling P256K ASN1Boolean.swift
<unknown>:0: warning: upcoming feature 'InferSendableFromCaptures' is already enabled as of Swift version 6
<unknown>:0: warning: upcoming feature 'GlobalActorIsolatedTypesUsability' is already enabled as of Swift version 6
<unknown>:0: warning: upcoming feature 'DisableOutwardActorInference' is already enabled as of Swift version 6
[105/588] Compiling P256K ASN1Identifier.swift
<unknown>:0: warning: upcoming feature 'InferSendableFromCaptures' is already enabled as of Swift version 6
<unknown>:0: warning: upcoming feature 'GlobalActorIsolatedTypesUsability' is already enabled as of Swift version 6
<unknown>:0: warning: upcoming feature 'DisableOutwardActorInference' is already enabled as of Swift version 6
[105/588] Compiling sha1-586-linux.S
[106/588] Compiling P256K ASN1.swift
<unknown>:0: warning: upcoming feature 'InferSendableFromCaptures' is already enabled as of Swift version 6
<unknown>:0: warning: upcoming feature 'GlobalActorIsolatedTypesUsability' is already enabled as of Swift version 6
<unknown>:0: warning: upcoming feature 'DisableOutwardActorInference' is already enabled as of Swift version 6
[107/588] Compiling P256K ASN1Any.swift
<unknown>:0: warning: upcoming feature 'InferSendableFromCaptures' is already enabled as of Swift version 6
<unknown>:0: warning: upcoming feature 'GlobalActorIsolatedTypesUsability' is already enabled as of Swift version 6
<unknown>:0: warning: upcoming feature 'DisableOutwardActorInference' is already enabled as of Swift version 6
[108/588] Compiling P256K ASN1BitString.swift
<unknown>:0: warning: upcoming feature 'InferSendableFromCaptures' is already enabled as of Swift version 6
<unknown>:0: warning: upcoming feature 'GlobalActorIsolatedTypesUsability' is already enabled as of Swift version 6
<unknown>:0: warning: upcoming feature 'DisableOutwardActorInference' is already enabled as of Swift version 6
[109/588] Compiling sha1-586-apple.S
[111/588] Compiling rsaz-avx2-linux.S
[112/588] Compiling rsaz-avx2-apple.S
[114/588] Emitting module P256K
<unknown>:0: warning: upcoming feature 'InferSendableFromCaptures' is already enabled as of Swift version 6
<unknown>:0: warning: upcoming feature 'GlobalActorIsolatedTypesUsability' is already enabled as of Swift version 6
<unknown>:0: warning: upcoming feature 'DisableOutwardActorInference' is already enabled as of Swift version 6
[114/596] Compiling rdrand-x86_64-linux.S
[115/596] Compiling rdrand-x86_64-apple.S
[116/596] Compiling p256_beeu-x86_64-asm-linux.S
[117/596] Compiling p256_beeu-x86_64-asm-apple.S
[118/596] Compiling p256_beeu-armv8-asm-win.S
[119/596] Compiling p256_beeu-armv8-asm-linux.S
[120/596] Compiling p256_beeu-armv8-asm-apple.S
[121/596] Compiling p256-x86_64-asm-linux.S
[122/596] Compiling p256-x86_64-asm-apple.S
[123/596] Compiling p256-armv8-asm-win.S
[124/596] Compiling p256-armv8-asm-linux.S
[125/596] Compiling ghashv8-armv8-win.S
[126/596] Compiling p256-armv8-asm-apple.S
[127/596] Compiling ghashv8-armv8-linux.S
[128/596] Compiling ghashv8-armv7-linux.S
[129/596] Compiling ghash-x86_64-linux.S
[130/596] Compiling ghashv8-armv8-apple.S
[131/596] Compiling ghash-x86_64-apple.S
[132/596] Compiling ghash-x86-apple.S
[133/596] Compiling ghash-ssse3-x86_64-linux.S
[134/596] Compiling ghash-ssse3-x86_64-apple.S
[135/596] Compiling ghash-x86-linux.S
[136/596] Compiling ghash-ssse3-x86-linux.S
[137/596] Compiling ghash-ssse3-x86-apple.S
[139/596] Compiling SwiftASN1 DER.swift
<unknown>:0: warning: upcoming feature 'InferSendableFromCaptures' is already enabled as of Swift version 6
<unknown>:0: warning: upcoming feature 'GlobalActorIsolatedTypesUsability' is already enabled as of Swift version 6
<unknown>:0: warning: upcoming feature 'DisableOutwardActorInference' is already enabled as of Swift version 6
[140/596] Compiling SwiftASN1 Errors.swift
<unknown>:0: warning: upcoming feature 'InferSendableFromCaptures' is already enabled as of Swift version 6
<unknown>:0: warning: upcoming feature 'GlobalActorIsolatedTypesUsability' is already enabled as of Swift version 6
<unknown>:0: warning: upcoming feature 'DisableOutwardActorInference' is already enabled as of Swift version 6
[140/596] Compiling ghash-neon-armv8-win.S
[141/596] Compiling ghash-neon-armv8-linux.S
[142/596] Compiling ghash-neon-armv8-apple.S
[143/596] Compiling ghash-armv4-linux.S
[144/596] Compiling co-586-linux.S
[145/596] Compiling co-586-apple.S
[146/596] Compiling bsaes-armv7-linux.S
[147/596] Compiling bn-armv8-win.S
[149/596] Compiling ZlibSwift Zlib.swift
[150/596] Emitting module ZlibSwift
[151/596] Emitting module SwiftASN1
<unknown>:0: warning: upcoming feature 'InferSendableFromCaptures' is already enabled as of Swift version 6
<unknown>:0: warning: upcoming feature 'GlobalActorIsolatedTypesUsability' is already enabled as of Swift version 6
<unknown>:0: warning: upcoming feature 'DisableOutwardActorInference' is already enabled as of Swift version 6
[151/597] Compiling bn-armv8-linux.S
[153/597] Compiling P256K ASN1Integer.swift
<unknown>:0: warning: upcoming feature 'InferSendableFromCaptures' is already enabled as of Swift version 6
<unknown>:0: warning: upcoming feature 'GlobalActorIsolatedTypesUsability' is already enabled as of Swift version 6
<unknown>:0: warning: upcoming feature 'DisableOutwardActorInference' is already enabled as of Swift version 6
[154/597] Compiling P256K ASN1Null.swift
<unknown>:0: warning: upcoming feature 'InferSendableFromCaptures' is already enabled as of Swift version 6
<unknown>:0: warning: upcoming feature 'GlobalActorIsolatedTypesUsability' is already enabled as of Swift version 6
<unknown>:0: warning: upcoming feature 'DisableOutwardActorInference' is already enabled as of Swift version 6
[154/598] Compiling bn-armv8-apple.S
[156/598] Compiling CryptoSwift Collection+Extension.swift
[157/598] Compiling CryptoSwift CompactMap.swift
[158/598] Compiling CryptoSwift Cryptor.swift
[159/598] Compiling CryptoSwift Cryptors.swift
[160/598] Compiling CryptoSwift Digest.swift
[161/598] Compiling CryptoSwift DigestType.swift
[162/598] Compiling CryptoSwift AES+Foundation.swift
[163/598] Compiling CryptoSwift Array+Foundation.swift
[164/598] Compiling CryptoSwift Blowfish+Foundation.swift
[165/598] Compiling CryptoSwift ChaCha20+Foundation.swift
[166/598] Compiling CryptoSwift Data+Extension.swift
[167/598] Compiling CryptoSwift HMAC+Foundation.swift
[168/598] Compiling CryptoSwift Rabbit+Foundation.swift
[169/598] Compiling CryptoSwift String+FoundationExtension.swift
[169/598] Compiling bn-586-linux.S
[171/598] Compiling P256K UInt256+Arithmetic.swift
<unknown>:0: warning: upcoming feature 'InferSendableFromCaptures' is already enabled as of Swift version 6
<unknown>:0: warning: upcoming feature 'GlobalActorIsolatedTypesUsability' is already enabled as of Swift version 6
<unknown>:0: warning: upcoming feature 'DisableOutwardActorInference' is already enabled as of Swift version 6
[172/598] Compiling P256K UInt256+FixedWidthInteger.swift
<unknown>:0: warning: upcoming feature 'InferSendableFromCaptures' is already enabled as of Swift version 6
<unknown>:0: warning: upcoming feature 'GlobalActorIsolatedTypesUsability' is already enabled as of Swift version 6
<unknown>:0: warning: upcoming feature 'DisableOutwardActorInference' is already enabled as of Swift version 6
[173/598] Compiling P256K UInt256+Modular.swift
<unknown>:0: warning: upcoming feature 'InferSendableFromCaptures' is already enabled as of Swift version 6
<unknown>:0: warning: upcoming feature 'GlobalActorIsolatedTypesUsability' is already enabled as of Swift version 6
<unknown>:0: warning: upcoming feature 'DisableOutwardActorInference' is already enabled as of Swift version 6
[174/598] Compiling P256K UInt256+Representation.swift
<unknown>:0: warning: upcoming feature 'InferSendableFromCaptures' is already enabled as of Swift version 6
<unknown>:0: warning: upcoming feature 'GlobalActorIsolatedTypesUsability' is already enabled as of Swift version 6
<unknown>:0: warning: upcoming feature 'DisableOutwardActorInference' is already enabled as of Swift version 6
[175/598] Compiling P256K UInt256.swift
<unknown>:0: warning: upcoming feature 'InferSendableFromCaptures' is already enabled as of Swift version 6
<unknown>:0: warning: upcoming feature 'GlobalActorIsolatedTypesUsability' is already enabled as of Swift version 6
<unknown>:0: warning: upcoming feature 'DisableOutwardActorInference' is already enabled as of Swift version 6
[176/598] Compiling P256K Utility.swift
<unknown>:0: warning: upcoming feature 'InferSendableFromCaptures' is already enabled as of Swift version 6
<unknown>:0: warning: upcoming feature 'GlobalActorIsolatedTypesUsability' is already enabled as of Swift version 6
<unknown>:0: warning: upcoming feature 'DisableOutwardActorInference' is already enabled as of Swift version 6
[177/598] Compiling P256K XonlyKeyImplementation.swift
<unknown>:0: warning: upcoming feature 'InferSendableFromCaptures' is already enabled as of Swift version 6
<unknown>:0: warning: upcoming feature 'GlobalActorIsolatedTypesUsability' is already enabled as of Swift version 6
<unknown>:0: warning: upcoming feature 'DisableOutwardActorInference' is already enabled as of Swift version 6
[178/598] Compiling P256K Zeroization.swift
<unknown>:0: warning: upcoming feature 'InferSendableFromCaptures' is already enabled as of Swift version 6
<unknown>:0: warning: upcoming feature 'GlobalActorIsolatedTypesUsability' is already enabled as of Swift version 6
<unknown>:0: warning: upcoming feature 'DisableOutwardActorInference' is already enabled as of Swift version 6
[179/606] Compiling SwiftyJSON resource_bundle_accessor.swift
[181/612] Compiling bn-586-apple.S
[183/612] Compiling Tools HelperExtensions.swift
<unknown>:0: warning: upcoming feature 'InferSendableFromCaptures' is already enabled as of Swift version 6
<unknown>:0: warning: upcoming feature 'GlobalActorIsolatedTypesUsability' is already enabled as of Swift version 6
<unknown>:0: warning: upcoming feature 'DisableOutwardActorInference' is already enabled as of Swift version 6
[183/612] Compiling armv8-mont-win.S
[184/612] Compiling armv8-mont-apple.S
[186/612] Compiling SwiftyJSON SwiftyJSON.swift
/host/spi-builder-workspace/.build/checkouts/SwiftyJSON/Source/SwiftyJSON/SwiftyJSON.swift:1215:51: error: ambiguous use of operator '<'
1213 |
1214 | switch (lhs.type, rhs.type) {
1215 | case (.number, .number): return lhs.rawNumber < rhs.rawNumber
| `- error: ambiguous use of operator '<'
1216 | case (.string, .string): return lhs.rawString < rhs.rawString
1217 | default: return false
:
1249 | }
1250 |
1251 | func < (lhs: NSNumber, rhs: NSNumber) -> Bool {
| `- note: found this candidate
1252 |
1253 | switch (lhs.isBool, rhs.isBool) {
Foundation.NSNumber.<:2:20: note: found this candidate in module 'Foundation'
1 | class NSNumber {
2 | public static func < (lhs: NSNumber, rhs: NSNumber) -> Bool}
| `- note: found this candidate in module 'Foundation'
3 |
[187/612] Compiling Tools JWTCodable.swift
<unknown>:0: warning: upcoming feature 'InferSendableFromCaptures' is already enabled as of Swift version 6
<unknown>:0: warning: upcoming feature 'GlobalActorIsolatedTypesUsability' is already enabled as of Swift version 6
<unknown>:0: warning: upcoming feature 'DisableOutwardActorInference' is already enabled as of Swift version 6
[188/612] Emitting module SwiftyJSON
[189/612] Compiling Tools JSONEncoder+JoseEncoder.swift
<unknown>:0: warning: upcoming feature 'InferSendableFromCaptures' is already enabled as of Swift version 6
<unknown>:0: warning: upcoming feature 'GlobalActorIsolatedTypesUsability' is already enabled as of Swift version 6
<unknown>:0: warning: upcoming feature 'DisableOutwardActorInference' is already enabled as of Swift version 6
[189/612] Compiling aesv8-gcm-armv8-linux.S
[189/612] Compiling aesv8-gcm-armv8-win.S
[189/612] Compiling armv4-mont-linux.S
[190/612] Compiling CryptoSwift Utils+Foundation.swift
[191/612] Compiling CryptoSwift XChaCha20+Foundation.swift
[192/612] Compiling CryptoSwift Generics.swift
[193/612] Compiling CryptoSwift HKDF.swift
[194/612] Compiling CryptoSwift HMAC.swift
[195/612] Compiling CryptoSwift ISO10126Padding.swift
[196/612] Compiling CryptoSwift ISO78164Padding.swift
[197/612] Compiling CryptoSwift Int+Extension.swift
[198/612] Compiling CryptoSwift MD5.swift
[199/612] Compiling CryptoSwift NoPadding.swift
[200/612] Compiling CryptoSwift Operators.swift
[201/612] Compiling CryptoSwift DER.swift
[202/612] Compiling CryptoSwift PBKDF1.swift
[203/612] Compiling CryptoSwift PBKDF2.swift
[204/612] Emitting module Tools
<unknown>:0: warning: upcoming feature 'InferSendableFromCaptures' is already enabled as of Swift version 6
<unknown>:0: warning: upcoming feature 'GlobalActorIsolatedTypesUsability' is already enabled as of Swift version 6
<unknown>:0: warning: upcoming feature 'DisableOutwardActorInference' is already enabled as of Swift version 6
[204/612] Compiling armv8-mont-linux.S
<unknown>:0: warning: upcoming feature 'InferSendableFromCaptures' is already enabled as of Swift version 6
<unknown>:0: warning: upcoming feature 'GlobalActorIsolatedTypesUsability' is already enabled as of Swift version 6
<unknown>:0: warning: upcoming feature 'DisableOutwardActorInference' is already enabled as of Swift version 6
[205/612] Compiling Tools DataRepresentable.swift
<unknown>:0: warning: upcoming feature 'InferSendableFromCaptures' is already enabled as of Swift version 6
<unknown>:0: warning: upcoming feature 'GlobalActorIsolatedTypesUsability' is already enabled as of Swift version 6
<unknown>:0: warning: upcoming feature 'DisableOutwardActorInference' is already enabled as of Swift version 6
[206/612] Compiling Tools Base64URL.swift
<unknown>:0: warning: upcoming feature 'InferSendableFromCaptures' is already enabled as of Swift version 6
<unknown>:0: warning: upcoming feature 'GlobalActorIsolatedTypesUsability' is already enabled as of Swift version 6
<unknown>:0: warning: upcoming feature 'DisableOutwardActorInference' is already enabled as of Swift version 6
Running build ...
bash -c docker run --pull=always --rm -v "checkouts-54344847-0":/host -w "$PWD" -e JAVA_HOME="/root/.sdkman/candidates/java/current" -e SPI_BUILD="1" -e SPI_PROCESSING="1" registry.gitlab.com/saguaro1/spi-images:basic-6.1-latest swift build --triple x86_64-unknown-linux-gnu 2>&1
basic-6.1-latest: Pulling from saguaro1/spi-images
Digest: sha256:13a529f31207afe6597b18f20995fc2db944100da935819188c653038756cb1b
Status: Image is up to date for registry.gitlab.com/saguaro1/spi-images:basic-6.1-latest
[0/1] Planning build
[1/1] Compiling plugin SharedSourcesPlugin
Building for debugging...
[1/267] Compiling aesv8-gcm-armv8-win.S
[1/267] Compiling armv8-mont-linux.S
[3/267] Write sources
[4/267] Compiling aesv8-armv8-linux.S
[4/267] Compiling armv4-mont-linux.S
[6/267] Compiling aesv8-gcm-armv8-linux.S
[6/267] Compiling aesv8-gcm-armv8-apple.S
[6/267] Compiling aesv8-armv8-win.S
[9/267] Compiling aesv8-armv8-apple.S
[10/267] Compiling aesv8-armv7-linux.S
[11/267] Compiling aesni-x86_64-apple.S
[12/267] Compiling aesni-x86_64-linux.S
[12/267] Compiling aesni-x86-apple.S
[14/267] Compiling aesni-gcm-x86_64-apple.S
[15/267] Compiling aesni-gcm-x86_64-linux.S
[16/267] Compiling aesni-x86-linux.S
[17/267] Compiling aes-gcm-avx512-x86_64-linux.S
[18/267] Compiling aes-gcm-avx512-x86_64-apple.S
[19/267] Compiling aes-gcm-avx2-x86_64-apple.S
[20/267] Compiling aes-gcm-avx2-x86_64-linux.S
[21/267] Write swift-version-24593BA9C3E375BF.txt
[22/269] Compiling xwing.cc
[23/271] Compiling x_sig.cc
[24/271] Compiling x_spki.cc
[25/271] Compiling x_req.cc
[26/271] Compiling x_x509.cc
[27/271] Compiling x_pubkey.cc
[29/271] Compiling ZlibSwift Zlib.swift
[30/271] Emitting module ZlibSwift
[30/281] Compiling x_x509a.cc
[32/281] Compiling _CertificateInternals _TinyArray.swift
[33/281] Emitting module _CertificateInternals
[36/451] Compiling Tools JWTCodable.swift
[37/451] Compiling Tools Base64URL.swift
[38/456] Compiling Tools JSONEncoder+JoseEncoder.swift
[39/456] Compiling Tools HelperExtensions.swift
[40/456] Compiling Tools DataRepresentable.swift
[41/456] Emitting module Tools
[43/457] Emitting module SwiftyJSON
[44/457] Compiling SwiftyJSON SwiftyJSON.swift
/host/spi-builder-workspace/.build/checkouts/SwiftyJSON/Source/SwiftyJSON/SwiftyJSON.swift:1215:51: error: ambiguous use of operator '<'
1213 |
1214 | switch (lhs.type, rhs.type) {
1215 | case (.number, .number): return lhs.rawNumber < rhs.rawNumber
| `- error: ambiguous use of operator '<'
1216 | case (.string, .string): return lhs.rawString < rhs.rawString
1217 | default: return false
:
1249 | }
1250 |
1251 | func < (lhs: NSNumber, rhs: NSNumber) -> Bool {
| `- note: found this candidate
1252 |
1253 | switch (lhs.isBool, rhs.isBool) {
Foundation.NSNumber.<:2:20: note: found this candidate in module 'Foundation'
1 | class NSNumber {
2 | public static func < (lhs: NSNumber, rhs: NSNumber) -> Bool}
| `- note: found this candidate in module 'Foundation'
3 |
[45/457] Compiling SwiftyJSON resource_bundle_accessor.swift
[45/457] Compiling x_exten.cc
[46/457] Compiling x_attrib.cc
[46/457] Compiling x_all.cc
[46/457] Compiling x_name.cc
[46/457] Compiling x_crl.cc
BUILD FAILURE 6.1 linux