Build Information
Failed to build Nitroping, reference v0.2.14 (8bc699), with Swift 6.3 for tvOS using Xcode 26.4 on 19 Jul 2026 14:46:19 UTC.
Build Command
env DEVELOPER_DIR=/Applications/Xcode-26.4.0.app xcrun xcodebuild -IDEClonedSourcePackagesDirPathOverride=$PWD/.dependencies -skipMacroValidation -skipPackagePluginValidation -derivedDataPath $PWD/.derivedData build -scheme Nitroping -destination generic/platform=tvOSBuild Log
========================================
RunAll
========================================
Builder version: undefined version: run 'make version' to update
Interrupt handler set up.
========================================
Checkout
========================================
Clone URL: https://github.com/productdevbook/nitroping-sdk.git
Reference: v0.2.14
Initialized empty Git repository in /Users/admin/builder/spi-builder-workspace/.git/
From https://github.com/productdevbook/nitroping-sdk
* tag v0.2.14 -> FETCH_HEAD
HEAD is now at 8bc6990 v0.2.14
Cloned https://github.com/productdevbook/nitroping-sdk.git
Revision (git rev-parse @):
8bc6990967dbe2a1cee85a84b13d034bda3b9480
SPI manifest file found: $PWD/.spi.yml
SUCCESS checkout https://github.com/productdevbook/nitroping-sdk.git at v0.2.14
========================================
Build
========================================
Selected platform: tvOS
Swift version: 6.3
Building package at path: $PWD
https://github.com/productdevbook/nitroping-sdk.git
Command line invocation:
/Applications/Xcode-26.4.0.app/Contents/Developer/usr/bin/xcodebuild -IDEClonedSourcePackagesDirPathOverride=/Users/admin/builder/spi-builder-workspace/.dependencies -resolvePackageDependencies
Resolve Package Graph
Resolve Package Graph
Resolved source packages:
Nitroping: /Users/admin/builder/spi-builder-workspace
resolved source packages: Nitroping
2026-07-19 10:45:46.914 xcodebuild[541:3126] [MT] IDERunDestination: Supported platforms for the buildables in the current scheme is empty.
{
"dependencies" : [
],
"manifest_display_name" : "Nitroping",
"name" : "Nitroping",
"path" : "/Users/admin/builder/spi-builder-workspace",
"platforms" : [
{
"name" : "ios",
"version" : "16.0"
},
{
"name" : "macos",
"version" : "13.0"
},
{
"name" : "watchos",
"version" : "9.0"
},
{
"name" : "tvos",
"version" : "16.0"
},
{
"name" : "visionos",
"version" : "1.0"
}
],
"products" : [
{
"name" : "Nitroping",
"targets" : [
"Nitroping"
],
"type" : {
"library" : [
"automatic"
]
}
}
],
"targets" : [
{
"c99name" : "NitropingTests",
"module_type" : "SwiftTarget",
"name" : "NitropingTests",
"path" : "swift/Tests/NitropingTests",
"sources" : [
"ClientTests.swift",
"PayloadTests.swift",
"URLProtocolStub.swift",
"WebhookTests.swift"
],
"target_dependencies" : [
"Nitroping"
],
"type" : "test"
},
{
"c99name" : "Nitroping",
"module_type" : "SwiftTarget",
"name" : "Nitroping",
"path" : "swift/Sources/Nitroping",
"product_memberships" : [
"Nitroping"
],
"sources" : [
"Client/NitropingClient+Devices.swift",
"Client/NitropingClient+Events.swift",
"Client/NitropingClient+Inbox.swift",
"Client/NitropingClient+Notifications.swift",
"Client/NitropingClient+Public.swift",
"Client/NitropingClient+Track.swift",
"Client/NitropingClient.swift",
"Internal/HTTPTransport.swift",
"Models/Device.swift",
"Models/NitropingAction.swift",
"Models/NitropingError.swift",
"Models/NitropingPayload.swift",
"Models/Notification.swift",
"Nitroping.swift",
"Webhook/NitropingWebhook.swift",
"Webhook/Signature.swift"
],
"type" : "library"
}
],
"tools_version" : "6.0"
}
{
"workspace" : {
"name" : "spi-builder-workspace",
"schemes" : [
"Nitroping"
]
}
}
2026-07-19 10:46:06.548 xcodebuild[727:4517] [MT] IDERunDestination: Supported platforms for the buildables in the current scheme is empty.
Running build ...
env DEVELOPER_DIR=/Applications/Xcode-26.4.0.app xcrun xcodebuild -IDEClonedSourcePackagesDirPathOverride=$PWD/.dependencies -skipMacroValidation -skipPackagePluginValidation -derivedDataPath $PWD/.derivedData build -scheme Nitroping -destination generic/platform=tvOS
Command line invocation:
/Applications/Xcode-26.4.0.app/Contents/Developer/usr/bin/xcodebuild -IDEClonedSourcePackagesDirPathOverride=/Users/admin/builder/spi-builder-workspace/.dependencies -skipMacroValidation -skipPackagePluginValidation -derivedDataPath /Users/admin/builder/spi-builder-workspace/.derivedData build -scheme Nitroping -destination generic/platform=tvOS
Resolve Package Graph
Resolved source packages:
Nitroping: /Users/admin/builder/spi-builder-workspace
Resolve Package Graph
Resolving package dependencies…
ComputePackagePrebuildTargetDependencyGraph
Prepare packages
CreateBuildRequest
SendProjectDescription
CreateBuildOperation
ComputeTargetDependencyGraph
note: Building targets in dependency order
note: Target dependency graph (2 targets)
Target 'Nitroping' in project 'Nitroping'
➜ Explicit dependency on target 'Nitroping' in project 'Nitroping'
Target 'Nitroping' in project 'Nitroping' (no dependencies)
GatherProvisioningInputs
CreateBuildDescription
ExecuteExternalTool /Applications/Xcode-26.4.0.app/Contents/Developer/Toolchains/XcodeDefault.xctoolchain/usr/bin/clang -v -E -dM -isysroot /Applications/Xcode-26.4.0.app/Contents/Developer/Platforms/AppleTVOS.platform/Developer/SDKs/AppleTVOS26.4.sdk -x c -c /dev/null
ExecuteExternalTool /Applications/Xcode-26.4.0.app/Contents/Developer/Toolchains/XcodeDefault.xctoolchain/usr/bin/swiftc --version
ExecuteExternalTool /Applications/Xcode-26.4.0.app/Contents/Developer/Toolchains/XcodeDefault.xctoolchain/usr/bin/ld -version_details
Build description signature: 57483b28652149c3105a130952bc1183
Build description path: /Users/admin/builder/spi-builder-workspace/.derivedData/Build/Intermediates.noindex/XCBuildData/57483b28652149c3105a130952bc1183.xcbuilddata
CreateBuildDirectory /Users/admin/builder/spi-builder-workspace/.derivedData/Build/Products
cd /Users/admin/builder/spi-builder-workspace/.swiftpm/xcode
builtin-create-build-directory /Users/admin/builder/spi-builder-workspace/.derivedData/Build/Products
CreateBuildDirectory /Users/admin/builder/spi-builder-workspace/.derivedData/Build/Intermediates.noindex
cd /Users/admin/builder/spi-builder-workspace/.swiftpm/xcode
builtin-create-build-directory /Users/admin/builder/spi-builder-workspace/.derivedData/Build/Intermediates.noindex
ClangStatCache /Applications/Xcode-26.4.0.app/Contents/Developer/Toolchains/XcodeDefault.xctoolchain/usr/bin/clang-stat-cache /Applications/Xcode-26.4.0.app/Contents/Developer/Platforms/AppleTVOS.platform/Developer/SDKs/AppleTVOS26.4.sdk /Users/admin/builder/spi-builder-workspace/.derivedData/SDKStatCaches.noindex/appletvos26.4-23L236-688ef53f1462e2c8f657fdc38a81448fe9417fc108aa677fd4261ecaa021a5e7.sdkstatcache
cd /Users/admin/builder/spi-builder-workspace/.swiftpm/xcode
/Applications/Xcode-26.4.0.app/Contents/Developer/Toolchains/XcodeDefault.xctoolchain/usr/bin/clang-stat-cache /Applications/Xcode-26.4.0.app/Contents/Developer/Platforms/AppleTVOS.platform/Developer/SDKs/AppleTVOS26.4.sdk -o /Users/admin/builder/spi-builder-workspace/.derivedData/SDKStatCaches.noindex/appletvos26.4-23L236-688ef53f1462e2c8f657fdc38a81448fe9417fc108aa677fd4261ecaa021a5e7.sdkstatcache
CreateBuildDirectory /Users/admin/builder/spi-builder-workspace/.derivedData/Build/Intermediates.noindex/SwiftExplicitPrecompiledModules
cd /Users/admin/builder/spi-builder-workspace/.swiftpm/xcode
builtin-create-build-directory /Users/admin/builder/spi-builder-workspace/.derivedData/Build/Intermediates.noindex/SwiftExplicitPrecompiledModules
CreateBuildDirectory /Users/admin/builder/spi-builder-workspace/.derivedData/Build/Intermediates.noindex/ExplicitPrecompiledModules
cd /Users/admin/builder/spi-builder-workspace/.swiftpm/xcode
builtin-create-build-directory /Users/admin/builder/spi-builder-workspace/.derivedData/Build/Intermediates.noindex/ExplicitPrecompiledModules
CreateBuildDirectory /Users/admin/builder/spi-builder-workspace/.derivedData/Build/Intermediates.noindex/EagerLinkingTBDs/Debug-appletvos
cd /Users/admin/builder/spi-builder-workspace/.swiftpm/xcode
builtin-create-build-directory /Users/admin/builder/spi-builder-workspace/.derivedData/Build/Intermediates.noindex/EagerLinkingTBDs/Debug-appletvos
CreateBuildDirectory /Users/admin/builder/spi-builder-workspace/.derivedData/Build/Products/Debug-appletvos
cd /Users/admin/builder/spi-builder-workspace/.swiftpm/xcode
builtin-create-build-directory /Users/admin/builder/spi-builder-workspace/.derivedData/Build/Products/Debug-appletvos
CreateBuildDirectory /Users/admin/builder/spi-builder-workspace/.derivedData/Build/Products/Debug-appletvos/PackageFrameworks
cd /Users/admin/builder/spi-builder-workspace/.swiftpm/xcode
builtin-create-build-directory /Users/admin/builder/spi-builder-workspace/.derivedData/Build/Products/Debug-appletvos/PackageFrameworks
WriteAuxiliaryFile /Users/admin/builder/spi-builder-workspace/.derivedData/Build/Intermediates.noindex/Nitroping.build/Debug-appletvos/Nitroping.build/Nitroping.DependencyStaticMetadataFileList (in target 'Nitroping' from project 'Nitroping')
cd /Users/admin/builder/spi-builder-workspace
write-file /Users/admin/builder/spi-builder-workspace/.derivedData/Build/Intermediates.noindex/Nitroping.build/Debug-appletvos/Nitroping.build/Nitroping.DependencyStaticMetadataFileList
WriteAuxiliaryFile /Users/admin/builder/spi-builder-workspace/.derivedData/Build/Intermediates.noindex/Nitroping.build/Debug-appletvos/Nitroping.build/Nitroping.DependencyMetadataFileList (in target 'Nitroping' from project 'Nitroping')
cd /Users/admin/builder/spi-builder-workspace
write-file /Users/admin/builder/spi-builder-workspace/.derivedData/Build/Intermediates.noindex/Nitroping.build/Debug-appletvos/Nitroping.build/Nitroping.DependencyMetadataFileList
WriteAuxiliaryFile /Users/admin/builder/spi-builder-workspace/.derivedData/Build/Intermediates.noindex/Nitroping.build/Debug-appletvos/Nitroping.build/Nitroping.modulemap (in target 'Nitroping' from project 'Nitroping')
cd /Users/admin/builder/spi-builder-workspace
write-file /Users/admin/builder/spi-builder-workspace/.derivedData/Build/Intermediates.noindex/Nitroping.build/Debug-appletvos/Nitroping.build/Nitroping.modulemap
WriteAuxiliaryFile /Users/admin/builder/spi-builder-workspace/.derivedData/Build/Intermediates.noindex/Nitroping.build/Debug-appletvos/Nitroping.build/Objects-normal/arm64/Nitroping.LinkFileList (in target 'Nitroping' from project 'Nitroping')
cd /Users/admin/builder/spi-builder-workspace
write-file /Users/admin/builder/spi-builder-workspace/.derivedData/Build/Intermediates.noindex/Nitroping.build/Debug-appletvos/Nitroping.build/Objects-normal/arm64/Nitroping.LinkFileList
WriteAuxiliaryFile /Users/admin/builder/spi-builder-workspace/.derivedData/Build/Intermediates.noindex/Nitroping.build/Debug-appletvos/Nitroping.build/Objects-normal/arm64/Nitroping-OutputFileMap.json (in target 'Nitroping' from project 'Nitroping')
cd /Users/admin/builder/spi-builder-workspace
write-file /Users/admin/builder/spi-builder-workspace/.derivedData/Build/Intermediates.noindex/Nitroping.build/Debug-appletvos/Nitroping.build/Objects-normal/arm64/Nitroping-OutputFileMap.json
WriteAuxiliaryFile /Users/admin/builder/spi-builder-workspace/.derivedData/Build/Intermediates.noindex/Nitroping.build/Debug-appletvos/Nitroping.build/Objects-normal/arm64/Nitroping.SwiftConstValuesFileList (in target 'Nitroping' from project 'Nitroping')
cd /Users/admin/builder/spi-builder-workspace
write-file /Users/admin/builder/spi-builder-workspace/.derivedData/Build/Intermediates.noindex/Nitroping.build/Debug-appletvos/Nitroping.build/Objects-normal/arm64/Nitroping.SwiftConstValuesFileList
WriteAuxiliaryFile /Users/admin/builder/spi-builder-workspace/.derivedData/Build/Intermediates.noindex/Nitroping.build/Debug-appletvos/Nitroping.build/Objects-normal/arm64/Nitroping_const_extract_protocols.json (in target 'Nitroping' from project 'Nitroping')
cd /Users/admin/builder/spi-builder-workspace
write-file /Users/admin/builder/spi-builder-workspace/.derivedData/Build/Intermediates.noindex/Nitroping.build/Debug-appletvos/Nitroping.build/Objects-normal/arm64/Nitroping_const_extract_protocols.json
WriteAuxiliaryFile /Users/admin/builder/spi-builder-workspace/.derivedData/Build/Intermediates.noindex/Nitroping.build/Debug-appletvos/Nitroping.build/Objects-normal/arm64/Nitroping.SwiftFileList (in target 'Nitroping' from project 'Nitroping')
cd /Users/admin/builder/spi-builder-workspace
write-file /Users/admin/builder/spi-builder-workspace/.derivedData/Build/Intermediates.noindex/Nitroping.build/Debug-appletvos/Nitroping.build/Objects-normal/arm64/Nitroping.SwiftFileList
Copy /Users/admin/builder/spi-builder-workspace/.derivedData/Build/Intermediates.noindex/GeneratedModuleMaps-appletvos/Nitroping.modulemap /Users/admin/builder/spi-builder-workspace/.derivedData/Build/Intermediates.noindex/Nitroping.build/Debug-appletvos/Nitroping.build/Nitroping.modulemap (in target 'Nitroping' from project 'Nitroping')
cd /Users/admin/builder/spi-builder-workspace
builtin-copy -exclude .DS_Store -exclude CVS -exclude .svn -exclude .git -exclude .hg -resolve-src-symlinks /Users/admin/builder/spi-builder-workspace/.derivedData/Build/Intermediates.noindex/Nitroping.build/Debug-appletvos/Nitroping.build/Nitroping.modulemap /Users/admin/builder/spi-builder-workspace/.derivedData/Build/Intermediates.noindex/GeneratedModuleMaps-appletvos
SwiftDriver Nitroping normal arm64 com.apple.xcode.tools.swift.compiler (in target 'Nitroping' from project 'Nitroping')
cd /Users/admin/builder/spi-builder-workspace/.swiftpm/xcode
builtin-SwiftDriver -- /Applications/Xcode-26.4.0.app/Contents/Developer/Toolchains/XcodeDefault.xctoolchain/usr/bin/swiftc -module-name Nitroping -Onone @/Users/admin/builder/spi-builder-workspace/.derivedData/Build/Intermediates.noindex/Nitroping.build/Debug-appletvos/Nitroping.build/Objects-normal/arm64/Nitroping.SwiftFileList -DSWIFT_PACKAGE -DDEBUG -DSWIFT_MODULE_RESOURCE_BUNDLE_UNAVAILABLE -DXcode -plugin-path /Applications/Xcode-26.4.0.app/Contents/Developer/Toolchains/XcodeDefault.xctoolchain/usr/lib/swift/host/plugins/testing -enable-experimental-feature DebugDescriptionMacro -sdk /Applications/Xcode-26.4.0.app/Contents/Developer/Platforms/AppleTVOS.platform/Developer/SDKs/AppleTVOS26.4.sdk -target arm64-apple-tvos16.0 -g -module-cache-path /Users/admin/builder/spi-builder-workspace/.derivedData/ModuleCache.noindex -Xfrontend -serialize-debugging-options -profile-coverage-mapping -profile-generate -enable-testing -index-store-path /Users/admin/builder/spi-builder-workspace/.derivedData/Index.noindex/DataStore -Xcc -D_LIBCPP_HARDENING_MODE\=_LIBCPP_HARDENING_MODE_DEBUG -swift-version 6 -I /Users/admin/builder/spi-builder-workspace/.derivedData/Build/Products/Debug-appletvos -Isystem /Applications/Xcode-26.4.0.app/Contents/Developer/Platforms/AppleTVOS.platform/Developer/usr/lib -F /Users/admin/builder/spi-builder-workspace/.derivedData/Build/Products/Debug-appletvos -F /Applications/Xcode-26.4.0.app/Contents/Developer/Platforms/AppleTVOS.platform/Developer/Library/Frameworks -F /Applications/Xcode-26.4.0.app/Contents/Developer/Platforms/AppleTVOS.platform/Developer/SDKs/AppleTVOS26.4.sdk/Developer/Library/Frameworks -c -j10 -enable-batch-mode -incremental -Xcc -ivfsstatcache -Xcc /Users/admin/builder/spi-builder-workspace/.derivedData/SDKStatCaches.noindex/appletvos26.4-23L236-688ef53f1462e2c8f657fdc38a81448fe9417fc108aa677fd4261ecaa021a5e7.sdkstatcache -output-file-map /Users/admin/builder/spi-builder-workspace/.derivedData/Build/Intermediates.noindex/Nitroping.build/Debug-appletvos/Nitroping.build/Objects-normal/arm64/Nitroping-OutputFileMap.json -use-frontend-parseable-output -save-temps -no-color-diagnostics -explicit-module-build -module-cache-path /Users/admin/builder/spi-builder-workspace/.derivedData/Build/Intermediates.noindex/SwiftExplicitPrecompiledModules -clang-scanner-module-cache-path /Users/admin/builder/spi-builder-workspace/.derivedData/ModuleCache.noindex -sdk-module-cache-path /Users/admin/builder/spi-builder-workspace/.derivedData/ModuleCache.noindex -serialize-diagnostics -emit-dependencies -emit-module -emit-module-path /Users/admin/builder/spi-builder-workspace/.derivedData/Build/Intermediates.noindex/Nitroping.build/Debug-appletvos/Nitroping.build/Objects-normal/arm64/Nitroping.swiftmodule -validate-clang-modules-once -clang-build-session-file /Users/admin/builder/spi-builder-workspace/.derivedData/ModuleCache.noindex/Session.modulevalidation -package-name spi_builder_workspace -Xcc -I/Users/admin/builder/spi-builder-workspace/.derivedData/Build/Intermediates.noindex/Nitroping.build/Debug-appletvos/Nitroping.build/swift-overrides.hmap -emit-const-values -Xfrontend -const-gather-protocols-file -Xfrontend /Users/admin/builder/spi-builder-workspace/.derivedData/Build/Intermediates.noindex/Nitroping.build/Debug-appletvos/Nitroping.build/Objects-normal/arm64/Nitroping_const_extract_protocols.json -Xcc -I/Users/admin/builder/spi-builder-workspace/.derivedData/Build/Products/Debug-appletvos/include -Xcc -I/Users/admin/builder/spi-builder-workspace/.derivedData/Build/Intermediates.noindex/Nitroping.build/Debug-appletvos/Nitroping.build/DerivedSources-normal/arm64 -Xcc -I/Users/admin/builder/spi-builder-workspace/.derivedData/Build/Intermediates.noindex/Nitroping.build/Debug-appletvos/Nitroping.build/DerivedSources/arm64 -Xcc -I/Users/admin/builder/spi-builder-workspace/.derivedData/Build/Intermediates.noindex/Nitroping.build/Debug-appletvos/Nitroping.build/DerivedSources -Xcc -DSWIFT_PACKAGE -Xcc -DDEBUG\=1 -emit-objc-header -emit-objc-header-path /Users/admin/builder/spi-builder-workspace/.derivedData/Build/Intermediates.noindex/Nitroping.build/Debug-appletvos/Nitroping.build/Objects-normal/arm64/Nitroping-Swift.h -working-directory /Users/admin/builder/spi-builder-workspace/.swiftpm/xcode -experimental-emit-module-separately -disable-cmo
SwiftExplicitDependencyGeneratePcm arm64 /Users/admin/builder/spi-builder-workspace/.derivedData/ModuleCache.noindex/_Builtin_stddef-BZO0N6E0DIXHZYNQ4S8EZ7EDL.pcm
SwiftExplicitDependencyGeneratePcm arm64 /Users/admin/builder/spi-builder-workspace/.derivedData/ModuleCache.noindex/_Builtin_stdarg-3KWPF1V25TACG1K3ZQBSH88O6.pcm
SwiftExplicitDependencyGeneratePcm arm64 /Users/admin/builder/spi-builder-workspace/.derivedData/ModuleCache.noindex/_SwiftConcurrencyShims-1I7I9RFLZZYCUO3TPLS4U805X.pcm
SwiftExplicitDependencyGeneratePcm arm64 /Users/admin/builder/spi-builder-workspace/.derivedData/ModuleCache.noindex/ptrauth-4BAHLZJ2RBDQMNK46XR6Y1JZS.pcm
SwiftExplicitDependencyGeneratePcm arm64 /Users/admin/builder/spi-builder-workspace/.derivedData/ModuleCache.noindex/ptrcheck-6YUZKR4MV7T2QFLE4Q48OP5H2.pcm
SwiftExplicitDependencyGeneratePcm arm64 /Users/admin/builder/spi-builder-workspace/.derivedData/ModuleCache.noindex/SwiftShims-C8QKBRC8FEWLEQZYK4B7DE50J.pcm
SwiftExplicitDependencyGeneratePcm arm64 /Users/admin/builder/spi-builder-workspace/.derivedData/ModuleCache.noindex/_Builtin_float-8P5G6DEEPG56ZYUKMYHMN3RE1.pcm
SwiftExplicitDependencyGeneratePcm arm64 /Users/admin/builder/spi-builder-workspace/.derivedData/ModuleCache.noindex/_AvailabilityInternal-2ERXFBA9JY7AMMKY8VA4HWPMN.pcm
SwiftExplicitDependencyGeneratePcm arm64 /Users/admin/builder/spi-builder-workspace/.derivedData/ModuleCache.noindex/_Builtin_stdbool-2HYNKNS3I0KIM31LWB1MT4JSR.pcm
SwiftExplicitDependencyGeneratePcm arm64 /Users/admin/builder/spi-builder-workspace/.derivedData/ModuleCache.noindex/_DarwinFoundation1-BS1SXL224UKZLY0BZCZGXSPY2.pcm
SwiftExplicitDependencyGeneratePcm arm64 /Users/admin/builder/spi-builder-workspace/.derivedData/ModuleCache.noindex/_DarwinFoundation2-AHTQ2Z4LJMUBWM4FTN7VFGCFE.pcm
SwiftExplicitDependencyGeneratePcm arm64 /Users/admin/builder/spi-builder-workspace/.derivedData/ModuleCache.noindex/_Builtin_limits-C3APVXRMKC1TL26H5OI6RFWKI.pcm
SwiftExplicitDependencyGeneratePcm arm64 /Users/admin/builder/spi-builder-workspace/.derivedData/ModuleCache.noindex/_Builtin_stdint-904ZPNR3NXQN0C6LOE65GKG9O.pcm
SwiftExplicitDependencyGeneratePcm arm64 /Users/admin/builder/spi-builder-workspace/.derivedData/ModuleCache.noindex/sys_types-14C32VGX1D4IWU8QLS276WR4F.pcm
SwiftExplicitDependencyGeneratePcm arm64 /Users/admin/builder/spi-builder-workspace/.derivedData/ModuleCache.noindex/_Builtin_stdatomic-DI3S591Y5PDEK5P4TXQTDGDZ9.pcm
SwiftExplicitDependencyGeneratePcm arm64 /Users/admin/builder/spi-builder-workspace/.derivedData/ModuleCache.noindex/_DarwinFoundation3-6TXRXGZJ10UGF87VX48ADDYWW.pcm
SwiftExplicitDependencyGeneratePcm arm64 /Users/admin/builder/spi-builder-workspace/.derivedData/ModuleCache.noindex/_Builtin_inttypes-EL0RWE9MAIYLCMLOT4GISD5SK.pcm
SwiftExplicitDependencyGeneratePcm arm64 /Users/admin/builder/spi-builder-workspace/.derivedData/ModuleCache.noindex/Darwin-4YCIRIE2AAE9KXHT7D5IAT201.pcm
SwiftExplicitDependencyGeneratePcm arm64 /Users/admin/builder/spi-builder-workspace/.derivedData/ModuleCache.noindex/ObjectiveC-4DPRV7LKB1X9IM7UR1GZ26NF6.pcm
SwiftExplicitDependencyGeneratePcm arm64 /Users/admin/builder/spi-builder-workspace/.derivedData/ModuleCache.noindex/MachO-4BWR7U09E5XQ3L67VRY8BM1GZ.pcm
SwiftExplicitDependencyGeneratePcm arm64 /Users/admin/builder/spi-builder-workspace/.derivedData/ModuleCache.noindex/os_object-H6TLJP72XS2SCHLO6XNUG4J.pcm
SwiftExplicitDependencyGeneratePcm arm64 /Users/admin/builder/spi-builder-workspace/.derivedData/ModuleCache.noindex/os_workgroup-71UJJ66WD6FHY7Z4384KRXYHP.pcm
SwiftExplicitDependencyGeneratePcm arm64 /Users/admin/builder/spi-builder-workspace/.derivedData/ModuleCache.noindex/Dispatch-61A3Z4HC5YGRZ4301Q8563VIJ.pcm
SwiftExplicitDependencyGeneratePcm arm64 /Users/admin/builder/spi-builder-workspace/.derivedData/ModuleCache.noindex/XPC-8J56K3TBOO6PAYWQ2YRFTOXRC.pcm
SwiftExplicitDependencyGeneratePcm arm64 /Users/admin/builder/spi-builder-workspace/.derivedData/ModuleCache.noindex/CoreFoundation-AY4SBASI0IYB2DRL4P1HZYF3D.pcm
SwiftExplicitDependencyGeneratePcm arm64 /Users/admin/builder/spi-builder-workspace/.derivedData/ModuleCache.noindex/os-BAGSA1UGET1QTZE5FCWZHSXJ1.pcm
SwiftExplicitDependencyGeneratePcm arm64 /Users/admin/builder/spi-builder-workspace/.derivedData/ModuleCache.noindex/CFNetwork-D5CB4LO29N5WBJ3LLTIKRY0JG.pcm
SwiftExplicitDependencyGeneratePcm arm64 /Users/admin/builder/spi-builder-workspace/.derivedData/ModuleCache.noindex/Security-99BTF6SWJRRYNWL6MZ2TBIY92.pcm
SwiftExplicitDependencyGeneratePcm arm64 /Users/admin/builder/spi-builder-workspace/.derivedData/ModuleCache.noindex/Foundation-3LVP7PFMTBITP49EDS4BMYCFP.pcm
SwiftExplicitDependencyGeneratePcm arm64 /Users/admin/builder/spi-builder-workspace/.derivedData/ModuleCache.noindex/UserNotifications-6UKALCEC97PQM959SYHTQOSW0.pcm
SwiftEmitModule normal arm64 Emitting\ module\ for\ Nitroping (in target 'Nitroping' from project 'Nitroping')
EmitSwiftModule normal arm64 (in target 'Nitroping' from project 'Nitroping')
cd /Users/admin/builder/spi-builder-workspace/.swiftpm/xcode
SwiftCompile normal arm64 Compiling\ NitropingWebhook.swift /Users/admin/builder/spi-builder-workspace/swift/Sources/Nitroping/Webhook/NitropingWebhook.swift (in target 'Nitroping' from project 'Nitroping')
SwiftCompile normal arm64 /Users/admin/builder/spi-builder-workspace/swift/Sources/Nitroping/Webhook/NitropingWebhook.swift (in target 'Nitroping' from project 'Nitroping')
cd /Users/admin/builder/spi-builder-workspace/.swiftpm/xcode
SwiftCompile normal arm64 Compiling\ Nitroping.swift /Users/admin/builder/spi-builder-workspace/swift/Sources/Nitroping/Nitroping.swift (in target 'Nitroping' from project 'Nitroping')
SwiftCompile normal arm64 /Users/admin/builder/spi-builder-workspace/swift/Sources/Nitroping/Nitroping.swift (in target 'Nitroping' from project 'Nitroping')
cd /Users/admin/builder/spi-builder-workspace/.swiftpm/xcode
SwiftCompile normal arm64 Compiling\ NitropingError.swift,\ NitropingPayload.swift /Users/admin/builder/spi-builder-workspace/swift/Sources/Nitroping/Models/NitropingError.swift /Users/admin/builder/spi-builder-workspace/swift/Sources/Nitroping/Models/NitropingPayload.swift (in target 'Nitroping' from project 'Nitroping')
Failed frontend command:
/Applications/Xcode-26.4.0.app/Contents/Developer/Toolchains/XcodeDefault.xctoolchain/usr/bin/swift-frontend -frontend -c /Users/admin/builder/spi-builder-workspace/swift/Sources/Nitroping/Client/NitropingClient+Devices.swift /Users/admin/builder/spi-builder-workspace/swift/Sources/Nitroping/Client/NitropingClient+Events.swift /Users/admin/builder/spi-builder-workspace/swift/Sources/Nitroping/Client/NitropingClient+Inbox.swift /Users/admin/builder/spi-builder-workspace/swift/Sources/Nitroping/Client/NitropingClient+Notifications.swift /Users/admin/builder/spi-builder-workspace/swift/Sources/Nitroping/Client/NitropingClient+Public.swift /Users/admin/builder/spi-builder-workspace/swift/Sources/Nitroping/Client/NitropingClient+Track.swift /Users/admin/builder/spi-builder-workspace/swift/Sources/Nitroping/Client/NitropingClient.swift /Users/admin/builder/spi-builder-workspace/swift/Sources/Nitroping/Internal/HTTPTransport.swift /Users/admin/builder/spi-builder-workspace/swift/Sources/Nitroping/Models/Device.swift /Users/admin/builder/spi-builder-workspace/swift/Sources/Nitroping/Models/NitropingAction.swift -primary-file /Users/admin/builder/spi-builder-workspace/swift/Sources/Nitroping/Models/NitropingError.swift -primary-file /Users/admin/builder/spi-builder-workspace/swift/Sources/Nitroping/Models/NitropingPayload.swift /Users/admin/builder/spi-builder-workspace/swift/Sources/Nitroping/Models/Notification.swift /Users/admin/builder/spi-builder-workspace/swift/Sources/Nitroping/Nitroping.swift /Users/admin/builder/spi-builder-workspace/swift/Sources/Nitroping/Webhook/NitropingWebhook.swift /Users/admin/builder/spi-builder-workspace/swift/Sources/Nitroping/Webhook/Signature.swift -emit-dependencies-path /Users/admin/builder/spi-builder-workspace/.derivedData/Build/Intermediates.noindex/Nitroping.build/Debug-appletvos/Nitroping.build/Objects-normal/arm64/NitropingError.d -emit-const-values-path /Users/admin/builder/spi-builder-workspace/.derivedData/Build/Intermediates.noindex/Nitroping.build/Debug-appletvos/Nitroping.build/Objects-normal/arm64/NitropingError.swiftconstvalues -emit-reference-dependencies-path /Users/admin/builder/spi-builder-workspace/.derivedData/Build/Intermediates.noindex/Nitroping.build/Debug-appletvos/Nitroping.build/Objects-normal/arm64/NitropingError.swiftdeps -serialize-diagnostics-path /Users/admin/builder/spi-builder-workspace/.derivedData/Build/Intermediates.noindex/Nitroping.build/Debug-appletvos/Nitroping.build/Objects-normal/arm64/NitropingError.dia -emit-dependencies-path /Users/admin/builder/spi-builder-workspace/.derivedData/Build/Intermediates.noindex/Nitroping.build/Debug-appletvos/Nitroping.build/Objects-normal/arm64/NitropingPayload.d -emit-const-values-path /Users/admin/builder/spi-builder-workspace/.derivedData/Build/Intermediates.noindex/Nitroping.build/Debug-appletvos/Nitroping.build/Objects-normal/arm64/NitropingPayload.swiftconstvalues -emit-reference-dependencies-path /Users/admin/builder/spi-builder-workspace/.derivedData/Build/Intermediates.noindex/Nitroping.build/Debug-appletvos/Nitroping.build/Objects-normal/arm64/NitropingPayload.swiftdeps -serialize-diagnostics-path /Users/admin/builder/spi-builder-workspace/.derivedData/Build/Intermediates.noindex/Nitroping.build/Debug-appletvos/Nitroping.build/Objects-normal/arm64/NitropingPayload.dia -target arm64-apple-tvos16.0 -module-can-import-version CryptoKit 324.100.35 0 -module-can-import-version UserNotifications 1.0.0 1.0.0 -load-resolved-plugin /Applications/Xcode-26.4.0.app/Contents/Developer/Platforms/AppleTVOS.platform/Developer/usr/lib/swift/host/plugins/libFoundationMacros.dylib\#/Applications/Xcode-26.4.0.app/Contents/Developer/Platforms/AppleTVOS.platform/Developer/usr/bin/swift-plugin-server\#FoundationMacros -load-resolved-plugin /Applications/Xcode-26.4.0.app/Contents/Developer/Platforms/AppleTVOS.platform/Developer/usr/lib/swift/host/plugins/libObservationMacros.dylib\#/Applications/Xcode-26.4.0.app/Contents/Developer/Platforms/AppleTVOS.platform/Developer/usr/bin/swift-plugin-server\#ObservationMacros -load-resolved-plugin /Applications/Xcode-26.4.0.app/Contents/Developer/Platforms/AppleTVOS.platform/Developer/usr/lib/swift/host/plugins/libSwiftMacros.dylib\#/Applications/Xcode-26.4.0.app/Contents/Developer/Platforms/AppleTVOS.platform/Developer/usr/bin/swift-plugin-server\#SwiftMacros -disable-implicit-swift-modules -Xcc -fno-implicit-modules -Xcc -fno-implicit-module-maps -explicit-swift-module-map-file /Users/admin/builder/spi-builder-workspace/.derivedData/Build/Intermediates.noindex/Nitroping.build/Debug-appletvos/Nitroping.build/Objects-normal/arm64/Nitroping-dependencies-1.json -debug-module-path /Users/admin/builder/spi-builder-workspace/.derivedData/Build/Intermediates.noindex/Nitroping.build/Debug-appletvos/Nitroping.build/Objects-normal/arm64/Nitroping.swiftmodule -Xllvm -aarch64-use-tbi -enable-objc-interop -stack-check -sdk /Applications/Xcode-26.4.0.app/Contents/Developer/Platforms/AppleTVOS.platform/Developer/SDKs/AppleTVOS26.4.sdk -I /Users/admin/builder/spi-builder-workspace/.derivedData/Build/Products/Debug-appletvos -Isystem /Applications/Xcode-26.4.0.app/Contents/Developer/Platforms/AppleTVOS.platform/Developer/usr/lib -F /Users/admin/builder/spi-builder-workspace/.derivedData/Build/Products/Debug-appletvos -F /Applications/Xcode-26.4.0.app/Contents/Developer/Platforms/AppleTVOS.platform/Developer/Library/Frameworks -F /Applications/Xcode-26.4.0.app/Contents/Developer/Platforms/AppleTVOS.platform/Developer/SDKs/AppleTVOS26.4.sdk/Developer/Library/Frameworks -no-color-diagnostics -Xcc -fno-color-diagnostics -enable-testing -g -debug-info-format\=dwarf -dwarf-version\=4 -module-cache-path /Users/admin/builder/spi-builder-workspace/.derivedData/Build/Intermediates.noindex/SwiftExplicitPrecompiledModules -profile-generate -profile-coverage-mapping -swift-version 6 -Onone -D SWIFT_PACKAGE -D DEBUG -D SWIFT_MODULE_RESOURCE_BUNDLE_UNAVAILABLE -D Xcode -serialize-debugging-options -const-gather-protocols-file /Users/admin/builder/spi-builder-workspace/.derivedData/Build/Intermediates.noindex/Nitroping.build/Debug-appletvos/Nitroping.build/Objects-normal/arm64/Nitroping_const_extract_protocols.json -enable-experimental-feature DebugDescriptionMacro -empty-abi-descriptor -validate-clang-modules-once -clang-build-session-file /Users/admin/builder/spi-builder-workspace/.derivedData/ModuleCache.noindex/Session.modulevalidation -Xcc -working-directory -Xcc /Users/admin/builder/spi-builder-workspace/.swiftpm/xcode -enable-anonymous-context-mangled-names -file-compilation-dir /Users/admin/builder/spi-builder-workspace/.swiftpm/xcode -Xcc -D_LIBCPP_HARDENING_MODE\=_LIBCPP_HARDENING_MODE_DEBUG -Xcc -ivfsstatcache -Xcc /Users/admin/builder/spi-builder-workspace/.derivedData/SDKStatCaches.noindex/appletvos26.4-23L236-688ef53f1462e2c8f657fdc38a81448fe9417fc108aa677fd4261ecaa021a5e7.sdkstatcache -Xcc -I/Users/admin/builder/spi-builder-workspace/.derivedData/Build/Intermediates.noindex/Nitroping.build/Debug-appletvos/Nitroping.build/swift-overrides.hmap -Xcc -I/Users/admin/builder/spi-builder-workspace/.derivedData/Build/Products/Debug-appletvos/include -Xcc -I/Users/admin/builder/spi-builder-workspace/.derivedData/Build/Intermediates.noindex/Nitroping.build/Debug-appletvos/Nitroping.build/DerivedSources-normal/arm64 -Xcc -I/Users/admin/builder/spi-builder-workspace/.derivedData/Build/Intermediates.noindex/Nitroping.build/Debug-appletvos/Nitroping.build/DerivedSources/arm64 -Xcc -I/Users/admin/builder/spi-builder-workspace/.derivedData/Build/Intermediates.noindex/Nitroping.build/Debug-appletvos/Nitroping.build/DerivedSources -Xcc -DSWIFT_PACKAGE -Xcc -DDEBUG\=1 -no-auto-bridging-header-chaining -module-name Nitroping -package-name spi_builder_workspace -frontend-parseable-output -disable-clang-spi -clang-target arm64-apple-tvos26.4 -target-sdk-version 26.4 -target-sdk-name appletvos26.4 -in-process-plugin-server-path /Applications/Xcode-26.4.0.app/Contents/Developer/Toolchains/XcodeDefault.xctoolchain/usr/lib/swift/host/libSwiftInProcPluginServer.dylib -o /Users/admin/builder/spi-builder-workspace/.derivedData/Build/Intermediates.noindex/Nitroping.build/Debug-appletvos/Nitroping.build/Objects-normal/arm64/NitropingError.o -o /Users/admin/builder/spi-builder-workspace/.derivedData/Build/Intermediates.noindex/Nitroping.build/Debug-appletvos/Nitroping.build/Objects-normal/arm64/NitropingPayload.o -index-unit-output-path /Nitroping.build/Debug-appletvos/Nitroping.build/Objects-normal/arm64/NitropingError.o -index-unit-output-path /Nitroping.build/Debug-appletvos/Nitroping.build/Objects-normal/arm64/NitropingPayload.o -index-store-path /Users/admin/builder/spi-builder-workspace/.derivedData/Index.noindex/DataStore -index-system-modules
SwiftCompile normal arm64 /Users/admin/builder/spi-builder-workspace/swift/Sources/Nitroping/Models/NitropingError.swift (in target 'Nitroping' from project 'Nitroping')
cd /Users/admin/builder/spi-builder-workspace/.swiftpm/xcode
SwiftCompile normal arm64 /Users/admin/builder/spi-builder-workspace/swift/Sources/Nitroping/Models/NitropingPayload.swift (in target 'Nitroping' from project 'Nitroping')
cd /Users/admin/builder/spi-builder-workspace/.swiftpm/xcode
/Users/admin/builder/spi-builder-workspace/swift/Sources/Nitroping/Models/NitropingPayload.swift:117:58: error: 'userInfo' is unavailable in tvOS
self.init(userInfo: notification.request.content.userInfo)
^~~~~~~~
/Applications/Xcode-26.4.0.app/Contents/Developer/Platforms/AppleTVOS.platform/Developer/SDKs/AppleTVOS26.4.sdk/System/Library/Frameworks/UserNotifications.framework/Headers/UNNotificationContent.h:66:64: note: 'userInfo' has been explicitly marked unavailable here
@property (NS_NONATOMIC_IOSONLY, readonly, copy) NSDictionary *userInfo API_UNAVAILABLE(tvos);
^
SwiftCompile normal arm64 Compiling\ Notification.swift /Users/admin/builder/spi-builder-workspace/swift/Sources/Nitroping/Models/Notification.swift (in target 'Nitroping' from project 'Nitroping')
SwiftCompile normal arm64 /Users/admin/builder/spi-builder-workspace/swift/Sources/Nitroping/Models/Notification.swift (in target 'Nitroping' from project 'Nitroping')
cd /Users/admin/builder/spi-builder-workspace/.swiftpm/xcode
SwiftCompile normal arm64 Compiling\ Device.swift,\ NitropingAction.swift /Users/admin/builder/spi-builder-workspace/swift/Sources/Nitroping/Models/Device.swift /Users/admin/builder/spi-builder-workspace/swift/Sources/Nitroping/Models/NitropingAction.swift (in target 'Nitroping' from project 'Nitroping')
SwiftCompile normal arm64 /Users/admin/builder/spi-builder-workspace/swift/Sources/Nitroping/Models/Device.swift (in target 'Nitroping' from project 'Nitroping')
cd /Users/admin/builder/spi-builder-workspace/.swiftpm/xcode
SwiftCompile normal arm64 /Users/admin/builder/spi-builder-workspace/swift/Sources/Nitroping/Models/NitropingAction.swift (in target 'Nitroping' from project 'Nitroping')
cd /Users/admin/builder/spi-builder-workspace/.swiftpm/xcode
SwiftCompile normal arm64 Compiling\ NitropingClient+Public.swift,\ NitropingClient+Track.swift /Users/admin/builder/spi-builder-workspace/swift/Sources/Nitroping/Client/NitropingClient+Public.swift /Users/admin/builder/spi-builder-workspace/swift/Sources/Nitroping/Client/NitropingClient+Track.swift (in target 'Nitroping' from project 'Nitroping')
SwiftCompile normal arm64 /Users/admin/builder/spi-builder-workspace/swift/Sources/Nitroping/Client/NitropingClient+Public.swift (in target 'Nitroping' from project 'Nitroping')
cd /Users/admin/builder/spi-builder-workspace/.swiftpm/xcode
SwiftCompile normal arm64 /Users/admin/builder/spi-builder-workspace/swift/Sources/Nitroping/Client/NitropingClient+Track.swift (in target 'Nitroping' from project 'Nitroping')
cd /Users/admin/builder/spi-builder-workspace/.swiftpm/xcode
SwiftCompile normal arm64 Compiling\ NitropingClient+Inbox.swift,\ NitropingClient+Notifications.swift /Users/admin/builder/spi-builder-workspace/swift/Sources/Nitroping/Client/NitropingClient+Inbox.swift /Users/admin/builder/spi-builder-workspace/swift/Sources/Nitroping/Client/NitropingClient+Notifications.swift (in target 'Nitroping' from project 'Nitroping')
SwiftCompile normal arm64 /Users/admin/builder/spi-builder-workspace/swift/Sources/Nitroping/Client/NitropingClient+Inbox.swift (in target 'Nitroping' from project 'Nitroping')
cd /Users/admin/builder/spi-builder-workspace/.swiftpm/xcode
SwiftCompile normal arm64 /Users/admin/builder/spi-builder-workspace/swift/Sources/Nitroping/Client/NitropingClient+Notifications.swift (in target 'Nitroping' from project 'Nitroping')
cd /Users/admin/builder/spi-builder-workspace/.swiftpm/xcode
SwiftCompile normal arm64 Compiling\ NitropingClient+Devices.swift,\ NitropingClient+Events.swift /Users/admin/builder/spi-builder-workspace/swift/Sources/Nitroping/Client/NitropingClient+Devices.swift /Users/admin/builder/spi-builder-workspace/swift/Sources/Nitroping/Client/NitropingClient+Events.swift (in target 'Nitroping' from project 'Nitroping')
SwiftCompile normal arm64 /Users/admin/builder/spi-builder-workspace/swift/Sources/Nitroping/Client/NitropingClient+Devices.swift (in target 'Nitroping' from project 'Nitroping')
cd /Users/admin/builder/spi-builder-workspace/.swiftpm/xcode
SwiftCompile normal arm64 /Users/admin/builder/spi-builder-workspace/swift/Sources/Nitroping/Client/NitropingClient+Events.swift (in target 'Nitroping' from project 'Nitroping')
cd /Users/admin/builder/spi-builder-workspace/.swiftpm/xcode
SwiftCompile normal arm64 Compiling\ NitropingClient.swift,\ HTTPTransport.swift /Users/admin/builder/spi-builder-workspace/swift/Sources/Nitroping/Client/NitropingClient.swift /Users/admin/builder/spi-builder-workspace/swift/Sources/Nitroping/Internal/HTTPTransport.swift (in target 'Nitroping' from project 'Nitroping')
SwiftCompile normal arm64 /Users/admin/builder/spi-builder-workspace/swift/Sources/Nitroping/Client/NitropingClient.swift (in target 'Nitroping' from project 'Nitroping')
cd /Users/admin/builder/spi-builder-workspace/.swiftpm/xcode
SwiftCompile normal arm64 /Users/admin/builder/spi-builder-workspace/swift/Sources/Nitroping/Internal/HTTPTransport.swift (in target 'Nitroping' from project 'Nitroping')
cd /Users/admin/builder/spi-builder-workspace/.swiftpm/xcode
SwiftCompile normal arm64 Compiling\ Signature.swift /Users/admin/builder/spi-builder-workspace/swift/Sources/Nitroping/Webhook/Signature.swift (in target 'Nitroping' from project 'Nitroping')
SwiftCompile normal arm64 /Users/admin/builder/spi-builder-workspace/swift/Sources/Nitroping/Webhook/Signature.swift (in target 'Nitroping' from project 'Nitroping')
cd /Users/admin/builder/spi-builder-workspace/.swiftpm/xcode
SwiftDriverJobDiscovery normal arm64 Emitting module for Nitroping (in target 'Nitroping' from project 'Nitroping')
SwiftDriver\ Compilation\ Requirements Nitroping normal arm64 com.apple.xcode.tools.swift.compiler (in target 'Nitroping' from project 'Nitroping')
cd /Users/admin/builder/spi-builder-workspace/.swiftpm/xcode
builtin-Swift-Compilation-Requirements -- /Applications/Xcode-26.4.0.app/Contents/Developer/Toolchains/XcodeDefault.xctoolchain/usr/bin/swiftc -module-name Nitroping -Onone @/Users/admin/builder/spi-builder-workspace/.derivedData/Build/Intermediates.noindex/Nitroping.build/Debug-appletvos/Nitroping.build/Objects-normal/arm64/Nitroping.SwiftFileList -DSWIFT_PACKAGE -DDEBUG -DSWIFT_MODULE_RESOURCE_BUNDLE_UNAVAILABLE -DXcode -plugin-path /Applications/Xcode-26.4.0.app/Contents/Developer/Toolchains/XcodeDefault.xctoolchain/usr/lib/swift/host/plugins/testing -enable-experimental-feature DebugDescriptionMacro -sdk /Applications/Xcode-26.4.0.app/Contents/Developer/Platforms/AppleTVOS.platform/Developer/SDKs/AppleTVOS26.4.sdk -target arm64-apple-tvos16.0 -g -module-cache-path /Users/admin/builder/spi-builder-workspace/.derivedData/ModuleCache.noindex -Xfrontend -serialize-debugging-options -profile-coverage-mapping -profile-generate -enable-testing -index-store-path /Users/admin/builder/spi-builder-workspace/.derivedData/Index.noindex/DataStore -Xcc -D_LIBCPP_HARDENING_MODE\=_LIBCPP_HARDENING_MODE_DEBUG -swift-version 6 -I /Users/admin/builder/spi-builder-workspace/.derivedData/Build/Products/Debug-appletvos -Isystem /Applications/Xcode-26.4.0.app/Contents/Developer/Platforms/AppleTVOS.platform/Developer/usr/lib -F /Users/admin/builder/spi-builder-workspace/.derivedData/Build/Products/Debug-appletvos -F /Applications/Xcode-26.4.0.app/Contents/Developer/Platforms/AppleTVOS.platform/Developer/Library/Frameworks -F /Applications/Xcode-26.4.0.app/Contents/Developer/Platforms/AppleTVOS.platform/Developer/SDKs/AppleTVOS26.4.sdk/Developer/Library/Frameworks -c -j10 -enable-batch-mode -incremental -Xcc -ivfsstatcache -Xcc /Users/admin/builder/spi-builder-workspace/.derivedData/SDKStatCaches.noindex/appletvos26.4-23L236-688ef53f1462e2c8f657fdc38a81448fe9417fc108aa677fd4261ecaa021a5e7.sdkstatcache -output-file-map /Users/admin/builder/spi-builder-workspace/.derivedData/Build/Intermediates.noindex/Nitroping.build/Debug-appletvos/Nitroping.build/Objects-normal/arm64/Nitroping-OutputFileMap.json -use-frontend-parseable-output -save-temps -no-color-diagnostics -explicit-module-build -module-cache-path /Users/admin/builder/spi-builder-workspace/.derivedData/Build/Intermediates.noindex/SwiftExplicitPrecompiledModules -clang-scanner-module-cache-path /Users/admin/builder/spi-builder-workspace/.derivedData/ModuleCache.noindex -sdk-module-cache-path /Users/admin/builder/spi-builder-workspace/.derivedData/ModuleCache.noindex -serialize-diagnostics -emit-dependencies -emit-module -emit-module-path /Users/admin/builder/spi-builder-workspace/.derivedData/Build/Intermediates.noindex/Nitroping.build/Debug-appletvos/Nitroping.build/Objects-normal/arm64/Nitroping.swiftmodule -validate-clang-modules-once -clang-build-session-file /Users/admin/builder/spi-builder-workspace/.derivedData/ModuleCache.noindex/Session.modulevalidation -package-name spi_builder_workspace -Xcc -I/Users/admin/builder/spi-builder-workspace/.derivedData/Build/Intermediates.noindex/Nitroping.build/Debug-appletvos/Nitroping.build/swift-overrides.hmap -emit-const-values -Xfrontend -const-gather-protocols-file -Xfrontend /Users/admin/builder/spi-builder-workspace/.derivedData/Build/Intermediates.noindex/Nitroping.build/Debug-appletvos/Nitroping.build/Objects-normal/arm64/Nitroping_const_extract_protocols.json -Xcc -I/Users/admin/builder/spi-builder-workspace/.derivedData/Build/Products/Debug-appletvos/include -Xcc -I/Users/admin/builder/spi-builder-workspace/.derivedData/Build/Intermediates.noindex/Nitroping.build/Debug-appletvos/Nitroping.build/DerivedSources-normal/arm64 -Xcc -I/Users/admin/builder/spi-builder-workspace/.derivedData/Build/Intermediates.noindex/Nitroping.build/Debug-appletvos/Nitroping.build/DerivedSources/arm64 -Xcc -I/Users/admin/builder/spi-builder-workspace/.derivedData/Build/Intermediates.noindex/Nitroping.build/Debug-appletvos/Nitroping.build/DerivedSources -Xcc -DSWIFT_PACKAGE -Xcc -DDEBUG\=1 -emit-objc-header -emit-objc-header-path /Users/admin/builder/spi-builder-workspace/.derivedData/Build/Intermediates.noindex/Nitroping.build/Debug-appletvos/Nitroping.build/Objects-normal/arm64/Nitroping-Swift.h -working-directory /Users/admin/builder/spi-builder-workspace/.swiftpm/xcode -experimental-emit-module-separately -disable-cmo
SwiftDriverJobDiscovery normal arm64 Compiling NitropingClient+Inbox.swift, NitropingClient+Notifications.swift (in target 'Nitroping' from project 'Nitroping')
SwiftDriverJobDiscovery normal arm64 Compiling NitropingClient+Public.swift, NitropingClient+Track.swift (in target 'Nitroping' from project 'Nitroping')
SwiftDriverJobDiscovery normal arm64 Compiling Nitroping.swift (in target 'Nitroping' from project 'Nitroping')
SwiftDriverJobDiscovery normal arm64 Compiling Device.swift, NitropingAction.swift (in target 'Nitroping' from project 'Nitroping')
SwiftDriverJobDiscovery normal arm64 Compiling NitropingClient+Devices.swift, NitropingClient+Events.swift (in target 'Nitroping' from project 'Nitroping')
2026-07-19 10:46:08.257 xcodebuild[735:4604] [MT] IDERunDestination: Supported platforms for the buildables in the current scheme is empty.
** BUILD FAILED **
The following build commands failed:
SwiftCompile normal arm64 Compiling\ NitropingError.swift,\ NitropingPayload.swift /Users/admin/builder/spi-builder-workspace/swift/Sources/Nitroping/Models/NitropingError.swift /Users/admin/builder/spi-builder-workspace/swift/Sources/Nitroping/Models/NitropingPayload.swift (in target 'Nitroping' from project 'Nitroping')
SwiftCompile normal arm64 /Users/admin/builder/spi-builder-workspace/swift/Sources/Nitroping/Models/NitropingPayload.swift (in target 'Nitroping' from project 'Nitroping')
Building workspace spi-builder-workspace with scheme Nitroping
(3 failures)
Command line invocation:
/Applications/Xcode-26.4.0.app/Contents/Developer/usr/bin/xcodebuild -IDEClonedSourcePackagesDirPathOverride=/Users/admin/builder/spi-builder-workspace/.dependencies -resolvePackageDependencies
Resolve Package Graph
Resolved source packages:
Nitroping: /Users/admin/builder/spi-builder-workspace
resolved source packages: Nitroping
2026-07-19 10:46:16.451 xcodebuild[793:4893] [MT] IDERunDestination: Supported platforms for the buildables in the current scheme is empty.
{
"dependencies" : [
],
"manifest_display_name" : "Nitroping",
"name" : "Nitroping",
"path" : "/Users/admin/builder/spi-builder-workspace",
"platforms" : [
{
"name" : "ios",
"version" : "16.0"
},
{
"name" : "macos",
"version" : "13.0"
},
{
"name" : "watchos",
"version" : "9.0"
},
{
"name" : "tvos",
"version" : "16.0"
},
{
"name" : "visionos",
"version" : "1.0"
}
],
"products" : [
{
"name" : "Nitroping",
"targets" : [
"Nitroping"
],
"type" : {
"library" : [
"automatic"
]
}
}
],
"targets" : [
{
"c99name" : "NitropingTests",
"module_type" : "SwiftTarget",
"name" : "NitropingTests",
"path" : "swift/Tests/NitropingTests",
"sources" : [
"ClientTests.swift",
"PayloadTests.swift",
"URLProtocolStub.swift",
"WebhookTests.swift"
],
"target_dependencies" : [
"Nitroping"
],
"type" : "test"
},
{
"c99name" : "Nitroping",
"module_type" : "SwiftTarget",
"name" : "Nitroping",
"path" : "swift/Sources/Nitroping",
"product_memberships" : [
"Nitroping"
],
"sources" : [
"Client/NitropingClient+Devices.swift",
"Client/NitropingClient+Events.swift",
"Client/NitropingClient+Inbox.swift",
"Client/NitropingClient+Notifications.swift",
"Client/NitropingClient+Public.swift",
"Client/NitropingClient+Track.swift",
"Client/NitropingClient.swift",
"Internal/HTTPTransport.swift",
"Models/Device.swift",
"Models/NitropingAction.swift",
"Models/NitropingError.swift",
"Models/NitropingPayload.swift",
"Models/Notification.swift",
"Nitroping.swift",
"Webhook/NitropingWebhook.swift",
"Webhook/Signature.swift"
],
"type" : "library"
}
],
"tools_version" : "6.0"
}
{
"workspace" : {
"name" : "spi-builder-workspace",
"schemes" : [
"Nitroping"
]
}
}
2026-07-19 10:46:17.556 xcodebuild[803:4971] [MT] IDERunDestination: Supported platforms for the buildables in the current scheme is empty.
Running build ...
env DEVELOPER_DIR=/Applications/Xcode-26.4.0.app xcrun xcodebuild -IDEClonedSourcePackagesDirPathOverride=$PWD/.dependencies -skipMacroValidation -skipPackagePluginValidation -derivedDataPath $PWD/.derivedData build -scheme Nitroping -destination generic/platform=tvOS
Command line invocation:
/Applications/Xcode-26.4.0.app/Contents/Developer/usr/bin/xcodebuild -IDEClonedSourcePackagesDirPathOverride=/Users/admin/builder/spi-builder-workspace/.dependencies -skipMacroValidation -skipPackagePluginValidation -derivedDataPath /Users/admin/builder/spi-builder-workspace/.derivedData build -scheme Nitroping -destination generic/platform=tvOS
Resolve Package Graph
Resolved source packages:
Nitroping: /Users/admin/builder/spi-builder-workspace
ComputePackagePrebuildTargetDependencyGraph
Prepare packages
CreateBuildRequest
SendProjectDescription
CreateBuildOperation
ComputeTargetDependencyGraph
note: Building targets in dependency order
note: Target dependency graph (2 targets)
Target 'Nitroping' in project 'Nitroping'
➜ Explicit dependency on target 'Nitroping' in project 'Nitroping'
Target 'Nitroping' in project 'Nitroping' (no dependencies)
GatherProvisioningInputs
CreateBuildDescription
ClangStatCache /Applications/Xcode-26.4.0.app/Contents/Developer/Toolchains/XcodeDefault.xctoolchain/usr/bin/clang-stat-cache /Applications/Xcode-26.4.0.app/Contents/Developer/Platforms/AppleTVOS.platform/Developer/SDKs/AppleTVOS26.4.sdk /Users/admin/builder/spi-builder-workspace/.derivedData/SDKStatCaches.noindex/appletvos26.4-23L236-688ef53f1462e2c8f657fdc38a81448fe9417fc108aa677fd4261ecaa021a5e7.sdkstatcache
cd /Users/admin/builder/spi-builder-workspace/.swiftpm/xcode
/Applications/Xcode-26.4.0.app/Contents/Developer/Toolchains/XcodeDefault.xctoolchain/usr/bin/clang-stat-cache /Applications/Xcode-26.4.0.app/Contents/Developer/Platforms/AppleTVOS.platform/Developer/SDKs/AppleTVOS26.4.sdk -o /Users/admin/builder/spi-builder-workspace/.derivedData/SDKStatCaches.noindex/appletvos26.4-23L236-688ef53f1462e2c8f657fdc38a81448fe9417fc108aa677fd4261ecaa021a5e7.sdkstatcache
SwiftMergeGeneratedHeaders /Users/admin/builder/spi-builder-workspace/.derivedData/Build/Intermediates.noindex/GeneratedModuleMaps-appletvos/Nitroping-Swift.h /Users/admin/builder/spi-builder-workspace/.derivedData/Build/Intermediates.noindex/Nitroping.build/Debug-appletvos/Nitroping.build/Objects-normal/arm64/Nitroping-Swift.h (in target 'Nitroping' from project 'Nitroping')
cd /Users/admin/builder/spi-builder-workspace
builtin-swiftHeaderTool -arch arm64 /Users/admin/builder/spi-builder-workspace/.derivedData/Build/Intermediates.noindex/Nitroping.build/Debug-appletvos/Nitroping.build/Objects-normal/arm64/Nitroping-Swift.h -o /Users/admin/builder/spi-builder-workspace/.derivedData/Build/Intermediates.noindex/GeneratedModuleMaps-appletvos/Nitroping-Swift.h
SwiftDriver Nitroping normal arm64 com.apple.xcode.tools.swift.compiler (in target 'Nitroping' from project 'Nitroping')
cd /Users/admin/builder/spi-builder-workspace/.swiftpm/xcode
builtin-SwiftDriver -- /Applications/Xcode-26.4.0.app/Contents/Developer/Toolchains/XcodeDefault.xctoolchain/usr/bin/swiftc -module-name Nitroping -Onone @/Users/admin/builder/spi-builder-workspace/.derivedData/Build/Intermediates.noindex/Nitroping.build/Debug-appletvos/Nitroping.build/Objects-normal/arm64/Nitroping.SwiftFileList -DSWIFT_PACKAGE -DDEBUG -DSWIFT_MODULE_RESOURCE_BUNDLE_UNAVAILABLE -DXcode -plugin-path /Applications/Xcode-26.4.0.app/Contents/Developer/Toolchains/XcodeDefault.xctoolchain/usr/lib/swift/host/plugins/testing -enable-experimental-feature DebugDescriptionMacro -sdk /Applications/Xcode-26.4.0.app/Contents/Developer/Platforms/AppleTVOS.platform/Developer/SDKs/AppleTVOS26.4.sdk -target arm64-apple-tvos16.0 -g -module-cache-path /Users/admin/builder/spi-builder-workspace/.derivedData/ModuleCache.noindex -Xfrontend -serialize-debugging-options -profile-coverage-mapping -profile-generate -enable-testing -index-store-path /Users/admin/builder/spi-builder-workspace/.derivedData/Index.noindex/DataStore -Xcc -D_LIBCPP_HARDENING_MODE\=_LIBCPP_HARDENING_MODE_DEBUG -swift-version 6 -I /Users/admin/builder/spi-builder-workspace/.derivedData/Build/Products/Debug-appletvos -Isystem /Applications/Xcode-26.4.0.app/Contents/Developer/Platforms/AppleTVOS.platform/Developer/usr/lib -F /Users/admin/builder/spi-builder-workspace/.derivedData/Build/Products/Debug-appletvos -F /Applications/Xcode-26.4.0.app/Contents/Developer/Platforms/AppleTVOS.platform/Developer/Library/Frameworks -F /Applications/Xcode-26.4.0.app/Contents/Developer/Platforms/AppleTVOS.platform/Developer/SDKs/AppleTVOS26.4.sdk/Developer/Library/Frameworks -c -j10 -enable-batch-mode -incremental -Xcc -ivfsstatcache -Xcc /Users/admin/builder/spi-builder-workspace/.derivedData/SDKStatCaches.noindex/appletvos26.4-23L236-688ef53f1462e2c8f657fdc38a81448fe9417fc108aa677fd4261ecaa021a5e7.sdkstatcache -output-file-map /Users/admin/builder/spi-builder-workspace/.derivedData/Build/Intermediates.noindex/Nitroping.build/Debug-appletvos/Nitroping.build/Objects-normal/arm64/Nitroping-OutputFileMap.json -use-frontend-parseable-output -save-temps -no-color-diagnostics -explicit-module-build -module-cache-path /Users/admin/builder/spi-builder-workspace/.derivedData/Build/Intermediates.noindex/SwiftExplicitPrecompiledModules -clang-scanner-module-cache-path /Users/admin/builder/spi-builder-workspace/.derivedData/ModuleCache.noindex -sdk-module-cache-path /Users/admin/builder/spi-builder-workspace/.derivedData/ModuleCache.noindex -serialize-diagnostics -emit-dependencies -emit-module -emit-module-path /Users/admin/builder/spi-builder-workspace/.derivedData/Build/Intermediates.noindex/Nitroping.build/Debug-appletvos/Nitroping.build/Objects-normal/arm64/Nitroping.swiftmodule -validate-clang-modules-once -clang-build-session-file /Users/admin/builder/spi-builder-workspace/.derivedData/ModuleCache.noindex/Session.modulevalidation -package-name spi_builder_workspace -Xcc -I/Users/admin/builder/spi-builder-workspace/.derivedData/Build/Intermediates.noindex/Nitroping.build/Debug-appletvos/Nitroping.build/swift-overrides.hmap -emit-const-values -Xfrontend -const-gather-protocols-file -Xfrontend /Users/admin/builder/spi-builder-workspace/.derivedData/Build/Intermediates.noindex/Nitroping.build/Debug-appletvos/Nitroping.build/Objects-normal/arm64/Nitroping_const_extract_protocols.json -Xcc -I/Users/admin/builder/spi-builder-workspace/.derivedData/Build/Products/Debug-appletvos/include -Xcc -I/Users/admin/builder/spi-builder-workspace/.derivedData/Build/Intermediates.noindex/Nitroping.build/Debug-appletvos/Nitroping.build/DerivedSources-normal/arm64 -Xcc -I/Users/admin/builder/spi-builder-workspace/.derivedData/Build/Intermediates.noindex/Nitroping.build/Debug-appletvos/Nitroping.build/DerivedSources/arm64 -Xcc -I/Users/admin/builder/spi-builder-workspace/.derivedData/Build/Intermediates.noindex/Nitroping.build/Debug-appletvos/Nitroping.build/DerivedSources -Xcc -DSWIFT_PACKAGE -Xcc -DDEBUG\=1 -emit-objc-header -emit-objc-header-path /Users/admin/builder/spi-builder-workspace/.derivedData/Build/Intermediates.noindex/Nitroping.build/Debug-appletvos/Nitroping.build/Objects-normal/arm64/Nitroping-Swift.h -working-directory /Users/admin/builder/spi-builder-workspace/.swiftpm/xcode -experimental-emit-module-separately -disable-cmo
Copy /Users/admin/builder/spi-builder-workspace/.derivedData/Build/Products/Debug-appletvos/Nitroping.swiftmodule/arm64-apple-tvos.abi.json /Users/admin/builder/spi-builder-workspace/.derivedData/Build/Intermediates.noindex/Nitroping.build/Debug-appletvos/Nitroping.build/Objects-normal/arm64/Nitroping.abi.json (in target 'Nitroping' from project 'Nitroping')
cd /Users/admin/builder/spi-builder-workspace
builtin-copy -exclude .DS_Store -exclude CVS -exclude .svn -exclude .git -exclude .hg -resolve-src-symlinks -rename /Users/admin/builder/spi-builder-workspace/.derivedData/Build/Intermediates.noindex/Nitroping.build/Debug-appletvos/Nitroping.build/Objects-normal/arm64/Nitroping.abi.json /Users/admin/builder/spi-builder-workspace/.derivedData/Build/Products/Debug-appletvos/Nitroping.swiftmodule/arm64-apple-tvos.abi.json
Copy /Users/admin/builder/spi-builder-workspace/.derivedData/Build/Products/Debug-appletvos/Nitroping.swiftmodule/arm64-apple-tvos.swiftmodule /Users/admin/builder/spi-builder-workspace/.derivedData/Build/Intermediates.noindex/Nitroping.build/Debug-appletvos/Nitroping.build/Objects-normal/arm64/Nitroping.swiftmodule (in target 'Nitroping' from project 'Nitroping')
cd /Users/admin/builder/spi-builder-workspace
builtin-copy -exclude .DS_Store -exclude CVS -exclude .svn -exclude .git -exclude .hg -resolve-src-symlinks -rename /Users/admin/builder/spi-builder-workspace/.derivedData/Build/Intermediates.noindex/Nitroping.build/Debug-appletvos/Nitroping.build/Objects-normal/arm64/Nitroping.swiftmodule /Users/admin/builder/spi-builder-workspace/.derivedData/Build/Products/Debug-appletvos/Nitroping.swiftmodule/arm64-apple-tvos.swiftmodule
Copy /Users/admin/builder/spi-builder-workspace/.derivedData/Build/Products/Debug-appletvos/Nitroping.swiftmodule/arm64-apple-tvos.swiftdoc /Users/admin/builder/spi-builder-workspace/.derivedData/Build/Intermediates.noindex/Nitroping.build/Debug-appletvos/Nitroping.build/Objects-normal/arm64/Nitroping.swiftdoc (in target 'Nitroping' from project 'Nitroping')
cd /Users/admin/builder/spi-builder-workspace
builtin-copy -exclude .DS_Store -exclude CVS -exclude .svn -exclude .git -exclude .hg -resolve-src-symlinks -rename /Users/admin/builder/spi-builder-workspace/.derivedData/Build/Intermediates.noindex/Nitroping.build/Debug-appletvos/Nitroping.build/Objects-normal/arm64/Nitroping.swiftdoc /Users/admin/builder/spi-builder-workspace/.derivedData/Build/Products/Debug-appletvos/Nitroping.swiftmodule/arm64-apple-tvos.swiftdoc
Copy /Users/admin/builder/spi-builder-workspace/.derivedData/Build/Products/Debug-appletvos/Nitroping.swiftmodule/Project/arm64-apple-tvos.swiftsourceinfo /Users/admin/builder/spi-builder-workspace/.derivedData/Build/Intermediates.noindex/Nitroping.build/Debug-appletvos/Nitroping.build/Objects-normal/arm64/Nitroping.swiftsourceinfo (in target 'Nitroping' from project 'Nitroping')
cd /Users/admin/builder/spi-builder-workspace
builtin-copy -exclude .DS_Store -exclude CVS -exclude .svn -exclude .git -exclude .hg -resolve-src-symlinks -rename /Users/admin/builder/spi-builder-workspace/.derivedData/Build/Intermediates.noindex/Nitroping.build/Debug-appletvos/Nitroping.build/Objects-normal/arm64/Nitroping.swiftsourceinfo /Users/admin/builder/spi-builder-workspace/.derivedData/Build/Products/Debug-appletvos/Nitroping.swiftmodule/Project/arm64-apple-tvos.swiftsourceinfo
SwiftCompile normal arm64 Compiling\ NitropingClient.swift /Users/admin/builder/spi-builder-workspace/swift/Sources/Nitroping/Client/NitropingClient.swift (in target 'Nitroping' from project 'Nitroping')
SwiftCompile normal arm64 /Users/admin/builder/spi-builder-workspace/swift/Sources/Nitroping/Client/NitropingClient.swift (in target 'Nitroping' from project 'Nitroping')
cd /Users/admin/builder/spi-builder-workspace/.swiftpm/xcode
SwiftCompile normal arm64 Compiling\ NitropingWebhook.swift /Users/admin/builder/spi-builder-workspace/swift/Sources/Nitroping/Webhook/NitropingWebhook.swift (in target 'Nitroping' from project 'Nitroping')
SwiftCompile normal arm64 /Users/admin/builder/spi-builder-workspace/swift/Sources/Nitroping/Webhook/NitropingWebhook.swift (in target 'Nitroping' from project 'Nitroping')
cd /Users/admin/builder/spi-builder-workspace/.swiftpm/xcode
SwiftCompile normal arm64 Compiling\ NitropingPayload.swift /Users/admin/builder/spi-builder-workspace/swift/Sources/Nitroping/Models/NitropingPayload.swift (in target 'Nitroping' from project 'Nitroping')
Failed frontend command:
/Applications/Xcode-26.4.0.app/Contents/Developer/Toolchains/XcodeDefault.xctoolchain/usr/bin/swift-frontend -frontend -c /Users/admin/builder/spi-builder-workspace/swift/Sources/Nitroping/Client/NitropingClient+Devices.swift /Users/admin/builder/spi-builder-workspace/swift/Sources/Nitroping/Client/NitropingClient+Events.swift /Users/admin/builder/spi-builder-workspace/swift/Sources/Nitroping/Client/NitropingClient+Inbox.swift /Users/admin/builder/spi-builder-workspace/swift/Sources/Nitroping/Client/NitropingClient+Notifications.swift /Users/admin/builder/spi-builder-workspace/swift/Sources/Nitroping/Client/NitropingClient+Public.swift /Users/admin/builder/spi-builder-workspace/swift/Sources/Nitroping/Client/NitropingClient+Track.swift /Users/admin/builder/spi-builder-workspace/swift/Sources/Nitroping/Client/NitropingClient.swift /Users/admin/builder/spi-builder-workspace/swift/Sources/Nitroping/Internal/HTTPTransport.swift /Users/admin/builder/spi-builder-workspace/swift/Sources/Nitroping/Models/Device.swift /Users/admin/builder/spi-builder-workspace/swift/Sources/Nitroping/Models/NitropingAction.swift /Users/admin/builder/spi-builder-workspace/swift/Sources/Nitroping/Models/NitropingError.swift -primary-file /Users/admin/builder/spi-builder-workspace/swift/Sources/Nitroping/Models/NitropingPayload.swift /Users/admin/builder/spi-builder-workspace/swift/Sources/Nitroping/Models/Notification.swift /Users/admin/builder/spi-builder-workspace/swift/Sources/Nitroping/Nitroping.swift /Users/admin/builder/spi-builder-workspace/swift/Sources/Nitroping/Webhook/NitropingWebhook.swift /Users/admin/builder/spi-builder-workspace/swift/Sources/Nitroping/Webhook/Signature.swift -emit-dependencies-path /Users/admin/builder/spi-builder-workspace/.derivedData/Build/Intermediates.noindex/Nitroping.build/Debug-appletvos/Nitroping.build/Objects-normal/arm64/NitropingPayload.d -emit-const-values-path /Users/admin/builder/spi-builder-workspace/.derivedData/Build/Intermediates.noindex/Nitroping.build/Debug-appletvos/Nitroping.build/Objects-normal/arm64/NitropingPayload.swiftconstvalues -emit-reference-dependencies-path /Users/admin/builder/spi-builder-workspace/.derivedData/Build/Intermediates.noindex/Nitroping.build/Debug-appletvos/Nitroping.build/Objects-normal/arm64/NitropingPayload.swiftdeps -serialize-diagnostics-path /Users/admin/builder/spi-builder-workspace/.derivedData/Build/Intermediates.noindex/Nitroping.build/Debug-appletvos/Nitroping.build/Objects-normal/arm64/NitropingPayload.dia -target arm64-apple-tvos16.0 -module-can-import-version CryptoKit 324.100.35 0 -module-can-import-version UserNotifications 1.0.0 1.0.0 -load-resolved-plugin /Applications/Xcode-26.4.0.app/Contents/Developer/Platforms/AppleTVOS.platform/Developer/usr/lib/swift/host/plugins/libFoundationMacros.dylib\#/Applications/Xcode-26.4.0.app/Contents/Developer/Platforms/AppleTVOS.platform/Developer/usr/bin/swift-plugin-server\#FoundationMacros -load-resolved-plugin /Applications/Xcode-26.4.0.app/Contents/Developer/Platforms/AppleTVOS.platform/Developer/usr/lib/swift/host/plugins/libObservationMacros.dylib\#/Applications/Xcode-26.4.0.app/Contents/Developer/Platforms/AppleTVOS.platform/Developer/usr/bin/swift-plugin-server\#ObservationMacros -load-resolved-plugin /Applications/Xcode-26.4.0.app/Contents/Developer/Platforms/AppleTVOS.platform/Developer/usr/lib/swift/host/plugins/libSwiftMacros.dylib\#/Applications/Xcode-26.4.0.app/Contents/Developer/Platforms/AppleTVOS.platform/Developer/usr/bin/swift-plugin-server\#SwiftMacros -disable-implicit-swift-modules -Xcc -fno-implicit-modules -Xcc -fno-implicit-module-maps -explicit-swift-module-map-file /Users/admin/builder/spi-builder-workspace/.derivedData/Build/Intermediates.noindex/Nitroping.build/Debug-appletvos/Nitroping.build/Objects-normal/arm64/Nitroping-dependencies-1.json -debug-module-path /Users/admin/builder/spi-builder-workspace/.derivedData/Build/Intermediates.noindex/Nitroping.build/Debug-appletvos/Nitroping.build/Objects-normal/arm64/Nitroping.swiftmodule -Xllvm -aarch64-use-tbi -enable-objc-interop -stack-check -sdk /Applications/Xcode-26.4.0.app/Contents/Developer/Platforms/AppleTVOS.platform/Developer/SDKs/AppleTVOS26.4.sdk -I /Users/admin/builder/spi-builder-workspace/.derivedData/Build/Products/Debug-appletvos -Isystem /Applications/Xcode-26.4.0.app/Contents/Developer/Platforms/AppleTVOS.platform/Developer/usr/lib -F /Users/admin/builder/spi-builder-workspace/.derivedData/Build/Products/Debug-appletvos -F /Applications/Xcode-26.4.0.app/Contents/Developer/Platforms/AppleTVOS.platform/Developer/Library/Frameworks -F /Applications/Xcode-26.4.0.app/Contents/Developer/Platforms/AppleTVOS.platform/Developer/SDKs/AppleTVOS26.4.sdk/Developer/Library/Frameworks -no-color-diagnostics -Xcc -fno-color-diagnostics -enable-testing -g -debug-info-format\=dwarf -dwarf-version\=4 -module-cache-path /Users/admin/builder/spi-builder-workspace/.derivedData/Build/Intermediates.noindex/SwiftExplicitPrecompiledModules -profile-generate -profile-coverage-mapping -swift-version 6 -Onone -D SWIFT_PACKAGE -D DEBUG -D SWIFT_MODULE_RESOURCE_BUNDLE_UNAVAILABLE -D Xcode -serialize-debugging-options -const-gather-protocols-file /Users/admin/builder/spi-builder-workspace/.derivedData/Build/Intermediates.noindex/Nitroping.build/Debug-appletvos/Nitroping.build/Objects-normal/arm64/Nitroping_const_extract_protocols.json -enable-experimental-feature DebugDescriptionMacro -empty-abi-descriptor -validate-clang-modules-once -clang-build-session-file /Users/admin/builder/spi-builder-workspace/.derivedData/ModuleCache.noindex/Session.modulevalidation -Xcc -working-directory -Xcc /Users/admin/builder/spi-builder-workspace/.swiftpm/xcode -enable-anonymous-context-mangled-names -file-compilation-dir /Users/admin/builder/spi-builder-workspace/.swiftpm/xcode -Xcc -D_LIBCPP_HARDENING_MODE\=_LIBCPP_HARDENING_MODE_DEBUG -Xcc -ivfsstatcache -Xcc /Users/admin/builder/spi-builder-workspace/.derivedData/SDKStatCaches.noindex/appletvos26.4-23L236-688ef53f1462e2c8f657fdc38a81448fe9417fc108aa677fd4261ecaa021a5e7.sdkstatcache -Xcc -I/Users/admin/builder/spi-builder-workspace/.derivedData/Build/Intermediates.noindex/Nitroping.build/Debug-appletvos/Nitroping.build/swift-overrides.hmap -Xcc -I/Users/admin/builder/spi-builder-workspace/.derivedData/Build/Products/Debug-appletvos/include -Xcc -I/Users/admin/builder/spi-builder-workspace/.derivedData/Build/Intermediates.noindex/Nitroping.build/Debug-appletvos/Nitroping.build/DerivedSources-normal/arm64 -Xcc -I/Users/admin/builder/spi-builder-workspace/.derivedData/Build/Intermediates.noindex/Nitroping.build/Debug-appletvos/Nitroping.build/DerivedSources/arm64 -Xcc -I/Users/admin/builder/spi-builder-workspace/.derivedData/Build/Intermediates.noindex/Nitroping.build/Debug-appletvos/Nitroping.build/DerivedSources -Xcc -DSWIFT_PACKAGE -Xcc -DDEBUG\=1 -no-auto-bridging-header-chaining -module-name Nitroping -package-name spi_builder_workspace -frontend-parseable-output -disable-clang-spi -clang-target arm64-apple-tvos26.4 -target-sdk-version 26.4 -target-sdk-name appletvos26.4 -in-process-plugin-server-path /Applications/Xcode-26.4.0.app/Contents/Developer/Toolchains/XcodeDefault.xctoolchain/usr/lib/swift/host/libSwiftInProcPluginServer.dylib -o /Users/admin/builder/spi-builder-workspace/.derivedData/Build/Intermediates.noindex/Nitroping.build/Debug-appletvos/Nitroping.build/Objects-normal/arm64/NitropingPayload.o -index-unit-output-path /Nitroping.build/Debug-appletvos/Nitroping.build/Objects-normal/arm64/NitropingPayload.o -index-store-path /Users/admin/builder/spi-builder-workspace/.derivedData/Index.noindex/DataStore -index-system-modules
SwiftCompile normal arm64 /Users/admin/builder/spi-builder-workspace/swift/Sources/Nitroping/Models/NitropingPayload.swift (in target 'Nitroping' from project 'Nitroping')
cd /Users/admin/builder/spi-builder-workspace/.swiftpm/xcode
/Users/admin/builder/spi-builder-workspace/swift/Sources/Nitroping/Models/NitropingPayload.swift:117:58: error: 'userInfo' is unavailable in tvOS
self.init(userInfo: notification.request.content.userInfo)
^~~~~~~~
/Applications/Xcode-26.4.0.app/Contents/Developer/Platforms/AppleTVOS.platform/Developer/SDKs/AppleTVOS26.4.sdk/System/Library/Frameworks/UserNotifications.framework/Headers/UNNotificationContent.h:66:64: note: 'userInfo' has been explicitly marked unavailable here
@property (NS_NONATOMIC_IOSONLY, readonly, copy) NSDictionary *userInfo API_UNAVAILABLE(tvos);
^
SwiftCompile normal arm64 Compiling\ NitropingError.swift /Users/admin/builder/spi-builder-workspace/swift/Sources/Nitroping/Models/NitropingError.swift (in target 'Nitroping' from project 'Nitroping')
SwiftCompile normal arm64 /Users/admin/builder/spi-builder-workspace/swift/Sources/Nitroping/Models/NitropingError.swift (in target 'Nitroping' from project 'Nitroping')
cd /Users/admin/builder/spi-builder-workspace/.swiftpm/xcode
SwiftCompile normal arm64 Compiling\ HTTPTransport.swift /Users/admin/builder/spi-builder-workspace/swift/Sources/Nitroping/Internal/HTTPTransport.swift (in target 'Nitroping' from project 'Nitroping')
SwiftCompile normal arm64 /Users/admin/builder/spi-builder-workspace/swift/Sources/Nitroping/Internal/HTTPTransport.swift (in target 'Nitroping' from project 'Nitroping')
cd /Users/admin/builder/spi-builder-workspace/.swiftpm/xcode
SwiftCompile normal arm64 Compiling\ Notification.swift /Users/admin/builder/spi-builder-workspace/swift/Sources/Nitroping/Models/Notification.swift (in target 'Nitroping' from project 'Nitroping')
SwiftCompile normal arm64 /Users/admin/builder/spi-builder-workspace/swift/Sources/Nitroping/Models/Notification.swift (in target 'Nitroping' from project 'Nitroping')
cd /Users/admin/builder/spi-builder-workspace/.swiftpm/xcode
SwiftCompile normal arm64 Compiling\ Signature.swift /Users/admin/builder/spi-builder-workspace/swift/Sources/Nitroping/Webhook/Signature.swift (in target 'Nitroping' from project 'Nitroping')
SwiftCompile normal arm64 /Users/admin/builder/spi-builder-workspace/swift/Sources/Nitroping/Webhook/Signature.swift (in target 'Nitroping' from project 'Nitroping')
cd /Users/admin/builder/spi-builder-workspace/.swiftpm/xcode
SwiftEmitModule normal arm64 Emitting\ module\ for\ Nitroping (in target 'Nitroping' from project 'Nitroping')
EmitSwiftModule normal arm64 (in target 'Nitroping' from project 'Nitroping')
cd /Users/admin/builder/spi-builder-workspace/.swiftpm/xcode
SwiftDriverJobDiscovery normal arm64 Compiling NitropingClient.swift (in target 'Nitroping' from project 'Nitroping')
SwiftCompile normal arm64 Compiling\ NitropingClient+Events.swift /Users/admin/builder/spi-builder-workspace/swift/Sources/Nitroping/Client/NitropingClient+Events.swift (in target 'Nitroping' from project 'Nitroping')
SwiftCompile normal arm64 Compiling\ NitropingClient+Devices.swift /Users/admin/builder/spi-builder-workspace/swift/Sources/Nitroping/Client/NitropingClient+Devices.swift (in target 'Nitroping' from project 'Nitroping')
SwiftCompile normal arm64 Compiling\ NitropingClient+Notifications.swift /Users/admin/builder/spi-builder-workspace/swift/Sources/Nitroping/Client/NitropingClient+Notifications.swift (in target 'Nitroping' from project 'Nitroping')
2026-07-19 10:46:18.430 xcodebuild[806:5004] [MT] IDERunDestination: Supported platforms for the buildables in the current scheme is empty.
** BUILD FAILED **
The following build commands failed:
SwiftCompile normal arm64 Compiling\ NitropingPayload.swift /Users/admin/builder/spi-builder-workspace/swift/Sources/Nitroping/Models/NitropingPayload.swift (in target 'Nitroping' from project 'Nitroping')
SwiftCompile normal arm64 /Users/admin/builder/spi-builder-workspace/swift/Sources/Nitroping/Models/NitropingPayload.swift (in target 'Nitroping' from project 'Nitroping')
Building workspace spi-builder-workspace with scheme Nitroping
(3 failures)
BUILD FAILURE 6.3 tvOS