Build Information
Failed to build EasyMetalShader, reference main (7f496f), with Swift 6.4 for watchOS using Xcode 27.0 on 23 Sep 2026 04:56:10 UTC.
Build Command
env DEVELOPER_DIR=/Applications/Xcode-27.0.0-Release.Candidate.app xcrun xcodebuild -IDEClonedSourcePackagesDirPathOverride=$PWD/.dependencies -skipMacroValidation -skipPackagePluginValidation -derivedDataPath $PWD/.derivedData build -scheme EasyMetalShader -destination generic/platform=watchOSBuild Log
========================================
RunAll
========================================
Builder version: 5.1.0
Interrupt handler set up.
========================================
Checkout
========================================
Clone URL: https://github.com/yukiny0811/EasyMetalShader.git
Reference: main
Initialized empty Git repository in /Users/admin/builder/spi-builder-workspace/.git/
From https://github.com/yukiny0811/EasyMetalShader
* branch main -> FETCH_HEAD
* [new branch] main -> origin/main
HEAD is now at 7f496fc swift-syntax version
Cloned https://github.com/yukiny0811/EasyMetalShader.git
Revision (git rev-parse @):
7f496fcd2b000262151b90a863228215bf101eda
SUCCESS checkout https://github.com/yukiny0811/EasyMetalShader.git at main
========================================
Build
========================================
Selected platform: watchOS
Swift version: 6.4
Building package at path: $PWD
https://github.com/yukiny0811/EasyMetalShader.git
Command line invocation:
/Applications/Xcode-27.0.0-Release.Candidate.app/Contents/Developer/usr/bin/xcodebuild -IDEClonedSourcePackagesDirPathOverride=/Users/admin/builder/spi-builder-workspace/.dependencies -resolvePackageDependencies
Resolve Package Graph
Fetching from https://github.com/apple/swift-syntax.git
Creating working copy of package ‘swift-syntax’
Checking out 602.0.0 of package ‘swift-syntax’
Downloading package prebuilt https://download.swift.org/prebuilts/swift-syntax/602.0.0/swiftlang-6.4.0.34.1-macosx27.0-MacroSupport.zip
Resolve Package Graph
Resolved source packages:
EasyMetalShader: /Users/admin/builder/spi-builder-workspace
swift-syntax: https://github.com/apple/swift-syntax.git @ 602.0.0
resolved source packages: EasyMetalShader, swift-syntax
2026-09-23 00:54:52.012 xcodebuild[563:3041] [MT] IDERunDestination: Supported platforms for the buildables in the current scheme is empty.
2026-09-23 00:54:52.191 xcodebuild[563:3041] [MT] IDERunDestination: Supported platforms for the buildables in the current scheme is empty.
2026-09-23 00:54:54.086 xcodebuild[563:3041] [MT] IDERunDestination: Supported platforms for the buildables in the current scheme is empty.
{
"dependencies" : [
{
"identity" : "swift-syntax",
"requirement" : {
"range" : [
{
"lower_bound" : "602.0.0",
"upper_bound" : "603.0.0"
}
]
},
"type" : "sourceControl",
"url" : "https://github.com/apple/swift-syntax.git"
}
],
"manifest_display_name" : "EasyMetalShader",
"name" : "EasyMetalShader",
"path" : "/Users/admin/builder/spi-builder-workspace",
"platforms" : [
{
"name" : "macos",
"version" : "11.0"
},
{
"name" : "ios",
"version" : "14.0"
},
{
"name" : "visionos",
"version" : "1.0"
}
],
"products" : [
{
"name" : "EasyMetalShader",
"targets" : [
"EasyMetalShader"
],
"type" : {
"library" : [
"automatic"
]
}
},
{
"name" : "EasyMetalShaderMacro",
"targets" : [
"EasyMetalShaderMacro"
],
"type" : {
"macro" : null
}
}
],
"targets" : [
{
"c99name" : "EasyMetalShaderTests",
"module_type" : "SwiftTarget",
"name" : "EasyMetalShaderTests",
"path" : "Sources/EasyMetalShaderTests",
"sources" : [
"ArrayBufferTests.swift",
"ComputeShader3DTests.swift",
"ComputeShaderTests.swift",
"MetalPreLibraryTests.swift",
"RenderShaderTests.swift"
],
"target_dependencies" : [
"EasyMetalShader"
],
"type" : "test"
},
{
"c99name" : "EasyMetalShaderMacro",
"module_type" : "SwiftTarget",
"name" : "EasyMetalShaderMacro",
"path" : "Sources/EasyMetalShaderMacro",
"product_dependencies" : [
"SwiftSyntaxMacros",
"SwiftCompilerPlugin"
],
"product_memberships" : [
"EasyMetalShader",
"EasyMetalShaderMacro"
],
"sources" : [
"EMArgument/EMArgument.swift",
"EMComputeShader/ComputeFunctionStrings/ComputeFunctionStrings.swift",
"EMComputeShader/ComputeFunctionStrings/InitCompute.swift",
"EMComputeShader/EMComputeShader+ExtensionMacro.swift",
"EMComputeShader/EMComputeShader+MemberAttributeMacro.swift",
"EMComputeShader/EMComputeShader+MemberMacro.swift",
"EMComputeShader/EMComputeShader.swift",
"EMComputeShader3D/ComputeFunctionStrings3D/ComputeFunctionStrings3D.swift",
"EMComputeShader3D/ComputeFunctionStrings3D/InitCompute3D.swift",
"EMComputeShader3D/EMComputeShader3D+ExtensionMacro.swift",
"EMComputeShader3D/EMComputeShader3D+MemberAttributeMacro.swift",
"EMComputeShader3D/EMComputeShader3D+MemberMacro.swift",
"EMComputeShader3D/EMComputeShader3D.swift",
"EMRenderShader/EMRenderShader+ExtensionMacro.swift",
"EMRenderShader/EMRenderShader+MemberAttributeMacro.swift",
"EMRenderShader/EMRenderShader+MemberMacro.swift",
"EMRenderShader/EMRenderShader.swift",
"EMRenderShader/RenderFunctionStrings/InitRender.swift",
"EMRenderShader/RenderFunctionStrings/RenderFunctionStrings.swift",
"EMTextureArgument/EMTextureArgument.swift",
"EasyMetalShaderMacroPlugin.swift",
"Utils/String+Error.swift",
"Utils/Util.swift"
],
"type" : "macro"
},
{
"c99name" : "EasyMetalShader",
"module_type" : "SwiftTarget",
"name" : "EasyMetalShader",
"path" : "Sources/EasyMetalShader",
"product_memberships" : [
"EasyMetalShader"
],
"sources" : [
"Builder/ShaderStringBuilder.swift",
"EXPORTER.swift",
"Extensions/MTLTexture+.swift",
"Macros/EMArgument.swift",
"Macros/EMComputeShader.swift",
"Macros/EMComputeShader3D.swift",
"Macros/EMRenderShader.swift",
"Macros/EMTextureArgument.swift",
"MetalPreLibrary/Include.swift",
"MetalPreLibrary/MetalPreLibrary.swift",
"MetalPreLibrary/Rand.swift",
"MetalPreLibrary/RasterizerData.swift",
"MetalPreLibrary/VertexInput.swift",
"Models/ArrayBuffer.swift",
"Models/EMMetalArgument.swift",
"Models/EMMetalTexture.swift",
"Models/EMMetalTextureUsage.swift",
"Pipelines/EMMetalComputeFunction.swift",
"Pipelines/EMMetalDispatch.swift",
"Pipelines/EMMetalFunction.swift",
"Pipelines/EMMetalRenderFunction.swift",
"Pipelines/ShaderRenderer.swift",
"PropertyWrappers/EMIgnore.swift",
"Utils/ShaderCore_EasyMetalShaderLib.swift",
"Views/EasyShaderView.swift",
"Views/ShaderMTKView.swift"
],
"target_dependencies" : [
"EasyMetalShaderMacro"
],
"type" : "library"
}
],
"tools_version" : "5.9"
}
{
"workspace" : {
"name" : "EasyMetalShader",
"schemes" : [
"EasyMetalShader",
"EasyMetalShaderTests",
"ExampleiOS",
"ExampleMacOS"
]
}
}
2026-09-23 00:55:43.308 xcodebuild[734:4336] [MT] IDERunDestination: Supported platforms for the buildables in the current scheme is empty.
2026-09-23 00:55:43.407 xcodebuild[734:4336] [MT] IDERunDestination: Supported platforms for the buildables in the current scheme is empty.
{
"workspace" : {
"name" : "EasyMetalShader",
"schemes" : [
"EasyMetalShader",
"EasyMetalShaderTests"
]
}
}
2026-09-23 00:55:45.074 xcodebuild[737:4417] [MT] IDERunDestination: Supported platforms for the buildables in the current scheme is empty.
2026-09-23 00:55:45.173 xcodebuild[737:4417] [MT] IDERunDestination: Supported platforms for the buildables in the current scheme is empty.
Running build ...
env DEVELOPER_DIR=/Applications/Xcode-27.0.0-Release.Candidate.app xcrun xcodebuild -IDEClonedSourcePackagesDirPathOverride=$PWD/.dependencies -skipMacroValidation -skipPackagePluginValidation -derivedDataPath $PWD/.derivedData build -scheme EasyMetalShader -destination generic/platform=watchOS
Command line invocation:
/Applications/Xcode-27.0.0-Release.Candidate.app/Contents/Developer/usr/bin/xcodebuild -IDEClonedSourcePackagesDirPathOverride=/Users/admin/builder/spi-builder-workspace/.dependencies -skipMacroValidation -skipPackagePluginValidation -derivedDataPath /Users/admin/builder/spi-builder-workspace/.derivedData build -scheme EasyMetalShader -destination generic/platform=watchOS
Resolve Package Graph
Resolve Package Graph
Resolved source packages:
EasyMetalShader: /Users/admin/builder/spi-builder-workspace
swift-syntax: https://github.com/apple/swift-syntax.git @ 602.0.0
ComputePackagePrebuildTargetDependencyGraph
Prepare packages
CreateBuildRequest
SendProjectDescription
CreateBuildOperation
ComputeTargetDependencyGraph
note: Building targets in dependency order
note: Target dependency graph (3 targets)
Target 'EasyMetalShader-product' in project 'EasyMetalShader'
➜ Explicit dependency on target 'EasyMetalShader' in project 'EasyMetalShader'
➜ Explicit dependency on target 'EasyMetalShaderMacro' in project 'EasyMetalShader'
Target 'EasyMetalShader' in project 'EasyMetalShader'
➜ Explicit dependency on target 'EasyMetalShaderMacro' in project 'EasyMetalShader'
Target 'EasyMetalShaderMacro' in project 'EasyMetalShader' (no dependencies)
GatherProvisioningInputs
CreateBuildDescription
ExecuteExternalTool /Applications/Xcode-27.0.0-Release.Candidate.app/Contents/Developer/Toolchains/XcodeDefault.xctoolchain/usr/bin/clang -v -E -dM -isysroot /Applications/Xcode-27.0.0-Release.Candidate.app/Contents/Developer/Platforms/MacOSX.platform/Developer/SDKs/MacOSX27.0.sdk -x c -c /dev/null
ExecuteExternalTool /Applications/Xcode-27.0.0-Release.Candidate.app/Contents/Developer/Toolchains/XcodeDefault.xctoolchain/usr/bin/swiftc --version
ExecuteExternalTool /Applications/Xcode-27.0.0-Release.Candidate.app/Contents/Developer/Toolchains/XcodeDefault.xctoolchain/usr/bin/clang -v -E -dM -isysroot /Applications/Xcode-27.0.0-Release.Candidate.app/Contents/Developer/Platforms/WatchOS.platform/Developer/SDKs/WatchOS27.0.sdk -x c -c /dev/null
ExecuteExternalTool /Applications/Xcode-27.0.0-Release.Candidate.app/Contents/Developer/Toolchains/XcodeDefault.xctoolchain/usr/bin/ld -version_details
Build description signature: a6fa645409194d5ef4f6ac2abd6c27c3
Build description path: /Users/admin/builder/spi-builder-workspace/.derivedData/Build/Intermediates.noindex/XCBuildData/a6fa645409194d5ef4f6ac2abd6c27c3.xcbuilddata
CreateBuildDirectory /Users/admin/builder/spi-builder-workspace/.derivedData/SDKExplicitPrecompiledModules
cd /Users/admin/builder/spi-builder-workspace/.swiftpm/xcode
builtin-create-build-directory /Users/admin/builder/spi-builder-workspace/.derivedData/SDKExplicitPrecompiledModules
CreateBuildDirectory /Users/admin/builder/spi-builder-workspace/.derivedData/CompilationCache.noindex
cd /Users/admin/builder/spi-builder-workspace/.swiftpm/xcode
builtin-create-build-directory /Users/admin/builder/spi-builder-workspace/.derivedData/CompilationCache.noindex
CreateBuildDirectory /Users/admin/builder/spi-builder-workspace/.derivedData/ModuleCache.noindex
cd /Users/admin/builder/spi-builder-workspace/.swiftpm/xcode
builtin-create-build-directory /Users/admin/builder/spi-builder-workspace/.derivedData/ModuleCache.noindex
ClangStatCache /Applications/Xcode-27.0.0-Release.Candidate.app/Contents/Developer/Toolchains/XcodeDefault.xctoolchain/usr/bin/clang-stat-cache /Applications/Xcode-27.0.0-Release.Candidate.app/Contents/Developer/Platforms/WatchOS.platform/Developer/SDKs/WatchOS27.0.sdk /Users/admin/builder/spi-builder-workspace/.derivedData/SDKStatCaches.noindex/watchos27.0-24R360-e829b21a6f8c9b70876ba0858053c04477534ef55a1706bf4c1112bbb242f0a2.sdkstatcache
cd /Users/admin/builder/spi-builder-workspace/.swiftpm/xcode
/Applications/Xcode-27.0.0-Release.Candidate.app/Contents/Developer/Toolchains/XcodeDefault.xctoolchain/usr/bin/clang-stat-cache /Applications/Xcode-27.0.0-Release.Candidate.app/Contents/Developer/Platforms/WatchOS.platform/Developer/SDKs/WatchOS27.0.sdk -o /Users/admin/builder/spi-builder-workspace/.derivedData/SDKStatCaches.noindex/watchos27.0-24R360-e829b21a6f8c9b70876ba0858053c04477534ef55a1706bf4c1112bbb242f0a2.sdkstatcache
CreateBuildDirectory /Users/admin/builder/spi-builder-workspace/.derivedData/Build/Products
cd /Users/admin/builder/spi-builder-workspace/.swiftpm/xcode
builtin-create-build-directory /Users/admin/builder/spi-builder-workspace/.derivedData/Build/Products
ClangStatCache /Applications/Xcode-27.0.0-Release.Candidate.app/Contents/Developer/Toolchains/XcodeDefault.xctoolchain/usr/bin/clang-stat-cache /Applications/Xcode-27.0.0-Release.Candidate.app/Contents/Developer/Platforms/MacOSX.platform/Developer/SDKs/MacOSX27.0.sdk /Users/admin/builder/spi-builder-workspace/.derivedData/SDKStatCaches.noindex/macosx27.0-26A425-e829b21a6f8c9b70876ba0858053c0446a22442a12e9d48fe1a705f55a1adfc4.sdkstatcache
cd /Users/admin/builder/spi-builder-workspace/.swiftpm/xcode
/Applications/Xcode-27.0.0-Release.Candidate.app/Contents/Developer/Toolchains/XcodeDefault.xctoolchain/usr/bin/clang-stat-cache /Applications/Xcode-27.0.0-Release.Candidate.app/Contents/Developer/Platforms/MacOSX.platform/Developer/SDKs/MacOSX27.0.sdk -o /Users/admin/builder/spi-builder-workspace/.derivedData/SDKStatCaches.noindex/macosx27.0-26A425-e829b21a6f8c9b70876ba0858053c0446a22442a12e9d48fe1a705f55a1adfc4.sdkstatcache
CreateBuildDirectory /Users/admin/builder/spi-builder-workspace/.derivedData/Build/Intermediates.noindex
cd /Users/admin/builder/spi-builder-workspace/.swiftpm/xcode
builtin-create-build-directory /Users/admin/builder/spi-builder-workspace/.derivedData/Build/Intermediates.noindex
CreateBuildDirectory /Users/admin/builder/spi-builder-workspace/.derivedData/Build/Intermediates.noindex/SwiftExplicitPrecompiledModules
cd /Users/admin/builder/spi-builder-workspace/.swiftpm/xcode
builtin-create-build-directory /Users/admin/builder/spi-builder-workspace/.derivedData/Build/Intermediates.noindex/SwiftExplicitPrecompiledModules
CreateBuildDirectory /Users/admin/builder/spi-builder-workspace/.derivedData/Build/Intermediates.noindex/PrecompiledHeaders
cd /Users/admin/builder/spi-builder-workspace/.swiftpm/xcode
builtin-create-build-directory /Users/admin/builder/spi-builder-workspace/.derivedData/Build/Intermediates.noindex/PrecompiledHeaders
CreateBuildDirectory /Users/admin/builder/spi-builder-workspace/.derivedData/Build/Intermediates.noindex/ExplicitPrecompiledModules
cd /Users/admin/builder/spi-builder-workspace/.swiftpm/xcode
builtin-create-build-directory /Users/admin/builder/spi-builder-workspace/.derivedData/Build/Intermediates.noindex/ExplicitPrecompiledModules
CreateBuildDirectory /Users/admin/builder/spi-builder-workspace/.derivedData/Build/Intermediates.noindex/EagerLinkingTBDs/Debug-watchos
cd /Users/admin/builder/spi-builder-workspace/.swiftpm/xcode
builtin-create-build-directory /Users/admin/builder/spi-builder-workspace/.derivedData/Build/Intermediates.noindex/EagerLinkingTBDs/Debug-watchos
CreateBuildDirectory /Users/admin/builder/spi-builder-workspace/.derivedData/Build/Intermediates.noindex/EagerLinkingTBDs/Debug
cd /Users/admin/builder/spi-builder-workspace/.swiftpm/xcode
builtin-create-build-directory /Users/admin/builder/spi-builder-workspace/.derivedData/Build/Intermediates.noindex/EagerLinkingTBDs/Debug
CreateBuildDirectory /Users/admin/builder/spi-builder-workspace/.derivedData/Build/Products/Debug-watchos
cd /Users/admin/builder/spi-builder-workspace/.swiftpm/xcode
builtin-create-build-directory /Users/admin/builder/spi-builder-workspace/.derivedData/Build/Products/Debug-watchos
CreateBuildDirectory /Users/admin/builder/spi-builder-workspace/.derivedData/Build/Products/Debug
cd /Users/admin/builder/spi-builder-workspace/.swiftpm/xcode
builtin-create-build-directory /Users/admin/builder/spi-builder-workspace/.derivedData/Build/Products/Debug
CreateBuildDirectory /Users/admin/builder/spi-builder-workspace/.derivedData/Build/Products/Debug/PackageFrameworks
cd /Users/admin/builder/spi-builder-workspace/.swiftpm/xcode
builtin-create-build-directory /Users/admin/builder/spi-builder-workspace/.derivedData/Build/Products/Debug/PackageFrameworks
CreateBuildDirectory /Users/admin/builder/spi-builder-workspace/.derivedData/Build/Products/Debug-watchos/PackageFrameworks
cd /Users/admin/builder/spi-builder-workspace/.swiftpm/xcode
builtin-create-build-directory /Users/admin/builder/spi-builder-workspace/.derivedData/Build/Products/Debug-watchos/PackageFrameworks
WriteAuxiliaryFile /Users/admin/builder/spi-builder-workspace/.derivedData/Build/Intermediates.noindex/EasyMetalShader.build/Debug/EasyMetalShaderMacro-t.build/EasyMetalShaderMacro.DependencyMetadataFileList (in target 'EasyMetalShaderMacro' from project 'EasyMetalShader')
cd /Users/admin/builder/spi-builder-workspace
write-file /Users/admin/builder/spi-builder-workspace/.derivedData/Build/Intermediates.noindex/EasyMetalShader.build/Debug/EasyMetalShaderMacro-t.build/EasyMetalShaderMacro.DependencyMetadataFileList
WriteAuxiliaryFile /Users/admin/builder/spi-builder-workspace/.derivedData/Build/Intermediates.noindex/EasyMetalShader.build/Debug/EasyMetalShaderMacro-t.build/EasyMetalShaderMacro.DependencyStaticMetadataFileList (in target 'EasyMetalShaderMacro' from project 'EasyMetalShader')
cd /Users/admin/builder/spi-builder-workspace
write-file /Users/admin/builder/spi-builder-workspace/.derivedData/Build/Intermediates.noindex/EasyMetalShader.build/Debug/EasyMetalShaderMacro-t.build/EasyMetalShaderMacro.DependencyStaticMetadataFileList
WriteAuxiliaryFile /Users/admin/builder/spi-builder-workspace/.derivedData/Build/Intermediates.noindex/EasyMetalShader.build/Debug/EasyMetalShaderMacro-t.build/Objects-normal/arm64/EasyMetalShaderMacro-OutputFileMap.json (in target 'EasyMetalShaderMacro' from project 'EasyMetalShader')
cd /Users/admin/builder/spi-builder-workspace
write-file /Users/admin/builder/spi-builder-workspace/.derivedData/Build/Intermediates.noindex/EasyMetalShader.build/Debug/EasyMetalShaderMacro-t.build/Objects-normal/arm64/EasyMetalShaderMacro-OutputFileMap.json
WriteAuxiliaryFile /Users/admin/builder/spi-builder-workspace/.derivedData/Build/Intermediates.noindex/EasyMetalShader.build/Debug/EasyMetalShaderMacro-t.build/Objects-normal/arm64/EasyMetalShaderMacro.SwiftFileList (in target 'EasyMetalShaderMacro' from project 'EasyMetalShader')
cd /Users/admin/builder/spi-builder-workspace
write-file /Users/admin/builder/spi-builder-workspace/.derivedData/Build/Intermediates.noindex/EasyMetalShader.build/Debug/EasyMetalShaderMacro-t.build/Objects-normal/arm64/EasyMetalShaderMacro.SwiftFileList
WriteAuxiliaryFile /Users/admin/builder/spi-builder-workspace/.derivedData/Build/Intermediates.noindex/EasyMetalShader.build/Debug/EasyMetalShaderMacro-t.build/Objects-normal/arm64/EasyMetalShaderMacro.LinkFileList (in target 'EasyMetalShaderMacro' from project 'EasyMetalShader')
cd /Users/admin/builder/spi-builder-workspace
write-file /Users/admin/builder/spi-builder-workspace/.derivedData/Build/Intermediates.noindex/EasyMetalShader.build/Debug/EasyMetalShaderMacro-t.build/Objects-normal/arm64/EasyMetalShaderMacro.LinkFileList
WriteAuxiliaryFile /Users/admin/builder/spi-builder-workspace/.derivedData/Build/Intermediates.noindex/EasyMetalShader.build/Debug/EasyMetalShaderMacro-t.build/Objects-normal/arm64/EasyMetalShaderMacro_const_extract_protocols.json (in target 'EasyMetalShaderMacro' from project 'EasyMetalShader')
cd /Users/admin/builder/spi-builder-workspace
write-file /Users/admin/builder/spi-builder-workspace/.derivedData/Build/Intermediates.noindex/EasyMetalShader.build/Debug/EasyMetalShaderMacro-t.build/Objects-normal/arm64/EasyMetalShaderMacro_const_extract_protocols.json
WriteAuxiliaryFile /Users/admin/builder/spi-builder-workspace/.derivedData/Build/Intermediates.noindex/EasyMetalShader.build/Debug-watchos/EasyMetalShader-t.build/Objects-normal/arm64_32/EasyMetalShader_const_extract_protocols.json (in target 'EasyMetalShader' from project 'EasyMetalShader')
cd /Users/admin/builder/spi-builder-workspace
write-file /Users/admin/builder/spi-builder-workspace/.derivedData/Build/Intermediates.noindex/EasyMetalShader.build/Debug-watchos/EasyMetalShader-t.build/Objects-normal/arm64_32/EasyMetalShader_const_extract_protocols.json
WriteAuxiliaryFile /Users/admin/builder/spi-builder-workspace/.derivedData/Build/Intermediates.noindex/EasyMetalShader.build/Debug-watchos/EasyMetalShader-t.build/Objects-normal/arm64_32/EasyMetalShader.SwiftFileList (in target 'EasyMetalShader' from project 'EasyMetalShader')
cd /Users/admin/builder/spi-builder-workspace
write-file /Users/admin/builder/spi-builder-workspace/.derivedData/Build/Intermediates.noindex/EasyMetalShader.build/Debug-watchos/EasyMetalShader-t.build/Objects-normal/arm64_32/EasyMetalShader.SwiftFileList
WriteAuxiliaryFile /Users/admin/builder/spi-builder-workspace/.derivedData/Build/Intermediates.noindex/EasyMetalShader.build/Debug-watchos/EasyMetalShader-t.build/Objects-normal/arm64_32/EasyMetalShader.SwiftConstValuesFileList (in target 'EasyMetalShader' from project 'EasyMetalShader')
cd /Users/admin/builder/spi-builder-workspace
write-file /Users/admin/builder/spi-builder-workspace/.derivedData/Build/Intermediates.noindex/EasyMetalShader.build/Debug-watchos/EasyMetalShader-t.build/Objects-normal/arm64_32/EasyMetalShader.SwiftConstValuesFileList
WriteAuxiliaryFile /Users/admin/builder/spi-builder-workspace/.derivedData/Build/Intermediates.noindex/EasyMetalShader.build/Debug-watchos/EasyMetalShader-t.build/Objects-normal/arm64_32/EasyMetalShader.LinkFileList (in target 'EasyMetalShader' from project 'EasyMetalShader')
cd /Users/admin/builder/spi-builder-workspace
write-file /Users/admin/builder/spi-builder-workspace/.derivedData/Build/Intermediates.noindex/EasyMetalShader.build/Debug-watchos/EasyMetalShader-t.build/Objects-normal/arm64_32/EasyMetalShader.LinkFileList
WriteAuxiliaryFile /Users/admin/builder/spi-builder-workspace/.derivedData/Build/Intermediates.noindex/EasyMetalShader.build/Debug-watchos/EasyMetalShader-t.build/Objects-normal/arm64_32/EasyMetalShader-OutputFileMap.json (in target 'EasyMetalShader' from project 'EasyMetalShader')
cd /Users/admin/builder/spi-builder-workspace
write-file /Users/admin/builder/spi-builder-workspace/.derivedData/Build/Intermediates.noindex/EasyMetalShader.build/Debug-watchos/EasyMetalShader-t.build/Objects-normal/arm64_32/EasyMetalShader-OutputFileMap.json
WriteAuxiliaryFile /Users/admin/builder/spi-builder-workspace/.derivedData/Build/Intermediates.noindex/EasyMetalShader.build/Debug-watchos/EasyMetalShader-t.build/Objects-normal/arm64/EasyMetalShader.SwiftFileList (in target 'EasyMetalShader' from project 'EasyMetalShader')
cd /Users/admin/builder/spi-builder-workspace
write-file /Users/admin/builder/spi-builder-workspace/.derivedData/Build/Intermediates.noindex/EasyMetalShader.build/Debug-watchos/EasyMetalShader-t.build/Objects-normal/arm64/EasyMetalShader.SwiftFileList
WriteAuxiliaryFile /Users/admin/builder/spi-builder-workspace/.derivedData/Build/Intermediates.noindex/EasyMetalShader.build/Debug-watchos/EasyMetalShader-t.build/Objects-normal/arm64/EasyMetalShader.SwiftConstValuesFileList (in target 'EasyMetalShader' from project 'EasyMetalShader')
cd /Users/admin/builder/spi-builder-workspace
write-file /Users/admin/builder/spi-builder-workspace/.derivedData/Build/Intermediates.noindex/EasyMetalShader.build/Debug-watchos/EasyMetalShader-t.build/Objects-normal/arm64/EasyMetalShader.SwiftConstValuesFileList
WriteAuxiliaryFile /Users/admin/builder/spi-builder-workspace/.derivedData/Build/Intermediates.noindex/EasyMetalShader.build/Debug-watchos/EasyMetalShader-t.build/Objects-normal/arm64/EasyMetalShader-OutputFileMap.json (in target 'EasyMetalShader' from project 'EasyMetalShader')
cd /Users/admin/builder/spi-builder-workspace
write-file /Users/admin/builder/spi-builder-workspace/.derivedData/Build/Intermediates.noindex/EasyMetalShader.build/Debug-watchos/EasyMetalShader-t.build/Objects-normal/arm64/EasyMetalShader-OutputFileMap.json
WriteAuxiliaryFile /Users/admin/builder/spi-builder-workspace/.derivedData/Build/Intermediates.noindex/EasyMetalShader.build/Debug-watchos/EasyMetalShader-t.build/Objects-normal/arm64/EasyMetalShader.LinkFileList (in target 'EasyMetalShader' from project 'EasyMetalShader')
cd /Users/admin/builder/spi-builder-workspace
write-file /Users/admin/builder/spi-builder-workspace/.derivedData/Build/Intermediates.noindex/EasyMetalShader.build/Debug-watchos/EasyMetalShader-t.build/Objects-normal/arm64/EasyMetalShader.LinkFileList
WriteAuxiliaryFile /Users/admin/builder/spi-builder-workspace/.derivedData/Build/Intermediates.noindex/EasyMetalShader.build/Debug-watchos/EasyMetalShader-t.build/Objects-normal/arm64/EasyMetalShader_const_extract_protocols.json (in target 'EasyMetalShader' from project 'EasyMetalShader')
cd /Users/admin/builder/spi-builder-workspace
write-file /Users/admin/builder/spi-builder-workspace/.derivedData/Build/Intermediates.noindex/EasyMetalShader.build/Debug-watchos/EasyMetalShader-t.build/Objects-normal/arm64/EasyMetalShader_const_extract_protocols.json
WriteAuxiliaryFile /Users/admin/builder/spi-builder-workspace/.derivedData/Build/Intermediates.noindex/EasyMetalShader.build/Debug-watchos/EasyMetalShader-t.build/EasyMetalShader.modulemap (in target 'EasyMetalShader' from project 'EasyMetalShader')
cd /Users/admin/builder/spi-builder-workspace
write-file /Users/admin/builder/spi-builder-workspace/.derivedData/Build/Intermediates.noindex/EasyMetalShader.build/Debug-watchos/EasyMetalShader-t.build/EasyMetalShader.modulemap
WriteAuxiliaryFile /Users/admin/builder/spi-builder-workspace/.derivedData/Build/Intermediates.noindex/EasyMetalShader.build/Debug-watchos/EasyMetalShader-t.build/EasyMetalShader.DependencyStaticMetadataFileList (in target 'EasyMetalShader' from project 'EasyMetalShader')
cd /Users/admin/builder/spi-builder-workspace
write-file /Users/admin/builder/spi-builder-workspace/.derivedData/Build/Intermediates.noindex/EasyMetalShader.build/Debug-watchos/EasyMetalShader-t.build/EasyMetalShader.DependencyStaticMetadataFileList
WriteAuxiliaryFile /Users/admin/builder/spi-builder-workspace/.derivedData/Build/Intermediates.noindex/EasyMetalShader.build/Debug-watchos/EasyMetalShader-t.build/EasyMetalShader.DependencyMetadataFileList (in target 'EasyMetalShader' from project 'EasyMetalShader')
cd /Users/admin/builder/spi-builder-workspace
write-file /Users/admin/builder/spi-builder-workspace/.derivedData/Build/Intermediates.noindex/EasyMetalShader.build/Debug-watchos/EasyMetalShader-t.build/EasyMetalShader.DependencyMetadataFileList
Copy /Users/admin/builder/spi-builder-workspace/.derivedData/Build/Intermediates.noindex/GeneratedModuleMaps-watchos/EasyMetalShader.modulemap /Users/admin/builder/spi-builder-workspace/.derivedData/Build/Intermediates.noindex/EasyMetalShader.build/Debug-watchos/EasyMetalShader-t.build/EasyMetalShader.modulemap (in target 'EasyMetalShader' from project 'EasyMetalShader')
cd /Users/admin/builder/spi-builder-workspace
builtin-copy -exclude .DS_Store -exclude CVS -exclude .svn -exclude .git -exclude .hg -resolve-src-symlinks /Users/admin/builder/spi-builder-workspace/.derivedData/Build/Intermediates.noindex/EasyMetalShader.build/Debug-watchos/EasyMetalShader-t.build/EasyMetalShader.modulemap /Users/admin/builder/spi-builder-workspace/.derivedData/Build/Intermediates.noindex/GeneratedModuleMaps-watchos
SwiftDriver EasyMetalShaderMacro normal arm64 com.apple.xcode.tools.swift.compiler (in target 'EasyMetalShaderMacro' from project 'EasyMetalShader')
cd /Users/admin/builder/spi-builder-workspace/.swiftpm/xcode
builtin-SwiftDriver -- /Applications/Xcode-27.0.0-Release.Candidate.app/Contents/Developer/Toolchains/XcodeDefault.xctoolchain/usr/bin/swiftc -parse-as-library -module-name EasyMetalShaderMacro -Onone @/Users/admin/builder/spi-builder-workspace/.derivedData/Build/Intermediates.noindex/EasyMetalShader.build/Debug/EasyMetalShaderMacro-t.build/Objects-normal/arm64/EasyMetalShaderMacro.SwiftFileList -DSWIFT_PACKAGE -DDEBUG -DXcode -I /Users/admin/builder/spi-builder-workspace/.dependencies/prebuilts/swift-syntax/602.0.0/swiftlang-6.4.0.34.1-macosx27.0-MacroSupport/Modules -I /Users/admin/builder/spi-builder-workspace/.dependencies/checkouts/swift-syntax/Sources/_SwiftLibraryPluginProviderCShims/include -I /Users/admin/builder/spi-builder-workspace/.dependencies/checkouts/swift-syntax/Sources/_SwiftSyntaxCShims/include -plugin-path /Applications/Xcode-27.0.0-Release.Candidate.app/Contents/Developer/Toolchains/XcodeDefault.xctoolchain/usr/lib/swift/host/plugins/testing -enable-experimental-feature DebugDescriptionMacro -sdk /Applications/Xcode-27.0.0-Release.Candidate.app/Contents/Developer/Platforms/MacOSX.platform/Developer/SDKs/MacOSX27.0.sdk -target arm64-apple-macos12.0 -g -module-cache-path /Users/admin/builder/spi-builder-workspace/.derivedData/ModuleCache.noindex -Xfrontend -serialize-debugging-options -profile-coverage-mapping -profile-generate -enable-testing -index-store-path /Users/admin/builder/spi-builder-workspace/.derivedData/Index.noindex/DataStore -Xcc -D_LIBCPP_HARDENING_MODE\=_LIBCPP_HARDENING_MODE_DEBUG -swift-version 5 -I /Users/admin/builder/spi-builder-workspace/.derivedData/Build/Products/Debug -Isystem /Applications/Xcode-27.0.0-Release.Candidate.app/Contents/Developer/Platforms/MacOSX.platform/Developer/usr/lib -F /Users/admin/builder/spi-builder-workspace/.derivedData/Build/Products/Debug -F /Applications/Xcode-27.0.0-Release.Candidate.app/Contents/Developer/Platforms/MacOSX.platform/Developer/Library/Frameworks -c -j10 -enable-batch-mode -incremental -Xcc -ivfsstatcache -Xcc /Users/admin/builder/spi-builder-workspace/.derivedData/SDKStatCaches.noindex/macosx27.0-26A425-e829b21a6f8c9b70876ba0858053c0446a22442a12e9d48fe1a705f55a1adfc4.sdkstatcache -output-file-map /Users/admin/builder/spi-builder-workspace/.derivedData/Build/Intermediates.noindex/EasyMetalShader.build/Debug/EasyMetalShaderMacro-t.build/Objects-normal/arm64/EasyMetalShaderMacro-OutputFileMap.json -save-temps -no-color-diagnostics -explicit-module-build -module-cache-path /Users/admin/builder/spi-builder-workspace/.derivedData/Build/Intermediates.noindex/SwiftExplicitPrecompiledModules -clang-scanner-module-cache-path /Users/admin/builder/spi-builder-workspace/.derivedData/ModuleCache.noindex -sdk-module-cache-path /Users/admin/builder/spi-builder-workspace/.derivedData/SDKExplicitPrecompiledModules -emit-dependencies -emit-module -emit-module-path /Users/admin/builder/spi-builder-workspace/.derivedData/Build/Intermediates.noindex/EasyMetalShader.build/Debug/EasyMetalShaderMacro-t.build/Objects-normal/arm64/EasyMetalShaderMacro.swiftmodule -serialize-diagnostics -dependency-scan-serialize-diagnostics-path /Users/admin/builder/spi-builder-workspace/.derivedData/Build/Intermediates.noindex/EasyMetalShader.build/Debug/EasyMetalShaderMacro-t.build/Objects-normal/arm64/EasyMetalShaderMacro-dependency-scan.dia -validate-clang-modules-once -clang-build-session-file /Users/admin/builder/spi-builder-workspace/.derivedData/ModuleCache.noindex/Session.modulevalidation -Xcc -fmodules-prune-interval\=86400 -Xcc -fmodules-prune-after\=345600 -package-name spi_builder_workspace -emit-const-values -const-gather-protocols-list /Users/admin/builder/spi-builder-workspace/.derivedData/Build/Intermediates.noindex/EasyMetalShader.build/Debug/EasyMetalShaderMacro-t.build/Objects-normal/arm64/EasyMetalShaderMacro_const_extract_protocols.json -Xcc -I/Users/admin/builder/spi-builder-workspace/.derivedData/Build/Products/Debug/include -Xcc -I/Users/admin/builder/spi-builder-workspace/.derivedData/Build/Intermediates.noindex/EasyMetalShader.build/Debug/EasyMetalShaderMacro-t.build/DerivedSources-normal/arm64 -Xcc -I/Users/admin/builder/spi-builder-workspace/.derivedData/Build/Intermediates.noindex/EasyMetalShader.build/Debug/EasyMetalShaderMacro-t.build/DerivedSources/arm64 -Xcc -I/Users/admin/builder/spi-builder-workspace/.derivedData/Build/Intermediates.noindex/EasyMetalShader.build/Debug/EasyMetalShaderMacro-t.build/DerivedSources -Xcc -DSWIFT_PACKAGE -Xcc -DDEBUG\=1 -working-directory /Users/admin/builder/spi-builder-workspace/.swiftpm/xcode -experimental-emit-module-separately -disable-cmo
SwiftExplicitDependencyGeneratePcm arm64 /Users/admin/builder/spi-builder-workspace/.derivedData/SDKExplicitPrecompiledModules/ptrauth-2W92ZJRLNJU99RJUQGGJG3OC3.pcm
SwiftExplicitDependencyGeneratePcm arm64 /Users/admin/builder/spi-builder-workspace/.derivedData/SDKExplicitPrecompiledModules/_Builtin_stdarg-7CFWA9OSW5N24E7PG4ZOCF1VH.pcm
SwiftExplicitDependencyGeneratePcm arm64 /Users/admin/builder/spi-builder-workspace/.derivedData/SDKExplicitPrecompiledModules/_Builtin_stddef-3GI9GOKXSW3QCTFOI1USFLDZO.pcm
SwiftExplicitDependencyGeneratePcm arm64 /Users/admin/builder/spi-builder-workspace/.derivedData/SDKExplicitPrecompiledModules/DeveloperToolsSupport-13SNQ6N57G3DOS3KQA7V91OE7.pcm
SwiftExplicitDependencyGeneratePcm arm64 /Users/admin/builder/spi-builder-workspace/.derivedData/SDKExplicitPrecompiledModules/_AvailabilityInternal-CJTV5E7EL3MWRA437DUFPBVN2.pcm
SwiftExplicitDependencyGeneratePcm arm64 /Users/admin/builder/spi-builder-workspace/.derivedData/SDKExplicitPrecompiledModules/_Builtin_stdbool-KYV2HKP8IKLKMKQS9DGA2GUQ.pcm
SwiftExplicitDependencyGeneratePcm arm64 /Users/admin/builder/spi-builder-workspace/.derivedData/SDKExplicitPrecompiledModules/_SwiftConcurrencyShims-BLUUWKI6AGMD7TJ4RGYS7DP6T.pcm
SwiftExplicitDependencyGeneratePcm arm64 /Users/admin/builder/spi-builder-workspace/.derivedData/SDKExplicitPrecompiledModules/SwiftShims-C4V0DQ62WSTCYBYGILXXGQNO3.pcm
SwiftExplicitDependencyGeneratePcm arm64 /Users/admin/builder/spi-builder-workspace/.derivedData/SDKExplicitPrecompiledModules/ptrcheck-DHLCBWKPNUZOYTPJ1J3QVTCXK.pcm
SwiftExplicitDependencyGeneratePcm arm64 /Users/admin/builder/spi-builder-workspace/.derivedData/SDKExplicitPrecompiledModules/_Builtin_float-105CRCDRP90FQCQO5ZX1LHV7H.pcm
SwiftExplicitDependencyGeneratePcm arm64 /Users/admin/builder/spi-builder-workspace/.derivedData/SDKExplicitPrecompiledModules/_DarwinFoundation1-7PRJIG163YE9KSKYA3BS35ZZP.pcm
SwiftExplicitDependencyGeneratePcm arm64 /Users/admin/builder/spi-builder-workspace/.derivedData/SDKExplicitPrecompiledModules/_Builtin_limits-AXGUGXBFPC0I7QDLJFB0K341Y.pcm
SwiftExplicitDependencyGeneratePcm arm64 /Users/admin/builder/spi-builder-workspace/.derivedData/SDKExplicitPrecompiledModules/_DarwinFoundation2-94WUUGE4H5R03OWXE0QFZX1DN.pcm
SwiftExplicitDependencyGeneratePcm arm64 /Users/admin/builder/spi-builder-workspace/.derivedData/SDKExplicitPrecompiledModules/_Builtin_stdint-22CBBOK8BNSF0UELDCAXSHGB.pcm
SwiftExplicitDependencyGeneratePcm arm64 /Users/admin/builder/spi-builder-workspace/.derivedData/SDKExplicitPrecompiledModules/string_h-10WPXBF3YFYMX5HUAW06LSABR.pcm
SwiftExplicitDependencyGeneratePcm arm64 /Users/admin/builder/spi-builder-workspace/.derivedData/SDKExplicitPrecompiledModules/sys_types-F4RNCN6UR5R5OWTLTOUM7TN3E.pcm
SwiftExplicitDependencyGeneratePcm arm64 /Users/admin/builder/spi-builder-workspace/.derivedData/SDKExplicitPrecompiledModules/_Builtin_tgmath-52XE6HC8DWOG6S7B5QAI046D1.pcm
SwiftExplicitDependencyGeneratePcm arm64 /Users/admin/builder/spi-builder-workspace/.derivedData/SDKExplicitPrecompiledModules/_Builtin_stdatomic-8LN7S35C6I48KJOCW7VPXX04X.pcm
SwiftExplicitDependencyGeneratePcm arm64 /Users/admin/builder/spi-builder-workspace/.derivedData/SDKExplicitPrecompiledModules/_DarwinFoundation3-32PO5Q4RCB6WXH5VFO3HA3AVS.pcm
SwiftExplicitDependencyGeneratePcm arm64 /Users/admin/builder/spi-builder-workspace/.derivedData/SDKExplicitPrecompiledModules/_Builtin_intrinsics-4O6R03GTH5FLWSHEUBP0Z3GZ2.pcm
SwiftExplicitDependencyGeneratePcm arm64 /Users/admin/builder/spi-builder-workspace/.derivedData/SDKExplicitPrecompiledModules/libDER-5RCYOD0PCUUY2UGMBNE9LI8N9.pcm
SwiftExplicitDependencyGeneratePcm arm64 /Users/admin/builder/spi-builder-workspace/.derivedData/SDKExplicitPrecompiledModules/_Builtin_inttypes-1U6AP9A8AJ4G9WD98E9RHLGTJ.pcm
SwiftExplicitDependencyGeneratePcm arm64 /Users/admin/builder/spi-builder-workspace/.derivedData/Build/Intermediates.noindex/SwiftExplicitPrecompiledModules/_SwiftSyntaxCShims-2QTB1OKFQBGHP8A5205JAEZJX.pcm
SwiftExplicitDependencyGeneratePcm arm64 /Users/admin/builder/spi-builder-workspace/.derivedData/SDKExplicitPrecompiledModules/Darwin-1RAAWNGKQM8YGHV0YJNNN5YDY.pcm
SwiftExplicitDependencyGeneratePcm arm64 /Users/admin/builder/spi-builder-workspace/.derivedData/SDKExplicitPrecompiledModules/simd-A9TKR8OE9APRJ1RNS7F0OBY4Q.pcm
SwiftExplicitDependencyGeneratePcm arm64 /Users/admin/builder/spi-builder-workspace/.derivedData/SDKExplicitPrecompiledModules/MachO-AWTJ65TFR7TMST2NUE6ZCC1SL.pcm
SwiftExplicitDependencyGeneratePcm arm64 /Users/admin/builder/spi-builder-workspace/.derivedData/SDKExplicitPrecompiledModules/launch-2XAORMJNLLVS0OVKC1M0752GY.pcm
SwiftExplicitDependencyGeneratePcm arm64 /Users/admin/builder/spi-builder-workspace/.derivedData/SDKExplicitPrecompiledModules/libkern-22MDXN9G35RPO3OLKX9B2PN16.pcm
SwiftExplicitDependencyGeneratePcm arm64 /Users/admin/builder/spi-builder-workspace/.derivedData/SDKExplicitPrecompiledModules/CUPS-45MNISAOHSEBD6VQA5G0MXN9H.pcm
SwiftExplicitDependencyGeneratePcm arm64 /Users/admin/builder/spi-builder-workspace/.derivedData/SDKExplicitPrecompiledModules/ObjectiveC-B89IQP2TC4CFSWOUMTUZRI1VZ.pcm
SwiftExplicitDependencyGeneratePcm arm64 /Users/admin/builder/spi-builder-workspace/.derivedData/SDKExplicitPrecompiledModules/Spatial-2JNOU2HNJ0Q174XCFCD0GCOUQ.pcm
SwiftExplicitDependencyGeneratePcm arm64 /Users/admin/builder/spi-builder-workspace/.derivedData/SDKExplicitPrecompiledModules/os_object-3KLCCI03OX6OQTLJ92KQH2KIO.pcm
SwiftExplicitDependencyGeneratePcm arm64 /Users/admin/builder/spi-builder-workspace/.derivedData/SDKExplicitPrecompiledModules/os_workgroup-10SJ5M8R2OB4BG1TPFL9SZMKV.pcm
SwiftExplicitDependencyGeneratePcm arm64 /Users/admin/builder/spi-builder-workspace/.derivedData/SDKExplicitPrecompiledModules/Dispatch-NAMWF9KN29KC7Z5OS3TTTAE8.pcm
SwiftExplicitDependencyGeneratePcm arm64 /Users/admin/builder/spi-builder-workspace/.derivedData/SDKExplicitPrecompiledModules/XPC-E1MSAZG4ZNL24S2WK6K6Y7GWW.pcm
SwiftExplicitDependencyGeneratePcm arm64 /Users/admin/builder/spi-builder-workspace/.derivedData/SDKExplicitPrecompiledModules/CoreFoundation-4ZIITQ30SOGUQE8KJAB99ZV0Q.pcm
SwiftExplicitDependencyGeneratePcm arm64 /Users/admin/builder/spi-builder-workspace/.derivedData/SDKExplicitPrecompiledModules/os-BYOEVK2GEMB4Q8WWHGZGREA00.pcm
SwiftExplicitDependencyGeneratePcm arm64 /Users/admin/builder/spi-builder-workspace/.derivedData/SDKExplicitPrecompiledModules/CFNetwork-CVHS5CT20191MFYXQIEDWSRGJ.pcm
SwiftExplicitDependencyGeneratePcm arm64 /Users/admin/builder/spi-builder-workspace/.derivedData/SDKExplicitPrecompiledModules/IOKit-6H3X691EDBH124EYTC2PEOP5T.pcm
SwiftExplicitDependencyGeneratePcm arm64 /Users/admin/builder/spi-builder-workspace/.derivedData/SDKExplicitPrecompiledModules/Security-ESPJ7FP0YAY1EL3VXBGY9MCZ8.pcm
SwiftExplicitDependencyGeneratePcm arm64 /Users/admin/builder/spi-builder-workspace/.derivedData/SDKExplicitPrecompiledModules/ColorSync-BBCIZDDQ6O3QECFAWJQ6RU4ZJ.pcm
SwiftExplicitDependencyGeneratePcm arm64 /Users/admin/builder/spi-builder-workspace/.derivedData/SDKExplicitPrecompiledModules/CoreGraphics-5TRMNDB7ZP6FFMRNSZCWEOZMD.pcm
SwiftExplicitDependencyGeneratePcm arm64 /Users/admin/builder/spi-builder-workspace/.derivedData/SDKExplicitPrecompiledModules/DiskArbitration-ZNZZU7T0SYELB0DAR56WQF0R.pcm
SwiftExplicitDependencyGeneratePcm arm64 /Users/admin/builder/spi-builder-workspace/.derivedData/SDKExplicitPrecompiledModules/CoreServices-CGCGY0FOMEQGSNMO3HQSC09XU.pcm
SwiftExplicitDependencyGeneratePcm arm64 /Users/admin/builder/spi-builder-workspace/.derivedData/SDKExplicitPrecompiledModules/ImageIO-88YNP2EU498GB5YXIFJ9ANNYW.pcm
SwiftExplicitDependencyGeneratePcm arm64 /Users/admin/builder/spi-builder-workspace/.derivedData/SDKExplicitPrecompiledModules/CoreText-C1WSF2HWGIKVJ2XHWBKXQBSEY.pcm
SwiftExplicitDependencyGeneratePcm arm64 /Users/admin/builder/spi-builder-workspace/.derivedData/SDKExplicitPrecompiledModules/Foundation-44WR0NU86C67CV5BW8W1MGKNG.pcm
SwiftExplicitDependencyGeneratePcm arm64 /Users/admin/builder/spi-builder-workspace/.derivedData/SDKExplicitPrecompiledModules/Symbols-2NFSQR6R0R96WH1KKGBXW1J.pcm
SwiftExplicitDependencyGeneratePcm arm64 /Users/admin/builder/spi-builder-workspace/.derivedData/SDKExplicitPrecompiledModules/CoreData-4EPJ39F9L3QQ9486B5AMG5G6J.pcm
SwiftExplicitDependencyGeneratePcm arm64 /Users/admin/builder/spi-builder-workspace/.derivedData/SDKExplicitPrecompiledModules/IOSurface-1TUG4NQVIPJF59WSUNATZ447F.pcm
SwiftExplicitDependencyGeneratePcm arm64 /Users/admin/builder/spi-builder-workspace/.derivedData/SDKExplicitPrecompiledModules/UniformTypeIdentifiers-5LG8RE3Q01MBLZVRR3FFHHL5H.pcm
SwiftExplicitDependencyGeneratePcm arm64 /Users/admin/builder/spi-builder-workspace/.derivedData/SDKExplicitPrecompiledModules/ApplicationServices-ALXSS633FQY42UMJSLR6MNLSK.pcm
SwiftExplicitDependencyGeneratePcm arm64 /Users/admin/builder/spi-builder-workspace/.derivedData/SDKExplicitPrecompiledModules/DataDetection-5GDUUWT6YIA10PE5D9A8SXWZ9.pcm
SwiftExplicitDependencyGeneratePcm arm64 /Users/admin/builder/spi-builder-workspace/.derivedData/SDKExplicitPrecompiledModules/OSLog-1GSRGGGEESVJH9OULZA91RAA3.pcm
SwiftExplicitDependencyGeneratePcm arm64 /Users/admin/builder/spi-builder-workspace/.derivedData/SDKExplicitPrecompiledModules/CoreTransferable-2HJ1Z8HJBPECRD89AVJ0X7S63.pcm
SwiftExplicitDependencyGeneratePcm arm64 /Users/admin/builder/spi-builder-workspace/.derivedData/SDKExplicitPrecompiledModules/ModelIO-DDYGUGUF89MI925N926LD12GY.pcm
SwiftExplicitDependencyGeneratePcm arm64 /Users/admin/builder/spi-builder-workspace/.derivedData/SDKExplicitPrecompiledModules/Accessibility-6F38G4T85MOHD9AA2EH4U2PJS.pcm
SwiftExplicitDependencyGeneratePcm arm64 /Users/admin/builder/spi-builder-workspace/.derivedData/SDKExplicitPrecompiledModules/OpenGL-FXV81CD8YS42YTVJKJH1VLGA.pcm
SwiftExplicitDependencyGeneratePcm arm64 /Users/admin/builder/spi-builder-workspace/.derivedData/SDKExplicitPrecompiledModules/Metal-KM8CI04R5X5OUWMGRMNZE4KP.pcm
SwiftExplicitDependencyGeneratePcm arm64 /Users/admin/builder/spi-builder-workspace/.derivedData/SDKExplicitPrecompiledModules/CoreVideo-11TKSDKW0L2K02H4B9ZHWLM3B.pcm
SwiftExplicitDependencyGeneratePcm arm64 /Users/admin/builder/spi-builder-workspace/.derivedData/SDKExplicitPrecompiledModules/CoreImage-AKYY8VSFWQ6KIIXG3EQJ7PW5T.pcm
SwiftExplicitDependencyGeneratePcm arm64 /Users/admin/builder/spi-builder-workspace/.derivedData/SDKExplicitPrecompiledModules/QuartzCore-AP21NXF3BYPWOG416U3DI6QME.pcm
SwiftExplicitDependencyGeneratePcm arm64 /Users/admin/builder/spi-builder-workspace/.derivedData/SDKExplicitPrecompiledModules/SwiftUICore-ESLJM4CVIQEQNCRTK6KPAF1I7.pcm
SwiftExplicitDependencyGeneratePcm arm64 /Users/admin/builder/spi-builder-workspace/.derivedData/SDKExplicitPrecompiledModules/AppKit-C2WRQ26QXORUMMNQB0M8H4QYD.pcm
SwiftExplicitDependencyGeneratePcm arm64 /Users/admin/builder/spi-builder-workspace/.derivedData/SDKExplicitPrecompiledModules/MetalKit-91XHDD8IGE00G2HTIZ2X9VMEK.pcm
SwiftEmitModule normal arm64 Emitting\ module\ for\ EasyMetalShaderMacro (in target 'EasyMetalShaderMacro' from project 'EasyMetalShader')
SwiftCompile normal arm64 (in target 'EasyMetalShaderMacro' from project 'EasyMetalShader')
cd /Users/admin/builder/spi-builder-workspace/.swiftpm/xcode
/Users/admin/builder/spi-builder-workspace/Sources/EasyMetalShaderMacro/Utils/String+Error.swift:10:1: warning: extension declares a conformance of imported type 'String' to imported protocols 'LocalizedError', 'Error'; this will not behave correctly if the owners of 'Swift' introduce this conformance in the future
8 | import Foundation
9 |
10 | extension String: LocalizedError {
| |- warning: extension declares a conformance of imported type 'String' to imported protocols 'LocalizedError', 'Error'; this will not behave correctly if the owners of 'Swift' introduce this conformance in the future
| `- note: add '@retroactive' to silence this warning
11 | public var errorDescription: String? { self }
12 | }
SwiftCompile normal arm64 Compiling\ InitRender.swift,\ RenderFunctionStrings.swift /Users/admin/builder/spi-builder-workspace/Sources/EasyMetalShaderMacro/EMRenderShader/RenderFunctionStrings/InitRender.swift /Users/admin/builder/spi-builder-workspace/Sources/EasyMetalShaderMacro/EMRenderShader/RenderFunctionStrings/RenderFunctionStrings.swift (in target 'EasyMetalShaderMacro' from project 'EasyMetalShader')
SwiftCompile normal arm64 /Users/admin/builder/spi-builder-workspace/Sources/EasyMetalShaderMacro/EMRenderShader/RenderFunctionStrings/InitRender.swift (in target 'EasyMetalShaderMacro' from project 'EasyMetalShader')
cd /Users/admin/builder/spi-builder-workspace/.swiftpm/xcode
builtin-SwiftPerFileCompile InitRender.swift
SwiftCompile normal arm64 /Users/admin/builder/spi-builder-workspace/Sources/EasyMetalShaderMacro/EMRenderShader/RenderFunctionStrings/RenderFunctionStrings.swift (in target 'EasyMetalShaderMacro' from project 'EasyMetalShader')
cd /Users/admin/builder/spi-builder-workspace/.swiftpm/xcode
builtin-SwiftPerFileCompile RenderFunctionStrings.swift
SwiftCompile normal arm64 Compiling\ String+Error.swift,\ Util.swift /Users/admin/builder/spi-builder-workspace/Sources/EasyMetalShaderMacro/Utils/String+Error.swift /Users/admin/builder/spi-builder-workspace/Sources/EasyMetalShaderMacro/Utils/Util.swift (in target 'EasyMetalShaderMacro' from project 'EasyMetalShader')
SwiftCompile normal arm64 /Users/admin/builder/spi-builder-workspace/Sources/EasyMetalShaderMacro/Utils/String+Error.swift (in target 'EasyMetalShaderMacro' from project 'EasyMetalShader')
cd /Users/admin/builder/spi-builder-workspace/.swiftpm/xcode
builtin-SwiftPerFileCompile String+Error.swift
SwiftCompile normal arm64 /Users/admin/builder/spi-builder-workspace/Sources/EasyMetalShaderMacro/Utils/Util.swift (in target 'EasyMetalShaderMacro' from project 'EasyMetalShader')
cd /Users/admin/builder/spi-builder-workspace/.swiftpm/xcode
builtin-SwiftPerFileCompile Util.swift
/Users/admin/builder/spi-builder-workspace/Sources/EasyMetalShaderMacro/Utils/String+Error.swift:10:1: warning: extension declares a conformance of imported type 'String' to imported protocols 'LocalizedError', 'Error'; this will not behave correctly if the owners of 'Swift' introduce this conformance in the future
8 | import Foundation
9 |
10 | extension String: LocalizedError {
| |- warning: extension declares a conformance of imported type 'String' to imported protocols 'LocalizedError', 'Error'; this will not behave correctly if the owners of 'Swift' introduce this conformance in the future
| `- note: add '@retroactive' to silence this warning
11 | public var errorDescription: String? { self }
12 | }
SwiftCompile normal arm64 Compiling\ EMComputeShader3D+MemberMacro.swift,\ EMComputeShader3D.swift /Users/admin/builder/spi-builder-workspace/Sources/EasyMetalShaderMacro/EMComputeShader3D/EMComputeShader3D+MemberMacro.swift /Users/admin/builder/spi-builder-workspace/Sources/EasyMetalShaderMacro/EMComputeShader3D/EMComputeShader3D.swift (in target 'EasyMetalShaderMacro' from project 'EasyMetalShader')
/Users/admin/builder/spi-builder-workspace/Sources/EasyMetalShaderMacro/EMComputeShader3D/EMComputeShader3D+MemberMacro.swift:64:65: warning: 'as' is deprecated: This cast will always succeed [#DeprecatedDeclaration]
62 | if attribute.attributeName.trimmedDescription == "EMTextureArgument" {
63 | if let args = attribute.arguments?.as(LabeledExprListSyntax.self) {
64 | usage = args.first?.as(LabeledExprSyntax.self)?.expression.as(MemberAccessExprSyntax.self)?.declName.baseName.trimmedDescription
| `- warning: 'as' is deprecated: This cast will always succeed [#DeprecatedDeclaration]
65 | if args.count >= 2 {
66 | format = args[args.index(args.startIndex, offsetBy: 1)].as(LabeledExprSyntax.self)?.expression.as(
/Users/admin/builder/spi-builder-workspace/Sources/EasyMetalShaderMacro/EMComputeShader3D/EMComputeShader3D+MemberMacro.swift:66:105: warning: 'as' is deprecated: This cast will always succeed [#DeprecatedDeclaration]
64 | usage = args.first?.as(LabeledExprSyntax.self)?.expression.as(MemberAccessExprSyntax.self)?.declName.baseName.trimmedDescription
65 | if args.count >= 2 {
66 | format = args[args.index(args.startIndex, offsetBy: 1)].as(LabeledExprSyntax.self)?.expression.as(
| `- warning: 'as' is deprecated: This cast will always succeed [#DeprecatedDeclaration]
67 | MemberAccessExprSyntax.self
68 | )?.declName.baseName.trimmedDescription
[#DeprecatedDeclaration]: <https://docs.swift.org/compiler/documentation/diagnostics/deprecated-declaration>
SwiftCompile normal arm64 /Users/admin/builder/spi-builder-workspace/Sources/EasyMetalShaderMacro/EMComputeShader3D/EMComputeShader3D+MemberMacro.swift (in target 'EasyMetalShaderMacro' from project 'EasyMetalShader')
cd /Users/admin/builder/spi-builder-workspace/.swiftpm/xcode
builtin-SwiftPerFileCompile EMComputeShader3D+MemberMacro.swift
SwiftCompile normal arm64 /Users/admin/builder/spi-builder-workspace/Sources/EasyMetalShaderMacro/EMComputeShader3D/EMComputeShader3D.swift (in target 'EasyMetalShaderMacro' from project 'EasyMetalShader')
cd /Users/admin/builder/spi-builder-workspace/.swiftpm/xcode
builtin-SwiftPerFileCompile EMComputeShader3D.swift
SwiftCompile normal arm64 Compiling\ EMComputeShader3D+ExtensionMacro.swift,\ EMComputeShader3D+MemberAttributeMacro.swift /Users/admin/builder/spi-builder-workspace/Sources/EasyMetalShaderMacro/EMComputeShader3D/EMComputeShader3D+ExtensionMacro.swift /Users/admin/builder/spi-builder-workspace/Sources/EasyMetalShaderMacro/EMComputeShader3D/EMComputeShader3D+MemberAttributeMacro.swift (in target 'EasyMetalShaderMacro' from project 'EasyMetalShader')
SwiftCompile normal arm64 /Users/admin/builder/spi-builder-workspace/Sources/EasyMetalShaderMacro/EMComputeShader3D/EMComputeShader3D+ExtensionMacro.swift (in target 'EasyMetalShaderMacro' from project 'EasyMetalShader')
cd /Users/admin/builder/spi-builder-workspace/.swiftpm/xcode
builtin-SwiftPerFileCompile EMComputeShader3D+ExtensionMacro.swift
SwiftCompile normal arm64 /Users/admin/builder/spi-builder-workspace/Sources/EasyMetalShaderMacro/EMComputeShader3D/EMComputeShader3D+MemberAttributeMacro.swift (in target 'EasyMetalShaderMacro' from project 'EasyMetalShader')
cd /Users/admin/builder/spi-builder-workspace/.swiftpm/xcode
builtin-SwiftPerFileCompile EMComputeShader3D+MemberAttributeMacro.swift
SwiftCompile normal arm64 Compiling\ EMRenderShader+ExtensionMacro.swift,\ EMRenderShader+MemberAttributeMacro.swift /Users/admin/builder/spi-builder-workspace/Sources/EasyMetalShaderMacro/EMRenderShader/EMRenderShader+ExtensionMacro.swift /Users/admin/builder/spi-builder-workspace/Sources/EasyMetalShaderMacro/EMRenderShader/EMRenderShader+MemberAttributeMacro.swift (in target 'EasyMetalShaderMacro' from project 'EasyMetalShader')
SwiftCompile normal arm64 /Users/admin/builder/spi-builder-workspace/Sources/EasyMetalShaderMacro/EMRenderShader/EMRenderShader+ExtensionMacro.swift (in target 'EasyMetalShaderMacro' from project 'EasyMetalShader')
cd /Users/admin/builder/spi-builder-workspace/.swiftpm/xcode
builtin-SwiftPerFileCompile EMRenderShader+ExtensionMacro.swift
SwiftCompile normal arm64 /Users/admin/builder/spi-builder-workspace/Sources/EasyMetalShaderMacro/EMRenderShader/EMRenderShader+MemberAttributeMacro.swift (in target 'EasyMetalShaderMacro' from project 'EasyMetalShader')
cd /Users/admin/builder/spi-builder-workspace/.swiftpm/xcode
builtin-SwiftPerFileCompile EMRenderShader+MemberAttributeMacro.swift
SwiftCompile normal arm64 Compiling\ EMTextureArgument.swift,\ EasyMetalShaderMacroPlugin.swift /Users/admin/builder/spi-builder-workspace/Sources/EasyMetalShaderMacro/EMTextureArgument/EMTextureArgument.swift /Users/admin/builder/spi-builder-workspace/Sources/EasyMetalShaderMacro/EasyMetalShaderMacroPlugin.swift (in target 'EasyMetalShaderMacro' from project 'EasyMetalShader')
/Users/admin/builder/spi-builder-workspace/Sources/EasyMetalShaderMacro/EMTextureArgument/EMTextureArgument.swift:37:39: warning: 'as' is deprecated: This cast will always succeed [#DeprecatedDeclaration]
35 | }
36 |
37 | guard let usage = args.first?.as(LabeledExprSyntax.self)?.expression.as(MemberAccessExprSyntax.self)?.declName.baseName.trimmedDescription else {
| `- warning: 'as' is deprecated: This cast will always succeed [#DeprecatedDeclaration]
38 | throw "invalid texture usage"
39 | }
/Users/admin/builder/spi-builder-workspace/Sources/EasyMetalShaderMacro/EMTextureArgument/EMTextureArgument.swift:44:69: warning: 'as' is deprecated: This cast will always succeed [#DeprecatedDeclaration]
42 |
43 | if args.count >= 2 {
44 | format = args[args.index(args.startIndex, offsetBy: 1)].as(LabeledExprSyntax.self)?.expression.as(MemberAccessExprSyntax.self)?.declName.baseName.trimmedDescription
| `- warning: 'as' is deprecated: This cast will always succeed [#DeprecatedDeclaration]
45 | }
46 |
[#DeprecatedDeclaration]: <https://docs.swift.org/compiler/documentation/diagnostics/deprecated-declaration>
SwiftCompile normal arm64 /Users/admin/builder/spi-builder-workspace/Sources/EasyMetalShaderMacro/EMTextureArgument/EMTextureArgument.swift (in target 'EasyMetalShaderMacro' from project 'EasyMetalShader')
cd /Users/admin/builder/spi-builder-workspace/.swiftpm/xcode
builtin-SwiftPerFileCompile EMTextureArgument.swift
SwiftCompile normal arm64 /Users/admin/builder/spi-builder-workspace/Sources/EasyMetalShaderMacro/EasyMetalShaderMacroPlugin.swift (in target 'EasyMetalShaderMacro' from project 'EasyMetalShader')
cd /Users/admin/builder/spi-builder-workspace/.swiftpm/xcode
builtin-SwiftPerFileCompile EasyMetalShaderMacroPlugin.swift
SwiftCompile normal arm64 Compiling\ EMComputeShader+ExtensionMacro.swift,\ EMComputeShader+MemberAttributeMacro.swift,\ EMComputeShader+MemberMacro.swift /Users/admin/builder/spi-builder-workspace/Sources/EasyMetalShaderMacro/EMComputeShader/EMComputeShader+ExtensionMacro.swift /Users/admin/builder/spi-builder-workspace/Sources/EasyMetalShaderMacro/EMComputeShader/EMComputeShader+MemberAttributeMacro.swift /Users/admin/builder/spi-builder-workspace/Sources/EasyMetalShaderMacro/EMComputeShader/EMComputeShader+MemberMacro.swift (in target 'EasyMetalShaderMacro' from project 'EasyMetalShader')
/Users/admin/builder/spi-builder-workspace/Sources/EasyMetalShaderMacro/EMComputeShader/EMComputeShader+MemberMacro.swift:64:65: warning: 'as' is deprecated: This cast will always succeed [#DeprecatedDeclaration]
62 | if attribute.attributeName.trimmedDescription == "EMTextureArgument" {
63 | if let args = attribute.arguments?.as(LabeledExprListSyntax.self) {
64 | usage = args.first?.as(LabeledExprSyntax.self)?.expression.as(MemberAccessExprSyntax.self)?.declName.baseName.trimmedDescription
| `- warning: 'as' is deprecated: This cast will always succeed [#DeprecatedDeclaration]
65 | if args.count >= 2 {
66 | format = args[args.index(args.startIndex, offsetBy: 1)].as(LabeledExprSyntax.self)?.expression.as(
/Users/admin/builder/spi-builder-workspace/Sources/EasyMetalShaderMacro/EMComputeShader/EMComputeShader+MemberMacro.swift:66:105: warning: 'as' is deprecated: This cast will always succeed [#DeprecatedDeclaration]
64 | usage = args.first?.as(LabeledExprSyntax.self)?.expression.as(MemberAccessExprSyntax.self)?.declName.baseName.trimmedDescription
65 | if args.count >= 2 {
66 | format = args[args.index(args.startIndex, offsetBy: 1)].as(LabeledExprSyntax.self)?.expression.as(
| `- warning: 'as' is deprecated: This cast will always succeed [#DeprecatedDeclaration]
67 | MemberAccessExprSyntax.self
68 | )?.declName.baseName.trimmedDescription
[#DeprecatedDeclaration]: <https://docs.swift.org/compiler/documentation/diagnostics/deprecated-declaration>
SwiftCompile normal arm64 /Users/admin/builder/spi-builder-workspace/Sources/EasyMetalShaderMacro/EMComputeShader/EMComputeShader+ExtensionMacro.swift (in target 'EasyMetalShaderMacro' from project 'EasyMetalShader')
cd /Users/admin/builder/spi-builder-workspace/.swiftpm/xcode
builtin-SwiftPerFileCompile EMComputeShader+ExtensionMacro.swift
SwiftCompile normal arm64 /Users/admin/builder/spi-builder-workspace/Sources/EasyMetalShaderMacro/EMComputeShader/EMComputeShader+MemberAttributeMacro.swift (in target 'EasyMetalShaderMacro' from project 'EasyMetalShader')
cd /Users/admin/builder/spi-builder-workspace/.swiftpm/xcode
builtin-SwiftPerFileCompile EMComputeShader+MemberAttributeMacro.swift
SwiftCompile normal arm64 /Users/admin/builder/spi-builder-workspace/Sources/EasyMetalShaderMacro/EMComputeShader/EMComputeShader+MemberMacro.swift (in target 'EasyMetalShaderMacro' from project 'EasyMetalShader')
cd /Users/admin/builder/spi-builder-workspace/.swiftpm/xcode
builtin-SwiftPerFileCompile EMComputeShader+MemberMacro.swift
SwiftCompile normal arm64 Compiling\ EMComputeShader.swift,\ ComputeFunctionStrings3D.swift,\ InitCompute3D.swift /Users/admin/builder/spi-builder-workspace/Sources/EasyMetalShaderMacro/EMComputeShader/EMComputeShader.swift /Users/admin/builder/spi-builder-workspace/Sources/EasyMetalShaderMacro/EMComputeShader3D/ComputeFunctionStrings3D/ComputeFunctionStrings3D.swift /Users/admin/builder/spi-builder-workspace/Sources/EasyMetalShaderMacro/EMComputeShader3D/ComputeFunctionStrings3D/InitCompute3D.swift (in target 'EasyMetalShaderMacro' from project 'EasyMetalShader')
SwiftCompile normal arm64 /Users/admin/builder/spi-builder-workspace/Sources/EasyMetalShaderMacro/EMComputeShader/EMComputeShader.swift (in target 'EasyMetalShaderMacro' from project 'EasyMetalShader')
cd /Users/admin/builder/spi-builder-workspace/.swiftpm/xcode
builtin-SwiftPerFileCompile EMComputeShader.swift
SwiftCompile normal arm64 /Users/admin/builder/spi-builder-workspace/Sources/EasyMetalShaderMacro/EMComputeShader3D/ComputeFunctionStrings3D/ComputeFunctionStrings3D.swift (in target 'EasyMetalShaderMacro' from project 'EasyMetalShader')
cd /Users/admin/builder/spi-builder-workspace/.swiftpm/xcode
builtin-SwiftPerFileCompile ComputeFunctionStrings3D.swift
SwiftCompile normal arm64 /Users/admin/builder/spi-builder-workspace/Sources/EasyMetalShaderMacro/EMComputeShader3D/ComputeFunctionStrings3D/InitCompute3D.swift (in target 'EasyMetalShaderMacro' from project 'EasyMetalShader')
cd /Users/admin/builder/spi-builder-workspace/.swiftpm/xcode
builtin-SwiftPerFileCompile InitCompute3D.swift
SwiftCompile normal arm64 Compiling\ EMRenderShader+MemberMacro.swift,\ EMRenderShader.swift /Users/admin/builder/spi-builder-workspace/Sources/EasyMetalShaderMacro/EMRenderShader/EMRenderShader+MemberMacro.swift /Users/admin/builder/spi-builder-workspace/Sources/EasyMetalShaderMacro/EMRenderShader/EMRenderShader.swift (in target 'EasyMetalShaderMacro' from project 'EasyMetalShader')
/Users/admin/builder/spi-builder-workspace/Sources/EasyMetalShaderMacro/EMRenderShader/EMRenderShader+MemberMacro.swift:71:65: warning: 'as' is deprecated: This cast will always succeed [#DeprecatedDeclaration]
69 | if attribute.attributeName.trimmedDescription == "EMTextureArgument" {
70 | if let args = attribute.arguments?.as(LabeledExprListSyntax.self) {
71 | usage = args.first?.as(LabeledExprSyntax.self)?.expression.as(MemberAccessExprSyntax.self)?.declName.baseName.trimmedDescription
| `- warning: 'as' is deprecated: This cast will always succeed [#DeprecatedDeclaration]
72 | if args.count >= 2 {
73 | format = args[args.index(args.startIndex, offsetBy: 1)].as(LabeledExprSyntax.self)?.expression.as(
/Users/admin/builder/spi-builder-workspace/Sources/EasyMetalShaderMacro/EMRenderShader/EMRenderShader+MemberMacro.swift:73:105: warning: 'as' is deprecated: This cast will always succeed [#DeprecatedDeclaration]
71 | usage = args.first?.as(LabeledExprSyntax.self)?.expression.as(MemberAccessExprSyntax.self)?.declName.baseName.trimmedDescription
72 | if args.count >= 2 {
73 | format = args[args.index(args.startIndex, offsetBy: 1)].as(LabeledExprSyntax.self)?.expression.as(
| `- warning: 'as' is deprecated: This cast will always succeed [#DeprecatedDeclaration]
74 | MemberAccessExprSyntax.self
75 | )?.declName.baseName.trimmedDescription
[#DeprecatedDeclaration]: <https://docs.swift.org/compiler/documentation/diagnostics/deprecated-declaration>
SwiftCompile normal arm64 /Users/admin/builder/spi-builder-workspace/Sources/EasyMetalShaderMacro/EMRenderShader/EMRenderShader+MemberMacro.swift (in target 'EasyMetalShaderMacro' from project 'EasyMetalShader')
cd /Users/admin/builder/spi-builder-workspace/.swiftpm/xcode
builtin-SwiftPerFileCompile EMRenderShader+MemberMacro.swift
SwiftCompile normal arm64 /Users/admin/builder/spi-builder-workspace/Sources/EasyMetalShaderMacro/EMRenderShader/EMRenderShader.swift (in target 'EasyMetalShaderMacro' from project 'EasyMetalShader')
cd /Users/admin/builder/spi-builder-workspace/.swiftpm/xcode
builtin-SwiftPerFileCompile EMRenderShader.swift
SwiftCompile normal arm64 Compiling\ EMArgument.swift,\ ComputeFunctionStrings.swift,\ InitCompute.swift /Users/admin/builder/spi-builder-workspace/Sources/EasyMetalShaderMacro/EMArgument/EMArgument.swift /Users/admin/builder/spi-builder-workspace/Sources/EasyMetalShaderMacro/EMComputeShader/ComputeFunctionStrings/ComputeFunctionStrings.swift /Users/admin/builder/spi-builder-workspace/Sources/EasyMetalShaderMacro/EMComputeShader/ComputeFunctionStrings/InitCompute.swift (in target 'EasyMetalShaderMacro' from project 'EasyMetalShader')
SwiftCompile normal arm64 /Users/admin/builder/spi-builder-workspace/Sources/EasyMetalShaderMacro/EMArgument/EMArgument.swift (in target 'EasyMetalShaderMacro' from project 'EasyMetalShader')
cd /Users/admin/builder/spi-builder-workspace/.swiftpm/xcode
builtin-SwiftPerFileCompile EMArgument.swift
SwiftCompile normal arm64 /Users/admin/builder/spi-builder-workspace/Sources/EasyMetalShaderMacro/EMComputeShader/ComputeFunctionStrings/ComputeFunctionStrings.swift (in target 'EasyMetalShaderMacro' from project 'EasyMetalShader')
cd /Users/admin/builder/spi-builder-workspace/.swiftpm/xcode
builtin-SwiftPerFileCompile ComputeFunctionStrings.swift
SwiftCompile normal arm64 /Users/admin/builder/spi-builder-workspace/Sources/EasyMetalShaderMacro/EMComputeShader/ComputeFunctionStrings/InitCompute.swift (in target 'EasyMetalShaderMacro' from project 'EasyMetalShader')
cd /Users/admin/builder/spi-builder-workspace/.swiftpm/xcode
builtin-SwiftPerFileCompile InitCompute.swift
SwiftDriverJobDiscovery normal arm64 Emitting module for EasyMetalShaderMacro (in target 'EasyMetalShaderMacro' from project 'EasyMetalShader')
SwiftDriver\ Compilation\ Requirements EasyMetalShaderMacro normal arm64 com.apple.xcode.tools.swift.compiler (in target 'EasyMetalShaderMacro' from project 'EasyMetalShader')
cd /Users/admin/builder/spi-builder-workspace/.swiftpm/xcode
builtin-Swift-Compilation-Requirements -- /Applications/Xcode-27.0.0-Release.Candidate.app/Contents/Developer/Toolchains/XcodeDefault.xctoolchain/usr/bin/swiftc -parse-as-library -module-name EasyMetalShaderMacro -Onone @/Users/admin/builder/spi-builder-workspace/.derivedData/Build/Intermediates.noindex/EasyMetalShader.build/Debug/EasyMetalShaderMacro-t.build/Objects-normal/arm64/EasyMetalShaderMacro.SwiftFileList -DSWIFT_PACKAGE -DDEBUG -DXcode -I /Users/admin/builder/spi-builder-workspace/.dependencies/prebuilts/swift-syntax/602.0.0/swiftlang-6.4.0.34.1-macosx27.0-MacroSupport/Modules -I /Users/admin/builder/spi-builder-workspace/.dependencies/checkouts/swift-syntax/Sources/_SwiftLibraryPluginProviderCShims/include -I /Users/admin/builder/spi-builder-workspace/.dependencies/checkouts/swift-syntax/Sources/_SwiftSyntaxCShims/include -plugin-path /Applications/Xcode-27.0.0-Release.Candidate.app/Contents/Developer/Toolchains/XcodeDefault.xctoolchain/usr/lib/swift/host/plugins/testing -enable-experimental-feature DebugDescriptionMacro -sdk /Applications/Xcode-27.0.0-Release.Candidate.app/Contents/Developer/Platforms/MacOSX.platform/Developer/SDKs/MacOSX27.0.sdk -target arm64-apple-macos12.0 -g -module-cache-path /Users/admin/builder/spi-builder-workspace/.derivedData/ModuleCache.noindex -Xfrontend -serialize-debugging-options -profile-coverage-mapping -profile-generate -enable-testing -index-store-path /Users/admin/builder/spi-builder-workspace/.derivedData/Index.noindex/DataStore -Xcc -D_LIBCPP_HARDENING_MODE\=_LIBCPP_HARDENING_MODE_DEBUG -swift-version 5 -I /Users/admin/builder/spi-builder-workspace/.derivedData/Build/Products/Debug -Isystem /Applications/Xcode-27.0.0-Release.Candidate.app/Contents/Developer/Platforms/MacOSX.platform/Developer/usr/lib -F /Users/admin/builder/spi-builder-workspace/.derivedData/Build/Products/Debug -F /Applications/Xcode-27.0.0-Release.Candidate.app/Contents/Developer/Platforms/MacOSX.platform/Developer/Library/Frameworks -c -j10 -enable-batch-mode -incremental -Xcc -ivfsstatcache -Xcc /Users/admin/builder/spi-builder-workspace/.derivedData/SDKStatCaches.noindex/macosx27.0-26A425-e829b21a6f8c9b70876ba0858053c0446a22442a12e9d48fe1a705f55a1adfc4.sdkstatcache -output-file-map /Users/admin/builder/spi-builder-workspace/.derivedData/Build/Intermediates.noindex/EasyMetalShader.build/Debug/EasyMetalShaderMacro-t.build/Objects-normal/arm64/EasyMetalShaderMacro-OutputFileMap.json -save-temps -no-color-diagnostics -explicit-module-build -module-cache-path /Users/admin/builder/spi-builder-workspace/.derivedData/Build/Intermediates.noindex/SwiftExplicitPrecompiledModules -clang-scanner-module-cache-path /Users/admin/builder/spi-builder-workspace/.derivedData/ModuleCache.noindex -sdk-module-cache-path /Users/admin/builder/spi-builder-workspace/.derivedData/SDKExplicitPrecompiledModules -emit-dependencies -emit-module -emit-module-path /Users/admin/builder/spi-builder-workspace/.derivedData/Build/Intermediates.noindex/EasyMetalShader.build/Debug/EasyMetalShaderMacro-t.build/Objects-normal/arm64/EasyMetalShaderMacro.swiftmodule -serialize-diagnostics -dependency-scan-serialize-diagnostics-path /Users/admin/builder/spi-builder-workspace/.derivedData/Build/Intermediates.noindex/EasyMetalShader.build/Debug/EasyMetalShaderMacro-t.build/Objects-normal/arm64/EasyMetalShaderMacro-dependency-scan.dia -validate-clang-modules-once -clang-build-session-file /Users/admin/builder/spi-builder-workspace/.derivedData/ModuleCache.noindex/Session.modulevalidation -Xcc -fmodules-prune-interval\=86400 -Xcc -fmodules-prune-after\=345600 -package-name spi_builder_workspace -emit-const-values -const-gather-protocols-list /Users/admin/builder/spi-builder-workspace/.derivedData/Build/Intermediates.noindex/EasyMetalShader.build/Debug/EasyMetalShaderMacro-t.build/Objects-normal/arm64/EasyMetalShaderMacro_const_extract_protocols.json -Xcc -I/Users/admin/builder/spi-builder-workspace/.derivedData/Build/Products/Debug/include -Xcc -I/Users/admin/builder/spi-builder-workspace/.derivedData/Build/Intermediates.noindex/EasyMetalShader.build/Debug/EasyMetalShaderMacro-t.build/DerivedSources-normal/arm64 -Xcc -I/Users/admin/builder/spi-builder-workspace/.derivedData/Build/Intermediates.noindex/EasyMetalShader.build/Debug/EasyMetalShaderMacro-t.build/DerivedSources/arm64 -Xcc -I/Users/admin/builder/spi-builder-workspace/.derivedData/Build/Intermediates.noindex/EasyMetalShader.build/Debug/EasyMetalShaderMacro-t.build/DerivedSources -Xcc -DSWIFT_PACKAGE -Xcc -DDEBUG\=1 -working-directory /Users/admin/builder/spi-builder-workspace/.swiftpm/xcode -experimental-emit-module-separately -disable-cmo
SwiftDriverJobDiscovery normal arm64 Compiling EMTextureArgument.swift, EasyMetalShaderMacroPlugin.swift (in target 'EasyMetalShaderMacro' from project 'EasyMetalShader')
SwiftDriverJobDiscovery normal arm64 Compiling EMComputeShader3D+ExtensionMacro.swift, EMComputeShader3D+MemberAttributeMacro.swift (in target 'EasyMetalShaderMacro' from project 'EasyMetalShader')
SwiftDriverJobDiscovery normal arm64 Compiling EMRenderShader+ExtensionMacro.swift, EMRenderShader+MemberAttributeMacro.swift (in target 'EasyMetalShaderMacro' from project 'EasyMetalShader')
SwiftDriverJobDiscovery normal arm64 Compiling EMComputeShader+ExtensionMacro.swift, EMComputeShader+MemberAttributeMacro.swift, EMComputeShader+MemberMacro.swift (in target 'EasyMetalShaderMacro' from project 'EasyMetalShader')
SwiftDriverJobDiscovery normal arm64 Compiling EMArgument.swift, ComputeFunctionStrings.swift, InitCompute.swift (in target 'EasyMetalShaderMacro' from project 'EasyMetalShader')
SwiftDriverJobDiscovery normal arm64 Compiling EMComputeShader3D+MemberMacro.swift, EMComputeShader3D.swift (in target 'EasyMetalShaderMacro' from project 'EasyMetalShader')
SwiftDriverJobDiscovery normal arm64 Compiling InitRender.swift, RenderFunctionStrings.swift (in target 'EasyMetalShaderMacro' from project 'EasyMetalShader')
SwiftDriverJobDiscovery normal arm64 Compiling EMComputeShader.swift, ComputeFunctionStrings3D.swift, InitCompute3D.swift (in target 'EasyMetalShaderMacro' from project 'EasyMetalShader')
SwiftDriverJobDiscovery normal arm64 Compiling EMRenderShader+MemberMacro.swift, EMRenderShader.swift (in target 'EasyMetalShaderMacro' from project 'EasyMetalShader')
SwiftDriverJobDiscovery normal arm64 Compiling String+Error.swift, Util.swift (in target 'EasyMetalShaderMacro' from project 'EasyMetalShader')
SwiftDriver\ Compilation EasyMetalShaderMacro normal arm64 com.apple.xcode.tools.swift.compiler (in target 'EasyMetalShaderMacro' from project 'EasyMetalShader')
cd /Users/admin/builder/spi-builder-workspace/.swiftpm/xcode
builtin-Swift-Compilation -- /Applications/Xcode-27.0.0-Release.Candidate.app/Contents/Developer/Toolchains/XcodeDefault.xctoolchain/usr/bin/swiftc -parse-as-library -module-name EasyMetalShaderMacro -Onone @/Users/admin/builder/spi-builder-workspace/.derivedData/Build/Intermediates.noindex/EasyMetalShader.build/Debug/EasyMetalShaderMacro-t.build/Objects-normal/arm64/EasyMetalShaderMacro.SwiftFileList -DSWIFT_PACKAGE -DDEBUG -DXcode -I /Users/admin/builder/spi-builder-workspace/.dependencies/prebuilts/swift-syntax/602.0.0/swiftlang-6.4.0.34.1-macosx27.0-MacroSupport/Modules -I /Users/admin/builder/spi-builder-workspace/.dependencies/checkouts/swift-syntax/Sources/_SwiftLibraryPluginProviderCShims/include -I /Users/admin/builder/spi-builder-workspace/.dependencies/checkouts/swift-syntax/Sources/_SwiftSyntaxCShims/include -plugin-path /Applications/Xcode-27.0.0-Release.Candidate.app/Contents/Developer/Toolchains/XcodeDefault.xctoolchain/usr/lib/swift/host/plugins/testing -enable-experimental-feature DebugDescriptionMacro -sdk /Applications/Xcode-27.0.0-Release.Candidate.app/Contents/Developer/Platforms/MacOSX.platform/Developer/SDKs/MacOSX27.0.sdk -target arm64-apple-macos12.0 -g -module-cache-path /Users/admin/builder/spi-builder-workspace/.derivedData/ModuleCache.noindex -Xfrontend -serialize-debugging-options -profile-coverage-mapping -profile-generate -enable-testing -index-store-path /Users/admin/builder/spi-builder-workspace/.derivedData/Index.noindex/DataStore -Xcc -D_LIBCPP_HARDENING_MODE\=_LIBCPP_HARDENING_MODE_DEBUG -swift-version 5 -I /Users/admin/builder/spi-builder-workspace/.derivedData/Build/Products/Debug -Isystem /Applications/Xcode-27.0.0-Release.Candidate.app/Contents/Developer/Platforms/MacOSX.platform/Developer/usr/lib -F /Users/admin/builder/spi-builder-workspace/.derivedData/Build/Products/Debug -F /Applications/Xcode-27.0.0-Release.Candidate.app/Contents/Developer/Platforms/MacOSX.platform/Developer/Library/Frameworks -c -j10 -enable-batch-mode -incremental -Xcc -ivfsstatcache -Xcc /Users/admin/builder/spi-builder-workspace/.derivedData/SDKStatCaches.noindex/macosx27.0-26A425-e829b21a6f8c9b70876ba0858053c0446a22442a12e9d48fe1a705f55a1adfc4.sdkstatcache -output-file-map /Users/admin/builder/spi-builder-workspace/.derivedData/Build/Intermediates.noindex/EasyMetalShader.build/Debug/EasyMetalShaderMacro-t.build/Objects-normal/arm64/EasyMetalShaderMacro-OutputFileMap.json -save-temps -no-color-diagnostics -explicit-module-build -module-cache-path /Users/admin/builder/spi-builder-workspace/.derivedData/Build/Intermediates.noindex/SwiftExplicitPrecompiledModules -clang-scanner-module-cache-path /Users/admin/builder/spi-builder-workspace/.derivedData/ModuleCache.noindex -sdk-module-cache-path /Users/admin/builder/spi-builder-workspace/.derivedData/SDKExplicitPrecompiledModules -emit-dependencies -emit-module -emit-module-path /Users/admin/builder/spi-builder-workspace/.derivedData/Build/Intermediates.noindex/EasyMetalShader.build/Debug/EasyMetalShaderMacro-t.build/Objects-normal/arm64/EasyMetalShaderMacro.swiftmodule -serialize-diagnostics -dependency-scan-serialize-diagnostics-path /Users/admin/builder/spi-builder-workspace/.derivedData/Build/Intermediates.noindex/EasyMetalShader.build/Debug/EasyMetalShaderMacro-t.build/Objects-normal/arm64/EasyMetalShaderMacro-dependency-scan.dia -validate-clang-modules-once -clang-build-session-file /Users/admin/builder/spi-builder-workspace/.derivedData/ModuleCache.noindex/Session.modulevalidation -Xcc -fmodules-prune-interval\=86400 -Xcc -fmodules-prune-after\=345600 -package-name spi_builder_workspace -emit-const-values -const-gather-protocols-list /Users/admin/builder/spi-builder-workspace/.derivedData/Build/Intermediates.noindex/EasyMetalShader.build/Debug/EasyMetalShaderMacro-t.build/Objects-normal/arm64/EasyMetalShaderMacro_const_extract_protocols.json -Xcc -I/Users/admin/builder/spi-builder-workspace/.derivedData/Build/Products/Debug/include -Xcc -I/Users/admin/builder/spi-builder-workspace/.derivedData/Build/Intermediates.noindex/EasyMetalShader.build/Debug/EasyMetalShaderMacro-t.build/DerivedSources-normal/arm64 -Xcc -I/Users/admin/builder/spi-builder-workspace/.derivedData/Build/Intermediates.noindex/EasyMetalShader.build/Debug/EasyMetalShaderMacro-t.build/DerivedSources/arm64 -Xcc -I/Users/admin/builder/spi-builder-workspace/.derivedData/Build/Intermediates.noindex/EasyMetalShader.build/Debug/EasyMetalShaderMacro-t.build/DerivedSources -Xcc -DSWIFT_PACKAGE -Xcc -DDEBUG\=1 -working-directory /Users/admin/builder/spi-builder-workspace/.swiftpm/xcode -experimental-emit-module-separately -disable-cmo
Ld /Users/admin/builder/spi-builder-workspace/.derivedData/Build/Products/Debug/EasyMetalShaderMacro normal (in target 'EasyMetalShaderMacro' from project 'EasyMetalShader')
cd /Users/admin/builder/spi-builder-workspace
/Applications/Xcode-27.0.0-Release.Candidate.app/Contents/Developer/Toolchains/XcodeDefault.xctoolchain/usr/bin/swiftc -Xlinker -reproducible -target arm64-apple-macos12.0 -emit-executable -sdk /Applications/Xcode-27.0.0-Release.Candidate.app/Contents/Developer/Platforms/MacOSX.platform/Developer/SDKs/MacOSX27.0.sdk -Xlinker -no_warn_duplicate_libraries -L/Users/admin/builder/spi-builder-workspace/.derivedData/Build/Intermediates.noindex/EagerLinkingTBDs/Debug -L/Users/admin/builder/spi-builder-workspace/.derivedData/Build/Products/Debug -L/Users/admin/builder/spi-builder-workspace/.dependencies/prebuilts/swift-syntax/602.0.0/swiftlang-6.4.0.34.1-macosx27.0-MacroSupport/lib -L/Applications/Xcode-27.0.0-Release.Candidate.app/Contents/Developer/Platforms/MacOSX.platform/Developer/usr/lib -F/Users/admin/builder/spi-builder-workspace/.derivedData/Build/Intermediates.noindex/EagerLinkingTBDs/Debug -F/Users/admin/builder/spi-builder-workspace/.derivedData/Build/Products/Debug -Fsystem /Applications/Xcode-27.0.0-Release.Candidate.app/Contents/Developer/Platforms/MacOSX.platform/Developer/Library/Frameworks @/Users/admin/builder/spi-builder-workspace/.derivedData/Build/Intermediates.noindex/EasyMetalShader.build/Debug/EasyMetalShaderMacro-t.build/Objects-normal/arm64/EasyMetalShaderMacro.LinkFileList -Xlinker -rpath -Xlinker /usr/lib/swift -Xlinker -object_path_lto -Xlinker /Users/admin/builder/spi-builder-workspace/.derivedData/Build/Intermediates.noindex/EasyMetalShader.build/Debug/EasyMetalShaderMacro-t.build/Objects-normal/arm64/EasyMetalShaderMacro_lto.o -Xclang-linker -rdynamic -Xlinker -no_deduplicate -Xlinker -debug_variant -Xlinker -dependency_info -Xlinker /Users/admin/builder/spi-builder-workspace/.derivedData/Build/Intermediates.noindex/EasyMetalShader.build/Debug/EasyMetalShaderMacro-t.build/Objects-normal/arm64/EasyMetalShaderMacro_dependency_info.dat -link-objc-runtime -profile-generate -L/Applications/Xcode-27.0.0-Release.Candidate.app/Contents/Developer/Toolchains/XcodeDefault.xctoolchain/usr/lib/swift/macosx -L/usr/lib/swift -Xlinker -add_ast_path -Xlinker /Users/admin/builder/spi-builder-workspace/.derivedData/Build/Intermediates.noindex/EasyMetalShader.build/Debug/EasyMetalShaderMacro-t.build/Objects-normal/arm64/EasyMetalShaderMacro.swiftmodule -lMacroSupport -o /Users/admin/builder/spi-builder-workspace/.derivedData/Build/Products/Debug/EasyMetalShaderMacro -no-stdlib-rpath
RegisterExecutionPolicyException /Users/admin/builder/spi-builder-workspace/.derivedData/Build/Products/Debug/EasyMetalShaderMacro (in target 'EasyMetalShaderMacro' from project 'EasyMetalShader')
cd /Users/admin/builder/spi-builder-workspace
builtin-RegisterExecutionPolicyException /Users/admin/builder/spi-builder-workspace/.derivedData/Build/Products/Debug/EasyMetalShaderMacro
SwiftDriver EasyMetalShader normal arm64 com.apple.xcode.tools.swift.compiler (in target 'EasyMetalShader' from project 'EasyMetalShader')
cd /Users/admin/builder/spi-builder-workspace/.swiftpm/xcode
builtin-SwiftDriver -- /Applications/Xcode-27.0.0-Release.Candidate.app/Contents/Developer/Toolchains/XcodeDefault.xctoolchain/usr/bin/swiftc -parse-as-library -module-name EasyMetalShader -Onone @/Users/admin/builder/spi-builder-workspace/.derivedData/Build/Intermediates.noindex/EasyMetalShader.build/Debug-watchos/EasyMetalShader-t.build/Objects-normal/arm64/EasyMetalShader.SwiftFileList -DSWIFT_PACKAGE -DDEBUG -DSWIFT_MODULE_RESOURCE_BUNDLE_UNAVAILABLE -DXcode -plugin-path /Applications/Xcode-27.0.0-Release.Candidate.app/Contents/Developer/Toolchains/XcodeDefault.xctoolchain/usr/lib/swift/host/plugins/testing -enable-experimental-feature DebugDescriptionMacro -sdk /Applications/Xcode-27.0.0-Release.Candidate.app/Contents/Developer/Platforms/WatchOS.platform/Developer/SDKs/WatchOS27.0.sdk -target arm64-apple-watchos9.0 -g -module-cache-path /Users/admin/builder/spi-builder-workspace/.derivedData/ModuleCache.noindex -Xfrontend -serialize-debugging-options -profile-coverage-mapping -profile-generate -enable-testing -index-store-path /Users/admin/builder/spi-builder-workspace/.derivedData/Index.noindex/DataStore -Xcc -D_LIBCPP_HARDENING_MODE\=_LIBCPP_HARDENING_MODE_DEBUG -swift-version 5 -I /Users/admin/builder/spi-builder-workspace/.derivedData/Build/Products/Debug-watchos -Isystem /Applications/Xcode-27.0.0-Release.Candidate.app/Contents/Developer/Platforms/WatchOS.platform/Developer/usr/lib -F /Users/admin/builder/spi-builder-workspace/.derivedData/Build/Products/Debug-watchos -F /Applications/Xcode-27.0.0-Release.Candidate.app/Contents/Developer/Platforms/WatchOS.platform/Developer/Library/Frameworks -F /Applications/Xcode-27.0.0-Release.Candidate.app/Contents/Developer/Platforms/WatchOS.platform/Developer/SDKs/WatchOS27.0.sdk/Developer/Library/Frameworks -Xfrontend -load-plugin-executable -Xfrontend /Users/admin/builder/spi-builder-workspace/.derivedData/Build/Products/Debug/EasyMetalShaderMacro\#EasyMetalShaderMacro -c -j10 -enable-batch-mode -incremental -Xcc -ivfsstatcache -Xcc /Users/admin/builder/spi-builder-workspace/.derivedData/SDKStatCaches.noindex/watchos27.0-24R360-e829b21a6f8c9b70876ba0858053c04477534ef55a1706bf4c1112bbb242f0a2.sdkstatcache -output-file-map /Users/admin/builder/spi-builder-workspace/.derivedData/Build/Intermediates.noindex/EasyMetalShader.build/Debug-watchos/EasyMetalShader-t.build/Objects-normal/arm64/EasyMetalShader-OutputFileMap.json -save-temps -no-color-diagnostics -explicit-module-build -module-cache-path /Users/admin/builder/spi-builder-workspace/.derivedData/Build/Intermediates.noindex/SwiftExplicitPrecompiledModules -clang-scanner-module-cache-path /Users/admin/builder/spi-builder-workspace/.derivedData/ModuleCache.noindex -sdk-module-cache-path /Users/admin/builder/spi-builder-workspace/.derivedData/SDKExplicitPrecompiledModules -emit-dependencies -emit-module -emit-module-path /Users/admin/builder/spi-builder-workspace/.derivedData/Build/Intermediates.noindex/EasyMetalShader.build/Debug-watchos/EasyMetalShader-t.build/Objects-normal/arm64/EasyMetalShader.swiftmodule -serialize-diagnostics -dependency-scan-serialize-diagnostics-path /Users/admin/builder/spi-builder-workspace/.derivedData/Build/Intermediates.noindex/EasyMetalShader.build/Debug-watchos/EasyMetalShader-t.build/Objects-normal/arm64/EasyMetalShader-dependency-scan.dia -validate-clang-modules-once -clang-build-session-file /Users/admin/builder/spi-builder-workspace/.derivedData/ModuleCache.noindex/Session.modulevalidation -Xcc -fmodules-prune-interval\=86400 -Xcc -fmodules-prune-after\=345600 -package-name spi_builder_workspace -emit-const-values -const-gather-protocols-list /Users/admin/builder/spi-builder-workspace/.derivedData/Build/Intermediates.noindex/EasyMetalShader.build/Debug-watchos/EasyMetalShader-t.build/Objects-normal/arm64/EasyMetalShader_const_extract_protocols.json -Xcc -I/Users/admin/builder/spi-builder-workspace/.derivedData/Build/Products/Debug-watchos/include -Xcc -I/Users/admin/builder/spi-builder-workspace/.derivedData/Build/Intermediates.noindex/EasyMetalShader.build/Debug-watchos/EasyMetalShader-t.build/DerivedSources-normal/arm64 -Xcc -I/Users/admin/builder/spi-builder-workspace/.derivedData/Build/Intermediates.noindex/EasyMetalShader.build/Debug-watchos/EasyMetalShader-t.build/DerivedSources/arm64 -Xcc -I/Users/admin/builder/spi-builder-workspace/.derivedData/Build/Intermediates.noindex/EasyMetalShader.build/Debug-watchos/EasyMetalShader-t.build/DerivedSources -Xcc -DSWIFT_PACKAGE -Xcc -DDEBUG\=1 -emit-objc-header -emit-objc-header-path /Users/admin/builder/spi-builder-workspace/.derivedData/Build/Intermediates.noindex/EasyMetalShader.build/Debug-watchos/EasyMetalShader-t.build/Objects-normal/arm64/EasyMetalShader-Swift.h -working-directory /Users/admin/builder/spi-builder-workspace/.swiftpm/xcode -experimental-emit-module-separately -disable-cmo
/Users/admin/builder/spi-builder-workspace/Sources/EasyMetalShader/EXPORTER.swift:9:19: error: Unable to resolve module dependency: 'MetalKit' (in target 'EasyMetalShader' from project 'EasyMetalShader')
note: A dependency of main module 'EasyMetalShader'
/Users/admin/builder/spi-builder-workspace/Sources/EasyMetalShader/Macros/EMTextureArgument.swift:8:8: note: Also imported here
/Users/admin/builder/spi-builder-workspace/Sources/EasyMetalShader/Models/ArrayBuffer.swift:8:8: note: Also imported here
/Users/admin/builder/spi-builder-workspace/Sources/EasyMetalShader/Models/EMMetalArgument.swift:9:8: note: Also imported here
/Users/admin/builder/spi-builder-workspace/Sources/EasyMetalShader/Models/EMMetalTexture.swift:8:8: note: Also imported here
/Users/admin/builder/spi-builder-workspace/Sources/EasyMetalShader/Pipelines/EMMetalComputeFunction.swift:10:8: note: Also imported here
/Users/admin/builder/spi-builder-workspace/Sources/EasyMetalShader/Pipelines/EMMetalDispatch.swift:8:8: note: Also imported here
/Users/admin/builder/spi-builder-workspace/Sources/EasyMetalShader/Pipelines/EMMetalRenderFunction.swift:10:8: note: Also imported here
/Users/admin/builder/spi-builder-workspace/Sources/EasyMetalShader/Pipelines/ShaderRenderer.swift:8:8: note: Also imported here
/Users/admin/builder/spi-builder-workspace/Sources/EasyMetalShader/Views/EasyShaderView.swift:8:8: note: Also imported here
/Users/admin/builder/spi-builder-workspace/Sources/EasyMetalShader/EXPORTER.swift:9:19: note: A dependency of main module 'EasyMetalShader'
@_exported import MetalKit
^ (in target 'EasyMetalShader' from project 'EasyMetalShader')
/Users/admin/builder/spi-builder-workspace/Sources/EasyMetalShader/Macros/EMTextureArgument.swift:8:8: note: Also imported here
import MetalKit
^ (in target 'EasyMetalShader' from project 'EasyMetalShader')
/Users/admin/builder/spi-builder-workspace/Sources/EasyMetalShader/Models/ArrayBuffer.swift:8:8: note: Also imported here
import MetalKit
^ (in target 'EasyMetalShader' from project 'EasyMetalShader')
/Users/admin/builder/spi-builder-workspace/Sources/EasyMetalShader/Models/EMMetalArgument.swift:9:8: note: Also imported here
import MetalKit
^ (in target 'EasyMetalShader' from project 'EasyMetalShader')
/Users/admin/builder/spi-builder-workspace/Sources/EasyMetalShader/Models/EMMetalTexture.swift:8:8: note: Also imported here
import MetalKit
^ (in target 'EasyMetalShader' from project 'EasyMetalShader')
/Users/admin/builder/spi-builder-workspace/Sources/EasyMetalShader/Pipelines/EMMetalComputeFunction.swift:10:8: note: Also imported here
import MetalKit
^ (in target 'EasyMetalShader' from project 'EasyMetalShader')
/Users/admin/builder/spi-builder-workspace/Sources/EasyMetalShader/Pipelines/EMMetalDispatch.swift:8:8: note: Also imported here
import MetalKit
^ (in target 'EasyMetalShader' from project 'EasyMetalShader')
/Users/admin/builder/spi-builder-workspace/Sources/EasyMetalShader/Pipelines/EMMetalRenderFunction.swift:10:8: note: Also imported here
import MetalKit
^ (in target 'EasyMetalShader' from project 'EasyMetalShader')
/Users/admin/builder/spi-builder-workspace/Sources/EasyMetalShader/Pipelines/ShaderRenderer.swift:8:8: note: Also imported here
import MetalKit
^ (in target 'EasyMetalShader' from project 'EasyMetalShader')
/Users/admin/builder/spi-builder-workspace/Sources/EasyMetalShader/Views/EasyShaderView.swift:8:8: note: Also imported here
import MetalKit
^ (in target 'EasyMetalShader' from project 'EasyMetalShader')
SwiftDriver EasyMetalShader normal arm64_32 com.apple.xcode.tools.swift.compiler (in target 'EasyMetalShader' from project 'EasyMetalShader')
cd /Users/admin/builder/spi-builder-workspace/.swiftpm/xcode
builtin-SwiftDriver -- /Applications/Xcode-27.0.0-Release.Candidate.app/Contents/Developer/Toolchains/XcodeDefault.xctoolchain/usr/bin/swiftc -parse-as-library -module-name EasyMetalShader -Onone @/Users/admin/builder/spi-builder-workspace/.derivedData/Build/Intermediates.noindex/EasyMetalShader.build/Debug-watchos/EasyMetalShader-t.build/Objects-normal/arm64_32/EasyMetalShader.SwiftFileList -DSWIFT_PACKAGE -DDEBUG -DSWIFT_MODULE_RESOURCE_BUNDLE_UNAVAILABLE -DXcode -plugin-path /Applications/Xcode-27.0.0-Release.Candidate.app/Contents/Developer/Toolchains/XcodeDefault.xctoolchain/usr/lib/swift/host/plugins/testing -enable-experimental-feature DebugDescriptionMacro -sdk /Applications/Xcode-27.0.0-Release.Candidate.app/Contents/Developer/Platforms/WatchOS.platform/Developer/SDKs/WatchOS27.0.sdk -target arm64_32-apple-watchos9.0 -g -module-cache-path /Users/admin/builder/spi-builder-workspace/.derivedData/ModuleCache.noindex -Xfrontend -serialize-debugging-options -profile-coverage-mapping -profile-generate -enable-testing -index-store-path /Users/admin/builder/spi-builder-workspace/.derivedData/Index.noindex/DataStore -Xcc -D_LIBCPP_HARDENING_MODE\=_LIBCPP_HARDENING_MODE_DEBUG -swift-version 5 -I /Users/admin/builder/spi-builder-workspace/.derivedData/Build/Products/Debug-watchos -Isystem /Applications/Xcode-27.0.0-Release.Candidate.app/Contents/Developer/Platforms/WatchOS.platform/Developer/usr/lib -F /Users/admin/builder/spi-builder-workspace/.derivedData/Build/Products/Debug-watchos -F /Applications/Xcode-27.0.0-Release.Candidate.app/Contents/Developer/Platforms/WatchOS.platform/Developer/Library/Frameworks -F /Applications/Xcode-27.0.0-Release.Candidate.app/Contents/Developer/Platforms/WatchOS.platform/Developer/SDKs/WatchOS27.0.sdk/Developer/Library/Frameworks -Xfrontend -load-plugin-executable -Xfrontend /Users/admin/builder/spi-builder-workspace/.derivedData/Build/Products/Debug/EasyMetalShaderMacro\#EasyMetalShaderMacro -c -j10 -enable-batch-mode -incremental -Xcc -ivfsstatcache -Xcc /Users/admin/builder/spi-builder-workspace/.derivedData/SDKStatCaches.noindex/watchos27.0-24R360-e829b21a6f8c9b70876ba0858053c04477534ef55a1706bf4c1112bbb242f0a2.sdkstatcache -output-file-map /Users/admin/builder/spi-builder-workspace/.derivedData/Build/Intermediates.noindex/EasyMetalShader.build/Debug-watchos/EasyMetalShader-t.build/Objects-normal/arm64_32/EasyMetalShader-OutputFileMap.json -save-temps -no-color-diagnostics -explicit-module-build -module-cache-path /Users/admin/builder/spi-builder-workspace/.derivedData/Build/Intermediates.noindex/SwiftExplicitPrecompiledModules -clang-scanner-module-cache-path /Users/admin/builder/spi-builder-workspace/.derivedData/ModuleCache.noindex -sdk-module-cache-path /Users/admin/builder/spi-builder-workspace/.derivedData/SDKExplicitPrecompiledModules -emit-dependencies -emit-module -emit-module-path /Users/admin/builder/spi-builder-workspace/.derivedData/Build/Intermediates.noindex/EasyMetalShader.build/Debug-watchos/EasyMetalShader-t.build/Objects-normal/arm64_32/EasyMetalShader.swiftmodule -serialize-diagnostics -dependency-scan-serialize-diagnostics-path /Users/admin/builder/spi-builder-workspace/.derivedData/Build/Intermediates.noindex/EasyMetalShader.build/Debug-watchos/EasyMetalShader-t.build/Objects-normal/arm64_32/EasyMetalShader-dependency-scan.dia -validate-clang-modules-once -clang-build-session-file /Users/admin/builder/spi-builder-workspace/.derivedData/ModuleCache.noindex/Session.modulevalidation -Xcc -fmodules-prune-interval\=86400 -Xcc -fmodules-prune-after\=345600 -package-name spi_builder_workspace -emit-const-values -const-gather-protocols-list /Users/admin/builder/spi-builder-workspace/.derivedData/Build/Intermediates.noindex/EasyMetalShader.build/Debug-watchos/EasyMetalShader-t.build/Objects-normal/arm64_32/EasyMetalShader_const_extract_protocols.json -Xcc -I/Users/admin/builder/spi-builder-workspace/.derivedData/Build/Products/Debug-watchos/include -Xcc -I/Users/admin/builder/spi-builder-workspace/.derivedData/Build/Intermediates.noindex/EasyMetalShader.build/Debug-watchos/EasyMetalShader-t.build/DerivedSources-normal/arm64_32 -Xcc -I/Users/admin/builder/spi-builder-workspace/.derivedData/Build/Intermediates.noindex/EasyMetalShader.build/Debug-watchos/EasyMetalShader-t.build/DerivedSources/arm64_32 -Xcc -I/Users/admin/builder/spi-builder-workspace/.derivedData/Build/Intermediates.noindex/EasyMetalShader.build/Debug-watchos/EasyMetalShader-t.build/DerivedSources -Xcc -DSWIFT_PACKAGE -Xcc -DDEBUG\=1 -emit-objc-header -emit-objc-header-path /Users/admin/builder/spi-builder-workspace/.derivedData/Build/Intermediates.noindex/EasyMetalShader.build/Debug-watchos/EasyMetalShader-t.build/Objects-normal/arm64_32/EasyMetalShader-Swift.h -working-directory /Users/admin/builder/spi-builder-workspace/.swiftpm/xcode -experimental-emit-module-separately -disable-cmo
/Users/admin/builder/spi-builder-workspace/Sources/EasyMetalShader/EXPORTER.swift:9:19: error: Unable to resolve module dependency: 'MetalKit' (in target 'EasyMetalShader' from project 'EasyMetalShader')
note: A dependency of main module 'EasyMetalShader'
/Users/admin/builder/spi-builder-workspace/Sources/EasyMetalShader/Macros/EMTextureArgument.swift:8:8: note: Also imported here
/Users/admin/builder/spi-builder-workspace/Sources/EasyMetalShader/Models/ArrayBuffer.swift:8:8: note: Also imported here
/Users/admin/builder/spi-builder-workspace/Sources/EasyMetalShader/Models/EMMetalArgument.swift:9:8: note: Also imported here
/Users/admin/builder/spi-builder-workspace/Sources/EasyMetalShader/Models/EMMetalTexture.swift:8:8: note: Also imported here
/Users/admin/builder/spi-builder-workspace/Sources/EasyMetalShader/Pipelines/EMMetalComputeFunction.swift:10:8: note: Also imported here
/Users/admin/builder/spi-builder-workspace/Sources/EasyMetalShader/Pipelines/EMMetalDispatch.swift:8:8: note: Also imported here
/Users/admin/builder/spi-builder-workspace/Sources/EasyMetalShader/Pipelines/EMMetalRenderFunction.swift:10:8: note: Also imported here
/Users/admin/builder/spi-builder-workspace/Sources/EasyMetalShader/Pipelines/ShaderRenderer.swift:8:8: note: Also imported here
/Users/admin/builder/spi-builder-workspace/Sources/EasyMetalShader/Views/EasyShaderView.swift:8:8: note: Also imported here
/Users/admin/builder/spi-builder-workspace/Sources/EasyMetalShader/EXPORTER.swift:9:19: note: A dependency of main module 'EasyMetalShader'
@_exported import MetalKit
^ (in target 'EasyMetalShader' from project 'EasyMetalShader')
/Users/admin/builder/spi-builder-workspace/Sources/EasyMetalShader/Macros/EMTextureArgument.swift:8:8: note: Also imported here
import MetalKit
^ (in target 'EasyMetalShader' from project 'EasyMetalShader')
/Users/admin/builder/spi-builder-workspace/Sources/EasyMetalShader/Models/ArrayBuffer.swift:8:8: note: Also imported here
import MetalKit
^ (in target 'EasyMetalShader' from project 'EasyMetalShader')
/Users/admin/builder/spi-builder-workspace/Sources/EasyMetalShader/Models/EMMetalArgument.swift:9:8: note: Also imported here
import MetalKit
^ (in target 'EasyMetalShader' from project 'EasyMetalShader')
/Users/admin/builder/spi-builder-workspace/Sources/EasyMetalShader/Models/EMMetalTexture.swift:8:8: note: Also imported here
import MetalKit
^ (in target 'EasyMetalShader' from project 'EasyMetalShader')
/Users/admin/builder/spi-builder-workspace/Sources/EasyMetalShader/Pipelines/EMMetalComputeFunction.swift:10:8: note: Also imported here
import MetalKit
^ (in target 'EasyMetalShader' from project 'EasyMetalShader')
/Users/admin/builder/spi-builder-workspace/Sources/EasyMetalShader/Pipelines/EMMetalDispatch.swift:8:8: note: Also imported here
import MetalKit
^ (in target 'EasyMetalShader' from project 'EasyMetalShader')
/Users/admin/builder/spi-builder-workspace/Sources/EasyMetalShader/Pipelines/EMMetalRenderFunction.swift:10:8: note: Also imported here
import MetalKit
^ (in target 'EasyMetalShader' from project 'EasyMetalShader')
/Users/admin/builder/spi-builder-workspace/Sources/EasyMetalShader/Pipelines/ShaderRenderer.swift:8:8: note: Also imported here
import MetalKit
^ (in target 'EasyMetalShader' from project 'EasyMetalShader')
/Users/admin/builder/spi-builder-workspace/Sources/EasyMetalShader/Views/EasyShaderView.swift:8:8: note: Also imported here
import MetalKit
^ (in target 'EasyMetalShader' from project 'EasyMetalShader')
PruneExplicitPrecompiledModules /Users/admin/builder/spi-builder-workspace/.derivedData/Build/Intermediates.noindex/SwiftExplicitPrecompiledModules
PruneExplicitPrecompiledModules /Users/admin/builder/spi-builder-workspace/.derivedData/Build/Intermediates.noindex/ExplicitPrecompiledModules
PruneExplicitPrecompiledModules /Users/admin/builder/spi-builder-workspace/.derivedData/SDKExplicitPrecompiledModules
2026-09-23 00:55:46.704 xcodebuild[739:4449] [MT] IDERunDestination: Supported platforms for the buildables in the current scheme is empty.
2026-09-23 00:55:46.804 xcodebuild[739:4449] [MT] IDERunDestination: Supported platforms for the buildables in the current scheme is empty.
** BUILD FAILED **
The following build commands failed:
SwiftDriver EasyMetalShader normal arm64 com.apple.xcode.tools.swift.compiler (in target 'EasyMetalShader' from project 'EasyMetalShader')
SwiftDriver EasyMetalShader normal arm64_32 com.apple.xcode.tools.swift.compiler (in target 'EasyMetalShader' from project 'EasyMetalShader')
Building workspace EasyMetalShader with scheme EasyMetalShader
(3 failures)
Command line invocation:
/Applications/Xcode-27.0.0-Release.Candidate.app/Contents/Developer/usr/bin/xcodebuild -IDEClonedSourcePackagesDirPathOverride=/Users/admin/builder/spi-builder-workspace/.dependencies -resolvePackageDependencies
Resolve Package Graph
Resolved source packages:
swift-syntax: https://github.com/apple/swift-syntax.git @ 602.0.0
EasyMetalShader: /Users/admin/builder/spi-builder-workspace
resolved source packages: swift-syntax, EasyMetalShader
2026-09-23 00:56:03.061 xcodebuild[864:5077] [MT] IDERunDestination: Supported platforms for the buildables in the current scheme is empty.
2026-09-23 00:56:03.162 xcodebuild[864:5077] [MT] IDERunDestination: Supported platforms for the buildables in the current scheme is empty.
{
"dependencies" : [
{
"identity" : "swift-syntax",
"requirement" : {
"range" : [
{
"lower_bound" : "602.0.0",
"upper_bound" : "603.0.0"
}
]
},
"type" : "sourceControl",
"url" : "https://github.com/apple/swift-syntax.git"
}
],
"manifest_display_name" : "EasyMetalShader",
"name" : "EasyMetalShader",
"path" : "/Users/admin/builder/spi-builder-workspace",
"platforms" : [
{
"name" : "macos",
"version" : "11.0"
},
{
"name" : "ios",
"version" : "14.0"
},
{
"name" : "visionos",
"version" : "1.0"
}
],
"products" : [
{
"name" : "EasyMetalShader",
"targets" : [
"EasyMetalShader"
],
"type" : {
"library" : [
"automatic"
]
}
},
{
"name" : "EasyMetalShaderMacro",
"targets" : [
"EasyMetalShaderMacro"
],
"type" : {
"macro" : null
}
}
],
"targets" : [
{
"c99name" : "EasyMetalShaderTests",
"module_type" : "SwiftTarget",
"name" : "EasyMetalShaderTests",
"path" : "Sources/EasyMetalShaderTests",
"sources" : [
"ArrayBufferTests.swift",
"ComputeShader3DTests.swift",
"ComputeShaderTests.swift",
"MetalPreLibraryTests.swift",
"RenderShaderTests.swift"
],
"target_dependencies" : [
"EasyMetalShader"
],
"type" : "test"
},
{
"c99name" : "EasyMetalShaderMacro",
"module_type" : "SwiftTarget",
"name" : "EasyMetalShaderMacro",
"path" : "Sources/EasyMetalShaderMacro",
"product_dependencies" : [
"SwiftSyntaxMacros",
"SwiftCompilerPlugin"
],
"product_memberships" : [
"EasyMetalShader",
"EasyMetalShaderMacro"
],
"sources" : [
"EMArgument/EMArgument.swift",
"EMComputeShader/ComputeFunctionStrings/ComputeFunctionStrings.swift",
"EMComputeShader/ComputeFunctionStrings/InitCompute.swift",
"EMComputeShader/EMComputeShader+ExtensionMacro.swift",
"EMComputeShader/EMComputeShader+MemberAttributeMacro.swift",
"EMComputeShader/EMComputeShader+MemberMacro.swift",
"EMComputeShader/EMComputeShader.swift",
"EMComputeShader3D/ComputeFunctionStrings3D/ComputeFunctionStrings3D.swift",
"EMComputeShader3D/ComputeFunctionStrings3D/InitCompute3D.swift",
"EMComputeShader3D/EMComputeShader3D+ExtensionMacro.swift",
"EMComputeShader3D/EMComputeShader3D+MemberAttributeMacro.swift",
"EMComputeShader3D/EMComputeShader3D+MemberMacro.swift",
"EMComputeShader3D/EMComputeShader3D.swift",
"EMRenderShader/EMRenderShader+ExtensionMacro.swift",
"EMRenderShader/EMRenderShader+MemberAttributeMacro.swift",
"EMRenderShader/EMRenderShader+MemberMacro.swift",
"EMRenderShader/EMRenderShader.swift",
"EMRenderShader/RenderFunctionStrings/InitRender.swift",
"EMRenderShader/RenderFunctionStrings/RenderFunctionStrings.swift",
"EMTextureArgument/EMTextureArgument.swift",
"EasyMetalShaderMacroPlugin.swift",
"Utils/String+Error.swift",
"Utils/Util.swift"
],
"type" : "macro"
},
{
"c99name" : "EasyMetalShader",
"module_type" : "SwiftTarget",
"name" : "EasyMetalShader",
"path" : "Sources/EasyMetalShader",
"product_memberships" : [
"EasyMetalShader"
],
"sources" : [
"Builder/ShaderStringBuilder.swift",
"EXPORTER.swift",
"Extensions/MTLTexture+.swift",
"Macros/EMArgument.swift",
"Macros/EMComputeShader.swift",
"Macros/EMComputeShader3D.swift",
"Macros/EMRenderShader.swift",
"Macros/EMTextureArgument.swift",
"MetalPreLibrary/Include.swift",
"MetalPreLibrary/MetalPreLibrary.swift",
"MetalPreLibrary/Rand.swift",
"MetalPreLibrary/RasterizerData.swift",
"MetalPreLibrary/VertexInput.swift",
"Models/ArrayBuffer.swift",
"Models/EMMetalArgument.swift",
"Models/EMMetalTexture.swift",
"Models/EMMetalTextureUsage.swift",
"Pipelines/EMMetalComputeFunction.swift",
"Pipelines/EMMetalDispatch.swift",
"Pipelines/EMMetalFunction.swift",
"Pipelines/EMMetalRenderFunction.swift",
"Pipelines/ShaderRenderer.swift",
"PropertyWrappers/EMIgnore.swift",
"Utils/ShaderCore_EasyMetalShaderLib.swift",
"Views/EasyShaderView.swift",
"Views/ShaderMTKView.swift"
],
"target_dependencies" : [
"EasyMetalShaderMacro"
],
"type" : "library"
}
],
"tools_version" : "5.9"
}
{
"workspace" : {
"name" : "EasyMetalShader",
"schemes" : [
"EasyMetalShader",
"EasyMetalShaderTests"
]
}
}
2026-09-23 00:56:05.103 xcodebuild[873:5168] [MT] IDERunDestination: Supported platforms for the buildables in the current scheme is empty.
2026-09-23 00:56:05.206 xcodebuild[873:5168] [MT] IDERunDestination: Supported platforms for the buildables in the current scheme is empty.
{
"workspace" : {
"name" : "EasyMetalShader",
"schemes" : [
"EasyMetalShader",
"EasyMetalShaderTests"
]
}
}
2026-09-23 00:56:06.822 xcodebuild[876:5205] [MT] IDERunDestination: Supported platforms for the buildables in the current scheme is empty.
2026-09-23 00:56:06.923 xcodebuild[876:5205] [MT] IDERunDestination: Supported platforms for the buildables in the current scheme is empty.
Running build ...
env DEVELOPER_DIR=/Applications/Xcode-27.0.0-Release.Candidate.app xcrun xcodebuild -IDEClonedSourcePackagesDirPathOverride=$PWD/.dependencies -skipMacroValidation -skipPackagePluginValidation -derivedDataPath $PWD/.derivedData build -scheme EasyMetalShader -destination generic/platform=watchOS
Command line invocation:
/Applications/Xcode-27.0.0-Release.Candidate.app/Contents/Developer/usr/bin/xcodebuild -IDEClonedSourcePackagesDirPathOverride=/Users/admin/builder/spi-builder-workspace/.dependencies -skipMacroValidation -skipPackagePluginValidation -derivedDataPath /Users/admin/builder/spi-builder-workspace/.derivedData build -scheme EasyMetalShader -destination generic/platform=watchOS
Resolve Package Graph
Resolved source packages:
swift-syntax: https://github.com/apple/swift-syntax.git @ 602.0.0
EasyMetalShader: /Users/admin/builder/spi-builder-workspace
ComputePackagePrebuildTargetDependencyGraph
Prepare packages
CreateBuildRequest
SendProjectDescription
CreateBuildOperation
ComputeTargetDependencyGraph
note: Building targets in dependency order
note: Target dependency graph (3 targets)
Target 'EasyMetalShader-product' in project 'EasyMetalShader'
➜ Explicit dependency on target 'EasyMetalShader' in project 'EasyMetalShader'
➜ Explicit dependency on target 'EasyMetalShaderMacro' in project 'EasyMetalShader'
Target 'EasyMetalShader' in project 'EasyMetalShader'
➜ Explicit dependency on target 'EasyMetalShaderMacro' in project 'EasyMetalShader'
Target 'EasyMetalShaderMacro' in project 'EasyMetalShader' (no dependencies)
GatherProvisioningInputs
CreateBuildDescription
ClangStatCache /Applications/Xcode-27.0.0-Release.Candidate.app/Contents/Developer/Toolchains/XcodeDefault.xctoolchain/usr/bin/clang-stat-cache /Applications/Xcode-27.0.0-Release.Candidate.app/Contents/Developer/Platforms/WatchOS.platform/Developer/SDKs/WatchOS27.0.sdk /Users/admin/builder/spi-builder-workspace/.derivedData/SDKStatCaches.noindex/watchos27.0-24R360-e829b21a6f8c9b70876ba0858053c04477534ef55a1706bf4c1112bbb242f0a2.sdkstatcache
cd /Users/admin/builder/spi-builder-workspace/.swiftpm/xcode
/Applications/Xcode-27.0.0-Release.Candidate.app/Contents/Developer/Toolchains/XcodeDefault.xctoolchain/usr/bin/clang-stat-cache /Applications/Xcode-27.0.0-Release.Candidate.app/Contents/Developer/Platforms/WatchOS.platform/Developer/SDKs/WatchOS27.0.sdk -o /Users/admin/builder/spi-builder-workspace/.derivedData/SDKStatCaches.noindex/watchos27.0-24R360-e829b21a6f8c9b70876ba0858053c04477534ef55a1706bf4c1112bbb242f0a2.sdkstatcache
ClangStatCache /Applications/Xcode-27.0.0-Release.Candidate.app/Contents/Developer/Toolchains/XcodeDefault.xctoolchain/usr/bin/clang-stat-cache /Applications/Xcode-27.0.0-Release.Candidate.app/Contents/Developer/Platforms/MacOSX.platform/Developer/SDKs/MacOSX27.0.sdk /Users/admin/builder/spi-builder-workspace/.derivedData/SDKStatCaches.noindex/macosx27.0-26A425-e829b21a6f8c9b70876ba0858053c0446a22442a12e9d48fe1a705f55a1adfc4.sdkstatcache
cd /Users/admin/builder/spi-builder-workspace/.swiftpm/xcode
/Applications/Xcode-27.0.0-Release.Candidate.app/Contents/Developer/Toolchains/XcodeDefault.xctoolchain/usr/bin/clang-stat-cache /Applications/Xcode-27.0.0-Release.Candidate.app/Contents/Developer/Platforms/MacOSX.platform/Developer/SDKs/MacOSX27.0.sdk -o /Users/admin/builder/spi-builder-workspace/.derivedData/SDKStatCaches.noindex/macosx27.0-26A425-e829b21a6f8c9b70876ba0858053c0446a22442a12e9d48fe1a705f55a1adfc4.sdkstatcache
SwiftDriver EasyMetalShader normal arm64_32 com.apple.xcode.tools.swift.compiler (in target 'EasyMetalShader' from project 'EasyMetalShader')
cd /Users/admin/builder/spi-builder-workspace/.swiftpm/xcode
builtin-SwiftDriver -- /Applications/Xcode-27.0.0-Release.Candidate.app/Contents/Developer/Toolchains/XcodeDefault.xctoolchain/usr/bin/swiftc -parse-as-library -module-name EasyMetalShader -Onone @/Users/admin/builder/spi-builder-workspace/.derivedData/Build/Intermediates.noindex/EasyMetalShader.build/Debug-watchos/EasyMetalShader-t.build/Objects-normal/arm64_32/EasyMetalShader.SwiftFileList -DSWIFT_PACKAGE -DDEBUG -DSWIFT_MODULE_RESOURCE_BUNDLE_UNAVAILABLE -DXcode -plugin-path /Applications/Xcode-27.0.0-Release.Candidate.app/Contents/Developer/Toolchains/XcodeDefault.xctoolchain/usr/lib/swift/host/plugins/testing -enable-experimental-feature DebugDescriptionMacro -sdk /Applications/Xcode-27.0.0-Release.Candidate.app/Contents/Developer/Platforms/WatchOS.platform/Developer/SDKs/WatchOS27.0.sdk -target arm64_32-apple-watchos9.0 -g -module-cache-path /Users/admin/builder/spi-builder-workspace/.derivedData/ModuleCache.noindex -Xfrontend -serialize-debugging-options -profile-coverage-mapping -profile-generate -enable-testing -index-store-path /Users/admin/builder/spi-builder-workspace/.derivedData/Index.noindex/DataStore -Xcc -D_LIBCPP_HARDENING_MODE\=_LIBCPP_HARDENING_MODE_DEBUG -swift-version 5 -I /Users/admin/builder/spi-builder-workspace/.derivedData/Build/Products/Debug-watchos -Isystem /Applications/Xcode-27.0.0-Release.Candidate.app/Contents/Developer/Platforms/WatchOS.platform/Developer/usr/lib -F /Users/admin/builder/spi-builder-workspace/.derivedData/Build/Products/Debug-watchos -F /Applications/Xcode-27.0.0-Release.Candidate.app/Contents/Developer/Platforms/WatchOS.platform/Developer/Library/Frameworks -F /Applications/Xcode-27.0.0-Release.Candidate.app/Contents/Developer/Platforms/WatchOS.platform/Developer/SDKs/WatchOS27.0.sdk/Developer/Library/Frameworks -Xfrontend -load-plugin-executable -Xfrontend /Users/admin/builder/spi-builder-workspace/.derivedData/Build/Products/Debug/EasyMetalShaderMacro\#EasyMetalShaderMacro -c -j10 -enable-batch-mode -incremental -Xcc -ivfsstatcache -Xcc /Users/admin/builder/spi-builder-workspace/.derivedData/SDKStatCaches.noindex/watchos27.0-24R360-e829b21a6f8c9b70876ba0858053c04477534ef55a1706bf4c1112bbb242f0a2.sdkstatcache -output-file-map /Users/admin/builder/spi-builder-workspace/.derivedData/Build/Intermediates.noindex/EasyMetalShader.build/Debug-watchos/EasyMetalShader-t.build/Objects-normal/arm64_32/EasyMetalShader-OutputFileMap.json -save-temps -no-color-diagnostics -explicit-module-build -module-cache-path /Users/admin/builder/spi-builder-workspace/.derivedData/Build/Intermediates.noindex/SwiftExplicitPrecompiledModules -clang-scanner-module-cache-path /Users/admin/builder/spi-builder-workspace/.derivedData/ModuleCache.noindex -sdk-module-cache-path /Users/admin/builder/spi-builder-workspace/.derivedData/SDKExplicitPrecompiledModules -emit-dependencies -emit-module -emit-module-path /Users/admin/builder/spi-builder-workspace/.derivedData/Build/Intermediates.noindex/EasyMetalShader.build/Debug-watchos/EasyMetalShader-t.build/Objects-normal/arm64_32/EasyMetalShader.swiftmodule -serialize-diagnostics -dependency-scan-serialize-diagnostics-path /Users/admin/builder/spi-builder-workspace/.derivedData/Build/Intermediates.noindex/EasyMetalShader.build/Debug-watchos/EasyMetalShader-t.build/Objects-normal/arm64_32/EasyMetalShader-dependency-scan.dia -validate-clang-modules-once -clang-build-session-file /Users/admin/builder/spi-builder-workspace/.derivedData/ModuleCache.noindex/Session.modulevalidation -Xcc -fmodules-prune-interval\=86400 -Xcc -fmodules-prune-after\=345600 -package-name spi_builder_workspace -emit-const-values -const-gather-protocols-list /Users/admin/builder/spi-builder-workspace/.derivedData/Build/Intermediates.noindex/EasyMetalShader.build/Debug-watchos/EasyMetalShader-t.build/Objects-normal/arm64_32/EasyMetalShader_const_extract_protocols.json -Xcc -I/Users/admin/builder/spi-builder-workspace/.derivedData/Build/Products/Debug-watchos/include -Xcc -I/Users/admin/builder/spi-builder-workspace/.derivedData/Build/Intermediates.noindex/EasyMetalShader.build/Debug-watchos/EasyMetalShader-t.build/DerivedSources-normal/arm64_32 -Xcc -I/Users/admin/builder/spi-builder-workspace/.derivedData/Build/Intermediates.noindex/EasyMetalShader.build/Debug-watchos/EasyMetalShader-t.build/DerivedSources/arm64_32 -Xcc -I/Users/admin/builder/spi-builder-workspace/.derivedData/Build/Intermediates.noindex/EasyMetalShader.build/Debug-watchos/EasyMetalShader-t.build/DerivedSources -Xcc -DSWIFT_PACKAGE -Xcc -DDEBUG\=1 -emit-objc-header -emit-objc-header-path /Users/admin/builder/spi-builder-workspace/.derivedData/Build/Intermediates.noindex/EasyMetalShader.build/Debug-watchos/EasyMetalShader-t.build/Objects-normal/arm64_32/EasyMetalShader-Swift.h -working-directory /Users/admin/builder/spi-builder-workspace/.swiftpm/xcode -experimental-emit-module-separately -disable-cmo
/Users/admin/builder/spi-builder-workspace/Sources/EasyMetalShader/EXPORTER.swift:9:19: error: Unable to resolve module dependency: 'MetalKit' (in target 'EasyMetalShader' from project 'EasyMetalShader')
note: A dependency of main module 'EasyMetalShader'
/Users/admin/builder/spi-builder-workspace/Sources/EasyMetalShader/Macros/EMTextureArgument.swift:8:8: note: Also imported here
/Users/admin/builder/spi-builder-workspace/Sources/EasyMetalShader/Models/ArrayBuffer.swift:8:8: note: Also imported here
/Users/admin/builder/spi-builder-workspace/Sources/EasyMetalShader/Models/EMMetalArgument.swift:9:8: note: Also imported here
/Users/admin/builder/spi-builder-workspace/Sources/EasyMetalShader/Models/EMMetalTexture.swift:8:8: note: Also imported here
/Users/admin/builder/spi-builder-workspace/Sources/EasyMetalShader/Pipelines/EMMetalComputeFunction.swift:10:8: note: Also imported here
/Users/admin/builder/spi-builder-workspace/Sources/EasyMetalShader/Pipelines/EMMetalDispatch.swift:8:8: note: Also imported here
/Users/admin/builder/spi-builder-workspace/Sources/EasyMetalShader/Pipelines/EMMetalRenderFunction.swift:10:8: note: Also imported here
/Users/admin/builder/spi-builder-workspace/Sources/EasyMetalShader/Pipelines/ShaderRenderer.swift:8:8: note: Also imported here
/Users/admin/builder/spi-builder-workspace/Sources/EasyMetalShader/Views/EasyShaderView.swift:8:8: note: Also imported here
/Users/admin/builder/spi-builder-workspace/Sources/EasyMetalShader/EXPORTER.swift:9:19: note: A dependency of main module 'EasyMetalShader'
@_exported import MetalKit
^ (in target 'EasyMetalShader' from project 'EasyMetalShader')
/Users/admin/builder/spi-builder-workspace/Sources/EasyMetalShader/Macros/EMTextureArgument.swift:8:8: note: Also imported here
import MetalKit
^ (in target 'EasyMetalShader' from project 'EasyMetalShader')
/Users/admin/builder/spi-builder-workspace/Sources/EasyMetalShader/Models/ArrayBuffer.swift:8:8: note: Also imported here
import MetalKit
^ (in target 'EasyMetalShader' from project 'EasyMetalShader')
/Users/admin/builder/spi-builder-workspace/Sources/EasyMetalShader/Models/EMMetalArgument.swift:9:8: note: Also imported here
import MetalKit
^ (in target 'EasyMetalShader' from project 'EasyMetalShader')
/Users/admin/builder/spi-builder-workspace/Sources/EasyMetalShader/Models/EMMetalTexture.swift:8:8: note: Also imported here
import MetalKit
^ (in target 'EasyMetalShader' from project 'EasyMetalShader')
/Users/admin/builder/spi-builder-workspace/Sources/EasyMetalShader/Pipelines/EMMetalComputeFunction.swift:10:8: note: Also imported here
import MetalKit
^ (in target 'EasyMetalShader' from project 'EasyMetalShader')
/Users/admin/builder/spi-builder-workspace/Sources/EasyMetalShader/Pipelines/EMMetalDispatch.swift:8:8: note: Also imported here
import MetalKit
^ (in target 'EasyMetalShader' from project 'EasyMetalShader')
/Users/admin/builder/spi-builder-workspace/Sources/EasyMetalShader/Pipelines/EMMetalRenderFunction.swift:10:8: note: Also imported here
import MetalKit
^ (in target 'EasyMetalShader' from project 'EasyMetalShader')
/Users/admin/builder/spi-builder-workspace/Sources/EasyMetalShader/Pipelines/ShaderRenderer.swift:8:8: note: Also imported here
import MetalKit
^ (in target 'EasyMetalShader' from project 'EasyMetalShader')
/Users/admin/builder/spi-builder-workspace/Sources/EasyMetalShader/Views/EasyShaderView.swift:8:8: note: Also imported here
import MetalKit
^ (in target 'EasyMetalShader' from project 'EasyMetalShader')
SwiftDriver EasyMetalShader normal arm64 com.apple.xcode.tools.swift.compiler (in target 'EasyMetalShader' from project 'EasyMetalShader')
cd /Users/admin/builder/spi-builder-workspace/.swiftpm/xcode
builtin-SwiftDriver -- /Applications/Xcode-27.0.0-Release.Candidate.app/Contents/Developer/Toolchains/XcodeDefault.xctoolchain/usr/bin/swiftc -parse-as-library -module-name EasyMetalShader -Onone @/Users/admin/builder/spi-builder-workspace/.derivedData/Build/Intermediates.noindex/EasyMetalShader.build/Debug-watchos/EasyMetalShader-t.build/Objects-normal/arm64/EasyMetalShader.SwiftFileList -DSWIFT_PACKAGE -DDEBUG -DSWIFT_MODULE_RESOURCE_BUNDLE_UNAVAILABLE -DXcode -plugin-path /Applications/Xcode-27.0.0-Release.Candidate.app/Contents/Developer/Toolchains/XcodeDefault.xctoolchain/usr/lib/swift/host/plugins/testing -enable-experimental-feature DebugDescriptionMacro -sdk /Applications/Xcode-27.0.0-Release.Candidate.app/Contents/Developer/Platforms/WatchOS.platform/Developer/SDKs/WatchOS27.0.sdk -target arm64-apple-watchos9.0 -g -module-cache-path /Users/admin/builder/spi-builder-workspace/.derivedData/ModuleCache.noindex -Xfrontend -serialize-debugging-options -profile-coverage-mapping -profile-generate -enable-testing -index-store-path /Users/admin/builder/spi-builder-workspace/.derivedData/Index.noindex/DataStore -Xcc -D_LIBCPP_HARDENING_MODE\=_LIBCPP_HARDENING_MODE_DEBUG -swift-version 5 -I /Users/admin/builder/spi-builder-workspace/.derivedData/Build/Products/Debug-watchos -Isystem /Applications/Xcode-27.0.0-Release.Candidate.app/Contents/Developer/Platforms/WatchOS.platform/Developer/usr/lib -F /Users/admin/builder/spi-builder-workspace/.derivedData/Build/Products/Debug-watchos -F /Applications/Xcode-27.0.0-Release.Candidate.app/Contents/Developer/Platforms/WatchOS.platform/Developer/Library/Frameworks -F /Applications/Xcode-27.0.0-Release.Candidate.app/Contents/Developer/Platforms/WatchOS.platform/Developer/SDKs/WatchOS27.0.sdk/Developer/Library/Frameworks -Xfrontend -load-plugin-executable -Xfrontend /Users/admin/builder/spi-builder-workspace/.derivedData/Build/Products/Debug/EasyMetalShaderMacro\#EasyMetalShaderMacro -c -j10 -enable-batch-mode -incremental -Xcc -ivfsstatcache -Xcc /Users/admin/builder/spi-builder-workspace/.derivedData/SDKStatCaches.noindex/watchos27.0-24R360-e829b21a6f8c9b70876ba0858053c04477534ef55a1706bf4c1112bbb242f0a2.sdkstatcache -output-file-map /Users/admin/builder/spi-builder-workspace/.derivedData/Build/Intermediates.noindex/EasyMetalShader.build/Debug-watchos/EasyMetalShader-t.build/Objects-normal/arm64/EasyMetalShader-OutputFileMap.json -save-temps -no-color-diagnostics -explicit-module-build -module-cache-path /Users/admin/builder/spi-builder-workspace/.derivedData/Build/Intermediates.noindex/SwiftExplicitPrecompiledModules -clang-scanner-module-cache-path /Users/admin/builder/spi-builder-workspace/.derivedData/ModuleCache.noindex -sdk-module-cache-path /Users/admin/builder/spi-builder-workspace/.derivedData/SDKExplicitPrecompiledModules -emit-dependencies -emit-module -emit-module-path /Users/admin/builder/spi-builder-workspace/.derivedData/Build/Intermediates.noindex/EasyMetalShader.build/Debug-watchos/EasyMetalShader-t.build/Objects-normal/arm64/EasyMetalShader.swiftmodule -serialize-diagnostics -dependency-scan-serialize-diagnostics-path /Users/admin/builder/spi-builder-workspace/.derivedData/Build/Intermediates.noindex/EasyMetalShader.build/Debug-watchos/EasyMetalShader-t.build/Objects-normal/arm64/EasyMetalShader-dependency-scan.dia -validate-clang-modules-once -clang-build-session-file /Users/admin/builder/spi-builder-workspace/.derivedData/ModuleCache.noindex/Session.modulevalidation -Xcc -fmodules-prune-interval\=86400 -Xcc -fmodules-prune-after\=345600 -package-name spi_builder_workspace -emit-const-values -const-gather-protocols-list /Users/admin/builder/spi-builder-workspace/.derivedData/Build/Intermediates.noindex/EasyMetalShader.build/Debug-watchos/EasyMetalShader-t.build/Objects-normal/arm64/EasyMetalShader_const_extract_protocols.json -Xcc -I/Users/admin/builder/spi-builder-workspace/.derivedData/Build/Products/Debug-watchos/include -Xcc -I/Users/admin/builder/spi-builder-workspace/.derivedData/Build/Intermediates.noindex/EasyMetalShader.build/Debug-watchos/EasyMetalShader-t.build/DerivedSources-normal/arm64 -Xcc -I/Users/admin/builder/spi-builder-workspace/.derivedData/Build/Intermediates.noindex/EasyMetalShader.build/Debug-watchos/EasyMetalShader-t.build/DerivedSources/arm64 -Xcc -I/Users/admin/builder/spi-builder-workspace/.derivedData/Build/Intermediates.noindex/EasyMetalShader.build/Debug-watchos/EasyMetalShader-t.build/DerivedSources -Xcc -DSWIFT_PACKAGE -Xcc -DDEBUG\=1 -emit-objc-header -emit-objc-header-path /Users/admin/builder/spi-builder-workspace/.derivedData/Build/Intermediates.noindex/EasyMetalShader.build/Debug-watchos/EasyMetalShader-t.build/Objects-normal/arm64/EasyMetalShader-Swift.h -working-directory /Users/admin/builder/spi-builder-workspace/.swiftpm/xcode -experimental-emit-module-separately -disable-cmo
/Users/admin/builder/spi-builder-workspace/Sources/EasyMetalShader/EXPORTER.swift:9:19: error: Unable to resolve module dependency: 'MetalKit' (in target 'EasyMetalShader' from project 'EasyMetalShader')
note: A dependency of main module 'EasyMetalShader'
/Users/admin/builder/spi-builder-workspace/Sources/EasyMetalShader/Macros/EMTextureArgument.swift:8:8: note: Also imported here
/Users/admin/builder/spi-builder-workspace/Sources/EasyMetalShader/Models/ArrayBuffer.swift:8:8: note: Also imported here
/Users/admin/builder/spi-builder-workspace/Sources/EasyMetalShader/Models/EMMetalArgument.swift:9:8: note: Also imported here
/Users/admin/builder/spi-builder-workspace/Sources/EasyMetalShader/Models/EMMetalTexture.swift:8:8: note: Also imported here
/Users/admin/builder/spi-builder-workspace/Sources/EasyMetalShader/Pipelines/EMMetalComputeFunction.swift:10:8: note: Also imported here
/Users/admin/builder/spi-builder-workspace/Sources/EasyMetalShader/Pipelines/EMMetalDispatch.swift:8:8: note: Also imported here
/Users/admin/builder/spi-builder-workspace/Sources/EasyMetalShader/Pipelines/EMMetalRenderFunction.swift:10:8: note: Also imported here
/Users/admin/builder/spi-builder-workspace/Sources/EasyMetalShader/Pipelines/ShaderRenderer.swift:8:8: note: Also imported here
/Users/admin/builder/spi-builder-workspace/Sources/EasyMetalShader/Views/EasyShaderView.swift:8:8: note: Also imported here
/Users/admin/builder/spi-builder-workspace/Sources/EasyMetalShader/EXPORTER.swift:9:19: note: A dependency of main module 'EasyMetalShader'
@_exported import MetalKit
^ (in target 'EasyMetalShader' from project 'EasyMetalShader')
/Users/admin/builder/spi-builder-workspace/Sources/EasyMetalShader/Macros/EMTextureArgument.swift:8:8: note: Also imported here
import MetalKit
^ (in target 'EasyMetalShader' from project 'EasyMetalShader')
/Users/admin/builder/spi-builder-workspace/Sources/EasyMetalShader/Models/ArrayBuffer.swift:8:8: note: Also imported here
import MetalKit
^ (in target 'EasyMetalShader' from project 'EasyMetalShader')
/Users/admin/builder/spi-builder-workspace/Sources/EasyMetalShader/Models/EMMetalArgument.swift:9:8: note: Also imported here
import MetalKit
^ (in target 'EasyMetalShader' from project 'EasyMetalShader')
/Users/admin/builder/spi-builder-workspace/Sources/EasyMetalShader/Models/EMMetalTexture.swift:8:8: note: Also imported here
import MetalKit
^ (in target 'EasyMetalShader' from project 'EasyMetalShader')
/Users/admin/builder/spi-builder-workspace/Sources/EasyMetalShader/Pipelines/EMMetalComputeFunction.swift:10:8: note: Also imported here
import MetalKit
^ (in target 'EasyMetalShader' from project 'EasyMetalShader')
/Users/admin/builder/spi-builder-workspace/Sources/EasyMetalShader/Pipelines/EMMetalDispatch.swift:8:8: note: Also imported here
import MetalKit
^ (in target 'EasyMetalShader' from project 'EasyMetalShader')
/Users/admin/builder/spi-builder-workspace/Sources/EasyMetalShader/Pipelines/EMMetalRenderFunction.swift:10:8: note: Also imported here
import MetalKit
^ (in target 'EasyMetalShader' from project 'EasyMetalShader')
/Users/admin/builder/spi-builder-workspace/Sources/EasyMetalShader/Pipelines/ShaderRenderer.swift:8:8: note: Also imported here
import MetalKit
^ (in target 'EasyMetalShader' from project 'EasyMetalShader')
/Users/admin/builder/spi-builder-workspace/Sources/EasyMetalShader/Views/EasyShaderView.swift:8:8: note: Also imported here
import MetalKit
^ (in target 'EasyMetalShader' from project 'EasyMetalShader')
PruneExplicitPrecompiledModules /Users/admin/builder/spi-builder-workspace/.derivedData/Build/Intermediates.noindex/ExplicitPrecompiledModules
PruneExplicitPrecompiledModules /Users/admin/builder/spi-builder-workspace/.derivedData/Build/Intermediates.noindex/SwiftExplicitPrecompiledModules
PruneExplicitPrecompiledModules /Users/admin/builder/spi-builder-workspace/.derivedData/SDKExplicitPrecompiledModules
2026-09-23 00:56:08.492 xcodebuild[878:5237] [MT] IDERunDestination: Supported platforms for the buildables in the current scheme is empty.
2026-09-23 00:56:08.591 xcodebuild[878:5237] [MT] IDERunDestination: Supported platforms for the buildables in the current scheme is empty.
** BUILD FAILED **
The following build commands failed:
SwiftDriver EasyMetalShader normal arm64_32 com.apple.xcode.tools.swift.compiler (in target 'EasyMetalShader' from project 'EasyMetalShader')
SwiftDriver EasyMetalShader normal arm64 com.apple.xcode.tools.swift.compiler (in target 'EasyMetalShader' from project 'EasyMetalShader')
Building workspace EasyMetalShader with scheme EasyMetalShader
(3 failures)
BUILD FAILURE 6.4 watchOS