Build Information
Failed to build XCLogParser, reference master (d72398), with Swift 6.1 for Wasm on 17 Jul 2026 05:05:37 UTC.
Build Command
bash -c docker run --pull=always --rm -v "checkouts-54344844-0":/host -w "$PWD" -e JAVA_HOME="/root/.sdkman/candidates/java/current" -e SPI_BUILD="1" -e SPI_PROCESSING="1" registry.gitlab.com/saguaro1/spi-images:wasm-6.1-latest swift build --swift-sdk wasm32-unknown-wasi 2>&1Build Log
========================================
RunAll
========================================
Builder version: 333316120c8b89ed7d21f1b34865290794301d91
Interrupt handler set up.
========================================
Checkout
========================================
Clone URL: https://github.com/MobileNativeFoundation/XCLogParser.git
Reference: master
Initialized empty Git repository in /host/spi-builder-workspace/.git/
hint: Using 'master' as the name for the initial branch. This default branch name
hint: is subject to change. To configure the initial branch name to use in all
hint: of your new repositories, which will suppress this warning, call:
hint:
hint: git config --global init.defaultBranch <name>
hint:
hint: Names commonly chosen instead of 'master' are 'main', 'trunk' and
hint: 'development'. The just-created branch can be renamed via this command:
hint:
hint: git branch -m <name>
From https://github.com/MobileNativeFoundation/XCLogParser
* branch master -> FETCH_HEAD
* [new branch] master -> origin/master
HEAD is now at d723980 Version 0.2.49 (#255)
Cloned https://github.com/MobileNativeFoundation/XCLogParser.git
Revision (git rev-parse @):
d723980ca700f96414c37d37697f96e8cdeff20f
SUCCESS checkout https://github.com/MobileNativeFoundation/XCLogParser.git at master
========================================
Build
========================================
Selected platform: wasm
Swift version: 6.1
Building package at path: $PWD
https://github.com/MobileNativeFoundation/XCLogParser.git
https://github.com/MobileNativeFoundation/XCLogParser.git
WARNING: environment variable SUPPRESS_SWIFT_6_FLAGS is not set
Running build ...
bash -c docker run --pull=always --rm -v "checkouts-54344844-0":/host -w "$PWD" -e JAVA_HOME="/root/.sdkman/candidates/java/current" -e SPI_BUILD="1" -e SPI_PROCESSING="1" registry.gitlab.com/saguaro1/spi-images:wasm-6.1-latest swift build --swift-sdk wasm32-unknown-wasi -Xswiftc -Xfrontend -Xswiftc -stats-output-dir -Xswiftc -Xfrontend -Xswiftc .stats -Xswiftc -strict-concurrency=complete -Xswiftc -enable-upcoming-feature -Xswiftc StrictConcurrency -Xswiftc -enable-upcoming-feature -Xswiftc DisableOutwardActorInference -Xswiftc -enable-upcoming-feature -Xswiftc GlobalActorIsolatedTypesUsability -Xswiftc -enable-upcoming-feature -Xswiftc InferSendableFromCaptures 2>&1
wasm-6.1-latest: Pulling from saguaro1/spi-images
Digest: sha256:1ad245dad3d2ae0004e1afbc92334bd39884ed9ca587cf04d0a8d5f640fb02e9
Status: Image is up to date for registry.gitlab.com/saguaro1/spi-images:wasm-6.1-latest
Fetching https://github.com/1024jp/GzipSwift
Fetching https://github.com/apple/swift-argument-parser
Fetching https://github.com/krzyzanowskim/CryptoSwift.git
Fetching https://github.com/kylef/PathKit.git
[1/1762] Fetching gzipswift
[512/3214] Fetching gzipswift, pathkit
[3215/21323] Fetching gzipswift, pathkit, swift-argument-parser
[3216/34760] Fetching gzipswift, pathkit, swift-argument-parser, cryptoswift
Fetched https://github.com/kylef/PathKit.git from cache (0.65s)
Fetched https://github.com/apple/swift-argument-parser from cache (0.65s)
[5390/15199] Fetching gzipswift, cryptoswift
Fetched https://github.com/1024jp/GzipSwift from cache (1.01s)
Fetched https://github.com/krzyzanowskim/CryptoSwift.git from cache (1.02s)
Computing version for https://github.com/kylef/PathKit.git
Computed https://github.com/kylef/PathKit.git at 1.0.1 (1.98s)
Fetching https://github.com/kylef/Spectre.git
[1/1021] Fetching spectre
Fetched https://github.com/kylef/Spectre.git from cache (0.71s)
Computing version for https://github.com/krzyzanowskim/CryptoSwift.git
Computed https://github.com/krzyzanowskim/CryptoSwift.git at 1.3.3 (0.96s)
Computing version for https://github.com/kylef/Spectre.git
Computed https://github.com/kylef/Spectre.git at 0.10.1 (0.24s)
Computing version for https://github.com/1024jp/GzipSwift
Computed https://github.com/1024jp/GzipSwift at 5.2.0 (0.26s)
Computing version for https://github.com/apple/swift-argument-parser
Computed https://github.com/apple/swift-argument-parser at 1.8.2 (0.24s)
Creating working copy for https://github.com/apple/swift-argument-parser
Working copy of https://github.com/apple/swift-argument-parser resolved at 1.8.2
Creating working copy for https://github.com/1024jp/GzipSwift
Working copy of https://github.com/1024jp/GzipSwift resolved at 5.2.0
Creating working copy for https://github.com/krzyzanowskim/CryptoSwift.git
Working copy of https://github.com/krzyzanowskim/CryptoSwift.git resolved at 1.3.3
Creating working copy for https://github.com/kylef/PathKit.git
Working copy of https://github.com/kylef/PathKit.git resolved at 1.0.1
Creating working copy for https://github.com/kylef/Spectre.git
Working copy of https://github.com/kylef/Spectre.git resolved at 0.10.1
[1/1] Compiling plugin GenerateManual
[2/2] Compiling plugin GenerateDoccReference
Building for debugging...
[2/22] Write sources
[10/22] Compiling system-zlib anchor.c
[11/22] Write swift-version-24593BA9C3E375BF.txt
[13/96] Emitting module ArgumentParserToolInfo
<unknown>:0: warning: upcoming feature 'InferSendableFromCaptures' is already enabled as of Swift version 6
<unknown>:0: warning: upcoming feature 'GlobalActorIsolatedTypesUsability' is already enabled as of Swift version 6
<unknown>:0: warning: upcoming feature 'DisableOutwardActorInference' is already enabled as of Swift version 6
error: emit-module command failed with exit code 1 (use -v to see invocation)
[14/96] Emitting module Gzip
/host/spi-builder-workspace/.build/checkouts/GzipSwift/Sources/Gzip/Data+Gzip.swift:34:12: error: no such module 'zlib'
32 | import zlibLinux
33 | #else
34 | import zlib
| `- error: no such module 'zlib'
35 | #endif
36 |
error: emit-module command failed with exit code 1 (use -v to see invocation)
[15/96] Emitting module CryptoSwift
/host/spi-builder-workspace/.build/checkouts/CryptoSwift/Sources/CryptoSwift/BlockMode/CCM.swift:22:10: error: no such module 'Glibc'
20 | import Darwin
21 | #else
22 | import Glibc
| `- error: no such module 'Glibc'
23 | #endif
24 |
[16/105] Compiling ArgumentParserToolInfo ToolInfo.swift
<unknown>:0: warning: upcoming feature 'InferSendableFromCaptures' is already enabled as of Swift version 6
<unknown>:0: warning: upcoming feature 'GlobalActorIsolatedTypesUsability' is already enabled as of Swift version 6
<unknown>:0: warning: upcoming feature 'DisableOutwardActorInference' is already enabled as of Swift version 6
[17/106] Wrapping AST for ArgumentParserToolInfo for debugging
error: emit-module command failed with exit code 1 (use -v to see invocation)
[19/153] Compiling CryptoSwift String+Extension.swift
/host/spi-builder-workspace/.build/checkouts/CryptoSwift/Sources/CryptoSwift/BlockMode/CCM.swift:22:10: error: no such module 'Glibc'
20 | import Darwin
21 | #else
22 | import Glibc
| `- error: no such module 'Glibc'
23 | #endif
24 |
[20/153] Compiling CryptoSwift UInt128.swift
/host/spi-builder-workspace/.build/checkouts/CryptoSwift/Sources/CryptoSwift/BlockMode/CCM.swift:22:10: error: no such module 'Glibc'
20 | import Darwin
21 | #else
22 | import Glibc
| `- error: no such module 'Glibc'
23 | #endif
24 |
[21/153] Compiling CryptoSwift UInt16+Extension.swift
/host/spi-builder-workspace/.build/checkouts/CryptoSwift/Sources/CryptoSwift/BlockMode/CCM.swift:22:10: error: no such module 'Glibc'
20 | import Darwin
21 | #else
22 | import Glibc
| `- error: no such module 'Glibc'
23 | #endif
24 |
[22/153] Compiling CryptoSwift UInt32+Extension.swift
/host/spi-builder-workspace/.build/checkouts/CryptoSwift/Sources/CryptoSwift/BlockMode/CCM.swift:22:10: error: no such module 'Glibc'
20 | import Darwin
21 | #else
22 | import Glibc
| `- error: no such module 'Glibc'
23 | #endif
24 |
[23/153] Compiling CryptoSwift UInt64+Extension.swift
/host/spi-builder-workspace/.build/checkouts/CryptoSwift/Sources/CryptoSwift/BlockMode/CCM.swift:22:10: error: no such module 'Glibc'
20 | import Darwin
21 | #else
22 | import Glibc
| `- error: no such module 'Glibc'
23 | #endif
24 |
[24/153] Compiling CryptoSwift UInt8+Extension.swift
/host/spi-builder-workspace/.build/checkouts/CryptoSwift/Sources/CryptoSwift/BlockMode/CCM.swift:22:10: error: no such module 'Glibc'
20 | import Darwin
21 | #else
22 | import Glibc
| `- error: no such module 'Glibc'
23 | #endif
24 |
[25/153] Compiling CryptoSwift Updatable.swift
/host/spi-builder-workspace/.build/checkouts/CryptoSwift/Sources/CryptoSwift/BlockMode/CCM.swift:22:10: error: no such module 'Glibc'
20 | import Darwin
21 | #else
22 | import Glibc
| `- error: no such module 'Glibc'
23 | #endif
24 |
[26/153] Compiling CryptoSwift Utils.swift
/host/spi-builder-workspace/.build/checkouts/CryptoSwift/Sources/CryptoSwift/BlockMode/CCM.swift:22:10: error: no such module 'Glibc'
20 | import Darwin
21 | #else
22 | import Glibc
| `- error: no such module 'Glibc'
23 | #endif
24 |
[27/153] Compiling CryptoSwift ZeroPadding.swift
/host/spi-builder-workspace/.build/checkouts/CryptoSwift/Sources/CryptoSwift/BlockMode/CCM.swift:22:10: error: no such module 'Glibc'
20 | import Darwin
21 | #else
22 | import Glibc
| `- error: no such module 'Glibc'
23 | #endif
24 |
[28/153] Emitting module PathKit
/host/spi-builder-workspace/.build/checkouts/PathKit/Sources/PathKit.swift:8:8: error: no such module 'Darwin'
6 | let system_glob = Glibc.glob
7 | #else
8 | import Darwin
| `- error: no such module 'Darwin'
9 |
10 | let system_glob = Darwin.glob
[29/153] Compiling PathKit PathKit.swift
/host/spi-builder-workspace/.build/checkouts/PathKit/Sources/PathKit.swift:8:8: error: no such module 'Darwin'
6 | let system_glob = Glibc.glob
7 | #else
8 | import Darwin
| `- error: no such module 'Darwin'
9 |
10 | let system_glob = Darwin.glob
<unknown>:0: warning: upcoming feature 'InferSendableFromCaptures' is already enabled as of Swift version 6
<unknown>:0: warning: upcoming feature 'GlobalActorIsolatedTypesUsability' is already enabled as of Swift version 6
<unknown>:0: warning: upcoming feature 'DisableOutwardActorInference' is already enabled as of Swift version 6
Running build ...
bash -c docker run --pull=always --rm -v "checkouts-54344844-0":/host -w "$PWD" -e JAVA_HOME="/root/.sdkman/candidates/java/current" -e SPI_BUILD="1" -e SPI_PROCESSING="1" registry.gitlab.com/saguaro1/spi-images:wasm-6.1-latest swift build --swift-sdk wasm32-unknown-wasi 2>&1
wasm-6.1-latest: Pulling from saguaro1/spi-images
Digest: sha256:1ad245dad3d2ae0004e1afbc92334bd39884ed9ca587cf04d0a8d5f640fb02e9
Status: Image is up to date for registry.gitlab.com/saguaro1/spi-images:wasm-6.1-latest
[0/1] Planning build
[1/1] Compiling plugin GenerateManual
[2/2] Compiling plugin GenerateDoccReference
Building for debugging...
[2/13] Write swift-version-24593BA9C3E375BF.txt
error: emit-module command failed with exit code 1 (use -v to see invocation)
[4/87] Emitting module PathKit
/host/spi-builder-workspace/.build/checkouts/PathKit/Sources/PathKit.swift:8:8: error: no such module 'Darwin'
6 | let system_glob = Glibc.glob
7 | #else
8 | import Darwin
| `- error: no such module 'Darwin'
9 |
10 | let system_glob = Darwin.glob
[5/87] Compiling PathKit PathKit.swift
/host/spi-builder-workspace/.build/checkouts/PathKit/Sources/PathKit.swift:8:8: error: no such module 'Darwin'
6 | let system_glob = Glibc.glob
7 | #else
8 | import Darwin
| `- error: no such module 'Darwin'
9 |
10 | let system_glob = Darwin.glob
[6/87] Emitting module ArgumentParserToolInfo
error: emit-module command failed with exit code 1 (use -v to see invocation)
[7/87] Emitting module Gzip
/host/spi-builder-workspace/.build/checkouts/GzipSwift/Sources/Gzip/Data+Gzip.swift:34:12: error: no such module 'zlib'
32 | import zlibLinux
33 | #else
34 | import zlib
| `- error: no such module 'zlib'
35 | #endif
36 |
BUILD FAILURE 6.1 wasm