Build Information
Failed to build BraintreeDropIn, reference 9.14.0 (d951d1), with Swift 6.4 for tvOS using Xcode 27.0 on 21 Sep 2026 23:34:43 UTC.
Build Command
No build command. This typically means the build failed at an early stage where we determine the build command.Build Log
========================================
RunAll
========================================
Builder version: 5.1.0
Interrupt handler set up.
========================================
Checkout
========================================
Clone URL: https://github.com/braintree/braintree-ios-drop-in.git
Reference: 9.14.0
Initialized empty Git repository in /Users/admin/builder/spi-builder-workspace/.git/
From https://github.com/braintree/braintree-ios-drop-in
* tag 9.14.0 -> FETCH_HEAD
HEAD is now at d951d10 Bump version to 9.14.0
Cloned https://github.com/braintree/braintree-ios-drop-in.git
Revision (git rev-parse @):
d951d104ac960188824bda191be2f57c57351a31
SUCCESS checkout https://github.com/braintree/braintree-ios-drop-in.git at 9.14.0
========================================
Build
========================================
Selected platform: tvOS
Swift version: 6.4
Building package at path: $PWD
https://github.com/braintree/braintree-ios-drop-in.git
Command line invocation:
/Applications/Xcode-27.0.0-Release.Candidate.app/Contents/Developer/usr/bin/xcodebuild -IDEClonedSourcePackagesDirPathOverride=/Users/admin/builder/spi-builder-workspace/.dependencies -resolvePackageDependencies
2026-09-21 19:34:42.036 xcodebuild[524:3005] Writing error result bundle to /var/folders/xq/y_g06wb113726d38xsyx71_h0000gn/T/ResultBundle_2026-21-09_19-34-0042.xcresult
xcodebuild: error: The directory /Users/admin/builder/spi-builder-workspace contains 2 projects, including multiple projects with the current extension (.xcodeproj). Specify the project to use with the -project option.
Command line invocation:
/Applications/Xcode-27.0.0-Release.Candidate.app/Contents/Developer/usr/bin/xcodebuild -IDEClonedSourcePackagesDirPathOverride=/Users/admin/builder/spi-builder-workspace/.dependencies -resolvePackageDependencies
2026-09-21 19:34:43.128 xcodebuild[535:3078] Writing error result bundle to /var/folders/xq/y_g06wb113726d38xsyx71_h0000gn/T/ResultBundle_2026-21-09_19-34-0043.xcresult
xcodebuild: error: The directory /Users/admin/builder/spi-builder-workspace contains 2 projects, including multiple projects with the current extension (.xcodeproj). Specify the project to use with the -project option.
BUILD FAILURE 6.4 tvOS