Build Information
Failed to build WWNetworkClient, reference main (715545), with Swift 6.2 for macOS (Xcode) using Xcode 26.3 on 12 Aug 2026 22:30:55 UTC.
Build Command
env DEVELOPER_DIR=/Applications/Xcode-26.3.0.app xcrun xcodebuild -IDEClonedSourcePackagesDirPathOverride=$PWD/.dependencies -skipMacroValidation -skipPackagePluginValidation -derivedDataPath $PWD/.derivedData build -scheme WWNetworkClient -destination platform=macOS,arch=arm64Build Log
========================================
RunAll
========================================
Builder version: undefined version: run 'make version' to update
Interrupt handler set up.
========================================
Checkout
========================================
Clone URL: https://github.com/William-Weng/WWNetworkClient.git
Reference: main
Initialized empty Git repository in /Users/admin/builder/spi-builder-workspace/.git/
From https://github.com/William-Weng/WWNetworkClient
* branch main -> FETCH_HEAD
* [new branch] main -> origin/main
HEAD is now at 715545c - 整理程式碼
Cloned https://github.com/William-Weng/WWNetworkClient.git
Revision (git rev-parse @):
715545cea5a24ea498a56fc05d5ad63b1b60f55f
SUCCESS checkout https://github.com/William-Weng/WWNetworkClient.git at main
========================================
Build
========================================
Selected platform: macosXcodebuild
Swift version: 6.2
Building package at path: $PWD
https://github.com/William-Weng/WWNetworkClient.git
Command line invocation:
/Applications/Xcode-26.3.0.app/Contents/Developer/usr/bin/xcodebuild -IDEClonedSourcePackagesDirPathOverride=/Users/admin/builder/spi-builder-workspace/.dependencies -resolvePackageDependencies
Resolve Package Graph
Resolve Package Graph
Resolved source packages:
WWNetworkClient: /Users/admin/builder/spi-builder-workspace
resolved source packages: WWNetworkClient
2026-08-12 18:30:25.375 xcodebuild[538:3101] [MT] IDERunDestination: Supported platforms for the buildables in the current scheme is empty.
{
"dependencies" : [
],
"manifest_display_name" : "WWNetworkClient",
"name" : "WWNetworkClient",
"path" : "/Users/admin/builder/spi-builder-workspace",
"platforms" : [
{
"name" : "ios",
"version" : "17.0"
}
],
"products" : [
{
"name" : "WWNetworkClient",
"targets" : [
"WWNetworkClient"
],
"type" : {
"library" : [
"automatic"
]
}
}
],
"swift_languages_versions" : [
"6"
],
"targets" : [
{
"c99name" : "WWNetworkClient",
"module_type" : "SwiftTarget",
"name" : "WWNetworkClient",
"path" : "Sources/WWNetworkClient",
"product_memberships" : [
"WWNetworkClient"
],
"sources" : [
"Utility/Constant.swift",
"Utility/Extension.swift",
"Utility/Model.swift",
"WWNetworkClient.swift"
],
"type" : "library"
}
],
"tools_version" : "6.0"
}
{
"workspace" : {
"name" : "spi-builder-workspace",
"schemes" : [
"WWNetworkClient"
]
}
}
2026-08-12 18:30:42.450 xcodebuild[680:4216] [MT] IDERunDestination: Supported platforms for the buildables in the current scheme is empty.
Running build ...
env DEVELOPER_DIR=/Applications/Xcode-26.3.0.app xcrun xcodebuild -IDEClonedSourcePackagesDirPathOverride=$PWD/.dependencies -skipMacroValidation -skipPackagePluginValidation -derivedDataPath $PWD/.derivedData build -scheme WWNetworkClient -destination platform=macOS,arch=arm64
Command line invocation:
/Applications/Xcode-26.3.0.app/Contents/Developer/usr/bin/xcodebuild -IDEClonedSourcePackagesDirPathOverride=/Users/admin/builder/spi-builder-workspace/.dependencies -skipMacroValidation -skipPackagePluginValidation -derivedDataPath /Users/admin/builder/spi-builder-workspace/.derivedData build -scheme WWNetworkClient -destination platform=macOS,arch=arm64
Resolve Package Graph
Resolved source packages:
WWNetworkClient: /Users/admin/builder/spi-builder-workspace
ComputePackagePrebuildTargetDependencyGraph
Prepare packages
CreateBuildRequest
SendProjectDescription
CreateBuildOperation
ComputeTargetDependencyGraph
note: Building targets in dependency order
note: Target dependency graph (3 targets)
Target 'WWNetworkClient' in project 'WWNetworkClient'
➜ Explicit dependency on target 'WWNetworkClient' in project 'WWNetworkClient'
➜ Explicit dependency on target 'WWNetworkClient_WWNetworkClient' in project 'WWNetworkClient'
Target 'WWNetworkClient' in project 'WWNetworkClient'
➜ Explicit dependency on target 'WWNetworkClient_WWNetworkClient' in project 'WWNetworkClient'
Target 'WWNetworkClient_WWNetworkClient' in project 'WWNetworkClient' (no dependencies)
GatherProvisioningInputs
CreateBuildDescription
ExecuteExternalTool /Applications/Xcode-26.3.0.app/Contents/Developer/Toolchains/XcodeDefault.xctoolchain/usr/bin/clang -v -E -dM -isysroot /Applications/Xcode-26.3.0.app/Contents/Developer/Platforms/MacOSX.platform/Developer/SDKs/MacOSX26.2.sdk -x c -c /dev/null
ExecuteExternalTool /Applications/Xcode-26.3.0.app/Contents/Developer/Toolchains/XcodeDefault.xctoolchain/usr/bin/swiftc --version
ExecuteExternalTool /Applications/Xcode-26.3.0.app/Contents/Developer/Toolchains/XcodeDefault.xctoolchain/usr/bin/ld -version_details
Build description signature: ba1101fce9f8dc1ec8b42fe4e238c8f4
Build description path: /Users/admin/builder/spi-builder-workspace/.derivedData/Build/Intermediates.noindex/XCBuildData/ba1101fce9f8dc1ec8b42fe4e238c8f4.xcbuilddata
CreateBuildDirectory /Users/admin/builder/spi-builder-workspace/.derivedData/Build/Products
cd /Users/admin/builder/spi-builder-workspace/.swiftpm/xcode
builtin-create-build-directory /Users/admin/builder/spi-builder-workspace/.derivedData/Build/Products
CreateBuildDirectory /Users/admin/builder/spi-builder-workspace/.derivedData/Build/Intermediates.noindex
cd /Users/admin/builder/spi-builder-workspace/.swiftpm/xcode
builtin-create-build-directory /Users/admin/builder/spi-builder-workspace/.derivedData/Build/Intermediates.noindex
ClangStatCache /Applications/Xcode-26.3.0.app/Contents/Developer/Toolchains/XcodeDefault.xctoolchain/usr/bin/clang-stat-cache /Applications/Xcode-26.3.0.app/Contents/Developer/Platforms/MacOSX.platform/Developer/SDKs/MacOSX26.2.sdk /Users/admin/builder/spi-builder-workspace/.derivedData/SDKStatCaches.noindex/macosx26.2-25C58-dc75598d0054f22ec865fa860f139d726b10091eae1b9012e514a50b0de53ce7.sdkstatcache
cd /Users/admin/builder/spi-builder-workspace/.swiftpm/xcode
/Applications/Xcode-26.3.0.app/Contents/Developer/Toolchains/XcodeDefault.xctoolchain/usr/bin/clang-stat-cache /Applications/Xcode-26.3.0.app/Contents/Developer/Platforms/MacOSX.platform/Developer/SDKs/MacOSX26.2.sdk -o /Users/admin/builder/spi-builder-workspace/.derivedData/SDKStatCaches.noindex/macosx26.2-25C58-dc75598d0054f22ec865fa860f139d726b10091eae1b9012e514a50b0de53ce7.sdkstatcache
CreateBuildDirectory /Users/admin/builder/spi-builder-workspace/.derivedData/Build/Intermediates.noindex/SwiftExplicitPrecompiledModules
cd /Users/admin/builder/spi-builder-workspace/.swiftpm/xcode
builtin-create-build-directory /Users/admin/builder/spi-builder-workspace/.derivedData/Build/Intermediates.noindex/SwiftExplicitPrecompiledModules
CreateBuildDirectory /Users/admin/builder/spi-builder-workspace/.derivedData/Build/Intermediates.noindex/ExplicitPrecompiledModules
cd /Users/admin/builder/spi-builder-workspace/.swiftpm/xcode
builtin-create-build-directory /Users/admin/builder/spi-builder-workspace/.derivedData/Build/Intermediates.noindex/ExplicitPrecompiledModules
CreateBuildDirectory /Users/admin/builder/spi-builder-workspace/.derivedData/Build/Intermediates.noindex/EagerLinkingTBDs/Debug
cd /Users/admin/builder/spi-builder-workspace/.swiftpm/xcode
builtin-create-build-directory /Users/admin/builder/spi-builder-workspace/.derivedData/Build/Intermediates.noindex/EagerLinkingTBDs/Debug
CreateBuildDirectory /Users/admin/builder/spi-builder-workspace/.derivedData/Build/Products/Debug
cd /Users/admin/builder/spi-builder-workspace/.swiftpm/xcode
builtin-create-build-directory /Users/admin/builder/spi-builder-workspace/.derivedData/Build/Products/Debug
CreateBuildDirectory /Users/admin/builder/spi-builder-workspace/.derivedData/Build/Products/Debug/PackageFrameworks
cd /Users/admin/builder/spi-builder-workspace/.swiftpm/xcode
builtin-create-build-directory /Users/admin/builder/spi-builder-workspace/.derivedData/Build/Products/Debug/PackageFrameworks
MkDir /Users/admin/builder/spi-builder-workspace/.derivedData/Build/Products/Debug/WWNetworkClient_WWNetworkClient.bundle (in target 'WWNetworkClient_WWNetworkClient' from project 'WWNetworkClient')
cd /Users/admin/builder/spi-builder-workspace
/bin/mkdir -p /Users/admin/builder/spi-builder-workspace/.derivedData/Build/Products/Debug/WWNetworkClient_WWNetworkClient.bundle
MkDir /Users/admin/builder/spi-builder-workspace/.derivedData/Build/Products/Debug/WWNetworkClient_WWNetworkClient.bundle/Contents (in target 'WWNetworkClient_WWNetworkClient' from project 'WWNetworkClient')
cd /Users/admin/builder/spi-builder-workspace
/bin/mkdir -p /Users/admin/builder/spi-builder-workspace/.derivedData/Build/Products/Debug/WWNetworkClient_WWNetworkClient.bundle/Contents
MkDir /Users/admin/builder/spi-builder-workspace/.derivedData/Build/Products/Debug/WWNetworkClient_WWNetworkClient.bundle/Contents/Resources (in target 'WWNetworkClient_WWNetworkClient' from project 'WWNetworkClient')
cd /Users/admin/builder/spi-builder-workspace
/bin/mkdir -p /Users/admin/builder/spi-builder-workspace/.derivedData/Build/Products/Debug/WWNetworkClient_WWNetworkClient.bundle/Contents/Resources
WriteAuxiliaryFile /Users/admin/builder/spi-builder-workspace/.derivedData/Build/Intermediates.noindex/WWNetworkClient.build/Debug/WWNetworkClient_WWNetworkClient.build/empty-WWNetworkClient_WWNetworkClient.plist (in target 'WWNetworkClient_WWNetworkClient' from project 'WWNetworkClient')
cd /Users/admin/builder/spi-builder-workspace
write-file /Users/admin/builder/spi-builder-workspace/.derivedData/Build/Intermediates.noindex/WWNetworkClient.build/Debug/WWNetworkClient_WWNetworkClient.build/empty-WWNetworkClient_WWNetworkClient.plist
WriteAuxiliaryFile /Users/admin/builder/spi-builder-workspace/.derivedData/Build/Intermediates.noindex/WWNetworkClient.build/Debug/WWNetworkClient_WWNetworkClient.build/WWNetworkClient_WWNetworkClient.DependencyStaticMetadataFileList (in target 'WWNetworkClient_WWNetworkClient' from project 'WWNetworkClient')
cd /Users/admin/builder/spi-builder-workspace
write-file /Users/admin/builder/spi-builder-workspace/.derivedData/Build/Intermediates.noindex/WWNetworkClient.build/Debug/WWNetworkClient_WWNetworkClient.build/WWNetworkClient_WWNetworkClient.DependencyStaticMetadataFileList
WriteAuxiliaryFile /Users/admin/builder/spi-builder-workspace/.derivedData/Build/Intermediates.noindex/WWNetworkClient.build/Debug/WWNetworkClient_WWNetworkClient.build/WWNetworkClient_WWNetworkClient.DependencyMetadataFileList (in target 'WWNetworkClient_WWNetworkClient' from project 'WWNetworkClient')
cd /Users/admin/builder/spi-builder-workspace
write-file /Users/admin/builder/spi-builder-workspace/.derivedData/Build/Intermediates.noindex/WWNetworkClient.build/Debug/WWNetworkClient_WWNetworkClient.build/WWNetworkClient_WWNetworkClient.DependencyMetadataFileList
WriteAuxiliaryFile /Users/admin/builder/spi-builder-workspace/.derivedData/Build/Intermediates.noindex/WWNetworkClient.build/Debug/WWNetworkClient.build/WWNetworkClient.modulemap (in target 'WWNetworkClient' from project 'WWNetworkClient')
cd /Users/admin/builder/spi-builder-workspace
write-file /Users/admin/builder/spi-builder-workspace/.derivedData/Build/Intermediates.noindex/WWNetworkClient.build/Debug/WWNetworkClient.build/WWNetworkClient.modulemap
WriteAuxiliaryFile /Users/admin/builder/spi-builder-workspace/.derivedData/Build/Intermediates.noindex/WWNetworkClient.build/Debug/WWNetworkClient.build/WWNetworkClient.DependencyStaticMetadataFileList (in target 'WWNetworkClient' from project 'WWNetworkClient')
cd /Users/admin/builder/spi-builder-workspace
write-file /Users/admin/builder/spi-builder-workspace/.derivedData/Build/Intermediates.noindex/WWNetworkClient.build/Debug/WWNetworkClient.build/WWNetworkClient.DependencyStaticMetadataFileList
WriteAuxiliaryFile /Users/admin/builder/spi-builder-workspace/.derivedData/Build/Intermediates.noindex/WWNetworkClient.build/Debug/WWNetworkClient.build/WWNetworkClient.DependencyMetadataFileList (in target 'WWNetworkClient' from project 'WWNetworkClient')
cd /Users/admin/builder/spi-builder-workspace
write-file /Users/admin/builder/spi-builder-workspace/.derivedData/Build/Intermediates.noindex/WWNetworkClient.build/Debug/WWNetworkClient.build/WWNetworkClient.DependencyMetadataFileList
WriteAuxiliaryFile /Users/admin/builder/spi-builder-workspace/.derivedData/Build/Intermediates.noindex/WWNetworkClient.build/Debug/WWNetworkClient.build/Objects-normal/arm64/WWNetworkClient_const_extract_protocols.json (in target 'WWNetworkClient' from project 'WWNetworkClient')
cd /Users/admin/builder/spi-builder-workspace
write-file /Users/admin/builder/spi-builder-workspace/.derivedData/Build/Intermediates.noindex/WWNetworkClient.build/Debug/WWNetworkClient.build/Objects-normal/arm64/WWNetworkClient_const_extract_protocols.json
WriteAuxiliaryFile /Users/admin/builder/spi-builder-workspace/.derivedData/Build/Intermediates.noindex/WWNetworkClient.build/Debug/WWNetworkClient.build/Objects-normal/arm64/WWNetworkClient.SwiftFileList (in target 'WWNetworkClient' from project 'WWNetworkClient')
cd /Users/admin/builder/spi-builder-workspace
write-file /Users/admin/builder/spi-builder-workspace/.derivedData/Build/Intermediates.noindex/WWNetworkClient.build/Debug/WWNetworkClient.build/Objects-normal/arm64/WWNetworkClient.SwiftFileList
WriteAuxiliaryFile /Users/admin/builder/spi-builder-workspace/.derivedData/Build/Intermediates.noindex/WWNetworkClient.build/Debug/WWNetworkClient.build/Objects-normal/arm64/WWNetworkClient.SwiftConstValuesFileList (in target 'WWNetworkClient' from project 'WWNetworkClient')
cd /Users/admin/builder/spi-builder-workspace
write-file /Users/admin/builder/spi-builder-workspace/.derivedData/Build/Intermediates.noindex/WWNetworkClient.build/Debug/WWNetworkClient.build/Objects-normal/arm64/WWNetworkClient.SwiftConstValuesFileList
WriteAuxiliaryFile /Users/admin/builder/spi-builder-workspace/.derivedData/Build/Intermediates.noindex/WWNetworkClient.build/Debug/WWNetworkClient.build/Objects-normal/arm64/WWNetworkClient.LinkFileList (in target 'WWNetworkClient' from project 'WWNetworkClient')
cd /Users/admin/builder/spi-builder-workspace
write-file /Users/admin/builder/spi-builder-workspace/.derivedData/Build/Intermediates.noindex/WWNetworkClient.build/Debug/WWNetworkClient.build/Objects-normal/arm64/WWNetworkClient.LinkFileList
WriteAuxiliaryFile /Users/admin/builder/spi-builder-workspace/.derivedData/Build/Intermediates.noindex/WWNetworkClient.build/Debug/WWNetworkClient.build/Objects-normal/arm64/WWNetworkClient-OutputFileMap.json (in target 'WWNetworkClient' from project 'WWNetworkClient')
cd /Users/admin/builder/spi-builder-workspace
write-file /Users/admin/builder/spi-builder-workspace/.derivedData/Build/Intermediates.noindex/WWNetworkClient.build/Debug/WWNetworkClient.build/Objects-normal/arm64/WWNetworkClient-OutputFileMap.json
WriteAuxiliaryFile /Users/admin/builder/spi-builder-workspace/.derivedData/Build/Intermediates.noindex/WWNetworkClient.build/Debug/WWNetworkClient.build/DerivedSources/resource_bundle_accessor.swift (in target 'WWNetworkClient' from project 'WWNetworkClient')
cd /Users/admin/builder/spi-builder-workspace
write-file /Users/admin/builder/spi-builder-workspace/.derivedData/Build/Intermediates.noindex/WWNetworkClient.build/Debug/WWNetworkClient.build/DerivedSources/resource_bundle_accessor.swift
Copy /Users/admin/builder/spi-builder-workspace/.derivedData/Build/Intermediates.noindex/GeneratedModuleMaps/WWNetworkClient.modulemap /Users/admin/builder/spi-builder-workspace/.derivedData/Build/Intermediates.noindex/WWNetworkClient.build/Debug/WWNetworkClient.build/WWNetworkClient.modulemap (in target 'WWNetworkClient' from project 'WWNetworkClient')
cd /Users/admin/builder/spi-builder-workspace
builtin-copy -exclude .DS_Store -exclude CVS -exclude .svn -exclude .git -exclude .hg -resolve-src-symlinks /Users/admin/builder/spi-builder-workspace/.derivedData/Build/Intermediates.noindex/WWNetworkClient.build/Debug/WWNetworkClient.build/WWNetworkClient.modulemap /Users/admin/builder/spi-builder-workspace/.derivedData/Build/Intermediates.noindex/GeneratedModuleMaps
ProcessInfoPlistFile /Users/admin/builder/spi-builder-workspace/.derivedData/Build/Products/Debug/WWNetworkClient_WWNetworkClient.bundle/Contents/Info.plist /Users/admin/builder/spi-builder-workspace/.derivedData/Build/Intermediates.noindex/WWNetworkClient.build/Debug/WWNetworkClient_WWNetworkClient.build/empty-WWNetworkClient_WWNetworkClient.plist (in target 'WWNetworkClient_WWNetworkClient' from project 'WWNetworkClient')
cd /Users/admin/builder/spi-builder-workspace
builtin-infoPlistUtility /Users/admin/builder/spi-builder-workspace/.derivedData/Build/Intermediates.noindex/WWNetworkClient.build/Debug/WWNetworkClient_WWNetworkClient.build/empty-WWNetworkClient_WWNetworkClient.plist -producttype com.apple.product-type.bundle -expandbuildsettings -platform macosx -o /Users/admin/builder/spi-builder-workspace/.derivedData/Build/Products/Debug/WWNetworkClient_WWNetworkClient.bundle/Contents/Info.plist
CpResource /Users/admin/builder/spi-builder-workspace/.derivedData/Build/Products/Debug/WWNetworkClient_WWNetworkClient.bundle/Contents/Resources/PrivacyInfo.xcprivacy /Users/admin/builder/spi-builder-workspace/Sources/WWNetworkClient/Privacy/PrivacyInfo.xcprivacy (in target 'WWNetworkClient_WWNetworkClient' from project 'WWNetworkClient')
cd /Users/admin/builder/spi-builder-workspace
builtin-copy -exclude .DS_Store -exclude CVS -exclude .svn -exclude .git -exclude .hg -resolve-src-symlinks /Users/admin/builder/spi-builder-workspace/Sources/WWNetworkClient/Privacy/PrivacyInfo.xcprivacy /Users/admin/builder/spi-builder-workspace/.derivedData/Build/Products/Debug/WWNetworkClient_WWNetworkClient.bundle/Contents/Resources
RegisterExecutionPolicyException /Users/admin/builder/spi-builder-workspace/.derivedData/Build/Products/Debug/WWNetworkClient_WWNetworkClient.bundle (in target 'WWNetworkClient_WWNetworkClient' from project 'WWNetworkClient')
cd /Users/admin/builder/spi-builder-workspace
builtin-RegisterExecutionPolicyException /Users/admin/builder/spi-builder-workspace/.derivedData/Build/Products/Debug/WWNetworkClient_WWNetworkClient.bundle
Touch /Users/admin/builder/spi-builder-workspace/.derivedData/Build/Products/Debug/WWNetworkClient_WWNetworkClient.bundle (in target 'WWNetworkClient_WWNetworkClient' from project 'WWNetworkClient')
cd /Users/admin/builder/spi-builder-workspace
/usr/bin/touch -c /Users/admin/builder/spi-builder-workspace/.derivedData/Build/Products/Debug/WWNetworkClient_WWNetworkClient.bundle
SwiftDriver WWNetworkClient normal arm64 com.apple.xcode.tools.swift.compiler (in target 'WWNetworkClient' from project 'WWNetworkClient')
cd /Users/admin/builder/spi-builder-workspace/.swiftpm/xcode
builtin-SwiftDriver -- /Applications/Xcode-26.3.0.app/Contents/Developer/Toolchains/XcodeDefault.xctoolchain/usr/bin/swiftc -module-name WWNetworkClient -Onone -enforce-exclusivity\=checked @/Users/admin/builder/spi-builder-workspace/.derivedData/Build/Intermediates.noindex/WWNetworkClient.build/Debug/WWNetworkClient.build/Objects-normal/arm64/WWNetworkClient.SwiftFileList -DSWIFT_PACKAGE -DDEBUG -DSWIFT_MODULE_RESOURCE_BUNDLE_AVAILABLE -DXcode -plugin-path /Applications/Xcode-26.3.0.app/Contents/Developer/Toolchains/XcodeDefault.xctoolchain/usr/lib/swift/host/plugins/testing -enable-experimental-feature DebugDescriptionMacro -sdk /Applications/Xcode-26.3.0.app/Contents/Developer/Platforms/MacOSX.platform/Developer/SDKs/MacOSX26.2.sdk -target arm64-apple-macos10.13 -g -module-cache-path /Users/admin/builder/spi-builder-workspace/.derivedData/ModuleCache.noindex -Xfrontend -serialize-debugging-options -enable-testing -index-store-path /Users/admin/builder/spi-builder-workspace/.derivedData/Index.noindex/DataStore -Xcc -D_LIBCPP_HARDENING_MODE\=_LIBCPP_HARDENING_MODE_DEBUG -swift-version 6 -I /Users/admin/builder/spi-builder-workspace/.derivedData/Build/Products/Debug -Isystem /Applications/Xcode-26.3.0.app/Contents/Developer/Platforms/MacOSX.platform/Developer/usr/lib -F /Users/admin/builder/spi-builder-workspace/.derivedData/Build/Products/Debug -F /Applications/Xcode-26.3.0.app/Contents/Developer/Platforms/MacOSX.platform/Developer/Library/Frameworks -c -j10 -enable-batch-mode -incremental -Xcc -ivfsstatcache -Xcc /Users/admin/builder/spi-builder-workspace/.derivedData/SDKStatCaches.noindex/macosx26.2-25C58-dc75598d0054f22ec865fa860f139d726b10091eae1b9012e514a50b0de53ce7.sdkstatcache -output-file-map /Users/admin/builder/spi-builder-workspace/.derivedData/Build/Intermediates.noindex/WWNetworkClient.build/Debug/WWNetworkClient.build/Objects-normal/arm64/WWNetworkClient-OutputFileMap.json -use-frontend-parseable-output -save-temps -no-color-diagnostics -explicit-module-build -module-cache-path /Users/admin/builder/spi-builder-workspace/.derivedData/Build/Intermediates.noindex/SwiftExplicitPrecompiledModules -clang-scanner-module-cache-path /Users/admin/builder/spi-builder-workspace/.derivedData/ModuleCache.noindex -sdk-module-cache-path /Users/admin/builder/spi-builder-workspace/.derivedData/ModuleCache.noindex -serialize-diagnostics -emit-dependencies -emit-module -emit-module-path /Users/admin/builder/spi-builder-workspace/.derivedData/Build/Intermediates.noindex/WWNetworkClient.build/Debug/WWNetworkClient.build/Objects-normal/arm64/WWNetworkClient.swiftmodule -validate-clang-modules-once -clang-build-session-file /Users/admin/builder/spi-builder-workspace/.derivedData/ModuleCache.noindex/Session.modulevalidation -package-name spi_builder_workspace -Xcc -I/Users/admin/builder/spi-builder-workspace/.derivedData/Build/Intermediates.noindex/WWNetworkClient.build/Debug/WWNetworkClient.build/swift-overrides.hmap -emit-const-values -Xfrontend -const-gather-protocols-file -Xfrontend /Users/admin/builder/spi-builder-workspace/.derivedData/Build/Intermediates.noindex/WWNetworkClient.build/Debug/WWNetworkClient.build/Objects-normal/arm64/WWNetworkClient_const_extract_protocols.json -Xcc -I/Users/admin/builder/spi-builder-workspace/.derivedData/Build/Products/Debug/include -Xcc -I/Users/admin/builder/spi-builder-workspace/.derivedData/Build/Intermediates.noindex/WWNetworkClient.build/Debug/WWNetworkClient.build/DerivedSources-normal/arm64 -Xcc -I/Users/admin/builder/spi-builder-workspace/.derivedData/Build/Intermediates.noindex/WWNetworkClient.build/Debug/WWNetworkClient.build/DerivedSources/arm64 -Xcc -I/Users/admin/builder/spi-builder-workspace/.derivedData/Build/Intermediates.noindex/WWNetworkClient.build/Debug/WWNetworkClient.build/DerivedSources -Xcc -DSWIFT_PACKAGE -Xcc -DDEBUG\=1 -emit-objc-header -emit-objc-header-path /Users/admin/builder/spi-builder-workspace/.derivedData/Build/Intermediates.noindex/WWNetworkClient.build/Debug/WWNetworkClient.build/Objects-normal/arm64/WWNetworkClient-Swift.h -working-directory /Users/admin/builder/spi-builder-workspace/.swiftpm/xcode -experimental-emit-module-separately -disable-cmo
SwiftExplicitDependencyGeneratePcm arm64 /Users/admin/builder/spi-builder-workspace/.derivedData/ModuleCache.noindex/_AvailabilityInternal-ACGXGTQOMU91F1GNMXA1C2QDV.pcm
SwiftExplicitDependencyGeneratePcm arm64 /Users/admin/builder/spi-builder-workspace/.derivedData/ModuleCache.noindex/_SwiftConcurrencyShims-APV6QGNL2AHR7BP24JBKZH5K0.pcm
SwiftExplicitDependencyGeneratePcm arm64 /Users/admin/builder/spi-builder-workspace/.derivedData/ModuleCache.noindex/_Builtin_stddef-AWSGD144ZJEHJPNRESLK5M553.pcm
SwiftExplicitDependencyGeneratePcm arm64 /Users/admin/builder/spi-builder-workspace/.derivedData/ModuleCache.noindex/SwiftShims-4CZDGYLK59TEK7G97LCHL4TDM.pcm
SwiftExplicitDependencyGeneratePcm arm64 /Users/admin/builder/spi-builder-workspace/.derivedData/ModuleCache.noindex/_Builtin_stdbool-7EA6WO18B09EC683R1M92LDZS.pcm
SwiftExplicitDependencyGeneratePcm arm64 /Users/admin/builder/spi-builder-workspace/.derivedData/ModuleCache.noindex/_Builtin_stdarg-AVXB2YSWWSIB5C1SPWRDVR5VB.pcm
SwiftExplicitDependencyGeneratePcm arm64 /Users/admin/builder/spi-builder-workspace/.derivedData/ModuleCache.noindex/_Builtin_float-28O5DKTTURXB58OJIB9N9LW1F.pcm
SwiftExplicitDependencyGeneratePcm arm64 /Users/admin/builder/spi-builder-workspace/.derivedData/ModuleCache.noindex/ptrcheck-7OKEKNDFXHF42YHZ64G9W4S1W.pcm
SwiftExplicitDependencyGeneratePcm arm64 /Users/admin/builder/spi-builder-workspace/.derivedData/ModuleCache.noindex/ptrauth-698V5DLR9KXHY5FHMJCSAKK1L.pcm
SwiftExplicitDependencyGeneratePcm arm64 /Users/admin/builder/spi-builder-workspace/.derivedData/ModuleCache.noindex/_DarwinFoundation1-6LXSESCV4DJBHRD1JQNXQMMYS.pcm
SwiftExplicitDependencyGeneratePcm arm64 /Users/admin/builder/spi-builder-workspace/.derivedData/ModuleCache.noindex/_Builtin_limits-59QZD3WUDVOJSV3LS1A4R14UC.pcm
SwiftExplicitDependencyGeneratePcm arm64 /Users/admin/builder/spi-builder-workspace/.derivedData/ModuleCache.noindex/_DarwinFoundation2-1V0MRPVOPE9TONJYL0JY05P8D.pcm
SwiftExplicitDependencyGeneratePcm arm64 /Users/admin/builder/spi-builder-workspace/.derivedData/ModuleCache.noindex/_Builtin_stdint-1QF05MS3W8JUY59MWRX6YBSD5.pcm
SwiftExplicitDependencyGeneratePcm arm64 /Users/admin/builder/spi-builder-workspace/.derivedData/ModuleCache.noindex/sys_types-6YZCS02FGHPIHMATOLDZCHI2G.pcm
SwiftExplicitDependencyGeneratePcm arm64 /Users/admin/builder/spi-builder-workspace/.derivedData/ModuleCache.noindex/_DarwinFoundation3-7NU4T3Q3ZVI3SELV8ZFKR4QNR.pcm
SwiftExplicitDependencyGeneratePcm arm64 /Users/admin/builder/spi-builder-workspace/.derivedData/ModuleCache.noindex/libDER-7WQEXP1SUOR8GBJI016XD209V.pcm
SwiftExplicitDependencyGeneratePcm arm64 /Users/admin/builder/spi-builder-workspace/.derivedData/ModuleCache.noindex/_Builtin_inttypes-4VXZY2JXMN1UDLTVUWKPH8348.pcm
SwiftExplicitDependencyGeneratePcm arm64 /Users/admin/builder/spi-builder-workspace/.derivedData/ModuleCache.noindex/Darwin-DXIZ0KM9BXBIZGPZBSRR1KXK4.pcm
SwiftExplicitDependencyGeneratePcm arm64 /Users/admin/builder/spi-builder-workspace/.derivedData/ModuleCache.noindex/libkern-73LFOQHISNH6KGI8GRLLUYUO6.pcm
SwiftExplicitDependencyGeneratePcm arm64 /Users/admin/builder/spi-builder-workspace/.derivedData/ModuleCache.noindex/MachO-EM8HY1PUVS7TC135RWCZLU0MN.pcm
SwiftExplicitDependencyGeneratePcm arm64 /Users/admin/builder/spi-builder-workspace/.derivedData/ModuleCache.noindex/launch-CR3H05U9B1QNACA57LBODSPIN.pcm
SwiftExplicitDependencyGeneratePcm arm64 /Users/admin/builder/spi-builder-workspace/.derivedData/ModuleCache.noindex/ObjectiveC-3WAQ3YG6LWVXJ4QVAR72PEADB.pcm
SwiftExplicitDependencyGeneratePcm arm64 /Users/admin/builder/spi-builder-workspace/.derivedData/ModuleCache.noindex/os_object-44PWSP370F74U0FYBPH7IDZ7R.pcm
SwiftExplicitDependencyGeneratePcm arm64 /Users/admin/builder/spi-builder-workspace/.derivedData/ModuleCache.noindex/os_workgroup-FX4D7S84CXEE8UQA4C57U510.pcm
SwiftExplicitDependencyGeneratePcm arm64 /Users/admin/builder/spi-builder-workspace/.derivedData/ModuleCache.noindex/Dispatch-BSL2636TG1T3T9DF6VKMVQFPW.pcm
SwiftExplicitDependencyGeneratePcm arm64 /Users/admin/builder/spi-builder-workspace/.derivedData/ModuleCache.noindex/XPC-W4G62O3580XJ378BGCHMATTR.pcm
SwiftExplicitDependencyGeneratePcm arm64 /Users/admin/builder/spi-builder-workspace/.derivedData/ModuleCache.noindex/CoreFoundation-5YB3EBT1SGZVMGWQ2849CY7SO.pcm
SwiftExplicitDependencyGeneratePcm arm64 /Users/admin/builder/spi-builder-workspace/.derivedData/ModuleCache.noindex/IOKit-AXGJ4Z7ISP6NZ8QV44EXJKMK2.pcm
SwiftExplicitDependencyGeneratePcm arm64 /Users/admin/builder/spi-builder-workspace/.derivedData/ModuleCache.noindex/CFNetwork-75PFZ0QR945XPCSSAR0YAZ6Z1.pcm
SwiftExplicitDependencyGeneratePcm arm64 /Users/admin/builder/spi-builder-workspace/.derivedData/ModuleCache.noindex/Security-1CMFEMO97GDGJIM7Y1NWO7QKJ.pcm
SwiftExplicitDependencyGeneratePcm arm64 /Users/admin/builder/spi-builder-workspace/.derivedData/ModuleCache.noindex/DiskArbitration-DU5F0N1620OPQTW0YAVZAMB9W.pcm
SwiftExplicitDependencyGeneratePcm arm64 /Users/admin/builder/spi-builder-workspace/.derivedData/ModuleCache.noindex/CoreServices-6ZTYBBNQWEP9WB6EFE7CYQ790.pcm
SwiftExplicitDependencyGeneratePcm arm64 /Users/admin/builder/spi-builder-workspace/.derivedData/ModuleCache.noindex/Foundation-EH44L3R4W38VNEZQQFGHU09DV.pcm
SwiftEmitModule normal arm64 Emitting\ module\ for\ WWNetworkClient (in target 'WWNetworkClient' from project 'WWNetworkClient')
EmitSwiftModule normal arm64 (in target 'WWNetworkClient' from project 'WWNetworkClient')
cd /Users/admin/builder/spi-builder-workspace/.swiftpm/xcode
SwiftCompile normal arm64 Compiling\ resource_bundle_accessor.swift /Users/admin/builder/spi-builder-workspace/.derivedData/Build/Intermediates.noindex/WWNetworkClient.build/Debug/WWNetworkClient.build/DerivedSources/resource_bundle_accessor.swift (in target 'WWNetworkClient' from project 'WWNetworkClient')
SwiftCompile normal arm64 /Users/admin/builder/spi-builder-workspace/.derivedData/Build/Intermediates.noindex/WWNetworkClient.build/Debug/WWNetworkClient.build/DerivedSources/resource_bundle_accessor.swift (in target 'WWNetworkClient' from project 'WWNetworkClient')
cd /Users/admin/builder/spi-builder-workspace/.swiftpm/xcode
SwiftCompile normal arm64 Compiling\ Model.swift /Users/admin/builder/spi-builder-workspace/Sources/WWNetworkClient/Utility/Model.swift (in target 'WWNetworkClient' from project 'WWNetworkClient')
SwiftCompile normal arm64 /Users/admin/builder/spi-builder-workspace/Sources/WWNetworkClient/Utility/Model.swift (in target 'WWNetworkClient' from project 'WWNetworkClient')
cd /Users/admin/builder/spi-builder-workspace/.swiftpm/xcode
SwiftCompile normal arm64 Compiling\ Constant.swift /Users/admin/builder/spi-builder-workspace/Sources/WWNetworkClient/Utility/Constant.swift (in target 'WWNetworkClient' from project 'WWNetworkClient')
SwiftCompile normal arm64 /Users/admin/builder/spi-builder-workspace/Sources/WWNetworkClient/Utility/Constant.swift (in target 'WWNetworkClient' from project 'WWNetworkClient')
cd /Users/admin/builder/spi-builder-workspace/.swiftpm/xcode
SwiftCompile normal arm64 Compiling\ WWNetworkClient.swift /Users/admin/builder/spi-builder-workspace/Sources/WWNetworkClient/WWNetworkClient.swift (in target 'WWNetworkClient' from project 'WWNetworkClient')
Failed frontend command:
/Applications/Xcode-26.3.0.app/Contents/Developer/Toolchains/XcodeDefault.xctoolchain/usr/bin/swift-frontend -frontend -c /Users/admin/builder/spi-builder-workspace/.derivedData/Build/Intermediates.noindex/WWNetworkClient.build/Debug/WWNetworkClient.build/DerivedSources/resource_bundle_accessor.swift /Users/admin/builder/spi-builder-workspace/Sources/WWNetworkClient/Utility/Constant.swift /Users/admin/builder/spi-builder-workspace/Sources/WWNetworkClient/Utility/Extension.swift /Users/admin/builder/spi-builder-workspace/Sources/WWNetworkClient/Utility/Model.swift -primary-file /Users/admin/builder/spi-builder-workspace/Sources/WWNetworkClient/WWNetworkClient.swift -emit-dependencies-path /Users/admin/builder/spi-builder-workspace/.derivedData/Build/Intermediates.noindex/WWNetworkClient.build/Debug/WWNetworkClient.build/Objects-normal/arm64/WWNetworkClient.d -emit-const-values-path /Users/admin/builder/spi-builder-workspace/.derivedData/Build/Intermediates.noindex/WWNetworkClient.build/Debug/WWNetworkClient.build/Objects-normal/arm64/WWNetworkClient.swiftconstvalues -emit-reference-dependencies-path /Users/admin/builder/spi-builder-workspace/.derivedData/Build/Intermediates.noindex/WWNetworkClient.build/Debug/WWNetworkClient.build/Objects-normal/arm64/WWNetworkClient.swiftdeps -serialize-diagnostics-path /Users/admin/builder/spi-builder-workspace/.derivedData/Build/Intermediates.noindex/WWNetworkClient.build/Debug/WWNetworkClient.build/Objects-normal/arm64/WWNetworkClient.dia -target arm64-apple-macos10.13 -load-resolved-plugin /Applications/Xcode-26.3.0.app/Contents/Developer/Platforms/MacOSX.platform/Developer/usr/lib/swift/host/plugins/libFoundationMacros.dylib\#/Applications/Xcode-26.3.0.app/Contents/Developer/Platforms/MacOSX.platform/Developer/usr/bin/swift-plugin-server\#FoundationMacros -load-resolved-plugin /Applications/Xcode-26.3.0.app/Contents/Developer/Platforms/MacOSX.platform/Developer/usr/lib/swift/host/plugins/libObservationMacros.dylib\#/Applications/Xcode-26.3.0.app/Contents/Developer/Platforms/MacOSX.platform/Developer/usr/bin/swift-plugin-server\#ObservationMacros -load-resolved-plugin /Applications/Xcode-26.3.0.app/Contents/Developer/Platforms/MacOSX.platform/Developer/usr/lib/swift/host/plugins/libSwiftMacros.dylib\#/Applications/Xcode-26.3.0.app/Contents/Developer/Platforms/MacOSX.platform/Developer/usr/bin/swift-plugin-server\#SwiftMacros -disable-implicit-swift-modules -Xcc -fno-implicit-modules -Xcc -fno-implicit-module-maps -explicit-swift-module-map-file /Users/admin/builder/spi-builder-workspace/.derivedData/Build/Intermediates.noindex/WWNetworkClient.build/Debug/WWNetworkClient.build/Objects-normal/arm64/WWNetworkClient-dependencies-1.json -Xllvm -aarch64-use-tbi -enable-objc-interop -sdk /Applications/Xcode-26.3.0.app/Contents/Developer/Platforms/MacOSX.platform/Developer/SDKs/MacOSX26.2.sdk -I /Users/admin/builder/spi-builder-workspace/.derivedData/Build/Products/Debug -Isystem /Applications/Xcode-26.3.0.app/Contents/Developer/Platforms/MacOSX.platform/Developer/usr/lib -F /Users/admin/builder/spi-builder-workspace/.derivedData/Build/Products/Debug -F /Applications/Xcode-26.3.0.app/Contents/Developer/Platforms/MacOSX.platform/Developer/Library/Frameworks -no-color-diagnostics -Xcc -fno-color-diagnostics -enable-testing -g -debug-info-format\=dwarf -dwarf-version\=4 -module-cache-path /Users/admin/builder/spi-builder-workspace/.derivedData/Build/Intermediates.noindex/SwiftExplicitPrecompiledModules -swift-version 6 -enforce-exclusivity\=checked -Onone -D SWIFT_PACKAGE -D DEBUG -D SWIFT_MODULE_RESOURCE_BUNDLE_AVAILABLE -D Xcode -serialize-debugging-options -const-gather-protocols-file /Users/admin/builder/spi-builder-workspace/.derivedData/Build/Intermediates.noindex/WWNetworkClient.build/Debug/WWNetworkClient.build/Objects-normal/arm64/WWNetworkClient_const_extract_protocols.json -enable-experimental-feature DebugDescriptionMacro -empty-abi-descriptor -validate-clang-modules-once -clang-build-session-file /Users/admin/builder/spi-builder-workspace/.derivedData/ModuleCache.noindex/Session.modulevalidation -Xcc -working-directory -Xcc /Users/admin/builder/spi-builder-workspace/.swiftpm/xcode -enable-anonymous-context-mangled-names -file-compilation-dir /Users/admin/builder/spi-builder-workspace/.swiftpm/xcode -Xcc -D_LIBCPP_HARDENING_MODE\=_LIBCPP_HARDENING_MODE_DEBUG -Xcc -ivfsstatcache -Xcc /Users/admin/builder/spi-builder-workspace/.derivedData/SDKStatCaches.noindex/macosx26.2-25C58-dc75598d0054f22ec865fa860f139d726b10091eae1b9012e514a50b0de53ce7.sdkstatcache -Xcc -I/Users/admin/builder/spi-builder-workspace/.derivedData/Build/Intermediates.noindex/WWNetworkClient.build/Debug/WWNetworkClient.build/swift-overrides.hmap -Xcc -I/Users/admin/builder/spi-builder-workspace/.derivedData/Build/Products/Debug/include -Xcc -I/Users/admin/builder/spi-builder-workspace/.derivedData/Build/Intermediates.noindex/WWNetworkClient.build/Debug/WWNetworkClient.build/DerivedSources-normal/arm64 -Xcc -I/Users/admin/builder/spi-builder-workspace/.derivedData/Build/Intermediates.noindex/WWNetworkClient.build/Debug/WWNetworkClient.build/DerivedSources/arm64 -Xcc -I/Users/admin/builder/spi-builder-workspace/.derivedData/Build/Intermediates.noindex/WWNetworkClient.build/Debug/WWNetworkClient.build/DerivedSources -Xcc -DSWIFT_PACKAGE -Xcc -DDEBUG\=1 -no-auto-bridging-header-chaining -module-name WWNetworkClient -package-name spi_builder_workspace -frontend-parseable-output -disable-clang-spi -target-sdk-version 26.2 -target-sdk-name macosx26.2 -clang-target arm64-apple-macos26.2 -in-process-plugin-server-path /Applications/Xcode-26.3.0.app/Contents/Developer/Toolchains/XcodeDefault.xctoolchain/usr/lib/swift/host/libSwiftInProcPluginServer.dylib -o /Users/admin/builder/spi-builder-workspace/.derivedData/Build/Intermediates.noindex/WWNetworkClient.build/Debug/WWNetworkClient.build/Objects-normal/arm64/WWNetworkClient.o -index-unit-output-path /WWNetworkClient.build/Debug/WWNetworkClient.build/Objects-normal/arm64/WWNetworkClient.o -index-store-path /Users/admin/builder/spi-builder-workspace/.derivedData/Index.noindex/DataStore -index-system-modules
SwiftCompile normal arm64 /Users/admin/builder/spi-builder-workspace/Sources/WWNetworkClient/WWNetworkClient.swift (in target 'WWNetworkClient' from project 'WWNetworkClient')
cd /Users/admin/builder/spi-builder-workspace/.swiftpm/xcode
/Users/admin/builder/spi-builder-workspace/Sources/WWNetworkClient/WWNetworkClient.swift:42:33: error: 'appending(queryItems:)' is only available in macOS 13.0 or newer
finalURL = finalURL.appending(queryItems: queryItems)
^
/Users/admin/builder/spi-builder-workspace/Sources/WWNetworkClient/WWNetworkClient.swift:42:33: note: add 'if #available' version check
finalURL = finalURL.appending(queryItems: queryItems)
^
/Users/admin/builder/spi-builder-workspace/Sources/WWNetworkClient/WWNetworkClient.swift:36:10: note: add '@available' attribute to enclosing instance method
func request(_ httpMethod: HTTPMethod = .get, url: URL, contentType: ContentType = .json, parameters: [String : String] = [:], headers: [HTTPHeaderField: String] = [:], httpBody: HTTPBobyType? = nil) async throws -> ResponseResult {
^
/Users/admin/builder/spi-builder-workspace/Sources/WWNetworkClient/WWNetworkClient.swift:23:8: note: add '@available' attribute to enclosing extension
public extension WWNetworkClient {
^
/Users/admin/builder/spi-builder-workspace/Sources/WWNetworkClient/WWNetworkClient.swift:55:50: error: 'data(for:delegate:)' is only available in macOS 12.0 or newer
let (data, response) = try await session.data(for: request)
^
/Users/admin/builder/spi-builder-workspace/Sources/WWNetworkClient/WWNetworkClient.swift:55:50: note: add 'if #available' version check
let (data, response) = try await session.data(for: request)
^
/Users/admin/builder/spi-builder-workspace/Sources/WWNetworkClient/WWNetworkClient.swift:36:10: note: add '@available' attribute to enclosing instance method
func request(_ httpMethod: HTTPMethod = .get, url: URL, contentType: ContentType = .json, parameters: [String : String] = [:], headers: [HTTPHeaderField: String] = [:], httpBody: HTTPBobyType? = nil) async throws -> ResponseResult {
^
/Users/admin/builder/spi-builder-workspace/Sources/WWNetworkClient/WWNetworkClient.swift:23:8: note: add '@available' attribute to enclosing extension
public extension WWNetworkClient {
^
SwiftCompile normal arm64 Compiling\ Extension.swift /Users/admin/builder/spi-builder-workspace/Sources/WWNetworkClient/Utility/Extension.swift (in target 'WWNetworkClient' from project 'WWNetworkClient')
SwiftCompile normal arm64 /Users/admin/builder/spi-builder-workspace/Sources/WWNetworkClient/Utility/Extension.swift (in target 'WWNetworkClient' from project 'WWNetworkClient')
cd /Users/admin/builder/spi-builder-workspace/.swiftpm/xcode
SwiftDriverJobDiscovery normal arm64 Emitting module for WWNetworkClient (in target 'WWNetworkClient' from project 'WWNetworkClient')
SwiftDriver\ Compilation\ Requirements WWNetworkClient normal arm64 com.apple.xcode.tools.swift.compiler (in target 'WWNetworkClient' from project 'WWNetworkClient')
cd /Users/admin/builder/spi-builder-workspace/.swiftpm/xcode
builtin-Swift-Compilation-Requirements -- /Applications/Xcode-26.3.0.app/Contents/Developer/Toolchains/XcodeDefault.xctoolchain/usr/bin/swiftc -module-name WWNetworkClient -Onone -enforce-exclusivity\=checked @/Users/admin/builder/spi-builder-workspace/.derivedData/Build/Intermediates.noindex/WWNetworkClient.build/Debug/WWNetworkClient.build/Objects-normal/arm64/WWNetworkClient.SwiftFileList -DSWIFT_PACKAGE -DDEBUG -DSWIFT_MODULE_RESOURCE_BUNDLE_AVAILABLE -DXcode -plugin-path /Applications/Xcode-26.3.0.app/Contents/Developer/Toolchains/XcodeDefault.xctoolchain/usr/lib/swift/host/plugins/testing -enable-experimental-feature DebugDescriptionMacro -sdk /Applications/Xcode-26.3.0.app/Contents/Developer/Platforms/MacOSX.platform/Developer/SDKs/MacOSX26.2.sdk -target arm64-apple-macos10.13 -g -module-cache-path /Users/admin/builder/spi-builder-workspace/.derivedData/ModuleCache.noindex -Xfrontend -serialize-debugging-options -enable-testing -index-store-path /Users/admin/builder/spi-builder-workspace/.derivedData/Index.noindex/DataStore -Xcc -D_LIBCPP_HARDENING_MODE\=_LIBCPP_HARDENING_MODE_DEBUG -swift-version 6 -I /Users/admin/builder/spi-builder-workspace/.derivedData/Build/Products/Debug -Isystem /Applications/Xcode-26.3.0.app/Contents/Developer/Platforms/MacOSX.platform/Developer/usr/lib -F /Users/admin/builder/spi-builder-workspace/.derivedData/Build/Products/Debug -F /Applications/Xcode-26.3.0.app/Contents/Developer/Platforms/MacOSX.platform/Developer/Library/Frameworks -c -j10 -enable-batch-mode -incremental -Xcc -ivfsstatcache -Xcc /Users/admin/builder/spi-builder-workspace/.derivedData/SDKStatCaches.noindex/macosx26.2-25C58-dc75598d0054f22ec865fa860f139d726b10091eae1b9012e514a50b0de53ce7.sdkstatcache -output-file-map /Users/admin/builder/spi-builder-workspace/.derivedData/Build/Intermediates.noindex/WWNetworkClient.build/Debug/WWNetworkClient.build/Objects-normal/arm64/WWNetworkClient-OutputFileMap.json -use-frontend-parseable-output -save-temps -no-color-diagnostics -explicit-module-build -module-cache-path /Users/admin/builder/spi-builder-workspace/.derivedData/Build/Intermediates.noindex/SwiftExplicitPrecompiledModules -clang-scanner-module-cache-path /Users/admin/builder/spi-builder-workspace/.derivedData/ModuleCache.noindex -sdk-module-cache-path /Users/admin/builder/spi-builder-workspace/.derivedData/ModuleCache.noindex -serialize-diagnostics -emit-dependencies -emit-module -emit-module-path /Users/admin/builder/spi-builder-workspace/.derivedData/Build/Intermediates.noindex/WWNetworkClient.build/Debug/WWNetworkClient.build/Objects-normal/arm64/WWNetworkClient.swiftmodule -validate-clang-modules-once -clang-build-session-file /Users/admin/builder/spi-builder-workspace/.derivedData/ModuleCache.noindex/Session.modulevalidation -package-name spi_builder_workspace -Xcc -I/Users/admin/builder/spi-builder-workspace/.derivedData/Build/Intermediates.noindex/WWNetworkClient.build/Debug/WWNetworkClient.build/swift-overrides.hmap -emit-const-values -Xfrontend -const-gather-protocols-file -Xfrontend /Users/admin/builder/spi-builder-workspace/.derivedData/Build/Intermediates.noindex/WWNetworkClient.build/Debug/WWNetworkClient.build/Objects-normal/arm64/WWNetworkClient_const_extract_protocols.json -Xcc -I/Users/admin/builder/spi-builder-workspace/.derivedData/Build/Products/Debug/include -Xcc -I/Users/admin/builder/spi-builder-workspace/.derivedData/Build/Intermediates.noindex/WWNetworkClient.build/Debug/WWNetworkClient.build/DerivedSources-normal/arm64 -Xcc -I/Users/admin/builder/spi-builder-workspace/.derivedData/Build/Intermediates.noindex/WWNetworkClient.build/Debug/WWNetworkClient.build/DerivedSources/arm64 -Xcc -I/Users/admin/builder/spi-builder-workspace/.derivedData/Build/Intermediates.noindex/WWNetworkClient.build/Debug/WWNetworkClient.build/DerivedSources -Xcc -DSWIFT_PACKAGE -Xcc -DDEBUG\=1 -emit-objc-header -emit-objc-header-path /Users/admin/builder/spi-builder-workspace/.derivedData/Build/Intermediates.noindex/WWNetworkClient.build/Debug/WWNetworkClient.build/Objects-normal/arm64/WWNetworkClient-Swift.h -working-directory /Users/admin/builder/spi-builder-workspace/.swiftpm/xcode -experimental-emit-module-separately -disable-cmo
SwiftMergeGeneratedHeaders /Users/admin/builder/spi-builder-workspace/.derivedData/Build/Intermediates.noindex/GeneratedModuleMaps/WWNetworkClient-Swift.h /Users/admin/builder/spi-builder-workspace/.derivedData/Build/Intermediates.noindex/WWNetworkClient.build/Debug/WWNetworkClient.build/Objects-normal/arm64/WWNetworkClient-Swift.h (in target 'WWNetworkClient' from project 'WWNetworkClient')
cd /Users/admin/builder/spi-builder-workspace
builtin-swiftHeaderTool -arch arm64 /Users/admin/builder/spi-builder-workspace/.derivedData/Build/Intermediates.noindex/WWNetworkClient.build/Debug/WWNetworkClient.build/Objects-normal/arm64/WWNetworkClient-Swift.h -o /Users/admin/builder/spi-builder-workspace/.derivedData/Build/Intermediates.noindex/GeneratedModuleMaps/WWNetworkClient-Swift.h
Copy /Users/admin/builder/spi-builder-workspace/.derivedData/Build/Products/Debug/WWNetworkClient.swiftmodule/arm64-apple-macos.swiftdoc /Users/admin/builder/spi-builder-workspace/.derivedData/Build/Intermediates.noindex/WWNetworkClient.build/Debug/WWNetworkClient.build/Objects-normal/arm64/WWNetworkClient.swiftdoc (in target 'WWNetworkClient' from project 'WWNetworkClient')
cd /Users/admin/builder/spi-builder-workspace
builtin-copy -exclude .DS_Store -exclude CVS -exclude .svn -exclude .git -exclude .hg -resolve-src-symlinks -rename /Users/admin/builder/spi-builder-workspace/.derivedData/Build/Intermediates.noindex/WWNetworkClient.build/Debug/WWNetworkClient.build/Objects-normal/arm64/WWNetworkClient.swiftdoc /Users/admin/builder/spi-builder-workspace/.derivedData/Build/Products/Debug/WWNetworkClient.swiftmodule/arm64-apple-macos.swiftdoc
Copy /Users/admin/builder/spi-builder-workspace/.derivedData/Build/Products/Debug/WWNetworkClient.swiftmodule/arm64-apple-macos.swiftmodule /Users/admin/builder/spi-builder-workspace/.derivedData/Build/Intermediates.noindex/WWNetworkClient.build/Debug/WWNetworkClient.build/Objects-normal/arm64/WWNetworkClient.swiftmodule (in target 'WWNetworkClient' from project 'WWNetworkClient')
cd /Users/admin/builder/spi-builder-workspace
builtin-copy -exclude .DS_Store -exclude CVS -exclude .svn -exclude .git -exclude .hg -resolve-src-symlinks -rename /Users/admin/builder/spi-builder-workspace/.derivedData/Build/Intermediates.noindex/WWNetworkClient.build/Debug/WWNetworkClient.build/Objects-normal/arm64/WWNetworkClient.swiftmodule /Users/admin/builder/spi-builder-workspace/.derivedData/Build/Products/Debug/WWNetworkClient.swiftmodule/arm64-apple-macos.swiftmodule
Copy /Users/admin/builder/spi-builder-workspace/.derivedData/Build/Products/Debug/WWNetworkClient.swiftmodule/arm64-apple-macos.abi.json /Users/admin/builder/spi-builder-workspace/.derivedData/Build/Intermediates.noindex/WWNetworkClient.build/Debug/WWNetworkClient.build/Objects-normal/arm64/WWNetworkClient.abi.json (in target 'WWNetworkClient' from project 'WWNetworkClient')
cd /Users/admin/builder/spi-builder-workspace
builtin-copy -exclude .DS_Store -exclude CVS -exclude .svn -exclude .git -exclude .hg -resolve-src-symlinks -rename /Users/admin/builder/spi-builder-workspace/.derivedData/Build/Intermediates.noindex/WWNetworkClient.build/Debug/WWNetworkClient.build/Objects-normal/arm64/WWNetworkClient.abi.json /Users/admin/builder/spi-builder-workspace/.derivedData/Build/Products/Debug/WWNetworkClient.swiftmodule/arm64-apple-macos.abi.json
Copy /Users/admin/builder/spi-builder-workspace/.derivedData/Build/Products/Debug/WWNetworkClient.swiftmodule/Project/arm64-apple-macos.swiftsourceinfo /Users/admin/builder/spi-builder-workspace/.derivedData/Build/Intermediates.noindex/WWNetworkClient.build/Debug/WWNetworkClient.build/Objects-normal/arm64/WWNetworkClient.swiftsourceinfo (in target 'WWNetworkClient' from project 'WWNetworkClient')
cd /Users/admin/builder/spi-builder-workspace
builtin-copy -exclude .DS_Store -exclude CVS -exclude .svn -exclude .git -exclude .hg -resolve-src-symlinks -rename /Users/admin/builder/spi-builder-workspace/.derivedData/Build/Intermediates.noindex/WWNetworkClient.build/Debug/WWNetworkClient.build/Objects-normal/arm64/WWNetworkClient.swiftsourceinfo /Users/admin/builder/spi-builder-workspace/.derivedData/Build/Products/Debug/WWNetworkClient.swiftmodule/Project/arm64-apple-macos.swiftsourceinfo
2026-08-12 18:30:43.692 xcodebuild[682:4266] [MT] IDERunDestination: Supported platforms for the buildables in the current scheme is empty.
--- xcodebuild: WARNING: Using the first of multiple matching destinations:
{ platform:macOS, arch:arm64, id:62eb1c8cf7a729f9aa93c716c2b71d076a46a1e5, name:My Mac }
{ platform:macOS, arch:arm64, variant:Mac Catalyst, id:62eb1c8cf7a729f9aa93c716c2b71d076a46a1e5, name:My Mac }
{ platform:macOS, arch:arm64, variant:DriverKit, id:62eb1c8cf7a729f9aa93c716c2b71d076a46a1e5, name:My Mac }
{ platform:macOS, arch:arm64, variant:Designed for [iPad,iPhone], id:62eb1c8cf7a729f9aa93c716c2b71d076a46a1e5, name:My Mac }
** BUILD FAILED **
The following build commands failed:
SwiftCompile normal arm64 Compiling\ WWNetworkClient.swift /Users/admin/builder/spi-builder-workspace/Sources/WWNetworkClient/WWNetworkClient.swift (in target 'WWNetworkClient' from project 'WWNetworkClient')
SwiftCompile normal arm64 /Users/admin/builder/spi-builder-workspace/Sources/WWNetworkClient/WWNetworkClient.swift (in target 'WWNetworkClient' from project 'WWNetworkClient')
Building workspace spi-builder-workspace with scheme WWNetworkClient
(3 failures)
Command line invocation:
/Applications/Xcode-26.3.0.app/Contents/Developer/usr/bin/xcodebuild -IDEClonedSourcePackagesDirPathOverride=/Users/admin/builder/spi-builder-workspace/.dependencies -resolvePackageDependencies
Resolve Package Graph
Resolved source packages:
WWNetworkClient: /Users/admin/builder/spi-builder-workspace
resolved source packages: WWNetworkClient
2026-08-12 18:30:52.917 xcodebuild[738:4535] [MT] IDERunDestination: Supported platforms for the buildables in the current scheme is empty.
{
"dependencies" : [
],
"manifest_display_name" : "WWNetworkClient",
"name" : "WWNetworkClient",
"path" : "/Users/admin/builder/spi-builder-workspace",
"platforms" : [
{
"name" : "ios",
"version" : "17.0"
}
],
"products" : [
{
"name" : "WWNetworkClient",
"targets" : [
"WWNetworkClient"
],
"type" : {
"library" : [
"automatic"
]
}
}
],
"swift_languages_versions" : [
"6"
],
"targets" : [
{
"c99name" : "WWNetworkClient",
"module_type" : "SwiftTarget",
"name" : "WWNetworkClient",
"path" : "Sources/WWNetworkClient",
"product_memberships" : [
"WWNetworkClient"
],
"sources" : [
"Utility/Constant.swift",
"Utility/Extension.swift",
"Utility/Model.swift",
"WWNetworkClient.swift"
],
"type" : "library"
}
],
"tools_version" : "6.0"
}
{
"workspace" : {
"name" : "spi-builder-workspace",
"schemes" : [
"WWNetworkClient"
]
}
}
2026-08-12 18:30:53.946 xcodebuild[746:4609] [MT] IDERunDestination: Supported platforms for the buildables in the current scheme is empty.
Running build ...
env DEVELOPER_DIR=/Applications/Xcode-26.3.0.app xcrun xcodebuild -IDEClonedSourcePackagesDirPathOverride=$PWD/.dependencies -skipMacroValidation -skipPackagePluginValidation -derivedDataPath $PWD/.derivedData build -scheme WWNetworkClient -destination platform=macOS,arch=arm64
Command line invocation:
/Applications/Xcode-26.3.0.app/Contents/Developer/usr/bin/xcodebuild -IDEClonedSourcePackagesDirPathOverride=/Users/admin/builder/spi-builder-workspace/.dependencies -skipMacroValidation -skipPackagePluginValidation -derivedDataPath /Users/admin/builder/spi-builder-workspace/.derivedData build -scheme WWNetworkClient -destination platform=macOS,arch=arm64
Resolve Package Graph
Resolved source packages:
WWNetworkClient: /Users/admin/builder/spi-builder-workspace
ComputePackagePrebuildTargetDependencyGraph
Prepare packages
CreateBuildRequest
SendProjectDescription
CreateBuildOperation
ComputeTargetDependencyGraph
note: Building targets in dependency order
note: Target dependency graph (3 targets)
Target 'WWNetworkClient' in project 'WWNetworkClient'
➜ Explicit dependency on target 'WWNetworkClient' in project 'WWNetworkClient'
➜ Explicit dependency on target 'WWNetworkClient_WWNetworkClient' in project 'WWNetworkClient'
Target 'WWNetworkClient' in project 'WWNetworkClient'
➜ Explicit dependency on target 'WWNetworkClient_WWNetworkClient' in project 'WWNetworkClient'
Target 'WWNetworkClient_WWNetworkClient' in project 'WWNetworkClient' (no dependencies)
GatherProvisioningInputs
CreateBuildDescription
ClangStatCache /Applications/Xcode-26.3.0.app/Contents/Developer/Toolchains/XcodeDefault.xctoolchain/usr/bin/clang-stat-cache /Applications/Xcode-26.3.0.app/Contents/Developer/Platforms/MacOSX.platform/Developer/SDKs/MacOSX26.2.sdk /Users/admin/builder/spi-builder-workspace/.derivedData/SDKStatCaches.noindex/macosx26.2-25C58-dc75598d0054f22ec865fa860f139d726b10091eae1b9012e514a50b0de53ce7.sdkstatcache
cd /Users/admin/builder/spi-builder-workspace/.swiftpm/xcode
/Applications/Xcode-26.3.0.app/Contents/Developer/Toolchains/XcodeDefault.xctoolchain/usr/bin/clang-stat-cache /Applications/Xcode-26.3.0.app/Contents/Developer/Platforms/MacOSX.platform/Developer/SDKs/MacOSX26.2.sdk -o /Users/admin/builder/spi-builder-workspace/.derivedData/SDKStatCaches.noindex/macosx26.2-25C58-dc75598d0054f22ec865fa860f139d726b10091eae1b9012e514a50b0de53ce7.sdkstatcache
SwiftDriver WWNetworkClient normal arm64 com.apple.xcode.tools.swift.compiler (in target 'WWNetworkClient' from project 'WWNetworkClient')
cd /Users/admin/builder/spi-builder-workspace/.swiftpm/xcode
builtin-SwiftDriver -- /Applications/Xcode-26.3.0.app/Contents/Developer/Toolchains/XcodeDefault.xctoolchain/usr/bin/swiftc -module-name WWNetworkClient -Onone -enforce-exclusivity\=checked @/Users/admin/builder/spi-builder-workspace/.derivedData/Build/Intermediates.noindex/WWNetworkClient.build/Debug/WWNetworkClient.build/Objects-normal/arm64/WWNetworkClient.SwiftFileList -DSWIFT_PACKAGE -DDEBUG -DSWIFT_MODULE_RESOURCE_BUNDLE_AVAILABLE -DXcode -plugin-path /Applications/Xcode-26.3.0.app/Contents/Developer/Toolchains/XcodeDefault.xctoolchain/usr/lib/swift/host/plugins/testing -enable-experimental-feature DebugDescriptionMacro -sdk /Applications/Xcode-26.3.0.app/Contents/Developer/Platforms/MacOSX.platform/Developer/SDKs/MacOSX26.2.sdk -target arm64-apple-macos10.13 -g -module-cache-path /Users/admin/builder/spi-builder-workspace/.derivedData/ModuleCache.noindex -Xfrontend -serialize-debugging-options -enable-testing -index-store-path /Users/admin/builder/spi-builder-workspace/.derivedData/Index.noindex/DataStore -Xcc -D_LIBCPP_HARDENING_MODE\=_LIBCPP_HARDENING_MODE_DEBUG -swift-version 6 -I /Users/admin/builder/spi-builder-workspace/.derivedData/Build/Products/Debug -Isystem /Applications/Xcode-26.3.0.app/Contents/Developer/Platforms/MacOSX.platform/Developer/usr/lib -F /Users/admin/builder/spi-builder-workspace/.derivedData/Build/Products/Debug -F /Applications/Xcode-26.3.0.app/Contents/Developer/Platforms/MacOSX.platform/Developer/Library/Frameworks -c -j10 -enable-batch-mode -incremental -Xcc -ivfsstatcache -Xcc /Users/admin/builder/spi-builder-workspace/.derivedData/SDKStatCaches.noindex/macosx26.2-25C58-dc75598d0054f22ec865fa860f139d726b10091eae1b9012e514a50b0de53ce7.sdkstatcache -output-file-map /Users/admin/builder/spi-builder-workspace/.derivedData/Build/Intermediates.noindex/WWNetworkClient.build/Debug/WWNetworkClient.build/Objects-normal/arm64/WWNetworkClient-OutputFileMap.json -use-frontend-parseable-output -save-temps -no-color-diagnostics -explicit-module-build -module-cache-path /Users/admin/builder/spi-builder-workspace/.derivedData/Build/Intermediates.noindex/SwiftExplicitPrecompiledModules -clang-scanner-module-cache-path /Users/admin/builder/spi-builder-workspace/.derivedData/ModuleCache.noindex -sdk-module-cache-path /Users/admin/builder/spi-builder-workspace/.derivedData/ModuleCache.noindex -serialize-diagnostics -emit-dependencies -emit-module -emit-module-path /Users/admin/builder/spi-builder-workspace/.derivedData/Build/Intermediates.noindex/WWNetworkClient.build/Debug/WWNetworkClient.build/Objects-normal/arm64/WWNetworkClient.swiftmodule -validate-clang-modules-once -clang-build-session-file /Users/admin/builder/spi-builder-workspace/.derivedData/ModuleCache.noindex/Session.modulevalidation -package-name spi_builder_workspace -Xcc -I/Users/admin/builder/spi-builder-workspace/.derivedData/Build/Intermediates.noindex/WWNetworkClient.build/Debug/WWNetworkClient.build/swift-overrides.hmap -emit-const-values -Xfrontend -const-gather-protocols-file -Xfrontend /Users/admin/builder/spi-builder-workspace/.derivedData/Build/Intermediates.noindex/WWNetworkClient.build/Debug/WWNetworkClient.build/Objects-normal/arm64/WWNetworkClient_const_extract_protocols.json -Xcc -I/Users/admin/builder/spi-builder-workspace/.derivedData/Build/Products/Debug/include -Xcc -I/Users/admin/builder/spi-builder-workspace/.derivedData/Build/Intermediates.noindex/WWNetworkClient.build/Debug/WWNetworkClient.build/DerivedSources-normal/arm64 -Xcc -I/Users/admin/builder/spi-builder-workspace/.derivedData/Build/Intermediates.noindex/WWNetworkClient.build/Debug/WWNetworkClient.build/DerivedSources/arm64 -Xcc -I/Users/admin/builder/spi-builder-workspace/.derivedData/Build/Intermediates.noindex/WWNetworkClient.build/Debug/WWNetworkClient.build/DerivedSources -Xcc -DSWIFT_PACKAGE -Xcc -DDEBUG\=1 -emit-objc-header -emit-objc-header-path /Users/admin/builder/spi-builder-workspace/.derivedData/Build/Intermediates.noindex/WWNetworkClient.build/Debug/WWNetworkClient.build/Objects-normal/arm64/WWNetworkClient-Swift.h -working-directory /Users/admin/builder/spi-builder-workspace/.swiftpm/xcode -experimental-emit-module-separately -disable-cmo
SwiftCompile normal arm64 Compiling\ Extension.swift /Users/admin/builder/spi-builder-workspace/Sources/WWNetworkClient/Utility/Extension.swift (in target 'WWNetworkClient' from project 'WWNetworkClient')
SwiftCompile normal arm64 /Users/admin/builder/spi-builder-workspace/Sources/WWNetworkClient/Utility/Extension.swift (in target 'WWNetworkClient' from project 'WWNetworkClient')
cd /Users/admin/builder/spi-builder-workspace/.swiftpm/xcode
SwiftEmitModule normal arm64 Emitting\ module\ for\ WWNetworkClient (in target 'WWNetworkClient' from project 'WWNetworkClient')
EmitSwiftModule normal arm64 (in target 'WWNetworkClient' from project 'WWNetworkClient')
cd /Users/admin/builder/spi-builder-workspace/.swiftpm/xcode
SwiftCompile normal arm64 Compiling\ WWNetworkClient.swift /Users/admin/builder/spi-builder-workspace/Sources/WWNetworkClient/WWNetworkClient.swift (in target 'WWNetworkClient' from project 'WWNetworkClient')
Failed frontend command:
/Applications/Xcode-26.3.0.app/Contents/Developer/Toolchains/XcodeDefault.xctoolchain/usr/bin/swift-frontend -frontend -c /Users/admin/builder/spi-builder-workspace/.derivedData/Build/Intermediates.noindex/WWNetworkClient.build/Debug/WWNetworkClient.build/DerivedSources/resource_bundle_accessor.swift /Users/admin/builder/spi-builder-workspace/Sources/WWNetworkClient/Utility/Constant.swift /Users/admin/builder/spi-builder-workspace/Sources/WWNetworkClient/Utility/Extension.swift /Users/admin/builder/spi-builder-workspace/Sources/WWNetworkClient/Utility/Model.swift -primary-file /Users/admin/builder/spi-builder-workspace/Sources/WWNetworkClient/WWNetworkClient.swift -emit-dependencies-path /Users/admin/builder/spi-builder-workspace/.derivedData/Build/Intermediates.noindex/WWNetworkClient.build/Debug/WWNetworkClient.build/Objects-normal/arm64/WWNetworkClient.d -emit-const-values-path /Users/admin/builder/spi-builder-workspace/.derivedData/Build/Intermediates.noindex/WWNetworkClient.build/Debug/WWNetworkClient.build/Objects-normal/arm64/WWNetworkClient.swiftconstvalues -emit-reference-dependencies-path /Users/admin/builder/spi-builder-workspace/.derivedData/Build/Intermediates.noindex/WWNetworkClient.build/Debug/WWNetworkClient.build/Objects-normal/arm64/WWNetworkClient.swiftdeps -serialize-diagnostics-path /Users/admin/builder/spi-builder-workspace/.derivedData/Build/Intermediates.noindex/WWNetworkClient.build/Debug/WWNetworkClient.build/Objects-normal/arm64/WWNetworkClient.dia -target arm64-apple-macos10.13 -load-resolved-plugin /Applications/Xcode-26.3.0.app/Contents/Developer/Platforms/MacOSX.platform/Developer/usr/lib/swift/host/plugins/libFoundationMacros.dylib\#/Applications/Xcode-26.3.0.app/Contents/Developer/Platforms/MacOSX.platform/Developer/usr/bin/swift-plugin-server\#FoundationMacros -load-resolved-plugin /Applications/Xcode-26.3.0.app/Contents/Developer/Platforms/MacOSX.platform/Developer/usr/lib/swift/host/plugins/libObservationMacros.dylib\#/Applications/Xcode-26.3.0.app/Contents/Developer/Platforms/MacOSX.platform/Developer/usr/bin/swift-plugin-server\#ObservationMacros -load-resolved-plugin /Applications/Xcode-26.3.0.app/Contents/Developer/Platforms/MacOSX.platform/Developer/usr/lib/swift/host/plugins/libSwiftMacros.dylib\#/Applications/Xcode-26.3.0.app/Contents/Developer/Platforms/MacOSX.platform/Developer/usr/bin/swift-plugin-server\#SwiftMacros -disable-implicit-swift-modules -Xcc -fno-implicit-modules -Xcc -fno-implicit-module-maps -explicit-swift-module-map-file /Users/admin/builder/spi-builder-workspace/.derivedData/Build/Intermediates.noindex/WWNetworkClient.build/Debug/WWNetworkClient.build/Objects-normal/arm64/WWNetworkClient-dependencies-1.json -Xllvm -aarch64-use-tbi -enable-objc-interop -sdk /Applications/Xcode-26.3.0.app/Contents/Developer/Platforms/MacOSX.platform/Developer/SDKs/MacOSX26.2.sdk -I /Users/admin/builder/spi-builder-workspace/.derivedData/Build/Products/Debug -Isystem /Applications/Xcode-26.3.0.app/Contents/Developer/Platforms/MacOSX.platform/Developer/usr/lib -F /Users/admin/builder/spi-builder-workspace/.derivedData/Build/Products/Debug -F /Applications/Xcode-26.3.0.app/Contents/Developer/Platforms/MacOSX.platform/Developer/Library/Frameworks -no-color-diagnostics -Xcc -fno-color-diagnostics -enable-testing -g -debug-info-format\=dwarf -dwarf-version\=4 -module-cache-path /Users/admin/builder/spi-builder-workspace/.derivedData/Build/Intermediates.noindex/SwiftExplicitPrecompiledModules -swift-version 6 -enforce-exclusivity\=checked -Onone -D SWIFT_PACKAGE -D DEBUG -D SWIFT_MODULE_RESOURCE_BUNDLE_AVAILABLE -D Xcode -serialize-debugging-options -const-gather-protocols-file /Users/admin/builder/spi-builder-workspace/.derivedData/Build/Intermediates.noindex/WWNetworkClient.build/Debug/WWNetworkClient.build/Objects-normal/arm64/WWNetworkClient_const_extract_protocols.json -enable-experimental-feature DebugDescriptionMacro -empty-abi-descriptor -validate-clang-modules-once -clang-build-session-file /Users/admin/builder/spi-builder-workspace/.derivedData/ModuleCache.noindex/Session.modulevalidation -Xcc -working-directory -Xcc /Users/admin/builder/spi-builder-workspace/.swiftpm/xcode -enable-anonymous-context-mangled-names -file-compilation-dir /Users/admin/builder/spi-builder-workspace/.swiftpm/xcode -Xcc -D_LIBCPP_HARDENING_MODE\=_LIBCPP_HARDENING_MODE_DEBUG -Xcc -ivfsstatcache -Xcc /Users/admin/builder/spi-builder-workspace/.derivedData/SDKStatCaches.noindex/macosx26.2-25C58-dc75598d0054f22ec865fa860f139d726b10091eae1b9012e514a50b0de53ce7.sdkstatcache -Xcc -I/Users/admin/builder/spi-builder-workspace/.derivedData/Build/Intermediates.noindex/WWNetworkClient.build/Debug/WWNetworkClient.build/swift-overrides.hmap -Xcc -I/Users/admin/builder/spi-builder-workspace/.derivedData/Build/Products/Debug/include -Xcc -I/Users/admin/builder/spi-builder-workspace/.derivedData/Build/Intermediates.noindex/WWNetworkClient.build/Debug/WWNetworkClient.build/DerivedSources-normal/arm64 -Xcc -I/Users/admin/builder/spi-builder-workspace/.derivedData/Build/Intermediates.noindex/WWNetworkClient.build/Debug/WWNetworkClient.build/DerivedSources/arm64 -Xcc -I/Users/admin/builder/spi-builder-workspace/.derivedData/Build/Intermediates.noindex/WWNetworkClient.build/Debug/WWNetworkClient.build/DerivedSources -Xcc -DSWIFT_PACKAGE -Xcc -DDEBUG\=1 -no-auto-bridging-header-chaining -module-name WWNetworkClient -package-name spi_builder_workspace -frontend-parseable-output -disable-clang-spi -target-sdk-version 26.2 -target-sdk-name macosx26.2 -clang-target arm64-apple-macos26.2 -in-process-plugin-server-path /Applications/Xcode-26.3.0.app/Contents/Developer/Toolchains/XcodeDefault.xctoolchain/usr/lib/swift/host/libSwiftInProcPluginServer.dylib -o /Users/admin/builder/spi-builder-workspace/.derivedData/Build/Intermediates.noindex/WWNetworkClient.build/Debug/WWNetworkClient.build/Objects-normal/arm64/WWNetworkClient.o -index-unit-output-path /WWNetworkClient.build/Debug/WWNetworkClient.build/Objects-normal/arm64/WWNetworkClient.o -index-store-path /Users/admin/builder/spi-builder-workspace/.derivedData/Index.noindex/DataStore -index-system-modules
SwiftCompile normal arm64 /Users/admin/builder/spi-builder-workspace/Sources/WWNetworkClient/WWNetworkClient.swift (in target 'WWNetworkClient' from project 'WWNetworkClient')
cd /Users/admin/builder/spi-builder-workspace/.swiftpm/xcode
/Users/admin/builder/spi-builder-workspace/Sources/WWNetworkClient/WWNetworkClient.swift:42:33: error: 'appending(queryItems:)' is only available in macOS 13.0 or newer
finalURL = finalURL.appending(queryItems: queryItems)
^
/Users/admin/builder/spi-builder-workspace/Sources/WWNetworkClient/WWNetworkClient.swift:42:33: note: add 'if #available' version check
finalURL = finalURL.appending(queryItems: queryItems)
^
/Users/admin/builder/spi-builder-workspace/Sources/WWNetworkClient/WWNetworkClient.swift:36:10: note: add '@available' attribute to enclosing instance method
func request(_ httpMethod: HTTPMethod = .get, url: URL, contentType: ContentType = .json, parameters: [String : String] = [:], headers: [HTTPHeaderField: String] = [:], httpBody: HTTPBobyType? = nil) async throws -> ResponseResult {
^
/Users/admin/builder/spi-builder-workspace/Sources/WWNetworkClient/WWNetworkClient.swift:23:8: note: add '@available' attribute to enclosing extension
public extension WWNetworkClient {
^
/Users/admin/builder/spi-builder-workspace/Sources/WWNetworkClient/WWNetworkClient.swift:55:50: error: 'data(for:delegate:)' is only available in macOS 12.0 or newer
let (data, response) = try await session.data(for: request)
^
/Users/admin/builder/spi-builder-workspace/Sources/WWNetworkClient/WWNetworkClient.swift:55:50: note: add 'if #available' version check
let (data, response) = try await session.data(for: request)
^
/Users/admin/builder/spi-builder-workspace/Sources/WWNetworkClient/WWNetworkClient.swift:36:10: note: add '@available' attribute to enclosing instance method
func request(_ httpMethod: HTTPMethod = .get, url: URL, contentType: ContentType = .json, parameters: [String : String] = [:], headers: [HTTPHeaderField: String] = [:], httpBody: HTTPBobyType? = nil) async throws -> ResponseResult {
^
/Users/admin/builder/spi-builder-workspace/Sources/WWNetworkClient/WWNetworkClient.swift:23:8: note: add '@available' attribute to enclosing extension
public extension WWNetworkClient {
^
SwiftCompile normal arm64 Compiling\ Model.swift /Users/admin/builder/spi-builder-workspace/Sources/WWNetworkClient/Utility/Model.swift (in target 'WWNetworkClient' from project 'WWNetworkClient')
SwiftCompile normal arm64 /Users/admin/builder/spi-builder-workspace/Sources/WWNetworkClient/Utility/Model.swift (in target 'WWNetworkClient' from project 'WWNetworkClient')
cd /Users/admin/builder/spi-builder-workspace/.swiftpm/xcode
SwiftCompile normal arm64 Compiling\ resource_bundle_accessor.swift /Users/admin/builder/spi-builder-workspace/.derivedData/Build/Intermediates.noindex/WWNetworkClient.build/Debug/WWNetworkClient.build/DerivedSources/resource_bundle_accessor.swift (in target 'WWNetworkClient' from project 'WWNetworkClient')
SwiftCompile normal arm64 /Users/admin/builder/spi-builder-workspace/.derivedData/Build/Intermediates.noindex/WWNetworkClient.build/Debug/WWNetworkClient.build/DerivedSources/resource_bundle_accessor.swift (in target 'WWNetworkClient' from project 'WWNetworkClient')
cd /Users/admin/builder/spi-builder-workspace/.swiftpm/xcode
SwiftCompile normal arm64 Compiling\ Constant.swift /Users/admin/builder/spi-builder-workspace/Sources/WWNetworkClient/Utility/Constant.swift (in target 'WWNetworkClient' from project 'WWNetworkClient')
SwiftCompile normal arm64 /Users/admin/builder/spi-builder-workspace/Sources/WWNetworkClient/Utility/Constant.swift (in target 'WWNetworkClient' from project 'WWNetworkClient')
cd /Users/admin/builder/spi-builder-workspace/.swiftpm/xcode
2026-08-12 18:30:54.752 xcodebuild[748:4640] [MT] IDERunDestination: Supported platforms for the buildables in the current scheme is empty.
--- xcodebuild: WARNING: Using the first of multiple matching destinations:
{ platform:macOS, arch:arm64, id:62eb1c8cf7a729f9aa93c716c2b71d076a46a1e5, name:My Mac }
{ platform:macOS, arch:arm64, variant:Mac Catalyst, id:62eb1c8cf7a729f9aa93c716c2b71d076a46a1e5, name:My Mac }
{ platform:macOS, arch:arm64, variant:DriverKit, id:62eb1c8cf7a729f9aa93c716c2b71d076a46a1e5, name:My Mac }
{ platform:macOS, arch:arm64, variant:Designed for [iPad,iPhone], id:62eb1c8cf7a729f9aa93c716c2b71d076a46a1e5, name:My Mac }
** BUILD FAILED **
The following build commands failed:
SwiftCompile normal arm64 Compiling\ WWNetworkClient.swift /Users/admin/builder/spi-builder-workspace/Sources/WWNetworkClient/WWNetworkClient.swift (in target 'WWNetworkClient' from project 'WWNetworkClient')
SwiftCompile normal arm64 /Users/admin/builder/spi-builder-workspace/Sources/WWNetworkClient/WWNetworkClient.swift (in target 'WWNetworkClient' from project 'WWNetworkClient')
Building workspace spi-builder-workspace with scheme WWNetworkClient
(3 failures)
BUILD FAILURE 6.2 macosXcodebuild