Build Information
Failed to build ETDistribution, reference v0.2.2 (6c959b), with Swift 6.4 for watchOS using Xcode 27.0 on 22 Sep 2026 19:20:14 UTC.
Build Command
env DEVELOPER_DIR=/Applications/Xcode-27.0.0-Release.Candidate.app xcrun xcodebuild -IDEClonedSourcePackagesDirPathOverride=$PWD/.dependencies -skipMacroValidation -skipPackagePluginValidation -derivedDataPath $PWD/.derivedData build -scheme ETDistribution -destination generic/platform=watchOSBuild Log
========================================
RunAll
========================================
Builder version: 5.1.0
Interrupt handler set up.
========================================
Checkout
========================================
Clone URL: https://github.com/EmergeTools/ETDistribution.git
Reference: v0.2.2
Initialized empty Git repository in /Users/admin/builder/spi-builder-workspace/.git/
From https://github.com/EmergeTools/ETDistribution
* tag v0.2.2 -> FETCH_HEAD
HEAD is now at 6c959b1 Post UIApplication.willTerminateNotification before exiting the app (#31)
Cloned https://github.com/EmergeTools/ETDistribution.git
Revision (git rev-parse @):
6c959b16fca8c073308ce045b092c4700f2349a6
SUCCESS checkout https://github.com/EmergeTools/ETDistribution.git at v0.2.2
========================================
Build
========================================
Selected platform: watchOS
Swift version: 6.4
Building package at path: $PWD
https://github.com/EmergeTools/ETDistribution.git
Command line invocation:
/Applications/Xcode-27.0.0-Release.Candidate.app/Contents/Developer/usr/bin/xcodebuild -IDEClonedSourcePackagesDirPathOverride=/Users/admin/builder/spi-builder-workspace/.dependencies -resolvePackageDependencies
Resolve Package Graph
Resolve Package Graph
Resolved source packages:
ETDistribution: /Users/admin/builder/spi-builder-workspace
resolved source packages: ETDistribution
2026-09-22 15:19:31.329 xcodebuild[528:3026] [MT] IDERunDestination: Supported platforms for the buildables in the current scheme is empty.
{
"dependencies" : [
],
"manifest_display_name" : "ETDistribution",
"name" : "ETDistribution",
"path" : "/Users/admin/builder/spi-builder-workspace",
"platforms" : [
{
"name" : "ios",
"version" : "13.0"
}
],
"products" : [
{
"name" : "ETDistribution",
"targets" : [
"ETDistribution"
],
"type" : {
"library" : [
"dynamic"
]
}
}
],
"targets" : [
{
"c99name" : "ETDistributionTests",
"module_type" : "SwiftTarget",
"name" : "ETDistributionTests",
"path" : "Tests",
"sources" : [
"DistributionReleaseInfoTests.swift"
],
"target_dependencies" : [
"ETDistribution"
],
"type" : "test"
},
{
"c99name" : "ETDistribution",
"module_type" : "SwiftTarget",
"name" : "ETDistribution",
"path" : "Sources",
"product_memberships" : [
"ETDistribution"
],
"sources" : [
"Auth.swift",
"ETDistribution.swift",
"JWT/JWTHelper.swift",
"Keychain/KeychainHelper.swift",
"Mach-O/BinaryParser.swift",
"Models/AuthCodeResponse.swift",
"Models/AuthRefreshResponse.swift",
"Models/CheckForUpdateParams.swift",
"Models/DistributionReleaseInfo.swift",
"Models/DistributionUpdateCheckResponse.swift",
"Network/URLSession+Distribute.swift",
"UserAction.swift",
"UserDefaults+ETDistribution.swift",
"Utils/Date+Parse.swift",
"ViewController/UIViewController+Distribute.swift"
],
"type" : "library"
}
],
"tools_version" : "5.9"
}
{
"workspace" : {
"name" : "ETDistribution",
"schemes" : [
"ETDistribution"
]
}
}
2026-09-22 15:20:03.224 xcodebuild[625:3831] [MT] IDERunDestination: Supported platforms for the buildables in the current scheme is empty.
Running build ...
env DEVELOPER_DIR=/Applications/Xcode-27.0.0-Release.Candidate.app xcrun xcodebuild -IDEClonedSourcePackagesDirPathOverride=$PWD/.dependencies -skipMacroValidation -skipPackagePluginValidation -derivedDataPath $PWD/.derivedData build -scheme ETDistribution -destination generic/platform=watchOS
Command line invocation:
/Applications/Xcode-27.0.0-Release.Candidate.app/Contents/Developer/usr/bin/xcodebuild -IDEClonedSourcePackagesDirPathOverride=/Users/admin/builder/spi-builder-workspace/.dependencies -skipMacroValidation -skipPackagePluginValidation -derivedDataPath /Users/admin/builder/spi-builder-workspace/.derivedData build -scheme ETDistribution -destination generic/platform=watchOS
Resolve Package Graph
Resolved source packages:
ETDistribution: /Users/admin/builder/spi-builder-workspace
ComputePackagePrebuildTargetDependencyGraph
Prepare packages
CreateBuildRequest
SendProjectDescription
CreateBuildOperation
ComputeTargetDependencyGraph
note: Building targets in dependency order
note: Target dependency graph (2 targets)
Target 'ETDistribution-product' in project 'ETDistribution'
➜ Explicit dependency on target 'ETDistribution' in project 'ETDistribution'
Target 'ETDistribution' in project 'ETDistribution' (no dependencies)
GatherProvisioningInputs
CreateBuildDescription
ExecuteExternalTool /Applications/Xcode-27.0.0-Release.Candidate.app/Contents/Developer/Toolchains/XcodeDefault.xctoolchain/usr/bin/clang -v -E -dM -isysroot /Applications/Xcode-27.0.0-Release.Candidate.app/Contents/Developer/Platforms/WatchOS.platform/Developer/SDKs/WatchOS27.0.sdk -x c -c /dev/null
ExecuteExternalTool /Applications/Xcode-27.0.0-Release.Candidate.app/Contents/Developer/Toolchains/XcodeDefault.xctoolchain/usr/bin/swiftc --version
ExecuteExternalTool /Applications/Xcode-27.0.0-Release.Candidate.app/Contents/Developer/Toolchains/XcodeDefault.xctoolchain/usr/bin/ld -version_details
Build description signature: 17e2180ea20cff32febd949d370d38d2
Build description path: /Users/admin/builder/spi-builder-workspace/.derivedData/Build/Intermediates.noindex/XCBuildData/17e2180ea20cff32febd949d370d38d2.xcbuilddata
CreateBuildDirectory /Users/admin/builder/spi-builder-workspace/.derivedData/ModuleCache.noindex
cd /Users/admin/builder/spi-builder-workspace/.swiftpm/xcode
builtin-create-build-directory /Users/admin/builder/spi-builder-workspace/.derivedData/ModuleCache.noindex
CreateBuildDirectory /Users/admin/builder/spi-builder-workspace/.derivedData/CompilationCache.noindex
cd /Users/admin/builder/spi-builder-workspace/.swiftpm/xcode
builtin-create-build-directory /Users/admin/builder/spi-builder-workspace/.derivedData/CompilationCache.noindex
CreateBuildDirectory /Users/admin/builder/spi-builder-workspace/.derivedData/SDKExplicitPrecompiledModules
cd /Users/admin/builder/spi-builder-workspace/.swiftpm/xcode
builtin-create-build-directory /Users/admin/builder/spi-builder-workspace/.derivedData/SDKExplicitPrecompiledModules
ClangStatCache /Applications/Xcode-27.0.0-Release.Candidate.app/Contents/Developer/Toolchains/XcodeDefault.xctoolchain/usr/bin/clang-stat-cache /Applications/Xcode-27.0.0-Release.Candidate.app/Contents/Developer/Platforms/WatchOS.platform/Developer/SDKs/WatchOS27.0.sdk /Users/admin/builder/spi-builder-workspace/.derivedData/SDKStatCaches.noindex/watchos27.0-24R360-e829b21a6f8c9b70876ba0858053c04477534ef55a1706bf4c1112bbb242f0a2.sdkstatcache
cd /Users/admin/builder/spi-builder-workspace/.swiftpm/xcode
/Applications/Xcode-27.0.0-Release.Candidate.app/Contents/Developer/Toolchains/XcodeDefault.xctoolchain/usr/bin/clang-stat-cache /Applications/Xcode-27.0.0-Release.Candidate.app/Contents/Developer/Platforms/WatchOS.platform/Developer/SDKs/WatchOS27.0.sdk -o /Users/admin/builder/spi-builder-workspace/.derivedData/SDKStatCaches.noindex/watchos27.0-24R360-e829b21a6f8c9b70876ba0858053c04477534ef55a1706bf4c1112bbb242f0a2.sdkstatcache
CreateBuildDirectory /Users/admin/builder/spi-builder-workspace/.derivedData/Build/Intermediates.noindex
cd /Users/admin/builder/spi-builder-workspace/.swiftpm/xcode
builtin-create-build-directory /Users/admin/builder/spi-builder-workspace/.derivedData/Build/Intermediates.noindex
CreateBuildDirectory /Users/admin/builder/spi-builder-workspace/.derivedData/Build/Products
cd /Users/admin/builder/spi-builder-workspace/.swiftpm/xcode
builtin-create-build-directory /Users/admin/builder/spi-builder-workspace/.derivedData/Build/Products
CreateBuildDirectory /Users/admin/builder/spi-builder-workspace/.derivedData/Build/Intermediates.noindex/SwiftExplicitPrecompiledModules
cd /Users/admin/builder/spi-builder-workspace/.swiftpm/xcode
builtin-create-build-directory /Users/admin/builder/spi-builder-workspace/.derivedData/Build/Intermediates.noindex/SwiftExplicitPrecompiledModules
CreateBuildDirectory /Users/admin/builder/spi-builder-workspace/.derivedData/Build/Intermediates.noindex/PrecompiledHeaders
cd /Users/admin/builder/spi-builder-workspace/.swiftpm/xcode
builtin-create-build-directory /Users/admin/builder/spi-builder-workspace/.derivedData/Build/Intermediates.noindex/PrecompiledHeaders
CreateBuildDirectory /Users/admin/builder/spi-builder-workspace/.derivedData/Build/Intermediates.noindex/ExplicitPrecompiledModules
cd /Users/admin/builder/spi-builder-workspace/.swiftpm/xcode
builtin-create-build-directory /Users/admin/builder/spi-builder-workspace/.derivedData/Build/Intermediates.noindex/ExplicitPrecompiledModules
CreateBuildDirectory /Users/admin/builder/spi-builder-workspace/.derivedData/Build/Products/Debug-watchos
cd /Users/admin/builder/spi-builder-workspace/.swiftpm/xcode
builtin-create-build-directory /Users/admin/builder/spi-builder-workspace/.derivedData/Build/Products/Debug-watchos
CreateBuildDirectory /Users/admin/builder/spi-builder-workspace/.derivedData/Build/Intermediates.noindex/EagerLinkingTBDs/Debug-watchos
cd /Users/admin/builder/spi-builder-workspace/.swiftpm/xcode
builtin-create-build-directory /Users/admin/builder/spi-builder-workspace/.derivedData/Build/Intermediates.noindex/EagerLinkingTBDs/Debug-watchos
CreateBuildDirectory /Users/admin/builder/spi-builder-workspace/.derivedData/Build/Products/Debug-watchos/PackageFrameworks
cd /Users/admin/builder/spi-builder-workspace/.swiftpm/xcode
builtin-create-build-directory /Users/admin/builder/spi-builder-workspace/.derivedData/Build/Products/Debug-watchos/PackageFrameworks
WriteAuxiliaryFile /Users/admin/builder/spi-builder-workspace/.derivedData/Build/Intermediates.noindex/ETDistribution.build/Debug-watchos/ETDistribution-t.build/ETDistribution.modulemap (in target 'ETDistribution' from project 'ETDistribution')
cd /Users/admin/builder/spi-builder-workspace
write-file /Users/admin/builder/spi-builder-workspace/.derivedData/Build/Intermediates.noindex/ETDistribution.build/Debug-watchos/ETDistribution-t.build/ETDistribution.modulemap
WriteAuxiliaryFile /Users/admin/builder/spi-builder-workspace/.derivedData/Build/Intermediates.noindex/ETDistribution.build/Debug-watchos/ETDistribution-product-t.build/ETDistribution.DependencyStaticMetadataFileList (in target 'ETDistribution-product' from project 'ETDistribution')
cd /Users/admin/builder/spi-builder-workspace
write-file /Users/admin/builder/spi-builder-workspace/.derivedData/Build/Intermediates.noindex/ETDistribution.build/Debug-watchos/ETDistribution-product-t.build/ETDistribution.DependencyStaticMetadataFileList
WriteAuxiliaryFile /Users/admin/builder/spi-builder-workspace/.derivedData/Build/Intermediates.noindex/ETDistribution.build/Debug-watchos/ETDistribution-product-t.build/empty-ETDistribution.plist (in target 'ETDistribution-product' from project 'ETDistribution')
cd /Users/admin/builder/spi-builder-workspace
write-file /Users/admin/builder/spi-builder-workspace/.derivedData/Build/Intermediates.noindex/ETDistribution.build/Debug-watchos/ETDistribution-product-t.build/empty-ETDistribution.plist
WriteAuxiliaryFile /Users/admin/builder/spi-builder-workspace/.derivedData/Build/Intermediates.noindex/ETDistribution.build/Debug-watchos/ETDistribution-t.build/Objects-normal/arm64_32/ETDistribution.LinkFileList (in target 'ETDistribution' from project 'ETDistribution')
cd /Users/admin/builder/spi-builder-workspace
write-file /Users/admin/builder/spi-builder-workspace/.derivedData/Build/Intermediates.noindex/ETDistribution.build/Debug-watchos/ETDistribution-t.build/Objects-normal/arm64_32/ETDistribution.LinkFileList
WriteAuxiliaryFile /Users/admin/builder/spi-builder-workspace/.derivedData/Build/Intermediates.noindex/ETDistribution.build/Debug-watchos/ETDistribution-t.build/Objects-normal/arm64_32/ETDistribution-OutputFileMap.json (in target 'ETDistribution' from project 'ETDistribution')
cd /Users/admin/builder/spi-builder-workspace
write-file /Users/admin/builder/spi-builder-workspace/.derivedData/Build/Intermediates.noindex/ETDistribution.build/Debug-watchos/ETDistribution-t.build/Objects-normal/arm64_32/ETDistribution-OutputFileMap.json
WriteAuxiliaryFile /Users/admin/builder/spi-builder-workspace/.derivedData/Build/Intermediates.noindex/ETDistribution.build/Debug-watchos/ETDistribution-t.build/Objects-normal/arm64_32/ETDistribution_const_extract_protocols.json (in target 'ETDistribution' from project 'ETDistribution')
cd /Users/admin/builder/spi-builder-workspace
write-file /Users/admin/builder/spi-builder-workspace/.derivedData/Build/Intermediates.noindex/ETDistribution.build/Debug-watchos/ETDistribution-t.build/Objects-normal/arm64_32/ETDistribution_const_extract_protocols.json
WriteAuxiliaryFile /Users/admin/builder/spi-builder-workspace/.derivedData/Build/Intermediates.noindex/ETDistribution.build/Debug-watchos/ETDistribution-product-t.build/Objects-normal/arm64/ETDistribution.LinkFileList (in target 'ETDistribution-product' from project 'ETDistribution')
cd /Users/admin/builder/spi-builder-workspace
write-file /Users/admin/builder/spi-builder-workspace/.derivedData/Build/Intermediates.noindex/ETDistribution.build/Debug-watchos/ETDistribution-product-t.build/Objects-normal/arm64/ETDistribution.LinkFileList
WriteAuxiliaryFile /Users/admin/builder/spi-builder-workspace/.derivedData/Build/Intermediates.noindex/ETDistribution.build/Debug-watchos/ETDistribution-product-t.build/Objects-normal/arm64_32/ETDistribution.LinkFileList (in target 'ETDistribution-product' from project 'ETDistribution')
cd /Users/admin/builder/spi-builder-workspace
write-file /Users/admin/builder/spi-builder-workspace/.derivedData/Build/Intermediates.noindex/ETDistribution.build/Debug-watchos/ETDistribution-product-t.build/Objects-normal/arm64_32/ETDistribution.LinkFileList
WriteAuxiliaryFile /Users/admin/builder/spi-builder-workspace/.derivedData/Build/Intermediates.noindex/ETDistribution.build/Debug-watchos/ETDistribution-product-t.build/ETDistribution.DependencyMetadataFileList (in target 'ETDistribution-product' from project 'ETDistribution')
cd /Users/admin/builder/spi-builder-workspace
write-file /Users/admin/builder/spi-builder-workspace/.derivedData/Build/Intermediates.noindex/ETDistribution.build/Debug-watchos/ETDistribution-product-t.build/ETDistribution.DependencyMetadataFileList
WriteAuxiliaryFile /Users/admin/builder/spi-builder-workspace/.derivedData/Build/Intermediates.noindex/ETDistribution.build/Debug-watchos/ETDistribution-t.build/Objects-normal/arm64_32/ETDistribution.SwiftFileList (in target 'ETDistribution' from project 'ETDistribution')
cd /Users/admin/builder/spi-builder-workspace
write-file /Users/admin/builder/spi-builder-workspace/.derivedData/Build/Intermediates.noindex/ETDistribution.build/Debug-watchos/ETDistribution-t.build/Objects-normal/arm64_32/ETDistribution.SwiftFileList
WriteAuxiliaryFile /Users/admin/builder/spi-builder-workspace/.derivedData/Build/Intermediates.noindex/ETDistribution.build/Debug-watchos/ETDistribution-t.build/Objects-normal/arm64_32/ETDistribution.SwiftConstValuesFileList (in target 'ETDistribution' from project 'ETDistribution')
cd /Users/admin/builder/spi-builder-workspace
write-file /Users/admin/builder/spi-builder-workspace/.derivedData/Build/Intermediates.noindex/ETDistribution.build/Debug-watchos/ETDistribution-t.build/Objects-normal/arm64_32/ETDistribution.SwiftConstValuesFileList
WriteAuxiliaryFile /Users/admin/builder/spi-builder-workspace/.derivedData/Build/Intermediates.noindex/ETDistribution.build/Debug-watchos/ETDistribution-t.build/Objects-normal/arm64/ETDistribution_const_extract_protocols.json (in target 'ETDistribution' from project 'ETDistribution')
cd /Users/admin/builder/spi-builder-workspace
write-file /Users/admin/builder/spi-builder-workspace/.derivedData/Build/Intermediates.noindex/ETDistribution.build/Debug-watchos/ETDistribution-t.build/Objects-normal/arm64/ETDistribution_const_extract_protocols.json
WriteAuxiliaryFile /Users/admin/builder/spi-builder-workspace/.derivedData/Build/Intermediates.noindex/ETDistribution.build/Debug-watchos/ETDistribution-t.build/Objects-normal/arm64/ETDistribution.SwiftFileList (in target 'ETDistribution' from project 'ETDistribution')
cd /Users/admin/builder/spi-builder-workspace
write-file /Users/admin/builder/spi-builder-workspace/.derivedData/Build/Intermediates.noindex/ETDistribution.build/Debug-watchos/ETDistribution-t.build/Objects-normal/arm64/ETDistribution.SwiftFileList
WriteAuxiliaryFile /Users/admin/builder/spi-builder-workspace/.derivedData/Build/Intermediates.noindex/ETDistribution.build/Debug-watchos/ETDistribution-t.build/Objects-normal/arm64/ETDistribution.SwiftConstValuesFileList (in target 'ETDistribution' from project 'ETDistribution')
cd /Users/admin/builder/spi-builder-workspace
write-file /Users/admin/builder/spi-builder-workspace/.derivedData/Build/Intermediates.noindex/ETDistribution.build/Debug-watchos/ETDistribution-t.build/Objects-normal/arm64/ETDistribution.SwiftConstValuesFileList
WriteAuxiliaryFile /Users/admin/builder/spi-builder-workspace/.derivedData/Build/Intermediates.noindex/ETDistribution.build/Debug-watchos/ETDistribution-t.build/Objects-normal/arm64/ETDistribution.LinkFileList (in target 'ETDistribution' from project 'ETDistribution')
cd /Users/admin/builder/spi-builder-workspace
write-file /Users/admin/builder/spi-builder-workspace/.derivedData/Build/Intermediates.noindex/ETDistribution.build/Debug-watchos/ETDistribution-t.build/Objects-normal/arm64/ETDistribution.LinkFileList
WriteAuxiliaryFile /Users/admin/builder/spi-builder-workspace/.derivedData/Build/Intermediates.noindex/ETDistribution.build/Debug-watchos/ETDistribution-t.build/Objects-normal/arm64/ETDistribution-OutputFileMap.json (in target 'ETDistribution' from project 'ETDistribution')
cd /Users/admin/builder/spi-builder-workspace
write-file /Users/admin/builder/spi-builder-workspace/.derivedData/Build/Intermediates.noindex/ETDistribution.build/Debug-watchos/ETDistribution-t.build/Objects-normal/arm64/ETDistribution-OutputFileMap.json
WriteAuxiliaryFile /Users/admin/builder/spi-builder-workspace/.derivedData/Build/Intermediates.noindex/ETDistribution.build/Debug-watchos/ETDistribution-t.build/ETDistribution.DependencyStaticMetadataFileList (in target 'ETDistribution' from project 'ETDistribution')
cd /Users/admin/builder/spi-builder-workspace
write-file /Users/admin/builder/spi-builder-workspace/.derivedData/Build/Intermediates.noindex/ETDistribution.build/Debug-watchos/ETDistribution-t.build/ETDistribution.DependencyStaticMetadataFileList
WriteAuxiliaryFile /Users/admin/builder/spi-builder-workspace/.derivedData/Build/Intermediates.noindex/ETDistribution.build/Debug-watchos/ETDistribution-t.build/ETDistribution.DependencyMetadataFileList (in target 'ETDistribution' from project 'ETDistribution')
cd /Users/admin/builder/spi-builder-workspace
write-file /Users/admin/builder/spi-builder-workspace/.derivedData/Build/Intermediates.noindex/ETDistribution.build/Debug-watchos/ETDistribution-t.build/ETDistribution.DependencyMetadataFileList
Copy /Users/admin/builder/spi-builder-workspace/.derivedData/Build/Intermediates.noindex/GeneratedModuleMaps-watchos/ETDistribution.modulemap /Users/admin/builder/spi-builder-workspace/.derivedData/Build/Intermediates.noindex/ETDistribution.build/Debug-watchos/ETDistribution-t.build/ETDistribution.modulemap (in target 'ETDistribution' from project 'ETDistribution')
cd /Users/admin/builder/spi-builder-workspace
builtin-copy -exclude .DS_Store -exclude CVS -exclude .svn -exclude .git -exclude .hg -resolve-src-symlinks /Users/admin/builder/spi-builder-workspace/.derivedData/Build/Intermediates.noindex/ETDistribution.build/Debug-watchos/ETDistribution-t.build/ETDistribution.modulemap /Users/admin/builder/spi-builder-workspace/.derivedData/Build/Intermediates.noindex/GeneratedModuleMaps-watchos
MkDir /Users/admin/builder/spi-builder-workspace/.derivedData/Build/Products/Debug-watchos/PackageFrameworks/ETDistribution.framework (in target 'ETDistribution-product' from project 'ETDistribution')
cd /Users/admin/builder/spi-builder-workspace
/bin/mkdir -p /Users/admin/builder/spi-builder-workspace/.derivedData/Build/Products/Debug-watchos/PackageFrameworks/ETDistribution.framework
SwiftDriver ETDistribution normal arm64_32 com.apple.xcode.tools.swift.compiler (in target 'ETDistribution' from project 'ETDistribution')
cd /Users/admin/builder/spi-builder-workspace/.swiftpm/xcode
builtin-SwiftDriver -- /Applications/Xcode-27.0.0-Release.Candidate.app/Contents/Developer/Toolchains/XcodeDefault.xctoolchain/usr/bin/swiftc -parse-as-library -module-name ETDistribution -Onone @/Users/admin/builder/spi-builder-workspace/.derivedData/Build/Intermediates.noindex/ETDistribution.build/Debug-watchos/ETDistribution-t.build/Objects-normal/arm64_32/ETDistribution.SwiftFileList -DSWIFT_PACKAGE -DDEBUG -DSWIFT_MODULE_RESOURCE_BUNDLE_UNAVAILABLE -DXcode -plugin-path /Applications/Xcode-27.0.0-Release.Candidate.app/Contents/Developer/Toolchains/XcodeDefault.xctoolchain/usr/lib/swift/host/plugins/testing -enable-experimental-feature DebugDescriptionMacro -sdk /Applications/Xcode-27.0.0-Release.Candidate.app/Contents/Developer/Platforms/WatchOS.platform/Developer/SDKs/WatchOS27.0.sdk -target arm64_32-apple-watchos9.0 -g -module-cache-path /Users/admin/builder/spi-builder-workspace/.derivedData/ModuleCache.noindex -Xfrontend -serialize-debugging-options -profile-coverage-mapping -profile-generate -enable-testing -index-store-path /Users/admin/builder/spi-builder-workspace/.derivedData/Index.noindex/DataStore -Xcc -D_LIBCPP_HARDENING_MODE\=_LIBCPP_HARDENING_MODE_DEBUG -swift-version 5 -I /Users/admin/builder/spi-builder-workspace/.derivedData/Build/Products/Debug-watchos -Isystem /Applications/Xcode-27.0.0-Release.Candidate.app/Contents/Developer/Platforms/WatchOS.platform/Developer/usr/lib -F /Users/admin/builder/spi-builder-workspace/.derivedData/Build/Products/Debug-watchos -F /Applications/Xcode-27.0.0-Release.Candidate.app/Contents/Developer/Platforms/WatchOS.platform/Developer/Library/Frameworks -F /Applications/Xcode-27.0.0-Release.Candidate.app/Contents/Developer/Platforms/WatchOS.platform/Developer/SDKs/WatchOS27.0.sdk/Developer/Library/Frameworks -c -j10 -enable-batch-mode -incremental -Xcc -ivfsstatcache -Xcc /Users/admin/builder/spi-builder-workspace/.derivedData/SDKStatCaches.noindex/watchos27.0-24R360-e829b21a6f8c9b70876ba0858053c04477534ef55a1706bf4c1112bbb242f0a2.sdkstatcache -output-file-map /Users/admin/builder/spi-builder-workspace/.derivedData/Build/Intermediates.noindex/ETDistribution.build/Debug-watchos/ETDistribution-t.build/Objects-normal/arm64_32/ETDistribution-OutputFileMap.json -save-temps -no-color-diagnostics -explicit-module-build -module-cache-path /Users/admin/builder/spi-builder-workspace/.derivedData/Build/Intermediates.noindex/SwiftExplicitPrecompiledModules -clang-scanner-module-cache-path /Users/admin/builder/spi-builder-workspace/.derivedData/ModuleCache.noindex -sdk-module-cache-path /Users/admin/builder/spi-builder-workspace/.derivedData/SDKExplicitPrecompiledModules -emit-dependencies -emit-module -emit-module-path /Users/admin/builder/spi-builder-workspace/.derivedData/Build/Intermediates.noindex/ETDistribution.build/Debug-watchos/ETDistribution-t.build/Objects-normal/arm64_32/ETDistribution.swiftmodule -serialize-diagnostics -dependency-scan-serialize-diagnostics-path /Users/admin/builder/spi-builder-workspace/.derivedData/Build/Intermediates.noindex/ETDistribution.build/Debug-watchos/ETDistribution-t.build/Objects-normal/arm64_32/ETDistribution-dependency-scan.dia -validate-clang-modules-once -clang-build-session-file /Users/admin/builder/spi-builder-workspace/.derivedData/ModuleCache.noindex/Session.modulevalidation -Xcc -fmodules-prune-interval\=86400 -Xcc -fmodules-prune-after\=345600 -package-name spi_builder_workspace -emit-const-values -const-gather-protocols-list /Users/admin/builder/spi-builder-workspace/.derivedData/Build/Intermediates.noindex/ETDistribution.build/Debug-watchos/ETDistribution-t.build/Objects-normal/arm64_32/ETDistribution_const_extract_protocols.json -Xcc -I/Users/admin/builder/spi-builder-workspace/.derivedData/Build/Products/Debug-watchos/include -Xcc -I/Users/admin/builder/spi-builder-workspace/.derivedData/Build/Intermediates.noindex/ETDistribution.build/Debug-watchos/ETDistribution-t.build/DerivedSources-normal/arm64_32 -Xcc -I/Users/admin/builder/spi-builder-workspace/.derivedData/Build/Intermediates.noindex/ETDistribution.build/Debug-watchos/ETDistribution-t.build/DerivedSources/arm64_32 -Xcc -I/Users/admin/builder/spi-builder-workspace/.derivedData/Build/Intermediates.noindex/ETDistribution.build/Debug-watchos/ETDistribution-t.build/DerivedSources -Xcc -DSWIFT_PACKAGE -Xcc -DDEBUG\=1 -emit-objc-header -emit-objc-header-path /Users/admin/builder/spi-builder-workspace/.derivedData/Build/Intermediates.noindex/ETDistribution.build/Debug-watchos/ETDistribution-t.build/Objects-normal/arm64_32/ETDistribution-Swift.h -working-directory /Users/admin/builder/spi-builder-workspace/.swiftpm/xcode -experimental-emit-module-separately -disable-cmo
SwiftDriver ETDistribution normal arm64 com.apple.xcode.tools.swift.compiler (in target 'ETDistribution' from project 'ETDistribution')
cd /Users/admin/builder/spi-builder-workspace/.swiftpm/xcode
builtin-SwiftDriver -- /Applications/Xcode-27.0.0-Release.Candidate.app/Contents/Developer/Toolchains/XcodeDefault.xctoolchain/usr/bin/swiftc -parse-as-library -module-name ETDistribution -Onone @/Users/admin/builder/spi-builder-workspace/.derivedData/Build/Intermediates.noindex/ETDistribution.build/Debug-watchos/ETDistribution-t.build/Objects-normal/arm64/ETDistribution.SwiftFileList -DSWIFT_PACKAGE -DDEBUG -DSWIFT_MODULE_RESOURCE_BUNDLE_UNAVAILABLE -DXcode -plugin-path /Applications/Xcode-27.0.0-Release.Candidate.app/Contents/Developer/Toolchains/XcodeDefault.xctoolchain/usr/lib/swift/host/plugins/testing -enable-experimental-feature DebugDescriptionMacro -sdk /Applications/Xcode-27.0.0-Release.Candidate.app/Contents/Developer/Platforms/WatchOS.platform/Developer/SDKs/WatchOS27.0.sdk -target arm64-apple-watchos9.0 -g -module-cache-path /Users/admin/builder/spi-builder-workspace/.derivedData/ModuleCache.noindex -Xfrontend -serialize-debugging-options -profile-coverage-mapping -profile-generate -enable-testing -index-store-path /Users/admin/builder/spi-builder-workspace/.derivedData/Index.noindex/DataStore -Xcc -D_LIBCPP_HARDENING_MODE\=_LIBCPP_HARDENING_MODE_DEBUG -swift-version 5 -I /Users/admin/builder/spi-builder-workspace/.derivedData/Build/Products/Debug-watchos -Isystem /Applications/Xcode-27.0.0-Release.Candidate.app/Contents/Developer/Platforms/WatchOS.platform/Developer/usr/lib -F /Users/admin/builder/spi-builder-workspace/.derivedData/Build/Products/Debug-watchos -F /Applications/Xcode-27.0.0-Release.Candidate.app/Contents/Developer/Platforms/WatchOS.platform/Developer/Library/Frameworks -F /Applications/Xcode-27.0.0-Release.Candidate.app/Contents/Developer/Platforms/WatchOS.platform/Developer/SDKs/WatchOS27.0.sdk/Developer/Library/Frameworks -c -j10 -enable-batch-mode -incremental -Xcc -ivfsstatcache -Xcc /Users/admin/builder/spi-builder-workspace/.derivedData/SDKStatCaches.noindex/watchos27.0-24R360-e829b21a6f8c9b70876ba0858053c04477534ef55a1706bf4c1112bbb242f0a2.sdkstatcache -output-file-map /Users/admin/builder/spi-builder-workspace/.derivedData/Build/Intermediates.noindex/ETDistribution.build/Debug-watchos/ETDistribution-t.build/Objects-normal/arm64/ETDistribution-OutputFileMap.json -save-temps -no-color-diagnostics -explicit-module-build -module-cache-path /Users/admin/builder/spi-builder-workspace/.derivedData/Build/Intermediates.noindex/SwiftExplicitPrecompiledModules -clang-scanner-module-cache-path /Users/admin/builder/spi-builder-workspace/.derivedData/ModuleCache.noindex -sdk-module-cache-path /Users/admin/builder/spi-builder-workspace/.derivedData/SDKExplicitPrecompiledModules -emit-dependencies -emit-module -emit-module-path /Users/admin/builder/spi-builder-workspace/.derivedData/Build/Intermediates.noindex/ETDistribution.build/Debug-watchos/ETDistribution-t.build/Objects-normal/arm64/ETDistribution.swiftmodule -serialize-diagnostics -dependency-scan-serialize-diagnostics-path /Users/admin/builder/spi-builder-workspace/.derivedData/Build/Intermediates.noindex/ETDistribution.build/Debug-watchos/ETDistribution-t.build/Objects-normal/arm64/ETDistribution-dependency-scan.dia -validate-clang-modules-once -clang-build-session-file /Users/admin/builder/spi-builder-workspace/.derivedData/ModuleCache.noindex/Session.modulevalidation -Xcc -fmodules-prune-interval\=86400 -Xcc -fmodules-prune-after\=345600 -package-name spi_builder_workspace -emit-const-values -const-gather-protocols-list /Users/admin/builder/spi-builder-workspace/.derivedData/Build/Intermediates.noindex/ETDistribution.build/Debug-watchos/ETDistribution-t.build/Objects-normal/arm64/ETDistribution_const_extract_protocols.json -Xcc -I/Users/admin/builder/spi-builder-workspace/.derivedData/Build/Products/Debug-watchos/include -Xcc -I/Users/admin/builder/spi-builder-workspace/.derivedData/Build/Intermediates.noindex/ETDistribution.build/Debug-watchos/ETDistribution-t.build/DerivedSources-normal/arm64 -Xcc -I/Users/admin/builder/spi-builder-workspace/.derivedData/Build/Intermediates.noindex/ETDistribution.build/Debug-watchos/ETDistribution-t.build/DerivedSources/arm64 -Xcc -I/Users/admin/builder/spi-builder-workspace/.derivedData/Build/Intermediates.noindex/ETDistribution.build/Debug-watchos/ETDistribution-t.build/DerivedSources -Xcc -DSWIFT_PACKAGE -Xcc -DDEBUG\=1 -emit-objc-header -emit-objc-header-path /Users/admin/builder/spi-builder-workspace/.derivedData/Build/Intermediates.noindex/ETDistribution.build/Debug-watchos/ETDistribution-t.build/Objects-normal/arm64/ETDistribution-Swift.h -working-directory /Users/admin/builder/spi-builder-workspace/.swiftpm/xcode -experimental-emit-module-separately -disable-cmo
SwiftExplicitDependencyGeneratePcm arm64 /Users/admin/builder/spi-builder-workspace/.derivedData/SDKExplicitPrecompiledModules/_Builtin_float-C0CW5Q4HGBQYKE77TC42IAFB5.pcm
SwiftExplicitDependencyGeneratePcm arm64 /Users/admin/builder/spi-builder-workspace/.derivedData/SDKExplicitPrecompiledModules/_SwiftConcurrencyShims-659N52XSKR5F0QSB880BH2FJR.pcm
SwiftExplicitDependencyGeneratePcm arm64 /Users/admin/builder/spi-builder-workspace/.derivedData/SDKExplicitPrecompiledModules/ptrauth-3TZ9WJCGLYD25HQPWH4968ONX.pcm
SwiftExplicitDependencyGeneratePcm arm64 /Users/admin/builder/spi-builder-workspace/.derivedData/SDKExplicitPrecompiledModules/DeveloperToolsSupport-E7CNISCB36UE8XQ9IOHK9XDX1.pcm
SwiftExplicitDependencyGeneratePcm arm64 /Users/admin/builder/spi-builder-workspace/.derivedData/SDKExplicitPrecompiledModules/_AvailabilityInternal-BUNV3UXM65NT37THI4W1AM0SF.pcm
SwiftExplicitDependencyGeneratePcm arm64 /Users/admin/builder/spi-builder-workspace/.derivedData/SDKExplicitPrecompiledModules/ptrcheck-AIF0NDOYZ8ORBNHQAQR5NNB8M.pcm
SwiftExplicitDependencyGeneratePcm arm64_32 /Users/admin/builder/spi-builder-workspace/.derivedData/SDKExplicitPrecompiledModules/_SwiftConcurrencyShims-6RTBPQ03V7BM9SPRK8SUE055H.pcm
SwiftExplicitDependencyGeneratePcm arm64_32 /Users/admin/builder/spi-builder-workspace/.derivedData/SDKExplicitPrecompiledModules/_Builtin_float-6KO8O3PEWRCA4WC6PPLOYO6WJ.pcm
SwiftExplicitDependencyGeneratePcm arm64_32 /Users/admin/builder/spi-builder-workspace/.derivedData/SDKExplicitPrecompiledModules/SwiftShims-9CQQGWTSNTN9EB5NSHDWUJICH.pcm
SwiftExplicitDependencyGeneratePcm arm64 /Users/admin/builder/spi-builder-workspace/.derivedData/SDKExplicitPrecompiledModules/_Builtin_stdarg-A7UU8LE6MP85SM26YO7PBZNUQ.pcm
SwiftExplicitDependencyGeneratePcm arm64_32 /Users/admin/builder/spi-builder-workspace/.derivedData/SDKExplicitPrecompiledModules/ptrcheck-7ELIH9BTIGVKX3UBITM9N72WD.pcm
SwiftExplicitDependencyGeneratePcm arm64_32 /Users/admin/builder/spi-builder-workspace/.derivedData/SDKExplicitPrecompiledModules/ptrauth-BFXF358ME5AK535N5A9Z766WU.pcm
SwiftExplicitDependencyGeneratePcm arm64_32 /Users/admin/builder/spi-builder-workspace/.derivedData/SDKExplicitPrecompiledModules/_AvailabilityInternal-244WAN3Z1QBT7PIA64EZEFY1R.pcm
SwiftExplicitDependencyGeneratePcm arm64 /Users/admin/builder/spi-builder-workspace/.derivedData/SDKExplicitPrecompiledModules/_Builtin_stdbool-83J96QSOFE9VX04AAS6310UAE.pcm
SwiftExplicitDependencyGeneratePcm arm64_32 /Users/admin/builder/spi-builder-workspace/.derivedData/SDKExplicitPrecompiledModules/_Builtin_stddef-H44EFHQX6XSS5MZ7QP6YJZ76.pcm
SwiftExplicitDependencyGeneratePcm arm64 /Users/admin/builder/spi-builder-workspace/.derivedData/SDKExplicitPrecompiledModules/_Builtin_stddef-1FU30Y8SWFB7OUUHMJQH5J6FM.pcm
SwiftExplicitDependencyGeneratePcm arm64_32 /Users/admin/builder/spi-builder-workspace/.derivedData/SDKExplicitPrecompiledModules/_Builtin_stdarg-D305JG44A2WPI6CJY37X3QJE8.pcm
SwiftExplicitDependencyGeneratePcm arm64_32 /Users/admin/builder/spi-builder-workspace/.derivedData/SDKExplicitPrecompiledModules/_Builtin_stdbool-A967K8W8YUYEC9SN52KJ7OO88.pcm
SwiftExplicitDependencyGeneratePcm arm64 /Users/admin/builder/spi-builder-workspace/.derivedData/SDKExplicitPrecompiledModules/SwiftShims-4MXFZPV6FEB0XBYXCGPWAMQGL.pcm
SwiftExplicitDependencyGeneratePcm arm64 /Users/admin/builder/spi-builder-workspace/.derivedData/SDKExplicitPrecompiledModules/_DarwinFoundation1-7SPX3MD0HMP55E4OLNCPNDQ53.pcm
SwiftExplicitDependencyGeneratePcm arm64_32 /Users/admin/builder/spi-builder-workspace/.derivedData/SDKExplicitPrecompiledModules/DeveloperToolsSupport-DZU5G1OCMNWU0AQRULIFHUJ1Z.pcm
SwiftExplicitDependencyGeneratePcm arm64_32 /Users/admin/builder/spi-builder-workspace/.derivedData/SDKExplicitPrecompiledModules/_DarwinFoundation1-2GWF9RFMPLQW4PDHS3NARVI3G.pcm
SwiftExplicitDependencyGeneratePcm arm64 /Users/admin/builder/spi-builder-workspace/.derivedData/SDKExplicitPrecompiledModules/_DarwinFoundation2-D0XAPJU49S5E9XMKYOFGSTB1Q.pcm
SwiftExplicitDependencyGeneratePcm arm64 /Users/admin/builder/spi-builder-workspace/.derivedData/SDKExplicitPrecompiledModules/_Builtin_limits-9GWPA2B0H20DYUNYHYCWKABJG.pcm
SwiftExplicitDependencyGeneratePcm arm64_32 /Users/admin/builder/spi-builder-workspace/.derivedData/SDKExplicitPrecompiledModules/_Builtin_limits-3VKBU2AFTD65PAJZ5CJ3LHFM2.pcm
SwiftExplicitDependencyGeneratePcm arm64_32 /Users/admin/builder/spi-builder-workspace/.derivedData/SDKExplicitPrecompiledModules/_DarwinFoundation2-9MY8GOSYRO0M9MKNXF6D3MBNK.pcm
SwiftExplicitDependencyGeneratePcm arm64 /Users/admin/builder/spi-builder-workspace/.derivedData/SDKExplicitPrecompiledModules/sys_types-2KXQLI78OUCDP779AE68GZJ2.pcm
SwiftExplicitDependencyGeneratePcm arm64 /Users/admin/builder/spi-builder-workspace/.derivedData/SDKExplicitPrecompiledModules/_Builtin_stdint-8XMILLJZEGRN2XG7XZUXZ5RLX.pcm
SwiftExplicitDependencyGeneratePcm arm64 /Users/admin/builder/spi-builder-workspace/.derivedData/SDKExplicitPrecompiledModules/string_h-E6PRXK75PHIPCZFWOFCQ3QBMK.pcm
SwiftExplicitDependencyGeneratePcm arm64 /Users/admin/builder/spi-builder-workspace/.derivedData/SDKExplicitPrecompiledModules/_Builtin_tgmath-8NQ96OZ0YHXEC24JI95P01UF8.pcm
SwiftExplicitDependencyGeneratePcm arm64_32 /Users/admin/builder/spi-builder-workspace/.derivedData/SDKExplicitPrecompiledModules/_Builtin_stdint-1HMXWI3V0V4TXHRWZOMZGZ80Y.pcm
SwiftExplicitDependencyGeneratePcm arm64_32 /Users/admin/builder/spi-builder-workspace/.derivedData/SDKExplicitPrecompiledModules/string_h-BFVLUQUSBZWYMLCU9QI7VZALW.pcm
SwiftExplicitDependencyGeneratePcm arm64_32 /Users/admin/builder/spi-builder-workspace/.derivedData/SDKExplicitPrecompiledModules/_Builtin_tgmath-23PGCKURCQILXMK0MYZRYDCOU.pcm
SwiftExplicitDependencyGeneratePcm arm64_32 /Users/admin/builder/spi-builder-workspace/.derivedData/SDKExplicitPrecompiledModules/sys_types-8TLLMW08ZJWDGIIPKOYFGHHZW.pcm
SwiftExplicitDependencyGeneratePcm arm64 /Users/admin/builder/spi-builder-workspace/.derivedData/SDKExplicitPrecompiledModules/_Builtin_stdatomic-7JEFA3KBJJJN6TKJWY3OG1VG5.pcm
SwiftExplicitDependencyGeneratePcm arm64 /Users/admin/builder/spi-builder-workspace/.derivedData/SDKExplicitPrecompiledModules/_DarwinFoundation3-B97LRG0E9GON2NUE65TVG81HU.pcm
SwiftExplicitDependencyGeneratePcm arm64 /Users/admin/builder/spi-builder-workspace/.derivedData/SDKExplicitPrecompiledModules/_Builtin_intrinsics-75960HIPCIYA06IUW8FIIPQT.pcm
SwiftExplicitDependencyGeneratePcm arm64_32 /Users/admin/builder/spi-builder-workspace/.derivedData/SDKExplicitPrecompiledModules/_DarwinFoundation3-3DUTYQDQSD9HUAAVY947NMWOI.pcm
SwiftExplicitDependencyGeneratePcm arm64_32 /Users/admin/builder/spi-builder-workspace/.derivedData/SDKExplicitPrecompiledModules/_Builtin_intrinsics-196IIAKDQVU42DLOZP9OQCV76.pcm
SwiftExplicitDependencyGeneratePcm arm64_32 /Users/admin/builder/spi-builder-workspace/.derivedData/SDKExplicitPrecompiledModules/_Builtin_stdatomic-1TY035TURL76BF2U98PZPPZRX.pcm
SwiftExplicitDependencyGeneratePcm arm64 /Users/admin/builder/spi-builder-workspace/.derivedData/SDKExplicitPrecompiledModules/CommonCrypto-3731WVM9LGADOB9H6TY2155BN.pcm
SwiftExplicitDependencyGeneratePcm arm64 /Users/admin/builder/spi-builder-workspace/.derivedData/SDKExplicitPrecompiledModules/_Builtin_inttypes-3UQSCM7WNM9EK4HZML8TY5J3D.pcm
SwiftExplicitDependencyGeneratePcm arm64_32 /Users/admin/builder/spi-builder-workspace/.derivedData/SDKExplicitPrecompiledModules/_Builtin_inttypes-D2KPCR4PEX9AQA33NGLUT5SBR.pcm
SwiftExplicitDependencyGeneratePcm arm64_32 /Users/admin/builder/spi-builder-workspace/.derivedData/SDKExplicitPrecompiledModules/CommonCrypto-4SBKSONONPCN5A2NN0NHD4BRW.pcm
SwiftExplicitDependencyGeneratePcm arm64 /Users/admin/builder/spi-builder-workspace/.derivedData/SDKExplicitPrecompiledModules/Darwin-3984OXKFNSPE77NT743WK8SEX.pcm
SwiftExplicitDependencyGeneratePcm arm64_32 /Users/admin/builder/spi-builder-workspace/.derivedData/SDKExplicitPrecompiledModules/Darwin-3FVT1SKLN2ZQ5RVOABMTQBB34.pcm
SwiftExplicitDependencyGeneratePcm arm64 /Users/admin/builder/spi-builder-workspace/.derivedData/SDKExplicitPrecompiledModules/simd-EH08NODU6574T74ZKU61VP9BW.pcm
SwiftExplicitDependencyGeneratePcm arm64_32 /Users/admin/builder/spi-builder-workspace/.derivedData/SDKExplicitPrecompiledModules/simd-21UNWYOBUZI1LVSQ99S1XBLMO.pcm
SwiftExplicitDependencyGeneratePcm arm64 /Users/admin/builder/spi-builder-workspace/.derivedData/SDKExplicitPrecompiledModules/ObjectiveC-72IVD3VS2RS8Q28D9PIMY0KQP.pcm
SwiftExplicitDependencyGeneratePcm arm64 /Users/admin/builder/spi-builder-workspace/.derivedData/SDKExplicitPrecompiledModules/MachO-2U90NNSAQILBNBPS1SA4F8TYP.pcm
SwiftExplicitDependencyGeneratePcm arm64_32 /Users/admin/builder/spi-builder-workspace/.derivedData/SDKExplicitPrecompiledModules/ObjectiveC-6IJNELR2E80E7LUKESVCP2KET.pcm
SwiftExplicitDependencyGeneratePcm arm64_32 /Users/admin/builder/spi-builder-workspace/.derivedData/SDKExplicitPrecompiledModules/MachO-56838ZJ0NC1EBAJ0O6O8QMPDX.pcm
SwiftExplicitDependencyGeneratePcm arm64 /Users/admin/builder/spi-builder-workspace/.derivedData/SDKExplicitPrecompiledModules/os_object-3SDKD7F87FTZ26OON37DRYT6O.pcm
SwiftExplicitDependencyGeneratePcm arm64_32 /Users/admin/builder/spi-builder-workspace/.derivedData/SDKExplicitPrecompiledModules/os_object-5YWTC6L4756IWSTPGXS5NM0D0.pcm
SwiftExplicitDependencyGeneratePcm arm64 /Users/admin/builder/spi-builder-workspace/.derivedData/SDKExplicitPrecompiledModules/os_workgroup-89GG5G7YC2D0ZTK6AZXXQ20DH.pcm
SwiftExplicitDependencyGeneratePcm arm64_32 /Users/admin/builder/spi-builder-workspace/.derivedData/SDKExplicitPrecompiledModules/os_workgroup-5JHTPDMNBUNHLJI8LPHKQK1JK.pcm
SwiftExplicitDependencyGeneratePcm arm64 /Users/admin/builder/spi-builder-workspace/.derivedData/SDKExplicitPrecompiledModules/Spatial-44FJGYXFAT2AQAW9Z6T7YS02U.pcm
SwiftExplicitDependencyGeneratePcm arm64 /Users/admin/builder/spi-builder-workspace/.derivedData/SDKExplicitPrecompiledModules/Dispatch-1NLJOVAK60XP0DUB05XA59EIM.pcm
SwiftExplicitDependencyGeneratePcm arm64_32 /Users/admin/builder/spi-builder-workspace/.derivedData/SDKExplicitPrecompiledModules/Spatial-CWVWNML3T0NXVHZDKVLD3X1YZ.pcm
SwiftExplicitDependencyGeneratePcm arm64_32 /Users/admin/builder/spi-builder-workspace/.derivedData/SDKExplicitPrecompiledModules/Dispatch-2P62F1T4XV63S4P99TUDTOK2Q.pcm
SwiftExplicitDependencyGeneratePcm arm64 /Users/admin/builder/spi-builder-workspace/.derivedData/SDKExplicitPrecompiledModules/XPC-40DR0X1DHKGCV4J1IOLFS8MOU.pcm
SwiftExplicitDependencyGeneratePcm arm64 /Users/admin/builder/spi-builder-workspace/.derivedData/SDKExplicitPrecompiledModules/CoreFoundation-8T2L24YC5NU7WO6WQJWRY7W08.pcm
SwiftExplicitDependencyGeneratePcm arm64_32 /Users/admin/builder/spi-builder-workspace/.derivedData/SDKExplicitPrecompiledModules/XPC-81Y45QFY96XYYFCW2GT6FY8S4.pcm
SwiftExplicitDependencyGeneratePcm arm64_32 /Users/admin/builder/spi-builder-workspace/.derivedData/SDKExplicitPrecompiledModules/CoreFoundation-8E6Y4BA3EXYKUGJ24GT9LGV3N.pcm
SwiftExplicitDependencyGeneratePcm arm64 /Users/admin/builder/spi-builder-workspace/.derivedData/SDKExplicitPrecompiledModules/os-5DIL6Z9LFIGLMZAHM7X2T5435.pcm
SwiftExplicitDependencyGeneratePcm arm64_32 /Users/admin/builder/spi-builder-workspace/.derivedData/SDKExplicitPrecompiledModules/os-E5IGB442IA6SBB25TTCOLK2OC.pcm
SwiftExplicitDependencyGeneratePcm arm64 /Users/admin/builder/spi-builder-workspace/.derivedData/SDKExplicitPrecompiledModules/Security-6RZ6YBRU8WCUHRFFRVUK5WKMM.pcm
SwiftExplicitDependencyGeneratePcm arm64 /Users/admin/builder/spi-builder-workspace/.derivedData/SDKExplicitPrecompiledModules/CoreGraphics-DWNZ73GEH98SBJXZ7DEXB420K.pcm
SwiftExplicitDependencyGeneratePcm arm64_32 /Users/admin/builder/spi-builder-workspace/.derivedData/SDKExplicitPrecompiledModules/CoreGraphics-9FDXYX6BKBUT6TJ2VF819E7T5.pcm
SwiftExplicitDependencyGeneratePcm arm64_32 /Users/admin/builder/spi-builder-workspace/.derivedData/SDKExplicitPrecompiledModules/Security-D7TOWF88VWF67TB9HAFP5UWB1.pcm
SwiftExplicitDependencyGeneratePcm arm64 /Users/admin/builder/spi-builder-workspace/.derivedData/SDKExplicitPrecompiledModules/Foundation-DLBKUSGXN8QHAT8W0OARR9S8A.pcm
SwiftExplicitDependencyGeneratePcm arm64 /Users/admin/builder/spi-builder-workspace/.derivedData/SDKExplicitPrecompiledModules/CoreText-970YJN6NIYGK1316L35Z0O8QT.pcm
SwiftExplicitDependencyGeneratePcm arm64 /Users/admin/builder/spi-builder-workspace/.derivedData/SDKExplicitPrecompiledModules/CoreVideo-8MRR5MNWUOAW2DBPGUQ8FKK4.pcm
SwiftExplicitDependencyGeneratePcm arm64_32 /Users/admin/builder/spi-builder-workspace/.derivedData/SDKExplicitPrecompiledModules/Foundation-BJ2VQGI3OGR34500MEQ1VKHPH.pcm
SwiftExplicitDependencyGeneratePcm arm64_32 /Users/admin/builder/spi-builder-workspace/.derivedData/SDKExplicitPrecompiledModules/CoreVideo-2P8HI0403J99LBDPKNFJ5D4DL.pcm
SwiftExplicitDependencyGeneratePcm arm64_32 /Users/admin/builder/spi-builder-workspace/.derivedData/SDKExplicitPrecompiledModules/CoreText-C9X2REPZN2V5BSU4G80FCETDR.pcm
SwiftExplicitDependencyGeneratePcm arm64 /Users/admin/builder/spi-builder-workspace/.derivedData/SDKExplicitPrecompiledModules/LocalAuthentication-E2VERNNN1K2IWY24TR43TU59K.pcm
SwiftExplicitDependencyGeneratePcm arm64 /Users/admin/builder/spi-builder-workspace/.derivedData/SDKExplicitPrecompiledModules/Accessibility-27QMG6ZQ1NKYTNBYFPM1XKNFC.pcm
SwiftExplicitDependencyGeneratePcm arm64 /Users/admin/builder/spi-builder-workspace/.derivedData/SDKExplicitPrecompiledModules/UserNotifications-ARAH8MEQ0C2L0FBO39HITJMAO.pcm
SwiftExplicitDependencyGeneratePcm arm64 /Users/admin/builder/spi-builder-workspace/.derivedData/SDKExplicitPrecompiledModules/UniformTypeIdentifiers-8L08Q8DQJV8C4AW84YVGFGTRN.pcm
SwiftExplicitDependencyGeneratePcm arm64 /Users/admin/builder/spi-builder-workspace/.derivedData/SDKExplicitPrecompiledModules/Symbols-3EFABTJ9L5PQDJ7RQCYQWEJMM.pcm
SwiftExplicitDependencyGeneratePcm arm64 /Users/admin/builder/spi-builder-workspace/.derivedData/SDKExplicitPrecompiledModules/OSLog-B7VGO357Y3GJG35TST7DKDSI3.pcm
SwiftExplicitDependencyGeneratePcm arm64 /Users/admin/builder/spi-builder-workspace/.derivedData/SDKExplicitPrecompiledModules/DataDetection-7BNVI1SZW5ISQL5SX4WL2X7I5.pcm
SwiftExplicitDependencyGeneratePcm arm64 /Users/admin/builder/spi-builder-workspace/.derivedData/SDKExplicitPrecompiledModules/QuartzCore-94KFMWNOU7ZLUZNB4T5DLZC9D.pcm
SwiftExplicitDependencyGeneratePcm arm64 /Users/admin/builder/spi-builder-workspace/.derivedData/SDKExplicitPrecompiledModules/CoreTransferable-9PPG3SLJ55T4LITIFYX2M0NOZ.pcm
SwiftExplicitDependencyGeneratePcm arm64 /Users/admin/builder/spi-builder-workspace/.derivedData/SDKExplicitPrecompiledModules/_LocationEssentials-5ZZDGDXB6HLQUC72SJW7YJ7MK.pcm
SwiftExplicitDependencyGeneratePcm arm64_32 /Users/admin/builder/spi-builder-workspace/.derivedData/SDKExplicitPrecompiledModules/UserNotifications-6TBN8TEAKO014N1T2QD926XED.pcm
SwiftExplicitDependencyGeneratePcm arm64_32 /Users/admin/builder/spi-builder-workspace/.derivedData/SDKExplicitPrecompiledModules/UniformTypeIdentifiers-CJZ3NTHPSBH4XWX5EVOG56UZS.pcm
SwiftExplicitDependencyGeneratePcm arm64_32 /Users/admin/builder/spi-builder-workspace/.derivedData/SDKExplicitPrecompiledModules/CoreTransferable-5D4IR6X37682FPHJ5CBPTKQV6.pcm
SwiftExplicitDependencyGeneratePcm arm64_32 /Users/admin/builder/spi-builder-workspace/.derivedData/SDKExplicitPrecompiledModules/QuartzCore-6375NPYACK5NYVHPMC1QQ8MC2.pcm
SwiftExplicitDependencyGeneratePcm arm64_32 /Users/admin/builder/spi-builder-workspace/.derivedData/SDKExplicitPrecompiledModules/Symbols-1H97WMG76HU94F5VGJR19PXFY.pcm
SwiftExplicitDependencyGeneratePcm arm64_32 /Users/admin/builder/spi-builder-workspace/.derivedData/SDKExplicitPrecompiledModules/_LocationEssentials-AQ1OL9QKC3LQLY5CNSRM1HB53.pcm
SwiftExplicitDependencyGeneratePcm arm64_32 /Users/admin/builder/spi-builder-workspace/.derivedData/SDKExplicitPrecompiledModules/LocalAuthentication-ATD947DC6Q0HA129OWBMG6HNP.pcm
SwiftExplicitDependencyGeneratePcm arm64_32 /Users/admin/builder/spi-builder-workspace/.derivedData/SDKExplicitPrecompiledModules/UIUtilities-9YFVNIMRC5HRVOIARNWHP1E3H.pcm
SwiftExplicitDependencyGeneratePcm arm64 /Users/admin/builder/spi-builder-workspace/.derivedData/SDKExplicitPrecompiledModules/UIUtilities-IR7RNW23VAUKYI9MLCS9NL9A.pcm
SwiftExplicitDependencyGeneratePcm arm64 /Users/admin/builder/spi-builder-workspace/.derivedData/SDKExplicitPrecompiledModules/SwiftUICore-C1DST1IX2Z0PTH5SJJZ1IULRB.pcm
SwiftExplicitDependencyGeneratePcm arm64 /Users/admin/builder/spi-builder-workspace/.derivedData/SDKExplicitPrecompiledModules/CoreLocation-ACKJ9K7ABI14F97Y46Y6SRR17.pcm
SwiftExplicitDependencyGeneratePcm arm64_32 /Users/admin/builder/spi-builder-workspace/.derivedData/SDKExplicitPrecompiledModules/DataDetection-U9BF7WHFVA6BZGFXXXP272PS.pcm
SwiftExplicitDependencyGeneratePcm arm64_32 /Users/admin/builder/spi-builder-workspace/.derivedData/SDKExplicitPrecompiledModules/Accessibility-F385OMZ5GYBUY5O4QAJB4NRII.pcm
SwiftExplicitDependencyGeneratePcm arm64_32 /Users/admin/builder/spi-builder-workspace/.derivedData/SDKExplicitPrecompiledModules/OSLog-D9AVFY0KWO7RVBIQ73CBIJVCN.pcm
SwiftExplicitDependencyGeneratePcm arm64_32 /Users/admin/builder/spi-builder-workspace/.derivedData/SDKExplicitPrecompiledModules/CoreLocation-8XU5YMYM4P11RQMYCQAG65ITK.pcm
SwiftExplicitDependencyGeneratePcm arm64_32 /Users/admin/builder/spi-builder-workspace/.derivedData/SDKExplicitPrecompiledModules/SwiftUICore-3Q7WLRD8MR9R3NGIPUBQCP6F6.pcm
SwiftExplicitDependencyGeneratePcm arm64 /Users/admin/builder/spi-builder-workspace/.derivedData/SDKExplicitPrecompiledModules/CoreMotion-6RD5K48QT1F4L9CATNFD2O7YB.pcm
SwiftExplicitDependencyGeneratePcm arm64_32 /Users/admin/builder/spi-builder-workspace/.derivedData/SDKExplicitPrecompiledModules/CoreMotion-1XGTVTE5PP32UHME8AC63TL6.pcm
SwiftExplicitDependencyGeneratePcm arm64 /Users/admin/builder/spi-builder-workspace/.derivedData/SDKExplicitPrecompiledModules/UIKit-27R3P1YMV4C6JLDT661G3MRIA.pcm
SwiftExplicitDependencyGeneratePcm arm64_32 /Users/admin/builder/spi-builder-workspace/.derivedData/SDKExplicitPrecompiledModules/UIKit-6PPV7YPZ89CZPHYAP072QH8B6.pcm
SwiftExplicitDependencyGeneratePcm arm64_32 /Users/admin/builder/spi-builder-workspace/.derivedData/SDKExplicitPrecompiledModules/AuthenticationServices-U4ZM8YNANM5QPRY57SHT95HW.pcm
SwiftExplicitDependencyGeneratePcm arm64 /Users/admin/builder/spi-builder-workspace/.derivedData/SDKExplicitPrecompiledModules/AuthenticationServices-CRT9U3VZ0PIZDSKOUKI4X74QT.pcm
SwiftCompile normal arm64 Compiling\ UIViewController+Distribute.swift /Users/admin/builder/spi-builder-workspace/Sources/ViewController/UIViewController+Distribute.swift (in target 'ETDistribution' from project 'ETDistribution')
SwiftCompile normal arm64 /Users/admin/builder/spi-builder-workspace/Sources/ViewController/UIViewController+Distribute.swift (in target 'ETDistribution' from project 'ETDistribution')
cd /Users/admin/builder/spi-builder-workspace/.swiftpm/xcode
builtin-SwiftPerFileCompile UIViewController+Distribute.swift
/Users/admin/builder/spi-builder-workspace/Sources/ViewController/UIViewController+Distribute.swift:13:14: error: 'UIAlertAction' is unavailable in watchOS
11 | struct AlertAction {
12 | let title: String
13 | let style: UIAlertAction.Style
| `- error: 'UIAlertAction' is unavailable in watchOS
14 | let handler: (UIAlertAction) -> Void
15 | }
/Applications/Xcode-27.0.0-Release.Candidate.app/Contents/Developer/Platforms/WatchOS.platform/Developer/SDKs/WatchOS27.0.sdk/System/Library/Frameworks/UIKit.framework/Headers/UIAlertController.h:32:12: note: 'UIAlertAction' has been explicitly marked unavailable here
30 |
31 | UIKIT_EXTERN API_AVAILABLE(ios(8.0)) API_UNAVAILABLE(watchos) NS_SWIFT_UI_ACTOR
32 | @interface UIAlertAction : NSObject <NSCopying>
| `- note: 'UIAlertAction' has been explicitly marked unavailable here
33 |
34 | + (instancetype)actionWithTitle:(nullable NSString *)title style:(UIAlertActionStyle)style handler:(void (^ __nullable)(UIAlertAction *action))handler;
/Users/admin/builder/spi-builder-workspace/Sources/ViewController/UIViewController+Distribute.swift:14:17: error: 'UIAlertAction' is unavailable in watchOS
12 | let title: String
13 | let style: UIAlertAction.Style
14 | let handler: (UIAlertAction) -> Void
| `- error: 'UIAlertAction' is unavailable in watchOS
15 | }
16 |
/Applications/Xcode-27.0.0-Release.Candidate.app/Contents/Developer/Platforms/WatchOS.platform/Developer/SDKs/WatchOS27.0.sdk/System/Library/Frameworks/UIKit.framework/Headers/UIAlertController.h:32:12: note: 'UIAlertAction' has been explicitly marked unavailable here
30 |
31 | UIKIT_EXTERN API_AVAILABLE(ios(8.0)) API_UNAVAILABLE(watchos) NS_SWIFT_UI_ACTOR
32 | @interface UIAlertAction : NSObject <NSCopying>
| `- note: 'UIAlertAction' has been explicitly marked unavailable here
33 |
34 | + (instancetype)actionWithTitle:(nullable NSString *)title style:(UIAlertActionStyle)style handler:(void (^ __nullable)(UIAlertAction *action))handler;
/Users/admin/builder/spi-builder-workspace/Sources/ViewController/UIViewController+Distribute.swift:18:42: error: 'UIViewController' is unavailable in watchOS
16 |
17 | extension UIViewController {
18 | static func topMostViewController() -> UIViewController? {
| `- error: 'UIViewController' is unavailable in watchOS
19 | guard let rootViewController = UIApplication.shared.windows.first?.rootViewController else {
20 | return nil
/Applications/Xcode-27.0.0-Release.Candidate.app/Contents/Developer/Platforms/WatchOS.platform/Developer/SDKs/WatchOS27.0.sdk/System/Library/Frameworks/UIKit.framework/Headers/UIViewController.h:104:12: note: 'UIViewController' has been explicitly marked unavailable here
102 |
103 | UIKIT_EXTERN API_AVAILABLE(ios(2.0)) API_UNAVAILABLE(watchos) NS_SWIFT_UI_ACTOR
104 | @interface UIViewController : UIResponder <NSCoding, UIAppearanceContainer, UITraitEnvironment, UIContentContainer, UIFocusEnvironment>
| `- note: 'UIViewController' has been explicitly marked unavailable here
105 |
106 | /*
/Users/admin/builder/spi-builder-workspace/Sources/ViewController/UIViewController+Distribute.swift:25:63: error: 'UIViewController' is unavailable in watchOS
23 | }
24 |
25 | private static func findTopViewController(_ viewController: UIViewController) -> UIViewController {
| `- error: 'UIViewController' is unavailable in watchOS
26 | if let presentedViewController = viewController.presentedViewController {
27 | return findTopViewController(presentedViewController)
/Applications/Xcode-27.0.0-Release.Candidate.app/Contents/Developer/Platforms/WatchOS.platform/Developer/SDKs/WatchOS27.0.sdk/System/Library/Frameworks/UIKit.framework/Headers/UIViewController.h:104:12: note: 'UIViewController' has been explicitly marked unavailable here
102 |
103 | UIKIT_EXTERN API_AVAILABLE(ios(2.0)) API_UNAVAILABLE(watchos) NS_SWIFT_UI_ACTOR
104 | @interface UIViewController : UIResponder <NSCoding, UIAppearanceContainer, UITraitEnvironment, UIContentContainer, UIFocusEnvironment>
| `- note: 'UIViewController' has been explicitly marked unavailable here
105 |
106 | /*
/Users/admin/builder/spi-builder-workspace/Sources/ViewController/UIViewController+Distribute.swift:25:84: error: 'UIViewController' is unavailable in watchOS
23 | }
24 |
25 | private static func findTopViewController(_ viewController: UIViewController) -> UIViewController {
| `- error: 'UIViewController' is unavailable in watchOS
26 | if let presentedViewController = viewController.presentedViewController {
27 | return findTopViewController(presentedViewController)
/Applications/Xcode-27.0.0-Release.Candidate.app/Contents/Developer/Platforms/WatchOS.platform/Developer/SDKs/WatchOS27.0.sdk/System/Library/Frameworks/UIKit.framework/Headers/UIViewController.h:104:12: note: 'UIViewController' has been explicitly marked unavailable here
102 |
103 | UIKIT_EXTERN API_AVAILABLE(ios(2.0)) API_UNAVAILABLE(watchos) NS_SWIFT_UI_ACTOR
104 | @interface UIViewController : UIResponder <NSCoding, UIAppearanceContainer, UITraitEnvironment, UIContentContainer, UIFocusEnvironment>
| `- note: 'UIViewController' has been explicitly marked unavailable here
105 |
106 | /*
/Users/admin/builder/spi-builder-workspace/Sources/ViewController/UIViewController+Distribute.swift:17:11: error: 'UIViewController' is unavailable in watchOS
15 | }
16 |
17 | extension UIViewController {
| `- error: 'UIViewController' is unavailable in watchOS
18 | static func topMostViewController() -> UIViewController? {
19 | guard let rootViewController = UIApplication.shared.windows.first?.rootViewController else {
/Applications/Xcode-27.0.0-Release.Candidate.app/Contents/Developer/Platforms/WatchOS.platform/Developer/SDKs/WatchOS27.0.sdk/System/Library/Frameworks/UIKit.framework/Headers/UIViewController.h:104:12: note: 'UIViewController' has been explicitly marked unavailable here
102 |
103 | UIKIT_EXTERN API_AVAILABLE(ios(2.0)) API_UNAVAILABLE(watchos) NS_SWIFT_UI_ACTOR
104 | @interface UIViewController : UIResponder <NSCoding, UIAppearanceContainer, UITraitEnvironment, UIContentContainer, UIFocusEnvironment>
| `- note: 'UIViewController' has been explicitly marked unavailable here
105 |
106 | /*
/Users/admin/builder/spi-builder-workspace/Sources/ViewController/UIViewController+Distribute.swift:19:36: error: 'UIApplication' is unavailable in watchOS
17 | extension UIViewController {
18 | static func topMostViewController() -> UIViewController? {
19 | guard let rootViewController = UIApplication.shared.windows.first?.rootViewController else {
| `- error: 'UIApplication' is unavailable in watchOS
20 | return nil
21 | }
/Applications/Xcode-27.0.0-Release.Candidate.app/Contents/Developer/Platforms/WatchOS.platform/Developer/SDKs/WatchOS27.0.sdk/System/Library/Frameworks/UIKit.framework/Headers/UIApplication.h:85:12: note: 'UIApplication' has been explicitly marked unavailable here
83 |
84 | UIKIT_EXTERN API_AVAILABLE(ios(2.0)) API_UNAVAILABLE(watchos) NS_SWIFT_UI_ACTOR
85 | @interface UIApplication : UIResponder
| `- note: 'UIApplication' has been explicitly marked unavailable here
86 |
87 | @property(class, nonatomic, readonly) UIApplication *sharedApplication NS_EXTENSION_UNAVAILABLE_IOS("Use view controller based solutions where appropriate instead.");
SwiftCompile normal arm64 Compiling\ URLSession+Distribute.swift /Users/admin/builder/spi-builder-workspace/Sources/Network/URLSession+Distribute.swift (in target 'ETDistribution' from project 'ETDistribution')
SwiftCompile normal arm64 /Users/admin/builder/spi-builder-workspace/Sources/Network/URLSession+Distribute.swift (in target 'ETDistribution' from project 'ETDistribution')
cd /Users/admin/builder/spi-builder-workspace/.swiftpm/xcode
builtin-SwiftPerFileCompile URLSession+Distribute.swift
SwiftEmitModule normal arm64_32 Emitting\ module\ for\ ETDistribution (in target 'ETDistribution' from project 'ETDistribution')
/Users/admin/builder/spi-builder-workspace/Sources/Auth.swift:240:71: error: 'ASPresentationAnchor' is unavailable in watchOS
238 | fileprivate static let shared = PresentationContextProvider()
239 |
240 | func presentationAnchor(for session: ASWebAuthenticationSession) -> ASPresentationAnchor {
| `- error: 'ASPresentationAnchor' is unavailable in watchOS
241 | if
242 | let windowScene = UIApplication.shared.connectedScenes.first(where: { $0.activationState == .foregroundActive }) as? UIWindowScene,
/Applications/Xcode-27.0.0-Release.Candidate.app/Contents/Developer/Platforms/WatchOS.platform/Developer/SDKs/WatchOS27.0.sdk/System/Library/Frameworks/AuthenticationServices.framework/Headers/ASFoundation.h:39:20: note: 'ASPresentationAnchor' has been explicitly marked unavailable here
37 | #import <UIKit/UIKit.h>
38 | #if __has_include(<UIKit/UIWindow.h>)
39 | typedef UIWindow * ASPresentationAnchor API_UNAVAILABLE(watchos);
| `- note: 'ASPresentationAnchor' has been explicitly marked unavailable here
40 | #endif
41 | #if __has_include(<UIKit/UIViewController.h>) && !defined(ASViewController)
/Users/admin/builder/spi-builder-workspace/Sources/Auth.swift:237:54: error: 'ASWebAuthenticationPresentationContextProviding' is unavailable in watchOS
235 | }
236 |
237 | private class PresentationContextProvider: NSObject, ASWebAuthenticationPresentationContextProviding {
| `- error: 'ASWebAuthenticationPresentationContextProviding' is unavailable in watchOS
238 | fileprivate static let shared = PresentationContextProvider()
239 |
/Applications/Xcode-27.0.0-Release.Candidate.app/Contents/Developer/Platforms/WatchOS.platform/Developer/SDKs/WatchOS27.0.sdk/System/Library/Frameworks/AuthenticationServices.framework/Headers/ASWebAuthenticationSession.h:115:11: note: 'ASWebAuthenticationPresentationContextProviding' has been explicitly marked unavailable here
113 | API_AVAILABLE(ios(13.0), macos(10.15)) API_UNAVAILABLE(tvos, watchos)
114 | NS_SWIFT_UI_ACTOR
115 | @protocol ASWebAuthenticationPresentationContextProviding <NSObject>
| `- note: 'ASWebAuthenticationPresentationContextProviding' has been explicitly marked unavailable here
116 |
117 | #if !TARGET_OS_WATCH
/Users/admin/builder/spi-builder-workspace/Sources/ViewController/UIViewController+Distribute.swift:13:14: error: 'UIAlertAction' is unavailable in watchOS
11 | struct AlertAction {
12 | let title: String
13 | let style: UIAlertAction.Style
| `- error: 'UIAlertAction' is unavailable in watchOS
14 | let handler: (UIAlertAction) -> Void
15 | }
/Applications/Xcode-27.0.0-Release.Candidate.app/Contents/Developer/Platforms/WatchOS.platform/Developer/SDKs/WatchOS27.0.sdk/System/Library/Frameworks/UIKit.framework/Headers/UIAlertController.h:32:12: note: 'UIAlertAction' has been explicitly marked unavailable here
30 |
31 | UIKIT_EXTERN API_AVAILABLE(ios(8.0)) API_UNAVAILABLE(watchos) NS_SWIFT_UI_ACTOR
32 | @interface UIAlertAction : NSObject <NSCopying>
| `- note: 'UIAlertAction' has been explicitly marked unavailable here
33 |
34 | + (instancetype)actionWithTitle:(nullable NSString *)title style:(UIAlertActionStyle)style handler:(void (^ __nullable)(UIAlertAction *action))handler;
/Users/admin/builder/spi-builder-workspace/Sources/ViewController/UIViewController+Distribute.swift:14:17: error: 'UIAlertAction' is unavailable in watchOS
12 | let title: String
13 | let style: UIAlertAction.Style
14 | let handler: (UIAlertAction) -> Void
| `- error: 'UIAlertAction' is unavailable in watchOS
15 | }
16 |
/Applications/Xcode-27.0.0-Release.Candidate.app/Contents/Developer/Platforms/WatchOS.platform/Developer/SDKs/WatchOS27.0.sdk/System/Library/Frameworks/UIKit.framework/Headers/UIAlertController.h:32:12: note: 'UIAlertAction' has been explicitly marked unavailable here
30 |
31 | UIKIT_EXTERN API_AVAILABLE(ios(8.0)) API_UNAVAILABLE(watchos) NS_SWIFT_UI_ACTOR
32 | @interface UIAlertAction : NSObject <NSCopying>
| `- note: 'UIAlertAction' has been explicitly marked unavailable here
33 |
34 | + (instancetype)actionWithTitle:(nullable NSString *)title style:(UIAlertActionStyle)style handler:(void (^ __nullable)(UIAlertAction *action))handler;
/Users/admin/builder/spi-builder-workspace/Sources/ViewController/UIViewController+Distribute.swift:18:42: error: 'UIViewController' is unavailable in watchOS
16 |
17 | extension UIViewController {
18 | static func topMostViewController() -> UIViewController? {
| `- error: 'UIViewController' is unavailable in watchOS
19 | guard let rootViewController = UIApplication.shared.windows.first?.rootViewController else {
20 | return nil
/Applications/Xcode-27.0.0-Release.Candidate.app/Contents/Developer/Platforms/WatchOS.platform/Developer/SDKs/WatchOS27.0.sdk/System/Library/Frameworks/UIKit.framework/Headers/UIViewController.h:104:12: note: 'UIViewController' has been explicitly marked unavailable here
102 |
103 | UIKIT_EXTERN API_AVAILABLE(ios(2.0)) API_UNAVAILABLE(watchos) NS_SWIFT_UI_ACTOR
104 | @interface UIViewController : UIResponder <NSCoding, UIAppearanceContainer, UITraitEnvironment, UIContentContainer, UIFocusEnvironment>
| `- note: 'UIViewController' has been explicitly marked unavailable here
105 |
106 | /*
/Users/admin/builder/spi-builder-workspace/Sources/ViewController/UIViewController+Distribute.swift:25:63: error: 'UIViewController' is unavailable in watchOS
23 | }
24 |
25 | private static func findTopViewController(_ viewController: UIViewController) -> UIViewController {
| `- error: 'UIViewController' is unavailable in watchOS
26 | if let presentedViewController = viewController.presentedViewController {
27 | return findTopViewController(presentedViewController)
/Applications/Xcode-27.0.0-Release.Candidate.app/Contents/Developer/Platforms/WatchOS.platform/Developer/SDKs/WatchOS27.0.sdk/System/Library/Frameworks/UIKit.framework/Headers/UIViewController.h:104:12: note: 'UIViewController' has been explicitly marked unavailable here
102 |
103 | UIKIT_EXTERN API_AVAILABLE(ios(2.0)) API_UNAVAILABLE(watchos) NS_SWIFT_UI_ACTOR
104 | @interface UIViewController : UIResponder <NSCoding, UIAppearanceContainer, UITraitEnvironment, UIContentContainer, UIFocusEnvironment>
| `- note: 'UIViewController' has been explicitly marked unavailable here
105 |
106 | /*
/Users/admin/builder/spi-builder-workspace/Sources/ViewController/UIViewController+Distribute.swift:25:84: error: 'UIViewController' is unavailable in watchOS
23 | }
24 |
25 | private static func findTopViewController(_ viewController: UIViewController) -> UIViewController {
| `- error: 'UIViewController' is unavailable in watchOS
26 | if let presentedViewController = viewController.presentedViewController {
27 | return findTopViewController(presentedViewController)
/Applications/Xcode-27.0.0-Release.Candidate.app/Contents/Developer/Platforms/WatchOS.platform/Developer/SDKs/WatchOS27.0.sdk/System/Library/Frameworks/UIKit.framework/Headers/UIViewController.h:104:12: note: 'UIViewController' has been explicitly marked unavailable here
102 |
103 | UIKIT_EXTERN API_AVAILABLE(ios(2.0)) API_UNAVAILABLE(watchos) NS_SWIFT_UI_ACTOR
104 | @interface UIViewController : UIResponder <NSCoding, UIAppearanceContainer, UITraitEnvironment, UIContentContainer, UIFocusEnvironment>
| `- note: 'UIViewController' has been explicitly marked unavailable here
105 |
106 | /*
/Users/admin/builder/spi-builder-workspace/Sources/ViewController/UIViewController+Distribute.swift:17:11: error: 'UIViewController' is unavailable in watchOS
15 | }
16 |
17 | extension UIViewController {
| `- error: 'UIViewController' is unavailable in watchOS
18 | static func topMostViewController() -> UIViewController? {
19 | guard let rootViewController = UIApplication.shared.windows.first?.rootViewController else {
/Applications/Xcode-27.0.0-Release.Candidate.app/Contents/Developer/Platforms/WatchOS.platform/Developer/SDKs/WatchOS27.0.sdk/System/Library/Frameworks/UIKit.framework/Headers/UIViewController.h:104:12: note: 'UIViewController' has been explicitly marked unavailable here
102 |
103 | UIKIT_EXTERN API_AVAILABLE(ios(2.0)) API_UNAVAILABLE(watchos) NS_SWIFT_UI_ACTOR
104 | @interface UIViewController : UIResponder <NSCoding, UIAppearanceContainer, UITraitEnvironment, UIContentContainer, UIFocusEnvironment>
| `- note: 'UIViewController' has been explicitly marked unavailable here
105 |
106 | /*
SwiftCompile normal arm64_32 (in target 'ETDistribution' from project 'ETDistribution')
cd /Users/admin/builder/spi-builder-workspace/.swiftpm/xcode
SwiftEmitModule normal arm64 Emitting\ module\ for\ ETDistribution (in target 'ETDistribution' from project 'ETDistribution')
/Users/admin/builder/spi-builder-workspace/Sources/Auth.swift:240:71: error: 'ASPresentationAnchor' is unavailable in watchOS
238 | fileprivate static let shared = PresentationContextProvider()
239 |
240 | func presentationAnchor(for session: ASWebAuthenticationSession) -> ASPresentationAnchor {
| `- error: 'ASPresentationAnchor' is unavailable in watchOS
241 | if
242 | let windowScene = UIApplication.shared.connectedScenes.first(where: { $0.activationState == .foregroundActive }) as? UIWindowScene,
/Applications/Xcode-27.0.0-Release.Candidate.app/Contents/Developer/Platforms/WatchOS.platform/Developer/SDKs/WatchOS27.0.sdk/System/Library/Frameworks/AuthenticationServices.framework/Headers/ASFoundation.h:39:20: note: 'ASPresentationAnchor' has been explicitly marked unavailable here
37 | #import <UIKit/UIKit.h>
38 | #if __has_include(<UIKit/UIWindow.h>)
39 | typedef UIWindow * ASPresentationAnchor API_UNAVAILABLE(watchos);
| `- note: 'ASPresentationAnchor' has been explicitly marked unavailable here
40 | #endif
41 | #if __has_include(<UIKit/UIViewController.h>) && !defined(ASViewController)
/Users/admin/builder/spi-builder-workspace/Sources/Auth.swift:237:54: error: 'ASWebAuthenticationPresentationContextProviding' is unavailable in watchOS
235 | }
236 |
237 | private class PresentationContextProvider: NSObject, ASWebAuthenticationPresentationContextProviding {
| `- error: 'ASWebAuthenticationPresentationContextProviding' is unavailable in watchOS
238 | fileprivate static let shared = PresentationContextProvider()
239 |
/Applications/Xcode-27.0.0-Release.Candidate.app/Contents/Developer/Platforms/WatchOS.platform/Developer/SDKs/WatchOS27.0.sdk/System/Library/Frameworks/AuthenticationServices.framework/Headers/ASWebAuthenticationSession.h:115:11: note: 'ASWebAuthenticationPresentationContextProviding' has been explicitly marked unavailable here
113 | API_AVAILABLE(ios(13.0), macos(10.15)) API_UNAVAILABLE(tvos, watchos)
114 | NS_SWIFT_UI_ACTOR
115 | @protocol ASWebAuthenticationPresentationContextProviding <NSObject>
| `- note: 'ASWebAuthenticationPresentationContextProviding' has been explicitly marked unavailable here
116 |
117 | #if !TARGET_OS_WATCH
/Users/admin/builder/spi-builder-workspace/Sources/ViewController/UIViewController+Distribute.swift:13:14: error: 'UIAlertAction' is unavailable in watchOS
11 | struct AlertAction {
12 | let title: String
13 | let style: UIAlertAction.Style
| `- error: 'UIAlertAction' is unavailable in watchOS
14 | let handler: (UIAlertAction) -> Void
15 | }
/Applications/Xcode-27.0.0-Release.Candidate.app/Contents/Developer/Platforms/WatchOS.platform/Developer/SDKs/WatchOS27.0.sdk/System/Library/Frameworks/UIKit.framework/Headers/UIAlertController.h:32:12: note: 'UIAlertAction' has been explicitly marked unavailable here
30 |
31 | UIKIT_EXTERN API_AVAILABLE(ios(8.0)) API_UNAVAILABLE(watchos) NS_SWIFT_UI_ACTOR
32 | @interface UIAlertAction : NSObject <NSCopying>
| `- note: 'UIAlertAction' has been explicitly marked unavailable here
33 |
34 | + (instancetype)actionWithTitle:(nullable NSString *)title style:(UIAlertActionStyle)style handler:(void (^ __nullable)(UIAlertAction *action))handler;
/Users/admin/builder/spi-builder-workspace/Sources/ViewController/UIViewController+Distribute.swift:14:17: error: 'UIAlertAction' is unavailable in watchOS
12 | let title: String
13 | let style: UIAlertAction.Style
14 | let handler: (UIAlertAction) -> Void
| `- error: 'UIAlertAction' is unavailable in watchOS
15 | }
16 |
/Applications/Xcode-27.0.0-Release.Candidate.app/Contents/Developer/Platforms/WatchOS.platform/Developer/SDKs/WatchOS27.0.sdk/System/Library/Frameworks/UIKit.framework/Headers/UIAlertController.h:32:12: note: 'UIAlertAction' has been explicitly marked unavailable here
30 |
31 | UIKIT_EXTERN API_AVAILABLE(ios(8.0)) API_UNAVAILABLE(watchos) NS_SWIFT_UI_ACTOR
32 | @interface UIAlertAction : NSObject <NSCopying>
| `- note: 'UIAlertAction' has been explicitly marked unavailable here
33 |
34 | + (instancetype)actionWithTitle:(nullable NSString *)title style:(UIAlertActionStyle)style handler:(void (^ __nullable)(UIAlertAction *action))handler;
/Users/admin/builder/spi-builder-workspace/Sources/ViewController/UIViewController+Distribute.swift:18:42: error: 'UIViewController' is unavailable in watchOS
16 |
17 | extension UIViewController {
18 | static func topMostViewController() -> UIViewController? {
| `- error: 'UIViewController' is unavailable in watchOS
19 | guard let rootViewController = UIApplication.shared.windows.first?.rootViewController else {
20 | return nil
/Applications/Xcode-27.0.0-Release.Candidate.app/Contents/Developer/Platforms/WatchOS.platform/Developer/SDKs/WatchOS27.0.sdk/System/Library/Frameworks/UIKit.framework/Headers/UIViewController.h:104:12: note: 'UIViewController' has been explicitly marked unavailable here
102 |
103 | UIKIT_EXTERN API_AVAILABLE(ios(2.0)) API_UNAVAILABLE(watchos) NS_SWIFT_UI_ACTOR
104 | @interface UIViewController : UIResponder <NSCoding, UIAppearanceContainer, UITraitEnvironment, UIContentContainer, UIFocusEnvironment>
| `- note: 'UIViewController' has been explicitly marked unavailable here
105 |
106 | /*
/Users/admin/builder/spi-builder-workspace/Sources/ViewController/UIViewController+Distribute.swift:25:63: error: 'UIViewController' is unavailable in watchOS
23 | }
24 |
25 | private static func findTopViewController(_ viewController: UIViewController) -> UIViewController {
| `- error: 'UIViewController' is unavailable in watchOS
26 | if let presentedViewController = viewController.presentedViewController {
27 | return findTopViewController(presentedViewController)
/Applications/Xcode-27.0.0-Release.Candidate.app/Contents/Developer/Platforms/WatchOS.platform/Developer/SDKs/WatchOS27.0.sdk/System/Library/Frameworks/UIKit.framework/Headers/UIViewController.h:104:12: note: 'UIViewController' has been explicitly marked unavailable here
102 |
103 | UIKIT_EXTERN API_AVAILABLE(ios(2.0)) API_UNAVAILABLE(watchos) NS_SWIFT_UI_ACTOR
104 | @interface UIViewController : UIResponder <NSCoding, UIAppearanceContainer, UITraitEnvironment, UIContentContainer, UIFocusEnvironment>
| `- note: 'UIViewController' has been explicitly marked unavailable here
105 |
106 | /*
/Users/admin/builder/spi-builder-workspace/Sources/ViewController/UIViewController+Distribute.swift:25:84: error: 'UIViewController' is unavailable in watchOS
23 | }
24 |
25 | private static func findTopViewController(_ viewController: UIViewController) -> UIViewController {
| `- error: 'UIViewController' is unavailable in watchOS
26 | if let presentedViewController = viewController.presentedViewController {
27 | return findTopViewController(presentedViewController)
/Applications/Xcode-27.0.0-Release.Candidate.app/Contents/Developer/Platforms/WatchOS.platform/Developer/SDKs/WatchOS27.0.sdk/System/Library/Frameworks/UIKit.framework/Headers/UIViewController.h:104:12: note: 'UIViewController' has been explicitly marked unavailable here
102 |
103 | UIKIT_EXTERN API_AVAILABLE(ios(2.0)) API_UNAVAILABLE(watchos) NS_SWIFT_UI_ACTOR
104 | @interface UIViewController : UIResponder <NSCoding, UIAppearanceContainer, UITraitEnvironment, UIContentContainer, UIFocusEnvironment>
| `- note: 'UIViewController' has been explicitly marked unavailable here
105 |
106 | /*
/Users/admin/builder/spi-builder-workspace/Sources/ViewController/UIViewController+Distribute.swift:17:11: error: 'UIViewController' is unavailable in watchOS
15 | }
16 |
17 | extension UIViewController {
| `- error: 'UIViewController' is unavailable in watchOS
18 | static func topMostViewController() -> UIViewController? {
19 | guard let rootViewController = UIApplication.shared.windows.first?.rootViewController else {
/Applications/Xcode-27.0.0-Release.Candidate.app/Contents/Developer/Platforms/WatchOS.platform/Developer/SDKs/WatchOS27.0.sdk/System/Library/Frameworks/UIKit.framework/Headers/UIViewController.h:104:12: note: 'UIViewController' has been explicitly marked unavailable here
102 |
103 | UIKIT_EXTERN API_AVAILABLE(ios(2.0)) API_UNAVAILABLE(watchos) NS_SWIFT_UI_ACTOR
104 | @interface UIViewController : UIResponder <NSCoding, UIAppearanceContainer, UITraitEnvironment, UIContentContainer, UIFocusEnvironment>
| `- note: 'UIViewController' has been explicitly marked unavailable here
105 |
106 | /*
Failed frontend command:
/Applications/Xcode-27.0.0-Release.Candidate.app/Contents/Developer/Toolchains/XcodeDefault.xctoolchain/usr/bin/swift-frontend -frontend -emit-module -experimental-skip-non-inlinable-function-bodies-without-types /Users/admin/builder/spi-builder-workspace/Sources/Auth.swift /Users/admin/builder/spi-builder-workspace/Sources/ETDistribution.swift /Users/admin/builder/spi-builder-workspace/Sources/JWT/JWTHelper.swift /Users/admin/builder/spi-builder-workspace/Sources/Keychain/KeychainHelper.swift /Users/admin/builder/spi-builder-workspace/Sources/Mach-O/BinaryParser.swift /Users/admin/builder/spi-builder-workspace/Sources/Models/AuthCodeResponse.swift /Users/admin/builder/spi-builder-workspace/Sources/Models/AuthRefreshResponse.swift /Users/admin/builder/spi-builder-workspace/Sources/Models/CheckForUpdateParams.swift /Users/admin/builder/spi-builder-workspace/Sources/Models/DistributionReleaseInfo.swift /Users/admin/builder/spi-builder-workspace/Sources/Models/DistributionUpdateCheckResponse.swift /Users/admin/builder/spi-builder-workspace/Sources/Network/URLSession+Distribute.swift /Users/admin/builder/spi-builder-workspace/Sources/UserAction.swift /Users/admin/builder/spi-builder-workspace/Sources/UserDefaults+ETDistribution.swift /Users/admin/builder/spi-builder-workspace/Sources/Utils/Date+Parse.swift /Users/admin/builder/spi-builder-workspace/Sources/ViewController/UIViewController+Distribute.swift -target arm64-apple-watchos9.0 -disable-cross-import-overlay-search -swift-module-cross-import AuthenticationServices /Applications/Xcode-27.0.0-Release.Candidate.app/Contents/Developer/Platforms/WatchOS.platform/Developer/SDKs/WatchOS.sdk/System/Library/Frameworks/AuthenticationServices.framework/Modules/AuthenticationServices.swiftcrossimport/SwiftUI.swiftoverlay -swift-module-cross-import AuthenticationServices /Applications/Xcode-27.0.0-Release.Candidate.app/Contents/Developer/Platforms/WatchOS.platform/Developer/SDKs/WatchOS27.0.sdk/System/Library/Frameworks/AuthenticationServices.framework/Modules/AuthenticationServices.swiftcrossimport/SwiftUI.swiftoverlay -swift-module-cross-import Darwin /Applications/Xcode-27.0.0-Release.Candidate.app/Contents/Developer/Platforms/WatchOS.platform/Developer/SDKs/WatchOS.sdk/usr/include/Darwin.swiftcrossimport/xlocale.swiftoverlay -load-resolved-plugin /Applications/Xcode-27.0.0-Release.Candidate.app/Contents/Developer/Platforms/WatchOS.platform/Developer/usr/lib/swift/host/plugins/libFoundationMacros.dylib\#/Applications/Xcode-27.0.0-Release.Candidate.app/Contents/Developer/Platforms/WatchOS.platform/Developer/usr/bin/swift-plugin-server\#FoundationMacros -load-resolved-plugin /Applications/Xcode-27.0.0-Release.Candidate.app/Contents/Developer/Platforms/WatchOS.platform/Developer/usr/lib/swift/host/plugins/libObservationMacros.dylib\#/Applications/Xcode-27.0.0-Release.Candidate.app/Contents/Developer/Platforms/WatchOS.platform/Developer/usr/bin/swift-plugin-server\#ObservationMacros -load-resolved-plugin /Applications/Xcode-27.0.0-Release.Candidate.app/Contents/Developer/Platforms/WatchOS.platform/Developer/usr/lib/swift/host/plugins/libSwiftMacros.dylib\#/Applications/Xcode-27.0.0-Release.Candidate.app/Contents/Developer/Platforms/WatchOS.platform/Developer/usr/bin/swift-plugin-server\#SwiftMacros -load-resolved-plugin /Applications/Xcode-27.0.0-Release.Candidate.app/Contents/Developer/Platforms/WatchOS.platform/Developer/usr/lib/swift/host/plugins/libSwiftUIMacros.dylib\#/Applications/Xcode-27.0.0-Release.Candidate.app/Contents/Developer/Platforms/WatchOS.platform/Developer/usr/bin/swift-plugin-server\#SwiftUIMacros -disable-implicit-swift-modules -Xcc -fno-implicit-modules -Xcc -fno-implicit-module-maps -explicit-swift-module-map-file /Users/admin/builder/spi-builder-workspace/.derivedData/Build/Intermediates.noindex/ETDistribution.build/Debug-watchos/ETDistribution-t.build/Objects-normal/arm64/ETDistribution-dependencies-2.json -Xllvm -aarch64-use-tbi -enable-objc-interop -stack-check -sdk /Applications/Xcode-27.0.0-Release.Candidate.app/Contents/Developer/Platforms/WatchOS.platform/Developer/SDKs/WatchOS27.0.sdk -I /Users/admin/builder/spi-builder-workspace/.derivedData/Build/Products/Debug-watchos -Isystem /Applications/Xcode-27.0.0-Release.Candidate.app/Contents/Developer/Platforms/WatchOS.platform/Developer/usr/lib -F /Users/admin/builder/spi-builder-workspace/.derivedData/Build/Products/Debug-watchos -F /Applications/Xcode-27.0.0-Release.Candidate.app/Contents/Developer/Platforms/WatchOS.platform/Developer/Library/Frameworks -F /Applications/Xcode-27.0.0-Release.Candidate.app/Contents/Developer/Platforms/WatchOS.platform/Developer/SDKs/WatchOS27.0.sdk/Developer/Library/Frameworks -module-cache-path /Users/admin/builder/spi-builder-workspace/.derivedData/Build/Intermediates.noindex/SwiftExplicitPrecompiledModules -no-color-diagnostics -Xcc -fno-color-diagnostics -enable-testing -g -debug-info-format\=dwarf -dwarf-version\=4 -profile-generate -profile-coverage-mapping -swift-version 5 -Onone -D SWIFT_PACKAGE -D DEBUG -D SWIFT_MODULE_RESOURCE_BUNDLE_UNAVAILABLE -D Xcode -serialize-debugging-options -enable-experimental-feature DebugDescriptionMacro -empty-abi-descriptor -validate-clang-modules-once -clang-build-session-file /Users/admin/builder/spi-builder-workspace/.derivedData/ModuleCache.noindex/Session.modulevalidation -Xcc -working-directory -Xcc /Users/admin/builder/spi-builder-workspace/.swiftpm/xcode -enable-anonymous-context-mangled-names -file-compilation-dir /Users/admin/builder/spi-builder-workspace/.swiftpm/xcode -Xcc -D_LIBCPP_HARDENING_MODE\=_LIBCPP_HARDENING_MODE_DEBUG -Xcc -ivfsstatcache -Xcc /Users/admin/builder/spi-builder-workspace/.derivedData/SDKStatCaches.noindex/watchos27.0-24R360-e829b21a6f8c9b70876ba0858053c04477534ef55a1706bf4c1112bbb242f0a2.sdkstatcache -Xcc -fmodules-prune-interval\=86400 -Xcc -fmodules-prune-after\=345600 -Xcc -I/Users/admin/builder/spi-builder-workspace/.derivedData/Build/Products/Debug-watchos/include -Xcc -I/Users/admin/builder/spi-builder-workspace/.derivedData/Build/Intermediates.noindex/ETDistribution.build/Debug-watchos/ETDistribution-t.build/DerivedSources-normal/arm64 -Xcc -I/Users/admin/builder/spi-builder-workspace/.derivedData/Build/Intermediates.noindex/ETDistribution.build/Debug-watchos/ETDistribution-t.build/DerivedSources/arm64 -Xcc -I/Users/admin/builder/spi-builder-workspace/.derivedData/Build/Intermediates.noindex/ETDistribution.build/Debug-watchos/ETDistribution-t.build/DerivedSources -Xcc -DSWIFT_PACKAGE -Xcc -DDEBUG\=1 -no-auto-bridging-header-chaining -module-name ETDistribution -package-name spi_builder_workspace -const-gather-protocols-file /Users/admin/builder/spi-builder-workspace/.derivedData/Build/Intermediates.noindex/ETDistribution.build/Debug-watchos/ETDistribution-t.build/Objects-normal/arm64/ETDistribution_const_extract_protocols.json -disable-clang-spi -clang-target arm64-apple-watchos27.0 -target-sdk-version 27.0 -target-sdk-name watchos27.0 -in-process-plugin-server-path /Applications/Xcode-27.0.0-Release.Candidate.app/Contents/Developer/Toolchains/XcodeDefault.xctoolchain/usr/lib/swift/host/libSwiftInProcPluginServer.dylib -emit-module-doc-path /Users/admin/builder/spi-builder-workspace/.derivedData/Build/Intermediates.noindex/ETDistribution.build/Debug-watchos/ETDistribution-t.build/Objects-normal/arm64/ETDistribution.swiftdoc -emit-module-source-info-path /Users/admin/builder/spi-builder-workspace/.derivedData/Build/Intermediates.noindex/ETDistribution.build/Debug-watchos/ETDistribution-t.build/Objects-normal/arm64/ETDistribution.swiftsourceinfo -emit-objc-header-path /Users/admin/builder/spi-builder-workspace/.derivedData/Build/Intermediates.noindex/ETDistribution.build/Debug-watchos/ETDistribution-t.build/Objects-normal/arm64/ETDistribution-Swift.h -serialize-diagnostics-path /Users/admin/builder/spi-builder-workspace/.derivedData/Build/Intermediates.noindex/ETDistribution.build/Debug-watchos/ETDistribution-t.build/Objects-normal/arm64/ETDistribution-primary-emit-module.dia -emit-dependencies-path /Users/admin/builder/spi-builder-workspace/.derivedData/Build/Intermediates.noindex/ETDistribution.build/Debug-watchos/ETDistribution-t.build/Objects-normal/arm64/ETDistribution-primary-emit-module.d -parse-as-library -o /Users/admin/builder/spi-builder-workspace/.derivedData/Build/Intermediates.noindex/ETDistribution.build/Debug-watchos/ETDistribution-t.build/Objects-normal/arm64/ETDistribution.swiftmodule -emit-abi-descriptor-path /Users/admin/builder/spi-builder-workspace/.derivedData/Build/Intermediates.noindex/ETDistribution.build/Debug-watchos/ETDistribution-t.build/Objects-normal/arm64/ETDistribution.abi.json
SwiftCompile normal arm64 (in target 'ETDistribution' from project 'ETDistribution')
cd /Users/admin/builder/spi-builder-workspace/.swiftpm/xcode
SwiftCompile normal arm64 Compiling\ UserAction.swift /Users/admin/builder/spi-builder-workspace/Sources/UserAction.swift (in target 'ETDistribution' from project 'ETDistribution')
SwiftCompile normal arm64 /Users/admin/builder/spi-builder-workspace/Sources/UserAction.swift (in target 'ETDistribution' from project 'ETDistribution')
cd /Users/admin/builder/spi-builder-workspace/.swiftpm/xcode
builtin-SwiftPerFileCompile UserAction.swift
SwiftCompile normal arm64_32 Compiling\ AuthRefreshResponse.swift,\ CheckForUpdateParams.swift /Users/admin/builder/spi-builder-workspace/Sources/Models/AuthRefreshResponse.swift /Users/admin/builder/spi-builder-workspace/Sources/Models/CheckForUpdateParams.swift (in target 'ETDistribution' from project 'ETDistribution')
SwiftCompile normal arm64_32 /Users/admin/builder/spi-builder-workspace/Sources/Models/AuthRefreshResponse.swift (in target 'ETDistribution' from project 'ETDistribution')
cd /Users/admin/builder/spi-builder-workspace/.swiftpm/xcode
builtin-SwiftPerFileCompile AuthRefreshResponse.swift
SwiftCompile normal arm64_32 /Users/admin/builder/spi-builder-workspace/Sources/Models/CheckForUpdateParams.swift (in target 'ETDistribution' from project 'ETDistribution')
cd /Users/admin/builder/spi-builder-workspace/.swiftpm/xcode
builtin-SwiftPerFileCompile CheckForUpdateParams.swift
SwiftCompile normal arm64 Compiling\ BinaryParser.swift,\ AuthCodeResponse.swift /Users/admin/builder/spi-builder-workspace/Sources/Mach-O/BinaryParser.swift /Users/admin/builder/spi-builder-workspace/Sources/Models/AuthCodeResponse.swift (in target 'ETDistribution' from project 'ETDistribution')
SwiftCompile normal arm64 /Users/admin/builder/spi-builder-workspace/Sources/Mach-O/BinaryParser.swift (in target 'ETDistribution' from project 'ETDistribution')
cd /Users/admin/builder/spi-builder-workspace/.swiftpm/xcode
builtin-SwiftPerFileCompile BinaryParser.swift
SwiftCompile normal arm64 /Users/admin/builder/spi-builder-workspace/Sources/Models/AuthCodeResponse.swift (in target 'ETDistribution' from project 'ETDistribution')
cd /Users/admin/builder/spi-builder-workspace/.swiftpm/xcode
builtin-SwiftPerFileCompile AuthCodeResponse.swift
SwiftCompile normal arm64 Compiling\ AuthRefreshResponse.swift,\ CheckForUpdateParams.swift /Users/admin/builder/spi-builder-workspace/Sources/Models/AuthRefreshResponse.swift /Users/admin/builder/spi-builder-workspace/Sources/Models/CheckForUpdateParams.swift (in target 'ETDistribution' from project 'ETDistribution')
SwiftCompile normal arm64 /Users/admin/builder/spi-builder-workspace/Sources/Models/AuthRefreshResponse.swift (in target 'ETDistribution' from project 'ETDistribution')
cd /Users/admin/builder/spi-builder-workspace/.swiftpm/xcode
builtin-SwiftPerFileCompile AuthRefreshResponse.swift
SwiftCompile normal arm64 /Users/admin/builder/spi-builder-workspace/Sources/Models/CheckForUpdateParams.swift (in target 'ETDistribution' from project 'ETDistribution')
cd /Users/admin/builder/spi-builder-workspace/.swiftpm/xcode
builtin-SwiftPerFileCompile CheckForUpdateParams.swift
SwiftCompile normal arm64_32 Compiling\ DistributionReleaseInfo.swift,\ DistributionUpdateCheckResponse.swift /Users/admin/builder/spi-builder-workspace/Sources/Models/DistributionReleaseInfo.swift /Users/admin/builder/spi-builder-workspace/Sources/Models/DistributionUpdateCheckResponse.swift (in target 'ETDistribution' from project 'ETDistribution')
SwiftCompile normal arm64_32 /Users/admin/builder/spi-builder-workspace/Sources/Models/DistributionReleaseInfo.swift (in target 'ETDistribution' from project 'ETDistribution')
cd /Users/admin/builder/spi-builder-workspace/.swiftpm/xcode
builtin-SwiftPerFileCompile DistributionReleaseInfo.swift
SwiftCompile normal arm64_32 /Users/admin/builder/spi-builder-workspace/Sources/Models/DistributionUpdateCheckResponse.swift (in target 'ETDistribution' from project 'ETDistribution')
cd /Users/admin/builder/spi-builder-workspace/.swiftpm/xcode
builtin-SwiftPerFileCompile DistributionUpdateCheckResponse.swift
SwiftCompile normal arm64_32 Compiling\ UserDefaults+ETDistribution.swift /Users/admin/builder/spi-builder-workspace/Sources/UserDefaults+ETDistribution.swift (in target 'ETDistribution' from project 'ETDistribution')
SwiftCompile normal arm64_32 /Users/admin/builder/spi-builder-workspace/Sources/UserDefaults+ETDistribution.swift (in target 'ETDistribution' from project 'ETDistribution')
cd /Users/admin/builder/spi-builder-workspace/.swiftpm/xcode
builtin-SwiftPerFileCompile UserDefaults+ETDistribution.swift
SwiftCompile normal arm64_32 Compiling\ UserAction.swift /Users/admin/builder/spi-builder-workspace/Sources/UserAction.swift (in target 'ETDistribution' from project 'ETDistribution')
SwiftCompile normal arm64_32 /Users/admin/builder/spi-builder-workspace/Sources/UserAction.swift (in target 'ETDistribution' from project 'ETDistribution')
cd /Users/admin/builder/spi-builder-workspace/.swiftpm/xcode
builtin-SwiftPerFileCompile UserAction.swift
PruneExplicitPrecompiledModules /Users/admin/builder/spi-builder-workspace/.derivedData/Build/Intermediates.noindex/SwiftExplicitPrecompiledModules
PruneExplicitPrecompiledModules /Users/admin/builder/spi-builder-workspace/.derivedData/SDKExplicitPrecompiledModules
PruneExplicitPrecompiledModules /Users/admin/builder/spi-builder-workspace/.derivedData/Build/Intermediates.noindex/ExplicitPrecompiledModules
2026-09-22 15:20:04.836 xcodebuild[626:3877] [MT] IDERunDestination: Supported platforms for the buildables in the current scheme is empty.
** BUILD FAILED **
The following build commands failed:
SwiftEmitModule normal arm64 Emitting\ module\ for\ ETDistribution (in target 'ETDistribution' from project 'ETDistribution')
SwiftCompile normal arm64 (in target 'ETDistribution' from project 'ETDistribution')
Building workspace ETDistribution with scheme ETDistribution
(3 failures)
Command line invocation:
/Applications/Xcode-27.0.0-Release.Candidate.app/Contents/Developer/usr/bin/xcodebuild -IDEClonedSourcePackagesDirPathOverride=/Users/admin/builder/spi-builder-workspace/.dependencies -resolvePackageDependencies
Resolve Package Graph
Resolved source packages:
ETDistribution: /Users/admin/builder/spi-builder-workspace
resolved source packages: ETDistribution
2026-09-22 15:20:11.455 xcodebuild[789:4626] [MT] IDERunDestination: Supported platforms for the buildables in the current scheme is empty.
{
"dependencies" : [
],
"manifest_display_name" : "ETDistribution",
"name" : "ETDistribution",
"path" : "/Users/admin/builder/spi-builder-workspace",
"platforms" : [
{
"name" : "ios",
"version" : "13.0"
}
],
"products" : [
{
"name" : "ETDistribution",
"targets" : [
"ETDistribution"
],
"type" : {
"library" : [
"dynamic"
]
}
}
],
"targets" : [
{
"c99name" : "ETDistributionTests",
"module_type" : "SwiftTarget",
"name" : "ETDistributionTests",
"path" : "Tests",
"sources" : [
"DistributionReleaseInfoTests.swift"
],
"target_dependencies" : [
"ETDistribution"
],
"type" : "test"
},
{
"c99name" : "ETDistribution",
"module_type" : "SwiftTarget",
"name" : "ETDistribution",
"path" : "Sources",
"product_memberships" : [
"ETDistribution"
],
"sources" : [
"Auth.swift",
"ETDistribution.swift",
"JWT/JWTHelper.swift",
"Keychain/KeychainHelper.swift",
"Mach-O/BinaryParser.swift",
"Models/AuthCodeResponse.swift",
"Models/AuthRefreshResponse.swift",
"Models/CheckForUpdateParams.swift",
"Models/DistributionReleaseInfo.swift",
"Models/DistributionUpdateCheckResponse.swift",
"Network/URLSession+Distribute.swift",
"UserAction.swift",
"UserDefaults+ETDistribution.swift",
"Utils/Date+Parse.swift",
"ViewController/UIViewController+Distribute.swift"
],
"type" : "library"
}
],
"tools_version" : "5.9"
}
{
"workspace" : {
"name" : "ETDistribution",
"schemes" : [
"ETDistribution"
]
}
}
2026-09-22 15:20:12.674 xcodebuild[797:4691] [MT] IDERunDestination: Supported platforms for the buildables in the current scheme is empty.
Running build ...
env DEVELOPER_DIR=/Applications/Xcode-27.0.0-Release.Candidate.app xcrun xcodebuild -IDEClonedSourcePackagesDirPathOverride=$PWD/.dependencies -skipMacroValidation -skipPackagePluginValidation -derivedDataPath $PWD/.derivedData build -scheme ETDistribution -destination generic/platform=watchOS
Command line invocation:
/Applications/Xcode-27.0.0-Release.Candidate.app/Contents/Developer/usr/bin/xcodebuild -IDEClonedSourcePackagesDirPathOverride=/Users/admin/builder/spi-builder-workspace/.dependencies -skipMacroValidation -skipPackagePluginValidation -derivedDataPath /Users/admin/builder/spi-builder-workspace/.derivedData build -scheme ETDistribution -destination generic/platform=watchOS
Resolve Package Graph
Resolved source packages:
ETDistribution: /Users/admin/builder/spi-builder-workspace
ComputePackagePrebuildTargetDependencyGraph
Prepare packages
CreateBuildRequest
SendProjectDescription
CreateBuildOperation
ComputeTargetDependencyGraph
note: Building targets in dependency order
note: Target dependency graph (2 targets)
Target 'ETDistribution-product' in project 'ETDistribution'
➜ Explicit dependency on target 'ETDistribution' in project 'ETDistribution'
Target 'ETDistribution' in project 'ETDistribution' (no dependencies)
GatherProvisioningInputs
CreateBuildDescription
ClangStatCache /Applications/Xcode-27.0.0-Release.Candidate.app/Contents/Developer/Toolchains/XcodeDefault.xctoolchain/usr/bin/clang-stat-cache /Applications/Xcode-27.0.0-Release.Candidate.app/Contents/Developer/Platforms/WatchOS.platform/Developer/SDKs/WatchOS27.0.sdk /Users/admin/builder/spi-builder-workspace/.derivedData/SDKStatCaches.noindex/watchos27.0-24R360-e829b21a6f8c9b70876ba0858053c04477534ef55a1706bf4c1112bbb242f0a2.sdkstatcache
cd /Users/admin/builder/spi-builder-workspace/.swiftpm/xcode
/Applications/Xcode-27.0.0-Release.Candidate.app/Contents/Developer/Toolchains/XcodeDefault.xctoolchain/usr/bin/clang-stat-cache /Applications/Xcode-27.0.0-Release.Candidate.app/Contents/Developer/Platforms/WatchOS.platform/Developer/SDKs/WatchOS27.0.sdk -o /Users/admin/builder/spi-builder-workspace/.derivedData/SDKStatCaches.noindex/watchos27.0-24R360-e829b21a6f8c9b70876ba0858053c04477534ef55a1706bf4c1112bbb242f0a2.sdkstatcache
SwiftDriver ETDistribution normal arm64_32 com.apple.xcode.tools.swift.compiler (in target 'ETDistribution' from project 'ETDistribution')
cd /Users/admin/builder/spi-builder-workspace/.swiftpm/xcode
builtin-SwiftDriver -- /Applications/Xcode-27.0.0-Release.Candidate.app/Contents/Developer/Toolchains/XcodeDefault.xctoolchain/usr/bin/swiftc -parse-as-library -module-name ETDistribution -Onone @/Users/admin/builder/spi-builder-workspace/.derivedData/Build/Intermediates.noindex/ETDistribution.build/Debug-watchos/ETDistribution-t.build/Objects-normal/arm64_32/ETDistribution.SwiftFileList -DSWIFT_PACKAGE -DDEBUG -DSWIFT_MODULE_RESOURCE_BUNDLE_UNAVAILABLE -DXcode -plugin-path /Applications/Xcode-27.0.0-Release.Candidate.app/Contents/Developer/Toolchains/XcodeDefault.xctoolchain/usr/lib/swift/host/plugins/testing -enable-experimental-feature DebugDescriptionMacro -sdk /Applications/Xcode-27.0.0-Release.Candidate.app/Contents/Developer/Platforms/WatchOS.platform/Developer/SDKs/WatchOS27.0.sdk -target arm64_32-apple-watchos9.0 -g -module-cache-path /Users/admin/builder/spi-builder-workspace/.derivedData/ModuleCache.noindex -Xfrontend -serialize-debugging-options -profile-coverage-mapping -profile-generate -enable-testing -index-store-path /Users/admin/builder/spi-builder-workspace/.derivedData/Index.noindex/DataStore -Xcc -D_LIBCPP_HARDENING_MODE\=_LIBCPP_HARDENING_MODE_DEBUG -swift-version 5 -I /Users/admin/builder/spi-builder-workspace/.derivedData/Build/Products/Debug-watchos -Isystem /Applications/Xcode-27.0.0-Release.Candidate.app/Contents/Developer/Platforms/WatchOS.platform/Developer/usr/lib -F /Users/admin/builder/spi-builder-workspace/.derivedData/Build/Products/Debug-watchos -F /Applications/Xcode-27.0.0-Release.Candidate.app/Contents/Developer/Platforms/WatchOS.platform/Developer/Library/Frameworks -F /Applications/Xcode-27.0.0-Release.Candidate.app/Contents/Developer/Platforms/WatchOS.platform/Developer/SDKs/WatchOS27.0.sdk/Developer/Library/Frameworks -c -j10 -enable-batch-mode -incremental -Xcc -ivfsstatcache -Xcc /Users/admin/builder/spi-builder-workspace/.derivedData/SDKStatCaches.noindex/watchos27.0-24R360-e829b21a6f8c9b70876ba0858053c04477534ef55a1706bf4c1112bbb242f0a2.sdkstatcache -output-file-map /Users/admin/builder/spi-builder-workspace/.derivedData/Build/Intermediates.noindex/ETDistribution.build/Debug-watchos/ETDistribution-t.build/Objects-normal/arm64_32/ETDistribution-OutputFileMap.json -save-temps -no-color-diagnostics -explicit-module-build -module-cache-path /Users/admin/builder/spi-builder-workspace/.derivedData/Build/Intermediates.noindex/SwiftExplicitPrecompiledModules -clang-scanner-module-cache-path /Users/admin/builder/spi-builder-workspace/.derivedData/ModuleCache.noindex -sdk-module-cache-path /Users/admin/builder/spi-builder-workspace/.derivedData/SDKExplicitPrecompiledModules -emit-dependencies -emit-module -emit-module-path /Users/admin/builder/spi-builder-workspace/.derivedData/Build/Intermediates.noindex/ETDistribution.build/Debug-watchos/ETDistribution-t.build/Objects-normal/arm64_32/ETDistribution.swiftmodule -serialize-diagnostics -dependency-scan-serialize-diagnostics-path /Users/admin/builder/spi-builder-workspace/.derivedData/Build/Intermediates.noindex/ETDistribution.build/Debug-watchos/ETDistribution-t.build/Objects-normal/arm64_32/ETDistribution-dependency-scan.dia -validate-clang-modules-once -clang-build-session-file /Users/admin/builder/spi-builder-workspace/.derivedData/ModuleCache.noindex/Session.modulevalidation -Xcc -fmodules-prune-interval\=86400 -Xcc -fmodules-prune-after\=345600 -package-name spi_builder_workspace -emit-const-values -const-gather-protocols-list /Users/admin/builder/spi-builder-workspace/.derivedData/Build/Intermediates.noindex/ETDistribution.build/Debug-watchos/ETDistribution-t.build/Objects-normal/arm64_32/ETDistribution_const_extract_protocols.json -Xcc -I/Users/admin/builder/spi-builder-workspace/.derivedData/Build/Products/Debug-watchos/include -Xcc -I/Users/admin/builder/spi-builder-workspace/.derivedData/Build/Intermediates.noindex/ETDistribution.build/Debug-watchos/ETDistribution-t.build/DerivedSources-normal/arm64_32 -Xcc -I/Users/admin/builder/spi-builder-workspace/.derivedData/Build/Intermediates.noindex/ETDistribution.build/Debug-watchos/ETDistribution-t.build/DerivedSources/arm64_32 -Xcc -I/Users/admin/builder/spi-builder-workspace/.derivedData/Build/Intermediates.noindex/ETDistribution.build/Debug-watchos/ETDistribution-t.build/DerivedSources -Xcc -DSWIFT_PACKAGE -Xcc -DDEBUG\=1 -emit-objc-header -emit-objc-header-path /Users/admin/builder/spi-builder-workspace/.derivedData/Build/Intermediates.noindex/ETDistribution.build/Debug-watchos/ETDistribution-t.build/Objects-normal/arm64_32/ETDistribution-Swift.h -working-directory /Users/admin/builder/spi-builder-workspace/.swiftpm/xcode -experimental-emit-module-separately -disable-cmo
SwiftDriver ETDistribution normal arm64 com.apple.xcode.tools.swift.compiler (in target 'ETDistribution' from project 'ETDistribution')
cd /Users/admin/builder/spi-builder-workspace/.swiftpm/xcode
builtin-SwiftDriver -- /Applications/Xcode-27.0.0-Release.Candidate.app/Contents/Developer/Toolchains/XcodeDefault.xctoolchain/usr/bin/swiftc -parse-as-library -module-name ETDistribution -Onone @/Users/admin/builder/spi-builder-workspace/.derivedData/Build/Intermediates.noindex/ETDistribution.build/Debug-watchos/ETDistribution-t.build/Objects-normal/arm64/ETDistribution.SwiftFileList -DSWIFT_PACKAGE -DDEBUG -DSWIFT_MODULE_RESOURCE_BUNDLE_UNAVAILABLE -DXcode -plugin-path /Applications/Xcode-27.0.0-Release.Candidate.app/Contents/Developer/Toolchains/XcodeDefault.xctoolchain/usr/lib/swift/host/plugins/testing -enable-experimental-feature DebugDescriptionMacro -sdk /Applications/Xcode-27.0.0-Release.Candidate.app/Contents/Developer/Platforms/WatchOS.platform/Developer/SDKs/WatchOS27.0.sdk -target arm64-apple-watchos9.0 -g -module-cache-path /Users/admin/builder/spi-builder-workspace/.derivedData/ModuleCache.noindex -Xfrontend -serialize-debugging-options -profile-coverage-mapping -profile-generate -enable-testing -index-store-path /Users/admin/builder/spi-builder-workspace/.derivedData/Index.noindex/DataStore -Xcc -D_LIBCPP_HARDENING_MODE\=_LIBCPP_HARDENING_MODE_DEBUG -swift-version 5 -I /Users/admin/builder/spi-builder-workspace/.derivedData/Build/Products/Debug-watchos -Isystem /Applications/Xcode-27.0.0-Release.Candidate.app/Contents/Developer/Platforms/WatchOS.platform/Developer/usr/lib -F /Users/admin/builder/spi-builder-workspace/.derivedData/Build/Products/Debug-watchos -F /Applications/Xcode-27.0.0-Release.Candidate.app/Contents/Developer/Platforms/WatchOS.platform/Developer/Library/Frameworks -F /Applications/Xcode-27.0.0-Release.Candidate.app/Contents/Developer/Platforms/WatchOS.platform/Developer/SDKs/WatchOS27.0.sdk/Developer/Library/Frameworks -c -j10 -enable-batch-mode -incremental -Xcc -ivfsstatcache -Xcc /Users/admin/builder/spi-builder-workspace/.derivedData/SDKStatCaches.noindex/watchos27.0-24R360-e829b21a6f8c9b70876ba0858053c04477534ef55a1706bf4c1112bbb242f0a2.sdkstatcache -output-file-map /Users/admin/builder/spi-builder-workspace/.derivedData/Build/Intermediates.noindex/ETDistribution.build/Debug-watchos/ETDistribution-t.build/Objects-normal/arm64/ETDistribution-OutputFileMap.json -save-temps -no-color-diagnostics -explicit-module-build -module-cache-path /Users/admin/builder/spi-builder-workspace/.derivedData/Build/Intermediates.noindex/SwiftExplicitPrecompiledModules -clang-scanner-module-cache-path /Users/admin/builder/spi-builder-workspace/.derivedData/ModuleCache.noindex -sdk-module-cache-path /Users/admin/builder/spi-builder-workspace/.derivedData/SDKExplicitPrecompiledModules -emit-dependencies -emit-module -emit-module-path /Users/admin/builder/spi-builder-workspace/.derivedData/Build/Intermediates.noindex/ETDistribution.build/Debug-watchos/ETDistribution-t.build/Objects-normal/arm64/ETDistribution.swiftmodule -serialize-diagnostics -dependency-scan-serialize-diagnostics-path /Users/admin/builder/spi-builder-workspace/.derivedData/Build/Intermediates.noindex/ETDistribution.build/Debug-watchos/ETDistribution-t.build/Objects-normal/arm64/ETDistribution-dependency-scan.dia -validate-clang-modules-once -clang-build-session-file /Users/admin/builder/spi-builder-workspace/.derivedData/ModuleCache.noindex/Session.modulevalidation -Xcc -fmodules-prune-interval\=86400 -Xcc -fmodules-prune-after\=345600 -package-name spi_builder_workspace -emit-const-values -const-gather-protocols-list /Users/admin/builder/spi-builder-workspace/.derivedData/Build/Intermediates.noindex/ETDistribution.build/Debug-watchos/ETDistribution-t.build/Objects-normal/arm64/ETDistribution_const_extract_protocols.json -Xcc -I/Users/admin/builder/spi-builder-workspace/.derivedData/Build/Products/Debug-watchos/include -Xcc -I/Users/admin/builder/spi-builder-workspace/.derivedData/Build/Intermediates.noindex/ETDistribution.build/Debug-watchos/ETDistribution-t.build/DerivedSources-normal/arm64 -Xcc -I/Users/admin/builder/spi-builder-workspace/.derivedData/Build/Intermediates.noindex/ETDistribution.build/Debug-watchos/ETDistribution-t.build/DerivedSources/arm64 -Xcc -I/Users/admin/builder/spi-builder-workspace/.derivedData/Build/Intermediates.noindex/ETDistribution.build/Debug-watchos/ETDistribution-t.build/DerivedSources -Xcc -DSWIFT_PACKAGE -Xcc -DDEBUG\=1 -emit-objc-header -emit-objc-header-path /Users/admin/builder/spi-builder-workspace/.derivedData/Build/Intermediates.noindex/ETDistribution.build/Debug-watchos/ETDistribution-t.build/Objects-normal/arm64/ETDistribution-Swift.h -working-directory /Users/admin/builder/spi-builder-workspace/.swiftpm/xcode -experimental-emit-module-separately -disable-cmo
SwiftEmitModule normal arm64_32 Emitting\ module\ for\ ETDistribution (in target 'ETDistribution' from project 'ETDistribution')
/Users/admin/builder/spi-builder-workspace/Sources/Auth.swift:240:71: error: 'ASPresentationAnchor' is unavailable in watchOS
238 | fileprivate static let shared = PresentationContextProvider()
239 |
240 | func presentationAnchor(for session: ASWebAuthenticationSession) -> ASPresentationAnchor {
| `- error: 'ASPresentationAnchor' is unavailable in watchOS
241 | if
242 | let windowScene = UIApplication.shared.connectedScenes.first(where: { $0.activationState == .foregroundActive }) as? UIWindowScene,
/Applications/Xcode-27.0.0-Release.Candidate.app/Contents/Developer/Platforms/WatchOS.platform/Developer/SDKs/WatchOS27.0.sdk/System/Library/Frameworks/AuthenticationServices.framework/Headers/ASFoundation.h:39:20: note: 'ASPresentationAnchor' has been explicitly marked unavailable here
37 | #import <UIKit/UIKit.h>
38 | #if __has_include(<UIKit/UIWindow.h>)
39 | typedef UIWindow * ASPresentationAnchor API_UNAVAILABLE(watchos);
| `- note: 'ASPresentationAnchor' has been explicitly marked unavailable here
40 | #endif
41 | #if __has_include(<UIKit/UIViewController.h>) && !defined(ASViewController)
/Users/admin/builder/spi-builder-workspace/Sources/Auth.swift:237:54: error: 'ASWebAuthenticationPresentationContextProviding' is unavailable in watchOS
235 | }
236 |
237 | private class PresentationContextProvider: NSObject, ASWebAuthenticationPresentationContextProviding {
| `- error: 'ASWebAuthenticationPresentationContextProviding' is unavailable in watchOS
238 | fileprivate static let shared = PresentationContextProvider()
239 |
/Applications/Xcode-27.0.0-Release.Candidate.app/Contents/Developer/Platforms/WatchOS.platform/Developer/SDKs/WatchOS27.0.sdk/System/Library/Frameworks/AuthenticationServices.framework/Headers/ASWebAuthenticationSession.h:115:11: note: 'ASWebAuthenticationPresentationContextProviding' has been explicitly marked unavailable here
113 | API_AVAILABLE(ios(13.0), macos(10.15)) API_UNAVAILABLE(tvos, watchos)
114 | NS_SWIFT_UI_ACTOR
115 | @protocol ASWebAuthenticationPresentationContextProviding <NSObject>
| `- note: 'ASWebAuthenticationPresentationContextProviding' has been explicitly marked unavailable here
116 |
117 | #if !TARGET_OS_WATCH
/Users/admin/builder/spi-builder-workspace/Sources/ViewController/UIViewController+Distribute.swift:13:14: error: 'UIAlertAction' is unavailable in watchOS
11 | struct AlertAction {
12 | let title: String
13 | let style: UIAlertAction.Style
| `- error: 'UIAlertAction' is unavailable in watchOS
14 | let handler: (UIAlertAction) -> Void
15 | }
/Applications/Xcode-27.0.0-Release.Candidate.app/Contents/Developer/Platforms/WatchOS.platform/Developer/SDKs/WatchOS27.0.sdk/System/Library/Frameworks/UIKit.framework/Headers/UIAlertController.h:32:12: note: 'UIAlertAction' has been explicitly marked unavailable here
30 |
31 | UIKIT_EXTERN API_AVAILABLE(ios(8.0)) API_UNAVAILABLE(watchos) NS_SWIFT_UI_ACTOR
32 | @interface UIAlertAction : NSObject <NSCopying>
| `- note: 'UIAlertAction' has been explicitly marked unavailable here
33 |
34 | + (instancetype)actionWithTitle:(nullable NSString *)title style:(UIAlertActionStyle)style handler:(void (^ __nullable)(UIAlertAction *action))handler;
/Users/admin/builder/spi-builder-workspace/Sources/ViewController/UIViewController+Distribute.swift:14:17: error: 'UIAlertAction' is unavailable in watchOS
12 | let title: String
13 | let style: UIAlertAction.Style
14 | let handler: (UIAlertAction) -> Void
| `- error: 'UIAlertAction' is unavailable in watchOS
15 | }
16 |
/Applications/Xcode-27.0.0-Release.Candidate.app/Contents/Developer/Platforms/WatchOS.platform/Developer/SDKs/WatchOS27.0.sdk/System/Library/Frameworks/UIKit.framework/Headers/UIAlertController.h:32:12: note: 'UIAlertAction' has been explicitly marked unavailable here
30 |
31 | UIKIT_EXTERN API_AVAILABLE(ios(8.0)) API_UNAVAILABLE(watchos) NS_SWIFT_UI_ACTOR
32 | @interface UIAlertAction : NSObject <NSCopying>
| `- note: 'UIAlertAction' has been explicitly marked unavailable here
33 |
34 | + (instancetype)actionWithTitle:(nullable NSString *)title style:(UIAlertActionStyle)style handler:(void (^ __nullable)(UIAlertAction *action))handler;
/Users/admin/builder/spi-builder-workspace/Sources/ViewController/UIViewController+Distribute.swift:18:42: error: 'UIViewController' is unavailable in watchOS
16 |
17 | extension UIViewController {
18 | static func topMostViewController() -> UIViewController? {
| `- error: 'UIViewController' is unavailable in watchOS
19 | guard let rootViewController = UIApplication.shared.windows.first?.rootViewController else {
20 | return nil
/Applications/Xcode-27.0.0-Release.Candidate.app/Contents/Developer/Platforms/WatchOS.platform/Developer/SDKs/WatchOS27.0.sdk/System/Library/Frameworks/UIKit.framework/Headers/UIViewController.h:104:12: note: 'UIViewController' has been explicitly marked unavailable here
102 |
103 | UIKIT_EXTERN API_AVAILABLE(ios(2.0)) API_UNAVAILABLE(watchos) NS_SWIFT_UI_ACTOR
104 | @interface UIViewController : UIResponder <NSCoding, UIAppearanceContainer, UITraitEnvironment, UIContentContainer, UIFocusEnvironment>
| `- note: 'UIViewController' has been explicitly marked unavailable here
105 |
106 | /*
/Users/admin/builder/spi-builder-workspace/Sources/ViewController/UIViewController+Distribute.swift:25:63: error: 'UIViewController' is unavailable in watchOS
23 | }
24 |
25 | private static func findTopViewController(_ viewController: UIViewController) -> UIViewController {
| `- error: 'UIViewController' is unavailable in watchOS
26 | if let presentedViewController = viewController.presentedViewController {
27 | return findTopViewController(presentedViewController)
/Applications/Xcode-27.0.0-Release.Candidate.app/Contents/Developer/Platforms/WatchOS.platform/Developer/SDKs/WatchOS27.0.sdk/System/Library/Frameworks/UIKit.framework/Headers/UIViewController.h:104:12: note: 'UIViewController' has been explicitly marked unavailable here
102 |
103 | UIKIT_EXTERN API_AVAILABLE(ios(2.0)) API_UNAVAILABLE(watchos) NS_SWIFT_UI_ACTOR
104 | @interface UIViewController : UIResponder <NSCoding, UIAppearanceContainer, UITraitEnvironment, UIContentContainer, UIFocusEnvironment>
| `- note: 'UIViewController' has been explicitly marked unavailable here
105 |
106 | /*
/Users/admin/builder/spi-builder-workspace/Sources/ViewController/UIViewController+Distribute.swift:25:84: error: 'UIViewController' is unavailable in watchOS
23 | }
24 |
25 | private static func findTopViewController(_ viewController: UIViewController) -> UIViewController {
| `- error: 'UIViewController' is unavailable in watchOS
26 | if let presentedViewController = viewController.presentedViewController {
27 | return findTopViewController(presentedViewController)
/Applications/Xcode-27.0.0-Release.Candidate.app/Contents/Developer/Platforms/WatchOS.platform/Developer/SDKs/WatchOS27.0.sdk/System/Library/Frameworks/UIKit.framework/Headers/UIViewController.h:104:12: note: 'UIViewController' has been explicitly marked unavailable here
102 |
103 | UIKIT_EXTERN API_AVAILABLE(ios(2.0)) API_UNAVAILABLE(watchos) NS_SWIFT_UI_ACTOR
104 | @interface UIViewController : UIResponder <NSCoding, UIAppearanceContainer, UITraitEnvironment, UIContentContainer, UIFocusEnvironment>
| `- note: 'UIViewController' has been explicitly marked unavailable here
105 |
106 | /*
/Users/admin/builder/spi-builder-workspace/Sources/ViewController/UIViewController+Distribute.swift:17:11: error: 'UIViewController' is unavailable in watchOS
15 | }
16 |
17 | extension UIViewController {
| `- error: 'UIViewController' is unavailable in watchOS
18 | static func topMostViewController() -> UIViewController? {
19 | guard let rootViewController = UIApplication.shared.windows.first?.rootViewController else {
/Applications/Xcode-27.0.0-Release.Candidate.app/Contents/Developer/Platforms/WatchOS.platform/Developer/SDKs/WatchOS27.0.sdk/System/Library/Frameworks/UIKit.framework/Headers/UIViewController.h:104:12: note: 'UIViewController' has been explicitly marked unavailable here
102 |
103 | UIKIT_EXTERN API_AVAILABLE(ios(2.0)) API_UNAVAILABLE(watchos) NS_SWIFT_UI_ACTOR
104 | @interface UIViewController : UIResponder <NSCoding, UIAppearanceContainer, UITraitEnvironment, UIContentContainer, UIFocusEnvironment>
| `- note: 'UIViewController' has been explicitly marked unavailable here
105 |
106 | /*
Failed frontend command:
SwiftCompile normal arm64_32 (in target 'ETDistribution' from project 'ETDistribution')
cd /Users/admin/builder/spi-builder-workspace/.swiftpm/xcode
/Applications/Xcode-27.0.0-Release.Candidate.app/Contents/Developer/Toolchains/XcodeDefault.xctoolchain/usr/bin/swift-frontend -frontend -emit-module -experimental-skip-non-inlinable-function-bodies-without-types /Users/admin/builder/spi-builder-workspace/Sources/Auth.swift /Users/admin/builder/spi-builder-workspace/Sources/ETDistribution.swift /Users/admin/builder/spi-builder-workspace/Sources/JWT/JWTHelper.swift /Users/admin/builder/spi-builder-workspace/Sources/Keychain/KeychainHelper.swift /Users/admin/builder/spi-builder-workspace/Sources/Mach-O/BinaryParser.swift /Users/admin/builder/spi-builder-workspace/Sources/Models/AuthCodeResponse.swift /Users/admin/builder/spi-builder-workspace/Sources/Models/AuthRefreshResponse.swift /Users/admin/builder/spi-builder-workspace/Sources/Models/CheckForUpdateParams.swift /Users/admin/builder/spi-builder-workspace/Sources/Models/DistributionReleaseInfo.swift /Users/admin/builder/spi-builder-workspace/Sources/Models/DistributionUpdateCheckResponse.swift /Users/admin/builder/spi-builder-workspace/Sources/Network/URLSession+Distribute.swift /Users/admin/builder/spi-builder-workspace/Sources/UserAction.swift /Users/admin/builder/spi-builder-workspace/Sources/UserDefaults+ETDistribution.swift /Users/admin/builder/spi-builder-workspace/Sources/Utils/Date+Parse.swift /Users/admin/builder/spi-builder-workspace/Sources/ViewController/UIViewController+Distribute.swift -target arm64_32-apple-watchos9.0 -disable-cross-import-overlay-search -swift-module-cross-import AuthenticationServices /Applications/Xcode-27.0.0-Release.Candidate.app/Contents/Developer/Platforms/WatchOS.platform/Developer/SDKs/WatchOS.sdk/System/Library/Frameworks/AuthenticationServices.framework/Modules/AuthenticationServices.swiftcrossimport/SwiftUI.swiftoverlay -swift-module-cross-import AuthenticationServices /Applications/Xcode-27.0.0-Release.Candidate.app/Contents/Developer/Platforms/WatchOS.platform/Developer/SDKs/WatchOS27.0.sdk/System/Library/Frameworks/AuthenticationServices.framework/Modules/AuthenticationServices.swiftcrossimport/SwiftUI.swiftoverlay -swift-module-cross-import Darwin /Applications/Xcode-27.0.0-Release.Candidate.app/Contents/Developer/Platforms/WatchOS.platform/Developer/SDKs/WatchOS.sdk/usr/include/Darwin.swiftcrossimport/xlocale.swiftoverlay -load-resolved-plugin /Applications/Xcode-27.0.0-Release.Candidate.app/Contents/Developer/Platforms/WatchOS.platform/Developer/usr/lib/swift/host/plugins/libFoundationMacros.dylib\#/Applications/Xcode-27.0.0-Release.Candidate.app/Contents/Developer/Platforms/WatchOS.platform/Developer/usr/bin/swift-plugin-server\#FoundationMacros -load-resolved-plugin /Applications/Xcode-27.0.0-Release.Candidate.app/Contents/Developer/Platforms/WatchOS.platform/Developer/usr/lib/swift/host/plugins/libObservationMacros.dylib\#/Applications/Xcode-27.0.0-Release.Candidate.app/Contents/Developer/Platforms/WatchOS.platform/Developer/usr/bin/swift-plugin-server\#ObservationMacros -load-resolved-plugin /Applications/Xcode-27.0.0-Release.Candidate.app/Contents/Developer/Platforms/WatchOS.platform/Developer/usr/lib/swift/host/plugins/libSwiftMacros.dylib\#/Applications/Xcode-27.0.0-Release.Candidate.app/Contents/Developer/Platforms/WatchOS.platform/Developer/usr/bin/swift-plugin-server\#SwiftMacros -load-resolved-plugin /Applications/Xcode-27.0.0-Release.Candidate.app/Contents/Developer/Platforms/WatchOS.platform/Developer/usr/lib/swift/host/plugins/libSwiftUIMacros.dylib\#/Applications/Xcode-27.0.0-Release.Candidate.app/Contents/Developer/Platforms/WatchOS.platform/Developer/usr/bin/swift-plugin-server\#SwiftUIMacros -disable-implicit-swift-modules -Xcc -fno-implicit-modules -Xcc -fno-implicit-module-maps -explicit-swift-module-map-file /Users/admin/builder/spi-builder-workspace/.derivedData/Build/Intermediates.noindex/ETDistribution.build/Debug-watchos/ETDistribution-t.build/Objects-normal/arm64_32/ETDistribution-dependencies-1.json -enable-objc-interop -sdk /Applications/Xcode-27.0.0-Release.Candidate.app/Contents/Developer/Platforms/WatchOS.platform/Developer/SDKs/WatchOS27.0.sdk -I /Users/admin/builder/spi-builder-workspace/.derivedData/Build/Products/Debug-watchos -Isystem /Applications/Xcode-27.0.0-Release.Candidate.app/Contents/Developer/Platforms/WatchOS.platform/Developer/usr/lib -F /Users/admin/builder/spi-builder-workspace/.derivedData/Build/Products/Debug-watchos -F /Applications/Xcode-27.0.0-Release.Candidate.app/Contents/Developer/Platforms/WatchOS.platform/Developer/Library/Frameworks -F /Applications/Xcode-27.0.0-Release.Candidate.app/Contents/Developer/Platforms/WatchOS.platform/Developer/SDKs/WatchOS27.0.sdk/Developer/Library/Frameworks -module-cache-path /Users/admin/builder/spi-builder-workspace/.derivedData/Build/Intermediates.noindex/SwiftExplicitPrecompiledModules -no-color-diagnostics -Xcc -fno-color-diagnostics -enable-testing -g -debug-info-format\=dwarf -dwarf-version\=4 -profile-generate -profile-coverage-mapping -swift-version 5 -Onone -D SWIFT_PACKAGE -D DEBUG -D SWIFT_MODULE_RESOURCE_BUNDLE_UNAVAILABLE -D Xcode -serialize-debugging-options -enable-experimental-feature DebugDescriptionMacro -empty-abi-descriptor -validate-clang-modules-once -clang-build-session-file /Users/admin/builder/spi-builder-workspace/.derivedData/ModuleCache.noindex/Session.modulevalidation -Xcc -working-directory -Xcc /Users/admin/builder/spi-builder-workspace/.swiftpm/xcode -enable-anonymous-context-mangled-names -file-compilation-dir /Users/admin/builder/spi-builder-workspace/.swiftpm/xcode -Xcc -D_LIBCPP_HARDENING_MODE\=_LIBCPP_HARDENING_MODE_DEBUG -Xcc -ivfsstatcache -Xcc /Users/admin/builder/spi-builder-workspace/.derivedData/SDKStatCaches.noindex/watchos27.0-24R360-e829b21a6f8c9b70876ba0858053c04477534ef55a1706bf4c1112bbb242f0a2.sdkstatcache -Xcc -fmodules-prune-interval\=86400 -Xcc -fmodules-prune-after\=345600 -Xcc -I/Users/admin/builder/spi-builder-workspace/.derivedData/Build/Products/Debug-watchos/include -Xcc -I/Users/admin/builder/spi-builder-workspace/.derivedData/Build/Intermediates.noindex/ETDistribution.build/Debug-watchos/ETDistribution-t.build/DerivedSources-normal/arm64_32 -Xcc -I/Users/admin/builder/spi-builder-workspace/.derivedData/Build/Intermediates.noindex/ETDistribution.build/Debug-watchos/ETDistribution-t.build/DerivedSources/arm64_32 -Xcc -I/Users/admin/builder/spi-builder-workspace/.derivedData/Build/Intermediates.noindex/ETDistribution.build/Debug-watchos/ETDistribution-t.build/DerivedSources -Xcc -DSWIFT_PACKAGE -Xcc -DDEBUG\=1 -no-auto-bridging-header-chaining -module-name ETDistribution -package-name spi_builder_workspace -const-gather-protocols-file /Users/admin/builder/spi-builder-workspace/.derivedData/Build/Intermediates.noindex/ETDistribution.build/Debug-watchos/ETDistribution-t.build/Objects-normal/arm64_32/ETDistribution_const_extract_protocols.json -disable-clang-spi -clang-target arm64_32-apple-watchos27.0 -target-sdk-version 27.0 -target-sdk-name watchos27.0 -in-process-plugin-server-path /Applications/Xcode-27.0.0-Release.Candidate.app/Contents/Developer/Toolchains/XcodeDefault.xctoolchain/usr/lib/swift/host/libSwiftInProcPluginServer.dylib -emit-module-doc-path /Users/admin/builder/spi-builder-workspace/.derivedData/Build/Intermediates.noindex/ETDistribution.build/Debug-watchos/ETDistribution-t.build/Objects-normal/arm64_32/ETDistribution.swiftdoc -emit-module-source-info-path /Users/admin/builder/spi-builder-workspace/.derivedData/Build/Intermediates.noindex/ETDistribution.build/Debug-watchos/ETDistribution-t.build/Objects-normal/arm64_32/ETDistribution.swiftsourceinfo -emit-objc-header-path /Users/admin/builder/spi-builder-workspace/.derivedData/Build/Intermediates.noindex/ETDistribution.build/Debug-watchos/ETDistribution-t.build/Objects-normal/arm64_32/ETDistribution-Swift.h -serialize-diagnostics-path /Users/admin/builder/spi-builder-workspace/.derivedData/Build/Intermediates.noindex/ETDistribution.build/Debug-watchos/ETDistribution-t.build/Objects-normal/arm64_32/ETDistribution-primary-emit-module.dia -emit-dependencies-path /Users/admin/builder/spi-builder-workspace/.derivedData/Build/Intermediates.noindex/ETDistribution.build/Debug-watchos/ETDistribution-t.build/Objects-normal/arm64_32/ETDistribution-primary-emit-module.d -parse-as-library -o /Users/admin/builder/spi-builder-workspace/.derivedData/Build/Intermediates.noindex/ETDistribution.build/Debug-watchos/ETDistribution-t.build/Objects-normal/arm64_32/ETDistribution.swiftmodule -emit-abi-descriptor-path /Users/admin/builder/spi-builder-workspace/.derivedData/Build/Intermediates.noindex/ETDistribution.build/Debug-watchos/ETDistribution-t.build/Objects-normal/arm64_32/ETDistribution.abi.json
SwiftCompile normal arm64_32 Compiling\ AuthRefreshResponse.swift,\ CheckForUpdateParams.swift /Users/admin/builder/spi-builder-workspace/Sources/Models/AuthRefreshResponse.swift /Users/admin/builder/spi-builder-workspace/Sources/Models/CheckForUpdateParams.swift (in target 'ETDistribution' from project 'ETDistribution')
SwiftCompile normal arm64_32 /Users/admin/builder/spi-builder-workspace/Sources/Models/AuthRefreshResponse.swift (in target 'ETDistribution' from project 'ETDistribution')
cd /Users/admin/builder/spi-builder-workspace/.swiftpm/xcode
builtin-SwiftPerFileCompile AuthRefreshResponse.swift
SwiftCompile normal arm64_32 /Users/admin/builder/spi-builder-workspace/Sources/Models/CheckForUpdateParams.swift (in target 'ETDistribution' from project 'ETDistribution')
cd /Users/admin/builder/spi-builder-workspace/.swiftpm/xcode
builtin-SwiftPerFileCompile CheckForUpdateParams.swift
SwiftCompile normal arm64_32 Compiling\ UserAction.swift /Users/admin/builder/spi-builder-workspace/Sources/UserAction.swift (in target 'ETDistribution' from project 'ETDistribution')
SwiftCompile normal arm64_32 /Users/admin/builder/spi-builder-workspace/Sources/UserAction.swift (in target 'ETDistribution' from project 'ETDistribution')
cd /Users/admin/builder/spi-builder-workspace/.swiftpm/xcode
builtin-SwiftPerFileCompile UserAction.swift
SwiftCompile normal arm64_32 Compiling\ DistributionReleaseInfo.swift,\ DistributionUpdateCheckResponse.swift /Users/admin/builder/spi-builder-workspace/Sources/Models/DistributionReleaseInfo.swift /Users/admin/builder/spi-builder-workspace/Sources/Models/DistributionUpdateCheckResponse.swift (in target 'ETDistribution' from project 'ETDistribution')
SwiftCompile normal arm64_32 /Users/admin/builder/spi-builder-workspace/Sources/Models/DistributionReleaseInfo.swift (in target 'ETDistribution' from project 'ETDistribution')
cd /Users/admin/builder/spi-builder-workspace/.swiftpm/xcode
builtin-SwiftPerFileCompile DistributionReleaseInfo.swift
SwiftCompile normal arm64_32 /Users/admin/builder/spi-builder-workspace/Sources/Models/DistributionUpdateCheckResponse.swift (in target 'ETDistribution' from project 'ETDistribution')
cd /Users/admin/builder/spi-builder-workspace/.swiftpm/xcode
builtin-SwiftPerFileCompile DistributionUpdateCheckResponse.swift
SwiftCompile normal arm64_32 Compiling\ URLSession+Distribute.swift /Users/admin/builder/spi-builder-workspace/Sources/Network/URLSession+Distribute.swift (in target 'ETDistribution' from project 'ETDistribution')
SwiftCompile normal arm64_32 /Users/admin/builder/spi-builder-workspace/Sources/Network/URLSession+Distribute.swift (in target 'ETDistribution' from project 'ETDistribution')
cd /Users/admin/builder/spi-builder-workspace/.swiftpm/xcode
builtin-SwiftPerFileCompile URLSession+Distribute.swift
SwiftCompile normal arm64_32 Compiling\ Auth.swift,\ ETDistribution.swift /Users/admin/builder/spi-builder-workspace/Sources/Auth.swift /Users/admin/builder/spi-builder-workspace/Sources/ETDistribution.swift (in target 'ETDistribution' from project 'ETDistribution')
SwiftCompile normal arm64_32 /Users/admin/builder/spi-builder-workspace/Sources/Auth.swift (in target 'ETDistribution' from project 'ETDistribution')
cd /Users/admin/builder/spi-builder-workspace/.swiftpm/xcode
builtin-SwiftPerFileCompile Auth.swift
SwiftCompile normal arm64_32 /Users/admin/builder/spi-builder-workspace/Sources/ETDistribution.swift (in target 'ETDistribution' from project 'ETDistribution')
cd /Users/admin/builder/spi-builder-workspace/.swiftpm/xcode
builtin-SwiftPerFileCompile ETDistribution.swift
/Users/admin/builder/spi-builder-workspace/Sources/Auth.swift:240:71: error: 'ASPresentationAnchor' is unavailable in watchOS
238 | fileprivate static let shared = PresentationContextProvider()
239 |
240 | func presentationAnchor(for session: ASWebAuthenticationSession) -> ASPresentationAnchor {
| `- error: 'ASPresentationAnchor' is unavailable in watchOS
241 | if
242 | let windowScene = UIApplication.shared.connectedScenes.first(where: { $0.activationState == .foregroundActive }) as? UIWindowScene,
/Applications/Xcode-27.0.0-Release.Candidate.app/Contents/Developer/Platforms/WatchOS.platform/Developer/SDKs/WatchOS27.0.sdk/System/Library/Frameworks/AuthenticationServices.framework/Headers/ASFoundation.h:39:20: note: 'ASPresentationAnchor' has been explicitly marked unavailable here
37 | #import <UIKit/UIKit.h>
38 | #if __has_include(<UIKit/UIWindow.h>)
39 | typedef UIWindow * ASPresentationAnchor API_UNAVAILABLE(watchos);
| `- note: 'ASPresentationAnchor' has been explicitly marked unavailable here
40 | #endif
41 | #if __has_include(<UIKit/UIViewController.h>) && !defined(ASViewController)
/Users/admin/builder/spi-builder-workspace/Sources/Auth.swift:237:54: error: 'ASWebAuthenticationPresentationContextProviding' is unavailable in watchOS
235 | }
236 |
237 | private class PresentationContextProvider: NSObject, ASWebAuthenticationPresentationContextProviding {
| `- error: 'ASWebAuthenticationPresentationContextProviding' is unavailable in watchOS
238 | fileprivate static let shared = PresentationContextProvider()
239 |
/Applications/Xcode-27.0.0-Release.Candidate.app/Contents/Developer/Platforms/WatchOS.platform/Developer/SDKs/WatchOS27.0.sdk/System/Library/Frameworks/AuthenticationServices.framework/Headers/ASWebAuthenticationSession.h:115:11: note: 'ASWebAuthenticationPresentationContextProviding' has been explicitly marked unavailable here
113 | API_AVAILABLE(ios(13.0), macos(10.15)) API_UNAVAILABLE(tvos, watchos)
114 | NS_SWIFT_UI_ACTOR
115 | @protocol ASWebAuthenticationPresentationContextProviding <NSObject>
| `- note: 'ASWebAuthenticationPresentationContextProviding' has been explicitly marked unavailable here
116 |
117 | #if !TARGET_OS_WATCH
SwiftCompile normal arm64_32 Compiling\ BinaryParser.swift,\ AuthCodeResponse.swift /Users/admin/builder/spi-builder-workspace/Sources/Mach-O/BinaryParser.swift /Users/admin/builder/spi-builder-workspace/Sources/Models/AuthCodeResponse.swift (in target 'ETDistribution' from project 'ETDistribution')
SwiftCompile normal arm64_32 /Users/admin/builder/spi-builder-workspace/Sources/Mach-O/BinaryParser.swift (in target 'ETDistribution' from project 'ETDistribution')
cd /Users/admin/builder/spi-builder-workspace/.swiftpm/xcode
builtin-SwiftPerFileCompile BinaryParser.swift
SwiftCompile normal arm64_32 /Users/admin/builder/spi-builder-workspace/Sources/Models/AuthCodeResponse.swift (in target 'ETDistribution' from project 'ETDistribution')
cd /Users/admin/builder/spi-builder-workspace/.swiftpm/xcode
builtin-SwiftPerFileCompile AuthCodeResponse.swift
SwiftCompile normal arm64_32 Compiling\ UserDefaults+ETDistribution.swift /Users/admin/builder/spi-builder-workspace/Sources/UserDefaults+ETDistribution.swift (in target 'ETDistribution' from project 'ETDistribution')
SwiftCompile normal arm64_32 /Users/admin/builder/spi-builder-workspace/Sources/UserDefaults+ETDistribution.swift (in target 'ETDistribution' from project 'ETDistribution')
cd /Users/admin/builder/spi-builder-workspace/.swiftpm/xcode
builtin-SwiftPerFileCompile UserDefaults+ETDistribution.swift
SwiftCompile normal arm64_32 Compiling\ UIViewController+Distribute.swift /Users/admin/builder/spi-builder-workspace/Sources/ViewController/UIViewController+Distribute.swift (in target 'ETDistribution' from project 'ETDistribution')
/Users/admin/builder/spi-builder-workspace/Sources/ViewController/UIViewController+Distribute.swift:13:14: error: 'UIAlertAction' is unavailable in watchOS
11 | struct AlertAction {
12 | let title: String
13 | let style: UIAlertAction.Style
| `- error: 'UIAlertAction' is unavailable in watchOS
14 | let handler: (UIAlertAction) -> Void
15 | }
/Applications/Xcode-27.0.0-Release.Candidate.app/Contents/Developer/Platforms/WatchOS.platform/Developer/SDKs/WatchOS27.0.sdk/System/Library/Frameworks/UIKit.framework/Headers/UIAlertController.h:32:12: note: 'UIAlertAction' has been explicitly marked unavailable here
30 |
31 | UIKIT_EXTERN API_AVAILABLE(ios(8.0)) API_UNAVAILABLE(watchos) NS_SWIFT_UI_ACTOR
32 | @interface UIAlertAction : NSObject <NSCopying>
| `- note: 'UIAlertAction' has been explicitly marked unavailable here
33 |
34 | + (instancetype)actionWithTitle:(nullable NSString *)title style:(UIAlertActionStyle)style handler:(void (^ __nullable)(UIAlertAction *action))handler;
/Users/admin/builder/spi-builder-workspace/Sources/ViewController/UIViewController+Distribute.swift:14:17: error: 'UIAlertAction' is unavailable in watchOS
12 | let title: String
13 | let style: UIAlertAction.Style
14 | let handler: (UIAlertAction) -> Void
| `- error: 'UIAlertAction' is unavailable in watchOS
15 | }
16 |
/Applications/Xcode-27.0.0-Release.Candidate.app/Contents/Developer/Platforms/WatchOS.platform/Developer/SDKs/WatchOS27.0.sdk/System/Library/Frameworks/UIKit.framework/Headers/UIAlertController.h:32:12: note: 'UIAlertAction' has been explicitly marked unavailable here
30 |
31 | UIKIT_EXTERN API_AVAILABLE(ios(8.0)) API_UNAVAILABLE(watchos) NS_SWIFT_UI_ACTOR
32 | @interface UIAlertAction : NSObject <NSCopying>
| `- note: 'UIAlertAction' has been explicitly marked unavailable here
33 |
34 | + (instancetype)actionWithTitle:(nullable NSString *)title style:(UIAlertActionStyle)style handler:(void (^ __nullable)(UIAlertAction *action))handler;
/Users/admin/builder/spi-builder-workspace/Sources/ViewController/UIViewController+Distribute.swift:18:42: error: 'UIViewController' is unavailable in watchOS
16 |
17 | extension UIViewController {
18 | static func topMostViewController() -> UIViewController? {
| `- error: 'UIViewController' is unavailable in watchOS
19 | guard let rootViewController = UIApplication.shared.windows.first?.rootViewController else {
20 | return nil
/Applications/Xcode-27.0.0-Release.Candidate.app/Contents/Developer/Platforms/WatchOS.platform/Developer/SDKs/WatchOS27.0.sdk/System/Library/Frameworks/UIKit.framework/Headers/UIViewController.h:104:12: note: 'UIViewController' has been explicitly marked unavailable here
102 |
103 | UIKIT_EXTERN API_AVAILABLE(ios(2.0)) API_UNAVAILABLE(watchos) NS_SWIFT_UI_ACTOR
104 | @interface UIViewController : UIResponder <NSCoding, UIAppearanceContainer, UITraitEnvironment, UIContentContainer, UIFocusEnvironment>
| `- note: 'UIViewController' has been explicitly marked unavailable here
105 |
106 | /*
/Users/admin/builder/spi-builder-workspace/Sources/ViewController/UIViewController+Distribute.swift:25:63: error: 'UIViewController' is unavailable in watchOS
23 | }
24 |
25 | private static func findTopViewController(_ viewController: UIViewController) -> UIViewController {
| `- error: 'UIViewController' is unavailable in watchOS
26 | if let presentedViewController = viewController.presentedViewController {
27 | return findTopViewController(presentedViewController)
/Applications/Xcode-27.0.0-Release.Candidate.app/Contents/Developer/Platforms/WatchOS.platform/Developer/SDKs/WatchOS27.0.sdk/System/Library/Frameworks/UIKit.framework/Headers/UIViewController.h:104:12: note: 'UIViewController' has been explicitly marked unavailable here
102 |
103 | UIKIT_EXTERN API_AVAILABLE(ios(2.0)) API_UNAVAILABLE(watchos) NS_SWIFT_UI_ACTOR
104 | @interface UIViewController : UIResponder <NSCoding, UIAppearanceContainer, UITraitEnvironment, UIContentContainer, UIFocusEnvironment>
| `- note: 'UIViewController' has been explicitly marked unavailable here
105 |
106 | /*
/Users/admin/builder/spi-builder-workspace/Sources/ViewController/UIViewController+Distribute.swift:25:84: error: 'UIViewController' is unavailable in watchOS
23 | }
24 |
25 | private static func findTopViewController(_ viewController: UIViewController) -> UIViewController {
| `- error: 'UIViewController' is unavailable in watchOS
26 | if let presentedViewController = viewController.presentedViewController {
27 | return findTopViewController(presentedViewController)
/Applications/Xcode-27.0.0-Release.Candidate.app/Contents/Developer/Platforms/WatchOS.platform/Developer/SDKs/WatchOS27.0.sdk/System/Library/Frameworks/UIKit.framework/Headers/UIViewController.h:104:12: note: 'UIViewController' has been explicitly marked unavailable here
102 |
103 | UIKIT_EXTERN API_AVAILABLE(ios(2.0)) API_UNAVAILABLE(watchos) NS_SWIFT_UI_ACTOR
104 | @interface UIViewController : UIResponder <NSCoding, UIAppearanceContainer, UITraitEnvironment, UIContentContainer, UIFocusEnvironment>
| `- note: 'UIViewController' has been explicitly marked unavailable here
105 |
106 | /*
/Users/admin/builder/spi-builder-workspace/Sources/ViewController/UIViewController+Distribute.swift:17:11: error: 'UIViewController' is unavailable in watchOS
15 | }
16 |
17 | extension UIViewController {
| `- error: 'UIViewController' is unavailable in watchOS
18 | static func topMostViewController() -> UIViewController? {
19 | guard let rootViewController = UIApplication.shared.windows.first?.rootViewController else {
/Applications/Xcode-27.0.0-Release.Candidate.app/Contents/Developer/Platforms/WatchOS.platform/Developer/SDKs/WatchOS27.0.sdk/System/Library/Frameworks/UIKit.framework/Headers/UIViewController.h:104:12: note: 'UIViewController' has been explicitly marked unavailable here
102 |
103 | UIKIT_EXTERN API_AVAILABLE(ios(2.0)) API_UNAVAILABLE(watchos) NS_SWIFT_UI_ACTOR
104 | @interface UIViewController : UIResponder <NSCoding, UIAppearanceContainer, UITraitEnvironment, UIContentContainer, UIFocusEnvironment>
| `- note: 'UIViewController' has been explicitly marked unavailable here
105 |
106 | /*
SwiftCompile normal arm64_32 /Users/admin/builder/spi-builder-workspace/Sources/ViewController/UIViewController+Distribute.swift (in target 'ETDistribution' from project 'ETDistribution')
cd /Users/admin/builder/spi-builder-workspace/.swiftpm/xcode
builtin-SwiftPerFileCompile UIViewController+Distribute.swift
SwiftCompile normal arm64_32 Compiling\ Date+Parse.swift /Users/admin/builder/spi-builder-workspace/Sources/Utils/Date+Parse.swift (in target 'ETDistribution' from project 'ETDistribution')
SwiftCompile normal arm64_32 /Users/admin/builder/spi-builder-workspace/Sources/Utils/Date+Parse.swift (in target 'ETDistribution' from project 'ETDistribution')
cd /Users/admin/builder/spi-builder-workspace/.swiftpm/xcode
builtin-SwiftPerFileCompile Date+Parse.swift
SwiftEmitModule normal arm64 Emitting\ module\ for\ ETDistribution (in target 'ETDistribution' from project 'ETDistribution')
SwiftCompile normal arm64 (in target 'ETDistribution' from project 'ETDistribution')
cd /Users/admin/builder/spi-builder-workspace/.swiftpm/xcode
PruneExplicitPrecompiledModules /Users/admin/builder/spi-builder-workspace/.derivedData/SDKExplicitPrecompiledModules
PruneExplicitPrecompiledModules /Users/admin/builder/spi-builder-workspace/.derivedData/Build/Intermediates.noindex/SwiftExplicitPrecompiledModules
PruneExplicitPrecompiledModules /Users/admin/builder/spi-builder-workspace/.derivedData/Build/Intermediates.noindex/ExplicitPrecompiledModules
2026-09-22 15:20:13.649 xcodebuild[798:4717] [MT] IDERunDestination: Supported platforms for the buildables in the current scheme is empty.
** BUILD FAILED **
The following build commands failed:
SwiftCompile normal arm64_32 (in target 'ETDistribution' from project 'ETDistribution')
SwiftEmitModule normal arm64_32 Emitting\ module\ for\ ETDistribution (in target 'ETDistribution' from project 'ETDistribution')
Building workspace ETDistribution with scheme ETDistribution
(3 failures)
BUILD FAILURE 6.4 watchOS