The Swift Package Index logo.Swift Package Index

Build Information

Failed to build CypheraKeychain, reference v0.0.1-alpha.1 (2fee0c), with Swift 6.4 for Wasm on 24 Sep 2026 22:27:36 UTC.

Build Command

bash -c docker run --pull=always --rm -v "checkouts-54344844-0":/host -w "$PWD" -e JAVA_HOME="/root/.sdkman/candidates/java/current" -e SPI_BUILD="1" -e SPI_PROCESSING="1" registry.gitlab.com/saguaro1/spi-images:wasm-6.4-latest swift build --swift-sdk swift-6.4.x-DEVELOPMENT-SNAPSHOT-2026-09-04-a_wasm 2>&1

Build Log

========================================
RunAll
========================================
Builder version: 5.1.0
Interrupt handler set up.
========================================
Checkout
========================================
Clone URL: https://github.com/cyphera-labs/keychain-swift.git
Reference: v0.0.1-alpha.1
Initialized empty Git repository in /host/spi-builder-workspace/.git/
hint: Using 'master' as the name for the initial branch. This default branch name
hint: is subject to change. To configure the initial branch name to use in all
hint: of your new repositories, which will suppress this warning, call:
hint:
hint: 	git config --global init.defaultBranch <name>
hint:
hint: Names commonly chosen instead of 'master' are 'main', 'trunk' and
hint: 'development'. The just-created branch can be renamed via this command:
hint:
hint: 	git branch -m <name>
From https://github.com/cyphera-labs/keychain-swift
 * tag               v0.0.1-alpha.1 -> FETCH_HEAD
HEAD is now at 2fee0c4 fix: canonical Apache 2.0 LICENSE, remove MIT references
Cloned https://github.com/cyphera-labs/keychain-swift.git
Revision (git rev-parse @):
2fee0c4c2f097cd23a72f6c2966a3b7dfc977e20
SUCCESS checkout https://github.com/cyphera-labs/keychain-swift.git at v0.0.1-alpha.1
========================================
Build
========================================
Selected platform:         wasm
Swift version:             6.4
Building package at path:  $PWD
https://github.com/cyphera-labs/keychain-swift.git
Running build ...
bash -c docker run --pull=always --rm -v "checkouts-54344844-0":/host -w "$PWD" -e JAVA_HOME="/root/.sdkman/candidates/java/current" -e SPI_BUILD="1" -e SPI_PROCESSING="1" registry.gitlab.com/saguaro1/spi-images:wasm-6.4-latest swift build --swift-sdk swift-6.4.x-DEVELOPMENT-SNAPSHOT-2026-09-04-a_wasm 2>&1
wasm-6.4-latest: Pulling from saguaro1/spi-images
Digest: sha256:4328fdb43c680d205c1d6761b1e3267aa38277eefdda9ddfb17b6a0f1a77857a
Status: Image is up to date for registry.gitlab.com/saguaro1/spi-images:wasm-6.4-latest
Building for debugging...
[Planning deferred tasks]
error: SwiftCompile normal wasm32 failed with a nonzero exit code. Command line:     cd /host

/host/spi-builder-workspace/Sources/CypheraKeychain/AwsKmsProvider.swift:28:26: error: 'URLSession' is unavailable: This type has moved to the FoundationNetworking module. Import that module to use it.
 26 |     private let accessKeyId: String
 27 |     private let secretAccessKey: String
 28 |     private let session: URLSession
    |                          `- error: 'URLSession' is unavailable: This type has moved to the FoundationNetworking module. Import that module to use it.
 29 |
 30 |     /// Creates an AWS KMS key provider.
Foundation.URLSession:2:18: note: 'URLSession' has been explicitly marked unavailable here
1 | @available(*, unavailable, message: "This type has moved to the FoundationNetworking module. Import that module to use it.")
2 | public typealias URLSession = AnyObject
  |                  `- note: 'URLSession' has been explicitly marked unavailable here
/host/spi-builder-workspace/Sources/CypheraKeychain/AzureKvProvider.swift:31:26: error: 'URLSession' is unavailable: This type has moved to the FoundationNetworking module. Import that module to use it.
 29 |     private let apiVersion: String
 30 |     private let accessToken: String
 31 |     private let session: URLSession
    |                          `- error: 'URLSession' is unavailable: This type has moved to the FoundationNetworking module. Import that module to use it.
 32 |
 33 |     /// Creates an Azure Key Vault key provider.
Foundation.URLSession:2:18: note: 'URLSession' has been explicitly marked unavailable here
1 | @available(*, unavailable, message: "This type has moved to the FoundationNetworking module. Import that module to use it.")
2 | public typealias URLSession = AnyObject
  |                  `- note: 'URLSession' has been explicitly marked unavailable here
/host/spi-builder-workspace/Sources/CypheraKeychain/AzureKvProvider.swift:177:44: error: cannot find type 'URLRequest' in scope
175 |     // MARK: - Helpers
176 |
177 |     private func performRequest(_ request: URLRequest) throws -> (Data, Int) {
    |                                            `- error: cannot find type 'URLRequest' in scope
178 |         var responseData: Data?
179 |         var responseError: Error?
/host/spi-builder-workspace/Sources/CypheraKeychain/GcpKmsProvider.swift:26:26: error: 'URLSession' is unavailable: This type has moved to the FoundationNetworking module. Import that module to use it.
 24 |     private let endpoint: String
 25 |     private let accessToken: String
 26 |     private let session: URLSession
    |                          `- error: 'URLSession' is unavailable: This type has moved to the FoundationNetworking module. Import that module to use it.
 27 |
 28 |     /// Creates a GCP Cloud KMS key provider.
Foundation.URLSession:2:18: note: 'URLSession' has been explicitly marked unavailable here
1 | @available(*, unavailable, message: "This type has moved to the FoundationNetworking module. Import that module to use it.")
2 | public typealias URLSession = AnyObject
  |                  `- note: 'URLSession' has been explicitly marked unavailable here
/host/spi-builder-workspace/Sources/CypheraKeychain/GcpKmsProvider.swift:176:44: error: cannot find type 'URLRequest' in scope
174 |     // MARK: - Helpers
175 |
176 |     private func performRequest(_ request: URLRequest) throws -> (Data, Int) {
    |                                            `- error: cannot find type 'URLRequest' in scope
177 |         var responseData: Data?
178 |         var responseError: Error?
/host/spi-builder-workspace/Sources/CypheraKeychain/VaultProvider.swift:14:26: error: 'URLSession' is unavailable: This type has moved to the FoundationNetworking module. Import that module to use it.
 12 |     private let token: String
 13 |     private let mount: String
 14 |     private let session: URLSession
    |                          `- error: 'URLSession' is unavailable: This type has moved to the FoundationNetworking module. Import that module to use it.
 15 |
 16 |     /// Creates a Vault key provider.
Foundation.URLSession:2:18: note: 'URLSession' has been explicitly marked unavailable here
1 | @available(*, unavailable, message: "This type has moved to the FoundationNetworking module. Import that module to use it.")
2 | public typealias URLSession = AnyObject
  |                  `- note: 'URLSession' has been explicitly marked unavailable here
Failed frontend command:
/usr/bin/swift-frontend -frontend -emit-module -experimental-skip-non-inlinable-function-bodies-without-types /host/spi-builder-workspace/Sources/CypheraKeychain/AwsKmsProvider.swift /host/spi-builder-workspace/Sources/CypheraKeychain/AzureKvProvider.swift /host/spi-builder-workspace/Sources/CypheraKeychain/Bridge.swift /host/spi-builder-workspace/Sources/CypheraKeychain/EnvProvider.swift /host/spi-builder-workspace/Sources/CypheraKeychain/FileProvider.swift /host/spi-builder-workspace/Sources/CypheraKeychain/GcpKmsProvider.swift /host/spi-builder-workspace/Sources/CypheraKeychain/MemoryProvider.swift /host/spi-builder-workspace/Sources/CypheraKeychain/Provider.swift /host/spi-builder-workspace/Sources/CypheraKeychain/VaultProvider.swift -target wasm32-unknown-wasip1 -disable-objc-interop -sdk /root/.swiftpm/swift-sdks/swift-6.4.x-DEVELOPMENT-SNAPSHOT-2026-09-04-a_wasm.artifactbundle/swift-6.4.x-DEVELOPMENT-SNAPSHOT-2026-09-04-a_wasm/wasm32-unknown-wasip1/WASI.sdk -sysroot /root/.swiftpm/swift-sdks/swift-6.4.x-DEVELOPMENT-SNAPSHOT-2026-09-04-a_wasm.artifactbundle/swift-6.4.x-DEVELOPMENT-SNAPSHOT-2026-09-04-a_wasm/wasm32-unknown-wasip1/WASI.sdk -I /host/spi-builder-workspace/.build/out/Products/Debug-webassembly-wasm32 -module-cache-path /host/spi-builder-workspace/.build/out/ModuleCache.noindex -color-diagnostics -Xcc -fcolor-diagnostics -enable-testing -g -debug-info-format\=dwarf -dwarf-version\=4 -swift-version 5 -Onone -D SWIFT_PACKAGE -D DEBUG -D SWIFT_MODULE_RESOURCE_BUNDLE_UNAVAILABLE -D Xcode -serialize-debugging-options -enable-experimental-feature DebugDescriptionMacro -empty-abi-descriptor -external-plugin-path /usr/lib/swift/host/plugins/testing\#/usr/bin/swift-plugin-server -validate-clang-modules-once -clang-build-session-file /host/spi-builder-workspace/.build/out/ModuleCache.noindex/Session.modulevalidation -Xcc -working-directory -Xcc /host -resource-dir /root/.swiftpm/swift-sdks/swift-6.4.x-DEVELOPMENT-SNAPSHOT-2026-09-04-a_wasm.artifactbundle/swift-6.4.x-DEVELOPMENT-SNAPSHOT-2026-09-04-a_wasm/wasm32-unknown-wasip1/swift.xctoolchain/usr/lib/swift_static -use-static-resource-dir -enable-anonymous-context-mangled-names -file-compilation-dir /host -Xcc -resource-dir -Xcc /root/.swiftpm/swift-sdks/swift-6.4.x-DEVELOPMENT-SNAPSHOT-2026-09-04-a_wasm.artifactbundle/swift-6.4.x-DEVELOPMENT-SNAPSHOT-2026-09-04-a_wasm/wasm32-unknown-wasip1/swift.xctoolchain/usr/lib/swift_static/clang -Xcc -D_LIBCPP_HARDENING_MODE\=_LIBCPP_HARDENING_MODE_DEBUG -Xcc -fmodules-prune-interval\=86400 -Xcc -fmodules-prune-after\=345600 -Xcc -I/host/spi-builder-workspace/.build/out/Products/Debug-webassembly-wasm32/include -Xcc -I/host/spi-builder-workspace/.build/out/Intermediates.noindex/CypheraKeychain.build/Debug-webassembly-wasm32/CypheraKeychain-t.build/DerivedSources-normal/wasm32 -Xcc -I/host/spi-builder-workspace/.build/out/Intermediates.noindex/CypheraKeychain.build/Debug-webassembly-wasm32/CypheraKeychain-t.build/DerivedSources/wasm32 -Xcc -I/host/spi-builder-workspace/.build/out/Intermediates.noindex/CypheraKeychain.build/Debug-webassembly-wasm32/CypheraKeychain-t.build/DerivedSources -Xcc -DSWIFT_PACKAGE -Xcc -DDEBUG\=1 -no-auto-bridging-header-chaining -module-name CypheraKeychain -const-gather-protocols-file /host/spi-builder-workspace/.build/out/Intermediates.noindex/CypheraKeychain.build/Debug-webassembly-wasm32/CypheraKeychain-t.build/Objects-normal/wasm32/CypheraKeychain_const_extract_protocols.json -in-process-plugin-server-path /usr/lib/swift/host/libSwiftInProcPluginServer.so -plugin-path /usr/lib/swift/host/plugins -plugin-path /usr/local/lib/swift/host/plugins -emit-module-doc-path /host/spi-builder-workspace/.build/out/Intermediates.noindex/CypheraKeychain.build/Debug-webassembly-wasm32/CypheraKeychain-t.build/Objects-normal/wasm32/Modules/CypheraKeychain.swiftdoc -emit-module-source-info-path /host/spi-builder-workspace/.build/out/Intermediates.noindex/CypheraKeychain.build/Debug-webassembly-wasm32/CypheraKeychain-t.build/Objects-normal/wasm32/Modules/CypheraKeychain.swiftsourceinfo -emit-objc-header-path /host/spi-builder-workspace/.build/out/Intermediates.noindex/CypheraKeychain.build/Debug-webassembly-wasm32/CypheraKeychain-t.build/Objects-normal/wasm32/CypheraKeychain-Swift.h -serialize-diagnostics-path /host/spi-builder-workspace/.build/out/Intermediates.noindex/CypheraKeychain.build/Debug-webassembly-wasm32/CypheraKeychain-t.build/Objects-normal/wasm32/CypheraKeychain-primary-emit-module.dia -emit-dependencies-path /host/spi-builder-workspace/.build/out/Intermediates.noindex/CypheraKeychain.build/Debug-webassembly-wasm32/CypheraKeychain-t.build/Objects-normal/wasm32/CypheraKeychain-primary-emit-module.d -parse-as-library -o /host/spi-builder-workspace/.build/out/Intermediates.noindex/CypheraKeychain.build/Debug-webassembly-wasm32/CypheraKeychain-t.build/Objects-normal/wasm32/Modules/CypheraKeychain.swiftmodule
[27 / 35] CypheraKeychain
error: Build failed
BUILD FAILURE 6.4 wasm