Build Information
Failed to build SwiftMath, reference 3.3.1 (13a224), with Swift 6.4 for visionOS using Xcode 27.0 on 18 Sep 2026 14:07:04 UTC.
Build Command
env DEVELOPER_DIR=/Applications/Xcode-27.0.0-Release.Candidate.app xcrun xcodebuild -IDEClonedSourcePackagesDirPathOverride=$PWD/.dependencies -skipMacroValidation -skipPackagePluginValidation -derivedDataPath $PWD/.derivedData build -scheme SwiftMath -destination generic/platform=xrOSBuild Log
========================================
RunAll
========================================
Builder version: 5.1.0
Interrupt handler set up.
========================================
Checkout
========================================
Clone URL: https://github.com/SwiftGFX/SwiftMath.git
Reference: 3.3.1
Initialized empty Git repository in /Users/admin/builder/spi-builder-workspace/.git/
From https://github.com/SwiftGFX/SwiftMath
* tag 3.3.1 -> FETCH_HEAD
HEAD is now at 13a224a Exclude files from target to remove warnings (#12)
Cloned https://github.com/SwiftGFX/SwiftMath.git
Revision (git rev-parse @):
13a224a655cbef1ef0e39d7d22e31a4ff6bc9937
SUCCESS checkout https://github.com/SwiftGFX/SwiftMath.git at 3.3.1
========================================
Build
========================================
Selected platform: visionOS
Swift version: 6.4
Building package at path: $PWD
https://github.com/SwiftGFX/SwiftMath.git
Command line invocation:
/Applications/Xcode-27.0.0-Release.Candidate.app/Contents/Developer/usr/bin/xcodebuild -IDEClonedSourcePackagesDirPathOverride=/Users/admin/builder/spi-builder-workspace/.dependencies -resolvePackageDependencies
Resolve Package Graph
Resolve Package Graph
Resolved source packages:
SwiftMath: /Users/admin/builder/spi-builder-workspace
resolved source packages: SwiftMath
2026-09-18 10:06:12.072 xcodebuild[529:3030] [MT] IDERunDestination: Supported platforms for the buildables in the current scheme is empty.
{
"dependencies" : [
],
"manifest_display_name" : "SwiftMath",
"name" : "SwiftMath",
"path" : "/Users/admin/builder/spi-builder-workspace",
"platforms" : [
],
"products" : [
{
"name" : "SwiftMath",
"targets" : [
"SwiftMath"
],
"type" : {
"library" : [
"static"
]
}
}
],
"targets" : [
{
"c99name" : "SwiftMathTests",
"module_type" : "SwiftTarget",
"name" : "SwiftMathTests",
"path" : "Tests/SwiftMathTests",
"sources" : [
"AngleTests.swift",
"Matrix3x3Tests.swift",
"Matrix4x4Tests.swift",
"RectTests.swift",
"Vector2Tests.swift",
"XCTestManifests.swift",
"functionsTests.swift"
],
"target_dependencies" : [
"SwiftMath"
],
"type" : "test"
},
{
"c99name" : "SwiftMath",
"module_type" : "SwiftTarget",
"name" : "SwiftMath",
"path" : ".",
"product_memberships" : [
"SwiftMath"
],
"sources" : [
"Sources/Angle.swift",
"Sources/Matrix3x3+nosimd.swift",
"Sources/Matrix3x3+simd.swift",
"Sources/Matrix3x3.swift",
"Sources/Matrix4x4+Extensions.swift",
"Sources/Matrix4x4+nosimd.swift",
"Sources/Matrix4x4+simd.swift",
"Sources/Matrix4x4.swift",
"Sources/Point.swift",
"Sources/Rect.swift",
"Sources/String+Math.swift",
"Sources/Vector2+nosimd.swift",
"Sources/Vector2+simd.swift",
"Sources/Vector2.swift",
"Sources/Vector3+nosimd.swift",
"Sources/Vector3+simd.swift",
"Sources/Vector3.swift",
"Sources/Vector4+nosimd.swift",
"Sources/Vector4+simd.swift",
"Sources/Vector4.swift",
"Sources/Vectorf+Components.swift",
"Sources/easing.swift",
"Sources/float3x3+Extensions.swift",
"Sources/float4x4+Extensions.swift",
"Sources/functions.swift",
"Sources/platform.swift",
"Sources/random.swift",
"Sources/utils.swift"
],
"type" : "library"
}
],
"tools_version" : "5.3"
}
{
"workspace" : {
"name" : "SwiftMath",
"schemes" : [
"SwiftMath"
]
}
}
2026-09-18 10:06:53.199 xcodebuild[647:4190] [MT] IDERunDestination: Supported platforms for the buildables in the current scheme is empty.
Running build ...
env DEVELOPER_DIR=/Applications/Xcode-27.0.0-Release.Candidate.app xcrun xcodebuild -IDEClonedSourcePackagesDirPathOverride=$PWD/.dependencies -skipMacroValidation -skipPackagePluginValidation -derivedDataPath $PWD/.derivedData build -scheme SwiftMath -destination generic/platform=xrOS
Command line invocation:
/Applications/Xcode-27.0.0-Release.Candidate.app/Contents/Developer/usr/bin/xcodebuild -IDEClonedSourcePackagesDirPathOverride=/Users/admin/builder/spi-builder-workspace/.dependencies -skipMacroValidation -skipPackagePluginValidation -derivedDataPath /Users/admin/builder/spi-builder-workspace/.derivedData build -scheme SwiftMath -destination generic/platform=xrOS
Resolve Package Graph
Resolved source packages:
SwiftMath: /Users/admin/builder/spi-builder-workspace
ComputePackagePrebuildTargetDependencyGraph
Prepare packages
CreateBuildRequest
SendProjectDescription
CreateBuildOperation
ComputeTargetDependencyGraph
note: Building targets in dependency order
note: Target dependency graph (2 targets)
Target 'SwiftMath-product' in project 'SwiftMath'
➜ Explicit dependency on target 'SwiftMath' in project 'SwiftMath'
Target 'SwiftMath' in project 'SwiftMath' (no dependencies)
GatherProvisioningInputs
CreateBuildDescription
ExecuteExternalTool /Applications/Xcode-27.0.0-Release.Candidate.app/Contents/Developer/Toolchains/XcodeDefault.xctoolchain/usr/bin/clang -v -E -dM -isysroot /Applications/Xcode-27.0.0-Release.Candidate.app/Contents/Developer/Platforms/XROS.platform/Developer/SDKs/XROS27.0.sdk -x c -c /dev/null
ExecuteExternalTool /Applications/Xcode-27.0.0-Release.Candidate.app/Contents/Developer/Toolchains/XcodeDefault.xctoolchain/usr/bin/swiftc --version
ExecuteExternalTool /Applications/Xcode-27.0.0-Release.Candidate.app/Contents/Developer/Toolchains/XcodeDefault.xctoolchain/usr/bin/ld -version_details
Build description signature: c4f572e9fa3ed45b237d8d43834a0e0f
Build description path: /Users/admin/builder/spi-builder-workspace/.derivedData/Build/Intermediates.noindex/XCBuildData/c4f572e9fa3ed45b237d8d43834a0e0f.xcbuilddata
CreateBuildDirectory /Users/admin/builder/spi-builder-workspace/.derivedData/ModuleCache.noindex
cd /Users/admin/builder/spi-builder-workspace/.swiftpm/xcode
builtin-create-build-directory /Users/admin/builder/spi-builder-workspace/.derivedData/ModuleCache.noindex
CreateBuildDirectory /Users/admin/builder/spi-builder-workspace/.derivedData/CompilationCache.noindex
cd /Users/admin/builder/spi-builder-workspace/.swiftpm/xcode
builtin-create-build-directory /Users/admin/builder/spi-builder-workspace/.derivedData/CompilationCache.noindex
CreateBuildDirectory /Users/admin/builder/spi-builder-workspace/.derivedData/SDKExplicitPrecompiledModules
cd /Users/admin/builder/spi-builder-workspace/.swiftpm/xcode
builtin-create-build-directory /Users/admin/builder/spi-builder-workspace/.derivedData/SDKExplicitPrecompiledModules
ClangStatCache /Applications/Xcode-27.0.0-Release.Candidate.app/Contents/Developer/Toolchains/XcodeDefault.xctoolchain/usr/bin/clang-stat-cache /Applications/Xcode-27.0.0-Release.Candidate.app/Contents/Developer/Platforms/XROS.platform/Developer/SDKs/XROS27.0.sdk /Users/admin/builder/spi-builder-workspace/.derivedData/SDKStatCaches.noindex/xros27.0-24M361-e829b21a6f8c9b70876ba0858053c044735bd543db762f57723cac368afd1ce4.sdkstatcache
cd /Users/admin/builder/spi-builder-workspace/.swiftpm/xcode
/Applications/Xcode-27.0.0-Release.Candidate.app/Contents/Developer/Toolchains/XcodeDefault.xctoolchain/usr/bin/clang-stat-cache /Applications/Xcode-27.0.0-Release.Candidate.app/Contents/Developer/Platforms/XROS.platform/Developer/SDKs/XROS27.0.sdk -o /Users/admin/builder/spi-builder-workspace/.derivedData/SDKStatCaches.noindex/xros27.0-24M361-e829b21a6f8c9b70876ba0858053c044735bd543db762f57723cac368afd1ce4.sdkstatcache
CreateBuildDirectory /Users/admin/builder/spi-builder-workspace/.derivedData/Build/Intermediates.noindex
cd /Users/admin/builder/spi-builder-workspace/.swiftpm/xcode
builtin-create-build-directory /Users/admin/builder/spi-builder-workspace/.derivedData/Build/Intermediates.noindex
CreateBuildDirectory /Users/admin/builder/spi-builder-workspace/.derivedData/Build/Products
cd /Users/admin/builder/spi-builder-workspace/.swiftpm/xcode
builtin-create-build-directory /Users/admin/builder/spi-builder-workspace/.derivedData/Build/Products
CreateBuildDirectory /Users/admin/builder/spi-builder-workspace/.derivedData/Build/Intermediates.noindex/PrecompiledHeaders
cd /Users/admin/builder/spi-builder-workspace/.swiftpm/xcode
builtin-create-build-directory /Users/admin/builder/spi-builder-workspace/.derivedData/Build/Intermediates.noindex/PrecompiledHeaders
CreateBuildDirectory /Users/admin/builder/spi-builder-workspace/.derivedData/Build/Intermediates.noindex/SwiftExplicitPrecompiledModules
cd /Users/admin/builder/spi-builder-workspace/.swiftpm/xcode
builtin-create-build-directory /Users/admin/builder/spi-builder-workspace/.derivedData/Build/Intermediates.noindex/SwiftExplicitPrecompiledModules
CreateBuildDirectory /Users/admin/builder/spi-builder-workspace/.derivedData/Build/Intermediates.noindex/ExplicitPrecompiledModules
cd /Users/admin/builder/spi-builder-workspace/.swiftpm/xcode
builtin-create-build-directory /Users/admin/builder/spi-builder-workspace/.derivedData/Build/Intermediates.noindex/ExplicitPrecompiledModules
CreateBuildDirectory /Users/admin/builder/spi-builder-workspace/.derivedData/Build/Intermediates.noindex/EagerLinkingTBDs/Debug-xros
cd /Users/admin/builder/spi-builder-workspace/.swiftpm/xcode
builtin-create-build-directory /Users/admin/builder/spi-builder-workspace/.derivedData/Build/Intermediates.noindex/EagerLinkingTBDs/Debug-xros
CreateBuildDirectory /Users/admin/builder/spi-builder-workspace/.derivedData/Build/Products/Debug-xros
cd /Users/admin/builder/spi-builder-workspace/.swiftpm/xcode
builtin-create-build-directory /Users/admin/builder/spi-builder-workspace/.derivedData/Build/Products/Debug-xros
CreateBuildDirectory /Users/admin/builder/spi-builder-workspace/.derivedData/Build/Products/Debug-xros/PackageFrameworks
cd /Users/admin/builder/spi-builder-workspace/.swiftpm/xcode
builtin-create-build-directory /Users/admin/builder/spi-builder-workspace/.derivedData/Build/Products/Debug-xros/PackageFrameworks
WriteAuxiliaryFile /Users/admin/builder/spi-builder-workspace/.derivedData/Build/Intermediates.noindex/SwiftMath.build/Debug-xros/SwiftMath-t.build/SwiftMath.DependencyStaticMetadataFileList (in target 'SwiftMath' from project 'SwiftMath')
cd /Users/admin/builder/spi-builder-workspace
write-file /Users/admin/builder/spi-builder-workspace/.derivedData/Build/Intermediates.noindex/SwiftMath.build/Debug-xros/SwiftMath-t.build/SwiftMath.DependencyStaticMetadataFileList
WriteAuxiliaryFile /Users/admin/builder/spi-builder-workspace/.derivedData/Build/Intermediates.noindex/SwiftMath.build/Debug-xros/SwiftMath-t.build/SwiftMath.modulemap (in target 'SwiftMath' from project 'SwiftMath')
cd /Users/admin/builder/spi-builder-workspace
write-file /Users/admin/builder/spi-builder-workspace/.derivedData/Build/Intermediates.noindex/SwiftMath.build/Debug-xros/SwiftMath-t.build/SwiftMath.modulemap
WriteAuxiliaryFile /Users/admin/builder/spi-builder-workspace/.derivedData/Build/Intermediates.noindex/SwiftMath.build/Debug-xros/SwiftMath-t.build/SwiftMath.DependencyMetadataFileList (in target 'SwiftMath' from project 'SwiftMath')
cd /Users/admin/builder/spi-builder-workspace
write-file /Users/admin/builder/spi-builder-workspace/.derivedData/Build/Intermediates.noindex/SwiftMath.build/Debug-xros/SwiftMath-t.build/SwiftMath.DependencyMetadataFileList
WriteAuxiliaryFile /Users/admin/builder/spi-builder-workspace/.derivedData/Build/Intermediates.noindex/SwiftMath.build/Debug-xros/SwiftMath-t.build/Objects-normal/arm64/SwiftMath.SwiftFileList (in target 'SwiftMath' from project 'SwiftMath')
cd /Users/admin/builder/spi-builder-workspace
write-file /Users/admin/builder/spi-builder-workspace/.derivedData/Build/Intermediates.noindex/SwiftMath.build/Debug-xros/SwiftMath-t.build/Objects-normal/arm64/SwiftMath.SwiftFileList
WriteAuxiliaryFile /Users/admin/builder/spi-builder-workspace/.derivedData/Build/Intermediates.noindex/SwiftMath.build/Debug-xros/SwiftMath-t.build/Objects-normal/arm64/SwiftMath.SwiftConstValuesFileList (in target 'SwiftMath' from project 'SwiftMath')
cd /Users/admin/builder/spi-builder-workspace
write-file /Users/admin/builder/spi-builder-workspace/.derivedData/Build/Intermediates.noindex/SwiftMath.build/Debug-xros/SwiftMath-t.build/Objects-normal/arm64/SwiftMath.SwiftConstValuesFileList
WriteAuxiliaryFile /Users/admin/builder/spi-builder-workspace/.derivedData/Build/Intermediates.noindex/SwiftMath.build/Debug-xros/SwiftMath-t.build/Objects-normal/arm64/SwiftMath_const_extract_protocols.json (in target 'SwiftMath' from project 'SwiftMath')
cd /Users/admin/builder/spi-builder-workspace
write-file /Users/admin/builder/spi-builder-workspace/.derivedData/Build/Intermediates.noindex/SwiftMath.build/Debug-xros/SwiftMath-t.build/Objects-normal/arm64/SwiftMath_const_extract_protocols.json
WriteAuxiliaryFile /Users/admin/builder/spi-builder-workspace/.derivedData/Build/Intermediates.noindex/SwiftMath.build/Debug-xros/SwiftMath-t.build/Objects-normal/arm64/SwiftMath.LinkFileList (in target 'SwiftMath' from project 'SwiftMath')
cd /Users/admin/builder/spi-builder-workspace
write-file /Users/admin/builder/spi-builder-workspace/.derivedData/Build/Intermediates.noindex/SwiftMath.build/Debug-xros/SwiftMath-t.build/Objects-normal/arm64/SwiftMath.LinkFileList
WriteAuxiliaryFile /Users/admin/builder/spi-builder-workspace/.derivedData/Build/Intermediates.noindex/SwiftMath.build/Debug-xros/SwiftMath-t.build/Objects-normal/arm64/SwiftMath-OutputFileMap.json (in target 'SwiftMath' from project 'SwiftMath')
cd /Users/admin/builder/spi-builder-workspace
write-file /Users/admin/builder/spi-builder-workspace/.derivedData/Build/Intermediates.noindex/SwiftMath.build/Debug-xros/SwiftMath-t.build/Objects-normal/arm64/SwiftMath-OutputFileMap.json
Copy /Users/admin/builder/spi-builder-workspace/.derivedData/Build/Intermediates.noindex/GeneratedModuleMaps-xros/SwiftMath.modulemap /Users/admin/builder/spi-builder-workspace/.derivedData/Build/Intermediates.noindex/SwiftMath.build/Debug-xros/SwiftMath-t.build/SwiftMath.modulemap (in target 'SwiftMath' from project 'SwiftMath')
cd /Users/admin/builder/spi-builder-workspace
builtin-copy -exclude .DS_Store -exclude CVS -exclude .svn -exclude .git -exclude .hg -resolve-src-symlinks /Users/admin/builder/spi-builder-workspace/.derivedData/Build/Intermediates.noindex/SwiftMath.build/Debug-xros/SwiftMath-t.build/SwiftMath.modulemap /Users/admin/builder/spi-builder-workspace/.derivedData/Build/Intermediates.noindex/GeneratedModuleMaps-xros
SwiftDriver SwiftMath normal arm64 com.apple.xcode.tools.swift.compiler (in target 'SwiftMath' from project 'SwiftMath')
cd /Users/admin/builder/spi-builder-workspace/.swiftpm/xcode
builtin-SwiftDriver -- /Applications/Xcode-27.0.0-Release.Candidate.app/Contents/Developer/Toolchains/XcodeDefault.xctoolchain/usr/bin/swiftc -parse-as-library -module-name SwiftMath -Onone @/Users/admin/builder/spi-builder-workspace/.derivedData/Build/Intermediates.noindex/SwiftMath.build/Debug-xros/SwiftMath-t.build/Objects-normal/arm64/SwiftMath.SwiftFileList -DSWIFT_PACKAGE -DDEBUG -DSWIFT_MODULE_RESOURCE_BUNDLE_UNAVAILABLE -DXcode -plugin-path /Applications/Xcode-27.0.0-Release.Candidate.app/Contents/Developer/Toolchains/XcodeDefault.xctoolchain/usr/lib/swift/host/plugins/testing -enable-experimental-feature DebugDescriptionMacro -sdk /Applications/Xcode-27.0.0-Release.Candidate.app/Contents/Developer/Platforms/XROS.platform/Developer/SDKs/XROS27.0.sdk -target arm64-apple-xros1.0 -g -module-cache-path /Users/admin/builder/spi-builder-workspace/.derivedData/ModuleCache.noindex -Xfrontend -serialize-debugging-options -profile-coverage-mapping -profile-generate -enable-testing -index-store-path /Users/admin/builder/spi-builder-workspace/.derivedData/Index.noindex/DataStore -Xcc -D_LIBCPP_HARDENING_MODE\=_LIBCPP_HARDENING_MODE_DEBUG -swift-version 5 -I /Users/admin/builder/spi-builder-workspace/.derivedData/Build/Products/Debug-xros -Isystem /Applications/Xcode-27.0.0-Release.Candidate.app/Contents/Developer/Platforms/XROS.platform/Developer/usr/lib -F /Users/admin/builder/spi-builder-workspace/.derivedData/Build/Products/Debug-xros -F /Applications/Xcode-27.0.0-Release.Candidate.app/Contents/Developer/Platforms/XROS.platform/Developer/Library/Frameworks -F /Applications/Xcode-27.0.0-Release.Candidate.app/Contents/Developer/Platforms/XROS.platform/Developer/SDKs/XROS27.0.sdk/Developer/Library/Frameworks -c -j10 -enable-batch-mode -incremental -Xcc -ivfsstatcache -Xcc /Users/admin/builder/spi-builder-workspace/.derivedData/SDKStatCaches.noindex/xros27.0-24M361-e829b21a6f8c9b70876ba0858053c044735bd543db762f57723cac368afd1ce4.sdkstatcache -output-file-map /Users/admin/builder/spi-builder-workspace/.derivedData/Build/Intermediates.noindex/SwiftMath.build/Debug-xros/SwiftMath-t.build/Objects-normal/arm64/SwiftMath-OutputFileMap.json -save-temps -no-color-diagnostics -explicit-module-build -module-cache-path /Users/admin/builder/spi-builder-workspace/.derivedData/Build/Intermediates.noindex/SwiftExplicitPrecompiledModules -clang-scanner-module-cache-path /Users/admin/builder/spi-builder-workspace/.derivedData/ModuleCache.noindex -sdk-module-cache-path /Users/admin/builder/spi-builder-workspace/.derivedData/SDKExplicitPrecompiledModules -emit-dependencies -emit-module -emit-module-path /Users/admin/builder/spi-builder-workspace/.derivedData/Build/Intermediates.noindex/SwiftMath.build/Debug-xros/SwiftMath-t.build/Objects-normal/arm64/SwiftMath.swiftmodule -serialize-diagnostics -dependency-scan-serialize-diagnostics-path /Users/admin/builder/spi-builder-workspace/.derivedData/Build/Intermediates.noindex/SwiftMath.build/Debug-xros/SwiftMath-t.build/Objects-normal/arm64/SwiftMath-dependency-scan.dia -validate-clang-modules-once -clang-build-session-file /Users/admin/builder/spi-builder-workspace/.derivedData/ModuleCache.noindex/Session.modulevalidation -Xcc -fmodules-prune-interval\=86400 -Xcc -fmodules-prune-after\=345600 -emit-const-values -const-gather-protocols-list /Users/admin/builder/spi-builder-workspace/.derivedData/Build/Intermediates.noindex/SwiftMath.build/Debug-xros/SwiftMath-t.build/Objects-normal/arm64/SwiftMath_const_extract_protocols.json -Xcc -I/Users/admin/builder/spi-builder-workspace/.derivedData/Build/Products/Debug-xros/include -Xcc -I/Users/admin/builder/spi-builder-workspace/.derivedData/Build/Intermediates.noindex/SwiftMath.build/Debug-xros/SwiftMath-t.build/DerivedSources-normal/arm64 -Xcc -I/Users/admin/builder/spi-builder-workspace/.derivedData/Build/Intermediates.noindex/SwiftMath.build/Debug-xros/SwiftMath-t.build/DerivedSources/arm64 -Xcc -I/Users/admin/builder/spi-builder-workspace/.derivedData/Build/Intermediates.noindex/SwiftMath.build/Debug-xros/SwiftMath-t.build/DerivedSources -Xcc -DSWIFT_PACKAGE -Xcc -DDEBUG\=1 -emit-objc-header -emit-objc-header-path /Users/admin/builder/spi-builder-workspace/.derivedData/Build/Intermediates.noindex/SwiftMath.build/Debug-xros/SwiftMath-t.build/Objects-normal/arm64/SwiftMath-Swift.h -working-directory /Users/admin/builder/spi-builder-workspace/.swiftpm/xcode -experimental-emit-module-separately -disable-cmo
SwiftExplicitDependencyGeneratePcm arm64 /Users/admin/builder/spi-builder-workspace/.derivedData/SDKExplicitPrecompiledModules/SwiftShims-CI4H5RO9IYFFWQ2COB512Q2S9.pcm
SwiftExplicitDependencyGeneratePcm arm64 /Users/admin/builder/spi-builder-workspace/.derivedData/SDKExplicitPrecompiledModules/_Builtin_stddef-5NQ9Z1GV07GBSRQGAQCGXGVRI.pcm
SwiftExplicitDependencyGeneratePcm arm64 /Users/admin/builder/spi-builder-workspace/.derivedData/SDKExplicitPrecompiledModules/_AvailabilityInternal-1Q8IQP6M38UWSGZ95UCEY2M44.pcm
SwiftExplicitDependencyGeneratePcm arm64 /Users/admin/builder/spi-builder-workspace/.derivedData/SDKExplicitPrecompiledModules/_Builtin_stdarg-CDA349K2K4US766844K8E0PVA.pcm
SwiftExplicitDependencyGeneratePcm arm64 /Users/admin/builder/spi-builder-workspace/.derivedData/SDKExplicitPrecompiledModules/_Builtin_stdbool-5BU2ADS7JXQMYENKQHW9X8XOU.pcm
SwiftExplicitDependencyGeneratePcm arm64 /Users/admin/builder/spi-builder-workspace/.derivedData/SDKExplicitPrecompiledModules/_Builtin_float-6WKHNW5S40U2QGHXXGETUDIRA.pcm
SwiftExplicitDependencyGeneratePcm arm64 /Users/admin/builder/spi-builder-workspace/.derivedData/SDKExplicitPrecompiledModules/ptrcheck-BXA97MNLI4BB0HF5I8MJE403D.pcm
SwiftExplicitDependencyGeneratePcm arm64 /Users/admin/builder/spi-builder-workspace/.derivedData/SDKExplicitPrecompiledModules/ptrauth-1WBA714DZSVUL5JQDJ08CLKZ.pcm
SwiftExplicitDependencyGeneratePcm arm64 /Users/admin/builder/spi-builder-workspace/.derivedData/SDKExplicitPrecompiledModules/_SwiftConcurrencyShims-C8XHKSHX96D5YYALNM4W70Z0O.pcm
SwiftExplicitDependencyGeneratePcm arm64 /Users/admin/builder/spi-builder-workspace/.derivedData/SDKExplicitPrecompiledModules/_DarwinFoundation1-5RGRVV2TZ6WC4WZW5IXF8NQ04.pcm
SwiftExplicitDependencyGeneratePcm arm64 /Users/admin/builder/spi-builder-workspace/.derivedData/SDKExplicitPrecompiledModules/_DarwinFoundation2-ENTECK156YEWITZRRBTOCE4KR.pcm
SwiftExplicitDependencyGeneratePcm arm64 /Users/admin/builder/spi-builder-workspace/.derivedData/SDKExplicitPrecompiledModules/_Builtin_limits-425JDMN5HPM3D0UEI8LEHP6NM.pcm
SwiftExplicitDependencyGeneratePcm arm64 /Users/admin/builder/spi-builder-workspace/.derivedData/SDKExplicitPrecompiledModules/_Builtin_stdint-8OR6T47OOYJA90ZBO3N1USDE.pcm
SwiftExplicitDependencyGeneratePcm arm64 /Users/admin/builder/spi-builder-workspace/.derivedData/SDKExplicitPrecompiledModules/sys_types-AYM0BHR77VKMWZCO2T0XGV2HF.pcm
SwiftExplicitDependencyGeneratePcm arm64 /Users/admin/builder/spi-builder-workspace/.derivedData/SDKExplicitPrecompiledModules/string_h-2GT67HHHHK5CF1V1S31LH0PU2.pcm
SwiftExplicitDependencyGeneratePcm arm64 /Users/admin/builder/spi-builder-workspace/.derivedData/SDKExplicitPrecompiledModules/_Builtin_tgmath-BPYSMHWI520EQRL2HW519ZY7Z.pcm
SwiftExplicitDependencyGeneratePcm arm64 /Users/admin/builder/spi-builder-workspace/.derivedData/SDKExplicitPrecompiledModules/_DarwinFoundation3-9ZHN6JKBS40BBA81RQMV8H0IC.pcm
SwiftExplicitDependencyGeneratePcm arm64 /Users/admin/builder/spi-builder-workspace/.derivedData/SDKExplicitPrecompiledModules/_Builtin_intrinsics-BC5IJI3YI34RQ61ZNVDRDZ6RN.pcm
SwiftExplicitDependencyGeneratePcm arm64 /Users/admin/builder/spi-builder-workspace/.derivedData/SDKExplicitPrecompiledModules/_Builtin_inttypes-11B64KJD36B3YOHBR1BBXBJY8.pcm
SwiftExplicitDependencyGeneratePcm arm64 /Users/admin/builder/spi-builder-workspace/.derivedData/SDKExplicitPrecompiledModules/Darwin-60P5LVNQO3ESRRM5DCJ05PFNK.pcm
SwiftExplicitDependencyGeneratePcm arm64 /Users/admin/builder/spi-builder-workspace/.derivedData/SDKExplicitPrecompiledModules/simd-9XXAB17Y6E4BBPQADD61NZ23.pcm
SwiftExplicitDependencyGeneratePcm arm64 /Users/admin/builder/spi-builder-workspace/.derivedData/SDKExplicitPrecompiledModules/ObjectiveC-26TIBFYCEJZVP216ZZAU1X8KN.pcm
SwiftExplicitDependencyGeneratePcm arm64 /Users/admin/builder/spi-builder-workspace/.derivedData/SDKExplicitPrecompiledModules/os_object-692CJ8BG6RE5H04487EJJOVXW.pcm
SwiftExplicitDependencyGeneratePcm arm64 /Users/admin/builder/spi-builder-workspace/.derivedData/SDKExplicitPrecompiledModules/os_workgroup-4U1VXMWIZD80E7PRUQF2G7P9X.pcm
SwiftExplicitDependencyGeneratePcm arm64 /Users/admin/builder/spi-builder-workspace/.derivedData/SDKExplicitPrecompiledModules/Dispatch-CLT3466HKC22GCKAWSCNG0H7T.pcm
SwiftExplicitDependencyGeneratePcm arm64 /Users/admin/builder/spi-builder-workspace/.derivedData/SDKExplicitPrecompiledModules/XPC-EP5EU7FNGP4VOA3EDM18P1KHO.pcm
SwiftExplicitDependencyGeneratePcm arm64 /Users/admin/builder/spi-builder-workspace/.derivedData/SDKExplicitPrecompiledModules/CoreFoundation-AVLTZVCXBU2TO75JCN4AGU8XJ.pcm
SwiftExplicitDependencyGeneratePcm arm64 /Users/admin/builder/spi-builder-workspace/.derivedData/SDKExplicitPrecompiledModules/Security-8TH2M8WJIQMET4SADWX0N8372.pcm
SwiftExplicitDependencyGeneratePcm arm64 /Users/admin/builder/spi-builder-workspace/.derivedData/SDKExplicitPrecompiledModules/CFNetwork-5MI70N1VLDQSWTX4COWLMSIRO.pcm
SwiftExplicitDependencyGeneratePcm arm64 /Users/admin/builder/spi-builder-workspace/.derivedData/SDKExplicitPrecompiledModules/Foundation-8GON1KVEKRN3NOQI8RETBRWJP.pcm
SwiftEmitModule normal arm64 Emitting\ module\ for\ SwiftMath (in target 'SwiftMath' from project 'SwiftMath')
SwiftCompile normal arm64 (in target 'SwiftMath' from project 'SwiftMath')
cd /Users/admin/builder/spi-builder-workspace/.swiftpm/xcode
/Users/admin/builder/spi-builder-workspace/Sources/float3x3+Extensions.swift:14:1: warning: extension declares a conformance of imported type 'simd_float3x3' to imported protocols 'Decodable', 'Encodable'; this will not behave correctly if the owners of 'simd' introduce this conformance in the future
12 | import simd
13 |
14 | extension float3x3: Codable {
| |- warning: extension declares a conformance of imported type 'simd_float3x3' to imported protocols 'Decodable', 'Encodable'; this will not behave correctly if the owners of 'simd' introduce this conformance in the future
| `- note: add '@retroactive' to silence this warning
15 | public init(from decoder: Decoder) throws {
16 | let values = try decoder.container(keyedBy: CodingKeys.self)
/Users/admin/builder/spi-builder-workspace/Sources/float4x4+Extensions.swift:14:1: warning: extension declares a conformance of imported type 'simd_float4x4' to imported protocols 'Decodable', 'Encodable'; this will not behave correctly if the owners of 'simd' introduce this conformance in the future
12 | import simd
13 |
14 | extension float4x4: Codable {
| |- warning: extension declares a conformance of imported type 'simd_float4x4' to imported protocols 'Decodable', 'Encodable'; this will not behave correctly if the owners of 'simd' introduce this conformance in the future
| `- note: add '@retroactive' to silence this warning
15 | public init(from decoder: Decoder) throws {
16 | let values = try decoder.container(keyedBy: CodingKeys.self)
SwiftCompile normal arm64 Compiling\ functions.swift,\ platform.swift /Users/admin/builder/spi-builder-workspace/Sources/functions.swift /Users/admin/builder/spi-builder-workspace/Sources/platform.swift (in target 'SwiftMath' from project 'SwiftMath')
SwiftCompile normal arm64 /Users/admin/builder/spi-builder-workspace/Sources/functions.swift (in target 'SwiftMath' from project 'SwiftMath')
cd /Users/admin/builder/spi-builder-workspace/.swiftpm/xcode
builtin-SwiftPerFileCompile functions.swift
SwiftCompile normal arm64 /Users/admin/builder/spi-builder-workspace/Sources/platform.swift (in target 'SwiftMath' from project 'SwiftMath')
cd /Users/admin/builder/spi-builder-workspace/.swiftpm/xcode
builtin-SwiftPerFileCompile platform.swift
/Users/admin/builder/spi-builder-workspace/Sources/platform.swift:95:5: error: cannot find '__sincospif' in scope
93 |
94 | public func sincos(_ a: Angle, _ sina: inout Float, _ cosa: inout Float) {
95 | __sincospif(a.degrees / 180.0, &sina, &cosa)
| `- error: cannot find '__sincospif' in scope
96 | }
97 |
/Users/admin/builder/spi-builder-workspace/Sources/platform.swift:107:9: error: cannot find '__sinpif' in scope
105 |
106 | public func sin(_ a: Angle) -> Float {
107 | return __sinpif(a.degrees / 180.0)
| `- error: cannot find '__sinpif' in scope
108 | }
109 |
/Users/admin/builder/spi-builder-workspace/Sources/platform.swift:111:9: error: cannot find '__cospif' in scope
109 |
110 | public func cos(_ a: Angle) -> Float {
111 | return __cospif(a.degrees / 180.0)
| `- error: cannot find '__cospif' in scope
112 | }
113 |
/Users/admin/builder/spi-builder-workspace/Sources/platform.swift:115:12: error: cannot find '__tanpif' in scope
113 |
114 | public func tan(_ a: Angle) -> Float {
115 | return __tanpif(a.degrees / 180.0)
| `- error: cannot find '__tanpif' in scope
116 | }
117 |
Failed frontend command:
/Applications/Xcode-27.0.0-Release.Candidate.app/Contents/Developer/Toolchains/XcodeDefault.xctoolchain/usr/bin/swift-frontend -frontend -c /Users/admin/builder/spi-builder-workspace/Sources/Angle.swift /Users/admin/builder/spi-builder-workspace/Sources/Matrix3x3+nosimd.swift /Users/admin/builder/spi-builder-workspace/Sources/Matrix3x3+simd.swift /Users/admin/builder/spi-builder-workspace/Sources/Matrix3x3.swift /Users/admin/builder/spi-builder-workspace/Sources/Matrix4x4+Extensions.swift /Users/admin/builder/spi-builder-workspace/Sources/Matrix4x4+nosimd.swift /Users/admin/builder/spi-builder-workspace/Sources/Matrix4x4+simd.swift /Users/admin/builder/spi-builder-workspace/Sources/Matrix4x4.swift /Users/admin/builder/spi-builder-workspace/Sources/Point.swift /Users/admin/builder/spi-builder-workspace/Sources/Rect.swift /Users/admin/builder/spi-builder-workspace/Sources/String+Math.swift /Users/admin/builder/spi-builder-workspace/Sources/Vector2+nosimd.swift /Users/admin/builder/spi-builder-workspace/Sources/Vector2+simd.swift /Users/admin/builder/spi-builder-workspace/Sources/Vector2.swift /Users/admin/builder/spi-builder-workspace/Sources/Vector3+nosimd.swift /Users/admin/builder/spi-builder-workspace/Sources/Vector3+simd.swift /Users/admin/builder/spi-builder-workspace/Sources/Vector3.swift /Users/admin/builder/spi-builder-workspace/Sources/Vector4+nosimd.swift /Users/admin/builder/spi-builder-workspace/Sources/Vector4+simd.swift /Users/admin/builder/spi-builder-workspace/Sources/Vector4.swift /Users/admin/builder/spi-builder-workspace/Sources/Vectorf+Components.swift /Users/admin/builder/spi-builder-workspace/Sources/easing.swift /Users/admin/builder/spi-builder-workspace/Sources/float3x3+Extensions.swift /Users/admin/builder/spi-builder-workspace/Sources/float4x4+Extensions.swift -primary-file /Users/admin/builder/spi-builder-workspace/Sources/functions.swift -primary-file /Users/admin/builder/spi-builder-workspace/Sources/platform.swift /Users/admin/builder/spi-builder-workspace/Sources/random.swift /Users/admin/builder/spi-builder-workspace/Sources/utils.swift -emit-dependencies-path /Users/admin/builder/spi-builder-workspace/.derivedData/Build/Intermediates.noindex/SwiftMath.build/Debug-xros/SwiftMath-t.build/Objects-normal/arm64/functions.d -emit-const-values-path /Users/admin/builder/spi-builder-workspace/.derivedData/Build/Intermediates.noindex/SwiftMath.build/Debug-xros/SwiftMath-t.build/Objects-normal/arm64/functions.swiftconstvalues -emit-reference-dependencies-path /Users/admin/builder/spi-builder-workspace/.derivedData/Build/Intermediates.noindex/SwiftMath.build/Debug-xros/SwiftMath-t.build/Objects-normal/arm64/functions.swiftdeps -serialize-diagnostics-path /Users/admin/builder/spi-builder-workspace/.derivedData/Build/Intermediates.noindex/SwiftMath.build/Debug-xros/SwiftMath-t.build/Objects-normal/arm64/functions.dia -emit-dependencies-path /Users/admin/builder/spi-builder-workspace/.derivedData/Build/Intermediates.noindex/SwiftMath.build/Debug-xros/SwiftMath-t.build/Objects-normal/arm64/platform.d -emit-const-values-path /Users/admin/builder/spi-builder-workspace/.derivedData/Build/Intermediates.noindex/SwiftMath.build/Debug-xros/SwiftMath-t.build/Objects-normal/arm64/platform.swiftconstvalues -emit-reference-dependencies-path /Users/admin/builder/spi-builder-workspace/.derivedData/Build/Intermediates.noindex/SwiftMath.build/Debug-xros/SwiftMath-t.build/Objects-normal/arm64/platform.swiftdeps -serialize-diagnostics-path /Users/admin/builder/spi-builder-workspace/.derivedData/Build/Intermediates.noindex/SwiftMath.build/Debug-xros/SwiftMath-t.build/Objects-normal/arm64/platform.dia -target arm64-apple-xros1.0 -disable-cross-import-overlay-search -load-resolved-plugin /Applications/Xcode-27.0.0-Release.Candidate.app/Contents/Developer/Platforms/XROS.platform/Developer/usr/lib/swift/host/plugins/libFoundationMacros.dylib\#/Applications/Xcode-27.0.0-Release.Candidate.app/Contents/Developer/Platforms/XROS.platform/Developer/usr/bin/swift-plugin-server\#FoundationMacros -load-resolved-plugin /Applications/Xcode-27.0.0-Release.Candidate.app/Contents/Developer/Platforms/XROS.platform/Developer/usr/lib/swift/host/plugins/libObservationMacros.dylib\#/Applications/Xcode-27.0.0-Release.Candidate.app/Contents/Developer/Platforms/XROS.platform/Developer/usr/bin/swift-plugin-server\#ObservationMacros -load-resolved-plugin /Applications/Xcode-27.0.0-Release.Candidate.app/Contents/Developer/Platforms/XROS.platform/Developer/usr/lib/swift/host/plugins/libSwiftMacros.dylib\#/Applications/Xcode-27.0.0-Release.Candidate.app/Contents/Developer/Platforms/XROS.platform/Developer/usr/bin/swift-plugin-server\#SwiftMacros -disable-implicit-swift-modules -Xcc -fno-implicit-modules -Xcc -fno-implicit-module-maps -explicit-swift-module-map-file /Users/admin/builder/spi-builder-workspace/.derivedData/Build/Intermediates.noindex/SwiftMath.build/Debug-xros/SwiftMath-t.build/Objects-normal/arm64/SwiftMath-dependencies-1.json -Xllvm -aarch64-use-tbi -enable-objc-interop -stack-check -sdk /Applications/Xcode-27.0.0-Release.Candidate.app/Contents/Developer/Platforms/XROS.platform/Developer/SDKs/XROS27.0.sdk -I /Users/admin/builder/spi-builder-workspace/.derivedData/Build/Products/Debug-xros -Isystem /Applications/Xcode-27.0.0-Release.Candidate.app/Contents/Developer/Platforms/XROS.platform/Developer/usr/lib -F /Users/admin/builder/spi-builder-workspace/.derivedData/Build/Products/Debug-xros -F /Applications/Xcode-27.0.0-Release.Candidate.app/Contents/Developer/Platforms/XROS.platform/Developer/Library/Frameworks -F /Applications/Xcode-27.0.0-Release.Candidate.app/Contents/Developer/Platforms/XROS.platform/Developer/SDKs/XROS27.0.sdk/Developer/Library/Frameworks -module-cache-path /Users/admin/builder/spi-builder-workspace/.derivedData/Build/Intermediates.noindex/SwiftExplicitPrecompiledModules -no-color-diagnostics -Xcc -fno-color-diagnostics -enable-testing -g -debug-info-format\=dwarf -dwarf-version\=4 -profile-generate -profile-coverage-mapping -swift-version 5 -Onone -D SWIFT_PACKAGE -D DEBUG -D SWIFT_MODULE_RESOURCE_BUNDLE_UNAVAILABLE -D Xcode -serialize-debugging-options -enable-experimental-feature DebugDescriptionMacro -empty-abi-descriptor -validate-clang-modules-once -clang-build-session-file /Users/admin/builder/spi-builder-workspace/.derivedData/ModuleCache.noindex/Session.modulevalidation -Xcc -working-directory -Xcc /Users/admin/builder/spi-builder-workspace/.swiftpm/xcode -enable-anonymous-context-mangled-names -file-compilation-dir /Users/admin/builder/spi-builder-workspace/.swiftpm/xcode -Xcc -D_LIBCPP_HARDENING_MODE\=_LIBCPP_HARDENING_MODE_DEBUG -Xcc -ivfsstatcache -Xcc /Users/admin/builder/spi-builder-workspace/.derivedData/SDKStatCaches.noindex/xros27.0-24M361-e829b21a6f8c9b70876ba0858053c044735bd543db762f57723cac368afd1ce4.sdkstatcache -Xcc -fmodules-prune-interval\=86400 -Xcc -fmodules-prune-after\=345600 -Xcc -I/Users/admin/builder/spi-builder-workspace/.derivedData/Build/Products/Debug-xros/include -Xcc -I/Users/admin/builder/spi-builder-workspace/.derivedData/Build/Intermediates.noindex/SwiftMath.build/Debug-xros/SwiftMath-t.build/DerivedSources-normal/arm64 -Xcc -I/Users/admin/builder/spi-builder-workspace/.derivedData/Build/Intermediates.noindex/SwiftMath.build/Debug-xros/SwiftMath-t.build/DerivedSources/arm64 -Xcc -I/Users/admin/builder/spi-builder-workspace/.derivedData/Build/Intermediates.noindex/SwiftMath.build/Debug-xros/SwiftMath-t.build/DerivedSources -Xcc -DSWIFT_PACKAGE -Xcc -DDEBUG\=1 -no-auto-bridging-header-chaining -module-name SwiftMath -const-gather-protocols-file /Users/admin/builder/spi-builder-workspace/.derivedData/Build/Intermediates.noindex/SwiftMath.build/Debug-xros/SwiftMath-t.build/Objects-normal/arm64/SwiftMath_const_extract_protocols.json -disable-clang-spi -clang-target arm64-apple-xros27.0 -target-sdk-version 27.0 -target-sdk-name xros27.0 -in-process-plugin-server-path /Applications/Xcode-27.0.0-Release.Candidate.app/Contents/Developer/Toolchains/XcodeDefault.xctoolchain/usr/lib/swift/host/libSwiftInProcPluginServer.dylib -parse-as-library -o /Users/admin/builder/spi-builder-workspace/.derivedData/Build/Intermediates.noindex/SwiftMath.build/Debug-xros/SwiftMath-t.build/Objects-normal/arm64/functions.o -o /Users/admin/builder/spi-builder-workspace/.derivedData/Build/Intermediates.noindex/SwiftMath.build/Debug-xros/SwiftMath-t.build/Objects-normal/arm64/platform.o -debug-module-path /Users/admin/builder/spi-builder-workspace/.derivedData/Build/Intermediates.noindex/SwiftMath.build/Debug-xros/SwiftMath-t.build/Objects-normal/arm64/SwiftMath.swiftmodule -index-unit-output-path /SwiftMath.build/Debug-xros/SwiftMath-t.build/Objects-normal/arm64/functions.o -index-unit-output-path /SwiftMath.build/Debug-xros/SwiftMath-t.build/Objects-normal/arm64/platform.o -index-store-path /Users/admin/builder/spi-builder-workspace/.derivedData/Index.noindex/DataStore -index-system-modules
SwiftCompile normal arm64 Compiling\ Rect.swift,\ String+Math.swift,\ Vector2+nosimd.swift /Users/admin/builder/spi-builder-workspace/Sources/Rect.swift /Users/admin/builder/spi-builder-workspace/Sources/String+Math.swift /Users/admin/builder/spi-builder-workspace/Sources/Vector2+nosimd.swift (in target 'SwiftMath' from project 'SwiftMath')
SwiftCompile normal arm64 /Users/admin/builder/spi-builder-workspace/Sources/Rect.swift (in target 'SwiftMath' from project 'SwiftMath')
cd /Users/admin/builder/spi-builder-workspace/.swiftpm/xcode
builtin-SwiftPerFileCompile Rect.swift
SwiftCompile normal arm64 /Users/admin/builder/spi-builder-workspace/Sources/String+Math.swift (in target 'SwiftMath' from project 'SwiftMath')
cd /Users/admin/builder/spi-builder-workspace/.swiftpm/xcode
builtin-SwiftPerFileCompile String+Math.swift
SwiftCompile normal arm64 /Users/admin/builder/spi-builder-workspace/Sources/Vector2+nosimd.swift (in target 'SwiftMath' from project 'SwiftMath')
cd /Users/admin/builder/spi-builder-workspace/.swiftpm/xcode
builtin-SwiftPerFileCompile Vector2+nosimd.swift
SwiftCompile normal arm64 Compiling\ Matrix4x4+simd.swift,\ Matrix4x4.swift,\ Point.swift /Users/admin/builder/spi-builder-workspace/Sources/Matrix4x4+simd.swift /Users/admin/builder/spi-builder-workspace/Sources/Matrix4x4.swift /Users/admin/builder/spi-builder-workspace/Sources/Point.swift (in target 'SwiftMath' from project 'SwiftMath')
SwiftCompile normal arm64 /Users/admin/builder/spi-builder-workspace/Sources/Matrix4x4+simd.swift (in target 'SwiftMath' from project 'SwiftMath')
cd /Users/admin/builder/spi-builder-workspace/.swiftpm/xcode
builtin-SwiftPerFileCompile Matrix4x4+simd.swift
SwiftCompile normal arm64 /Users/admin/builder/spi-builder-workspace/Sources/Matrix4x4.swift (in target 'SwiftMath' from project 'SwiftMath')
cd /Users/admin/builder/spi-builder-workspace/.swiftpm/xcode
builtin-SwiftPerFileCompile Matrix4x4.swift
SwiftCompile normal arm64 /Users/admin/builder/spi-builder-workspace/Sources/Point.swift (in target 'SwiftMath' from project 'SwiftMath')
cd /Users/admin/builder/spi-builder-workspace/.swiftpm/xcode
builtin-SwiftPerFileCompile Point.swift
SwiftCompile normal arm64 Compiling\ Angle.swift,\ Matrix3x3+nosimd.swift,\ Matrix3x3+simd.swift /Users/admin/builder/spi-builder-workspace/Sources/Angle.swift /Users/admin/builder/spi-builder-workspace/Sources/Matrix3x3+nosimd.swift /Users/admin/builder/spi-builder-workspace/Sources/Matrix3x3+simd.swift (in target 'SwiftMath' from project 'SwiftMath')
SwiftCompile normal arm64 /Users/admin/builder/spi-builder-workspace/Sources/Angle.swift (in target 'SwiftMath' from project 'SwiftMath')
cd /Users/admin/builder/spi-builder-workspace/.swiftpm/xcode
builtin-SwiftPerFileCompile Angle.swift
SwiftCompile normal arm64 /Users/admin/builder/spi-builder-workspace/Sources/Matrix3x3+nosimd.swift (in target 'SwiftMath' from project 'SwiftMath')
cd /Users/admin/builder/spi-builder-workspace/.swiftpm/xcode
builtin-SwiftPerFileCompile Matrix3x3+nosimd.swift
SwiftCompile normal arm64 /Users/admin/builder/spi-builder-workspace/Sources/Matrix3x3+simd.swift (in target 'SwiftMath' from project 'SwiftMath')
cd /Users/admin/builder/spi-builder-workspace/.swiftpm/xcode
builtin-SwiftPerFileCompile Matrix3x3+simd.swift
SwiftCompile normal arm64 Compiling\ Vector4+simd.swift,\ Vector4.swift,\ Vectorf+Components.swift /Users/admin/builder/spi-builder-workspace/Sources/Vector4+simd.swift /Users/admin/builder/spi-builder-workspace/Sources/Vector4.swift /Users/admin/builder/spi-builder-workspace/Sources/Vectorf+Components.swift (in target 'SwiftMath' from project 'SwiftMath')
SwiftCompile normal arm64 /Users/admin/builder/spi-builder-workspace/Sources/Vector4+simd.swift (in target 'SwiftMath' from project 'SwiftMath')
cd /Users/admin/builder/spi-builder-workspace/.swiftpm/xcode
builtin-SwiftPerFileCompile Vector4+simd.swift
SwiftCompile normal arm64 /Users/admin/builder/spi-builder-workspace/Sources/Vector4.swift (in target 'SwiftMath' from project 'SwiftMath')
cd /Users/admin/builder/spi-builder-workspace/.swiftpm/xcode
builtin-SwiftPerFileCompile Vector4.swift
SwiftCompile normal arm64 /Users/admin/builder/spi-builder-workspace/Sources/Vectorf+Components.swift (in target 'SwiftMath' from project 'SwiftMath')
cd /Users/admin/builder/spi-builder-workspace/.swiftpm/xcode
builtin-SwiftPerFileCompile Vectorf+Components.swift
SwiftCompile normal arm64 Compiling\ easing.swift,\ float3x3+Extensions.swift,\ float4x4+Extensions.swift /Users/admin/builder/spi-builder-workspace/Sources/easing.swift /Users/admin/builder/spi-builder-workspace/Sources/float3x3+Extensions.swift /Users/admin/builder/spi-builder-workspace/Sources/float4x4+Extensions.swift (in target 'SwiftMath' from project 'SwiftMath')
/Users/admin/builder/spi-builder-workspace/Sources/easing.swift:114:28: error: cannot find 'powf' in scope
112 | // MARK: Expo Ease
113 | public func expoEaseIn(_ time: Float) -> Float {
114 | return time == 0 ? 0 : powf(2, 10 * (time / 1 - 1)) - 1 * 0.001
| `- error: cannot find 'powf' in scope
115 | }
116 |
/Users/admin/builder/spi-builder-workspace/Sources/easing.swift:118:30: error: cannot find 'powf' in scope
116 |
117 | public func expoEaseOut(_ time: Float) -> Float {
118 | return time == 1 ? 1 : (-powf(2, -10 * time / 1) + 1)
| `- error: cannot find 'powf' in scope
119 | }
120 |
/Users/admin/builder/spi-builder-workspace/Sources/easing.swift:125:22: error: cannot find 'powf' in scope
123 | time /= 0.5
124 | if time < 1 {
125 | time = 0.5 * powf(2, 10 * (time - 1))
| `- error: cannot find 'powf' in scope
126 | }
127 | else {
/Users/admin/builder/spi-builder-workspace/Sources/easing.swift:128:24: error: cannot find 'powf' in scope
126 | }
127 | else {
128 | time = 0.5 * (-powf(2, -10 * (time - 1)) + 2)
| `- error: cannot find 'powf' in scope
129 | }
130 | return time
/Users/admin/builder/spi-builder-workspace/Sources/easing.swift:135:14: error: cannot find 'sqrt' in scope
133 | // MARK: Circ Ease
134 | public func circEaseIn(_ time: Float) -> Float {
135 | return -(sqrt(1 - time * time) - 1)
| `- error: cannot find 'sqrt' in scope
136 | }
137 |
/Users/admin/builder/spi-builder-workspace/Sources/easing.swift:141:12: error: cannot find 'sqrt' in scope
139 | var time = time
140 | time = time - 1
141 | return sqrt(1 - time * time)
| `- error: cannot find 'sqrt' in scope
142 | }
143 |
/Users/admin/builder/spi-builder-workspace/Sources/easing.swift:148:24: error: cannot find 'sqrt' in scope
146 | time = time * 2
147 | if time < 1 {
148 | return -0.5 * (sqrt(1 - time * time) - 1)
| `- error: cannot find 'sqrt' in scope
149 | }
150 | time -= 2
/Users/admin/builder/spi-builder-workspace/Sources/easing.swift:151:19: error: cannot find 'sqrt' in scope
149 | }
150 | time -= 2
151 | return 0.5 * (sqrt(1 - time * time) + 1)
| `- error: cannot find 'sqrt' in scope
152 | }
153 |
/Users/admin/builder/spi-builder-workspace/Sources/easing.swift:164:17: error: cannot find 'powf' in scope
162 | let s: Float = period / 4
163 | time = time - 1
164 | newT = -powf(2, 10 * time) * sin((time - s) * Angle.pi2 / period)
| `- error: cannot find 'powf' in scope
165 | }
166 | return newT
/Users/admin/builder/spi-builder-workspace/Sources/easing.swift:176:16: error: cannot find 'powf' in scope
174 | else {
175 | let s: Float = period / 4
176 | newT = powf(2, -10 * time) * sin((time - s) * Angle.pi2 / period) + 1
| `- error: cannot find 'powf' in scope
177 | }
178 | return newT
/Users/admin/builder/spi-builder-workspace/Sources/easing.swift:196:27: error: cannot find 'powf' in scope
194 | time = time - 1
195 | if time < 0 {
196 | newT = -0.5 * powf(2, 10 * time) * sin((time - s) * Angle.pi2 / period)
| `- error: cannot find 'powf' in scope
197 | }
198 | else {
/Users/admin/builder/spi-builder-workspace/Sources/easing.swift:199:20: error: cannot find 'powf' in scope
197 | }
198 | else {
199 | newT = powf(2, -10 * time) * sin((time - s) * Angle.pi2 / period) * 0.5 + 1
| `- error: cannot find 'powf' in scope
200 | }
201 | }
/Users/admin/builder/spi-builder-workspace/Sources/easing.swift:287:12: error: cannot find 'powf' in scope
285 |
286 | public func easeIn(_ time: Float, rate: Float) -> Float {
287 | return powf(time, rate)
| `- error: cannot find 'powf' in scope
288 | }
289 |
/Users/admin/builder/spi-builder-workspace/Sources/easing.swift:291:12: error: cannot find 'powf' in scope
289 |
290 | public func easeOut(_ time: Float, rate: Float) -> Float {
291 | return powf(time, 1 / rate)
| `- error: cannot find 'powf' in scope
292 | }
293 |
/Users/admin/builder/spi-builder-workspace/Sources/easing.swift:298:22: error: cannot find 'powf' in scope
296 | time *= 2
297 | if time < 1 {
298 | return 0.5 * powf(time, rate)
| `- error: cannot find 'powf' in scope
299 | }
300 | else {
/Users/admin/builder/spi-builder-workspace/Sources/easing.swift:301:29: error: cannot find 'powf' in scope
299 | }
300 | else {
301 | return (1.0 - 0.5 * powf(2 - time, rate))
| `- error: cannot find 'powf' in scope
302 | }
303 | }
/Users/admin/builder/spi-builder-workspace/Sources/easing.swift:306:12: error: cannot find 'powf' in scope
304 |
305 | public func quadraticIn(_ time: Float) -> Float {
306 | return powf(time, 2)
| `- error: cannot find 'powf' in scope
307 | }
308 |
/Users/admin/builder/spi-builder-workspace/Sources/float3x3+Extensions.swift:14:1: warning: extension declares a conformance of imported type 'simd_float3x3' to imported protocols 'Decodable', 'Encodable'; this will not behave correctly if the owners of 'simd' introduce this conformance in the future
12 | import simd
13 |
14 | extension float3x3: Codable {
| |- warning: extension declares a conformance of imported type 'simd_float3x3' to imported protocols 'Decodable', 'Encodable'; this will not behave correctly if the owners of 'simd' introduce this conformance in the future
| `- note: add '@retroactive' to silence this warning
15 | public init(from decoder: Decoder) throws {
16 | let values = try decoder.container(keyedBy: CodingKeys.self)
SwiftCompile normal arm64 /Users/admin/builder/spi-builder-workspace/Sources/easing.swift (in target 'SwiftMath' from project 'SwiftMath')
cd /Users/admin/builder/spi-builder-workspace/.swiftpm/xcode
builtin-SwiftPerFileCompile easing.swift
SwiftCompile normal arm64 /Users/admin/builder/spi-builder-workspace/Sources/float3x3+Extensions.swift (in target 'SwiftMath' from project 'SwiftMath')
cd /Users/admin/builder/spi-builder-workspace/.swiftpm/xcode
builtin-SwiftPerFileCompile float3x3+Extensions.swift
SwiftCompile normal arm64 /Users/admin/builder/spi-builder-workspace/Sources/float4x4+Extensions.swift (in target 'SwiftMath' from project 'SwiftMath')
cd /Users/admin/builder/spi-builder-workspace/.swiftpm/xcode
builtin-SwiftPerFileCompile float4x4+Extensions.swift
SwiftCompile normal arm64 Compiling\ Vector3+simd.swift,\ Vector3.swift,\ Vector4+nosimd.swift /Users/admin/builder/spi-builder-workspace/Sources/Vector3+simd.swift /Users/admin/builder/spi-builder-workspace/Sources/Vector3.swift /Users/admin/builder/spi-builder-workspace/Sources/Vector4+nosimd.swift (in target 'SwiftMath' from project 'SwiftMath')
SwiftCompile normal arm64 /Users/admin/builder/spi-builder-workspace/Sources/Vector3+simd.swift (in target 'SwiftMath' from project 'SwiftMath')
cd /Users/admin/builder/spi-builder-workspace/.swiftpm/xcode
builtin-SwiftPerFileCompile Vector3+simd.swift
SwiftCompile normal arm64 /Users/admin/builder/spi-builder-workspace/Sources/Vector3.swift (in target 'SwiftMath' from project 'SwiftMath')
cd /Users/admin/builder/spi-builder-workspace/.swiftpm/xcode
builtin-SwiftPerFileCompile Vector3.swift
SwiftCompile normal arm64 /Users/admin/builder/spi-builder-workspace/Sources/Vector4+nosimd.swift (in target 'SwiftMath' from project 'SwiftMath')
cd /Users/admin/builder/spi-builder-workspace/.swiftpm/xcode
builtin-SwiftPerFileCompile Vector4+nosimd.swift
SwiftCompile normal arm64 Compiling\ Vector2+simd.swift,\ Vector2.swift,\ Vector3+nosimd.swift /Users/admin/builder/spi-builder-workspace/Sources/Vector2+simd.swift /Users/admin/builder/spi-builder-workspace/Sources/Vector2.swift /Users/admin/builder/spi-builder-workspace/Sources/Vector3+nosimd.swift (in target 'SwiftMath' from project 'SwiftMath')
SwiftCompile normal arm64 /Users/admin/builder/spi-builder-workspace/Sources/Vector2+simd.swift (in target 'SwiftMath' from project 'SwiftMath')
cd /Users/admin/builder/spi-builder-workspace/.swiftpm/xcode
builtin-SwiftPerFileCompile Vector2+simd.swift
SwiftCompile normal arm64 /Users/admin/builder/spi-builder-workspace/Sources/Vector2.swift (in target 'SwiftMath' from project 'SwiftMath')
cd /Users/admin/builder/spi-builder-workspace/.swiftpm/xcode
builtin-SwiftPerFileCompile Vector2.swift
SwiftCompile normal arm64 /Users/admin/builder/spi-builder-workspace/Sources/Vector3+nosimd.swift (in target 'SwiftMath' from project 'SwiftMath')
cd /Users/admin/builder/spi-builder-workspace/.swiftpm/xcode
builtin-SwiftPerFileCompile Vector3+nosimd.swift
SwiftCompile normal arm64 Compiling\ random.swift,\ utils.swift /Users/admin/builder/spi-builder-workspace/Sources/random.swift /Users/admin/builder/spi-builder-workspace/Sources/utils.swift (in target 'SwiftMath' from project 'SwiftMath')
/Users/admin/builder/spi-builder-workspace/Sources/random.swift:52:28: error: cannot find 'arc4random_uniform' in scope
50 | /// SwiftRandom extension
51 | static func random(_ lower: Int = 0, _ upper: Int = 100) -> Int {
52 | return lower + Int(arc4random_uniform(UInt32(upper - lower + 1)))
| `- error: cannot find 'arc4random_uniform' in scope
53 | }
54 | }
/Users/admin/builder/spi-builder-workspace/Sources/random.swift:66:17: error: cannot find 'arc4random_uniform' in scope
64 | /// - note: Using `Int` as parameter type as we usually just want to write `Int32.random(13, 37)` and not `Int32.random(Int32(13), Int32(37))`
65 | static func random(_ lower: Int = 0, _ upper: Int = 100) -> Int32 {
66 | let r = arc4random_uniform(UInt32(Int64(upper) - Int64(lower)))
| `- error: cannot find 'arc4random_uniform' in scope
67 | return Int32(Int64(r) + Int64(lower))
68 | }
/Users/admin/builder/spi-builder-workspace/Sources/random.swift:74:24: error: cannot find 'arc4random' in scope
72 | /// SwiftRandom extension
73 | static func random(_ lower: Double = 0, _ upper: Double = 100) -> Double {
74 | return (Double(arc4random()) / 0xFFFFFFFF) * (upper - lower) + lower
| `- error: cannot find 'arc4random' in scope
75 | }
76 | }
/Users/admin/builder/spi-builder-workspace/Sources/random.swift:81:23: error: cannot find 'arc4random' in scope
79 | /// SwiftRandom extension
80 | static func random(_ lower: Float = 0, _ upper: Float = 100) -> Float {
81 | return (Float(arc4random()) / 0xFFFFFF) * (upper - lower) + lower
| `- error: cannot find 'arc4random' in scope
82 | }
83 | }
SwiftCompile normal arm64 /Users/admin/builder/spi-builder-workspace/Sources/random.swift (in target 'SwiftMath' from project 'SwiftMath')
cd /Users/admin/builder/spi-builder-workspace/.swiftpm/xcode
builtin-SwiftPerFileCompile random.swift
SwiftCompile normal arm64 /Users/admin/builder/spi-builder-workspace/Sources/utils.swift (in target 'SwiftMath' from project 'SwiftMath')
cd /Users/admin/builder/spi-builder-workspace/.swiftpm/xcode
builtin-SwiftPerFileCompile utils.swift
SwiftCompile normal arm64 Compiling\ Matrix3x3.swift,\ Matrix4x4+Extensions.swift,\ Matrix4x4+nosimd.swift /Users/admin/builder/spi-builder-workspace/Sources/Matrix3x3.swift /Users/admin/builder/spi-builder-workspace/Sources/Matrix4x4+Extensions.swift /Users/admin/builder/spi-builder-workspace/Sources/Matrix4x4+nosimd.swift (in target 'SwiftMath' from project 'SwiftMath')
SwiftCompile normal arm64 /Users/admin/builder/spi-builder-workspace/Sources/Matrix3x3.swift (in target 'SwiftMath' from project 'SwiftMath')
cd /Users/admin/builder/spi-builder-workspace/.swiftpm/xcode
builtin-SwiftPerFileCompile Matrix3x3.swift
SwiftCompile normal arm64 /Users/admin/builder/spi-builder-workspace/Sources/Matrix4x4+Extensions.swift (in target 'SwiftMath' from project 'SwiftMath')
cd /Users/admin/builder/spi-builder-workspace/.swiftpm/xcode
builtin-SwiftPerFileCompile Matrix4x4+Extensions.swift
SwiftCompile normal arm64 /Users/admin/builder/spi-builder-workspace/Sources/Matrix4x4+nosimd.swift (in target 'SwiftMath' from project 'SwiftMath')
cd /Users/admin/builder/spi-builder-workspace/.swiftpm/xcode
builtin-SwiftPerFileCompile Matrix4x4+nosimd.swift
SwiftDriverJobDiscovery normal arm64 Emitting module for SwiftMath (in target 'SwiftMath' from project 'SwiftMath')
SwiftDriver\ Compilation\ Requirements SwiftMath normal arm64 com.apple.xcode.tools.swift.compiler (in target 'SwiftMath' from project 'SwiftMath')
cd /Users/admin/builder/spi-builder-workspace/.swiftpm/xcode
builtin-Swift-Compilation-Requirements -- /Applications/Xcode-27.0.0-Release.Candidate.app/Contents/Developer/Toolchains/XcodeDefault.xctoolchain/usr/bin/swiftc -parse-as-library -module-name SwiftMath -Onone @/Users/admin/builder/spi-builder-workspace/.derivedData/Build/Intermediates.noindex/SwiftMath.build/Debug-xros/SwiftMath-t.build/Objects-normal/arm64/SwiftMath.SwiftFileList -DSWIFT_PACKAGE -DDEBUG -DSWIFT_MODULE_RESOURCE_BUNDLE_UNAVAILABLE -DXcode -plugin-path /Applications/Xcode-27.0.0-Release.Candidate.app/Contents/Developer/Toolchains/XcodeDefault.xctoolchain/usr/lib/swift/host/plugins/testing -enable-experimental-feature DebugDescriptionMacro -sdk /Applications/Xcode-27.0.0-Release.Candidate.app/Contents/Developer/Platforms/XROS.platform/Developer/SDKs/XROS27.0.sdk -target arm64-apple-xros1.0 -g -module-cache-path /Users/admin/builder/spi-builder-workspace/.derivedData/ModuleCache.noindex -Xfrontend -serialize-debugging-options -profile-coverage-mapping -profile-generate -enable-testing -index-store-path /Users/admin/builder/spi-builder-workspace/.derivedData/Index.noindex/DataStore -Xcc -D_LIBCPP_HARDENING_MODE\=_LIBCPP_HARDENING_MODE_DEBUG -swift-version 5 -I /Users/admin/builder/spi-builder-workspace/.derivedData/Build/Products/Debug-xros -Isystem /Applications/Xcode-27.0.0-Release.Candidate.app/Contents/Developer/Platforms/XROS.platform/Developer/usr/lib -F /Users/admin/builder/spi-builder-workspace/.derivedData/Build/Products/Debug-xros -F /Applications/Xcode-27.0.0-Release.Candidate.app/Contents/Developer/Platforms/XROS.platform/Developer/Library/Frameworks -F /Applications/Xcode-27.0.0-Release.Candidate.app/Contents/Developer/Platforms/XROS.platform/Developer/SDKs/XROS27.0.sdk/Developer/Library/Frameworks -c -j10 -enable-batch-mode -incremental -Xcc -ivfsstatcache -Xcc /Users/admin/builder/spi-builder-workspace/.derivedData/SDKStatCaches.noindex/xros27.0-24M361-e829b21a6f8c9b70876ba0858053c044735bd543db762f57723cac368afd1ce4.sdkstatcache -output-file-map /Users/admin/builder/spi-builder-workspace/.derivedData/Build/Intermediates.noindex/SwiftMath.build/Debug-xros/SwiftMath-t.build/Objects-normal/arm64/SwiftMath-OutputFileMap.json -save-temps -no-color-diagnostics -explicit-module-build -module-cache-path /Users/admin/builder/spi-builder-workspace/.derivedData/Build/Intermediates.noindex/SwiftExplicitPrecompiledModules -clang-scanner-module-cache-path /Users/admin/builder/spi-builder-workspace/.derivedData/ModuleCache.noindex -sdk-module-cache-path /Users/admin/builder/spi-builder-workspace/.derivedData/SDKExplicitPrecompiledModules -emit-dependencies -emit-module -emit-module-path /Users/admin/builder/spi-builder-workspace/.derivedData/Build/Intermediates.noindex/SwiftMath.build/Debug-xros/SwiftMath-t.build/Objects-normal/arm64/SwiftMath.swiftmodule -serialize-diagnostics -dependency-scan-serialize-diagnostics-path /Users/admin/builder/spi-builder-workspace/.derivedData/Build/Intermediates.noindex/SwiftMath.build/Debug-xros/SwiftMath-t.build/Objects-normal/arm64/SwiftMath-dependency-scan.dia -validate-clang-modules-once -clang-build-session-file /Users/admin/builder/spi-builder-workspace/.derivedData/ModuleCache.noindex/Session.modulevalidation -Xcc -fmodules-prune-interval\=86400 -Xcc -fmodules-prune-after\=345600 -emit-const-values -const-gather-protocols-list /Users/admin/builder/spi-builder-workspace/.derivedData/Build/Intermediates.noindex/SwiftMath.build/Debug-xros/SwiftMath-t.build/Objects-normal/arm64/SwiftMath_const_extract_protocols.json -Xcc -I/Users/admin/builder/spi-builder-workspace/.derivedData/Build/Products/Debug-xros/include -Xcc -I/Users/admin/builder/spi-builder-workspace/.derivedData/Build/Intermediates.noindex/SwiftMath.build/Debug-xros/SwiftMath-t.build/DerivedSources-normal/arm64 -Xcc -I/Users/admin/builder/spi-builder-workspace/.derivedData/Build/Intermediates.noindex/SwiftMath.build/Debug-xros/SwiftMath-t.build/DerivedSources/arm64 -Xcc -I/Users/admin/builder/spi-builder-workspace/.derivedData/Build/Intermediates.noindex/SwiftMath.build/Debug-xros/SwiftMath-t.build/DerivedSources -Xcc -DSWIFT_PACKAGE -Xcc -DDEBUG\=1 -emit-objc-header -emit-objc-header-path /Users/admin/builder/spi-builder-workspace/.derivedData/Build/Intermediates.noindex/SwiftMath.build/Debug-xros/SwiftMath-t.build/Objects-normal/arm64/SwiftMath-Swift.h -working-directory /Users/admin/builder/spi-builder-workspace/.swiftpm/xcode -experimental-emit-module-separately -disable-cmo
PruneExplicitPrecompiledModules /Users/admin/builder/spi-builder-workspace/.derivedData/Build/Intermediates.noindex/SwiftExplicitPrecompiledModules
PruneExplicitPrecompiledModules /Users/admin/builder/spi-builder-workspace/.derivedData/Build/Intermediates.noindex/ExplicitPrecompiledModules
PruneExplicitPrecompiledModules /Users/admin/builder/spi-builder-workspace/.derivedData/SDKExplicitPrecompiledModules
2026-09-18 10:06:54.827 xcodebuild[648:4236] [MT] IDERunDestination: Supported platforms for the buildables in the current scheme is empty.
** BUILD FAILED **
The following build commands failed:
SwiftCompile normal arm64 /Users/admin/builder/spi-builder-workspace/Sources/platform.swift (in target 'SwiftMath' from project 'SwiftMath')
SwiftCompile normal arm64 Compiling\ functions.swift,\ platform.swift /Users/admin/builder/spi-builder-workspace/Sources/functions.swift /Users/admin/builder/spi-builder-workspace/Sources/platform.swift (in target 'SwiftMath' from project 'SwiftMath')
Building workspace SwiftMath with scheme SwiftMath
(3 failures)
Command line invocation:
/Applications/Xcode-27.0.0-Release.Candidate.app/Contents/Developer/usr/bin/xcodebuild -IDEClonedSourcePackagesDirPathOverride=/Users/admin/builder/spi-builder-workspace/.dependencies -resolvePackageDependencies
Resolve Package Graph
Resolved source packages:
SwiftMath: /Users/admin/builder/spi-builder-workspace
resolved source packages: SwiftMath
2026-09-18 10:07:01.572 xcodebuild[713:4553] [MT] IDERunDestination: Supported platforms for the buildables in the current scheme is empty.
{
"dependencies" : [
],
"manifest_display_name" : "SwiftMath",
"name" : "SwiftMath",
"path" : "/Users/admin/builder/spi-builder-workspace",
"platforms" : [
],
"products" : [
{
"name" : "SwiftMath",
"targets" : [
"SwiftMath"
],
"type" : {
"library" : [
"static"
]
}
}
],
"targets" : [
{
"c99name" : "SwiftMathTests",
"module_type" : "SwiftTarget",
"name" : "SwiftMathTests",
"path" : "Tests/SwiftMathTests",
"sources" : [
"AngleTests.swift",
"Matrix3x3Tests.swift",
"Matrix4x4Tests.swift",
"RectTests.swift",
"Vector2Tests.swift",
"XCTestManifests.swift",
"functionsTests.swift"
],
"target_dependencies" : [
"SwiftMath"
],
"type" : "test"
},
{
"c99name" : "SwiftMath",
"module_type" : "SwiftTarget",
"name" : "SwiftMath",
"path" : ".",
"product_memberships" : [
"SwiftMath"
],
"sources" : [
"Sources/Angle.swift",
"Sources/Matrix3x3+nosimd.swift",
"Sources/Matrix3x3+simd.swift",
"Sources/Matrix3x3.swift",
"Sources/Matrix4x4+Extensions.swift",
"Sources/Matrix4x4+nosimd.swift",
"Sources/Matrix4x4+simd.swift",
"Sources/Matrix4x4.swift",
"Sources/Point.swift",
"Sources/Rect.swift",
"Sources/String+Math.swift",
"Sources/Vector2+nosimd.swift",
"Sources/Vector2+simd.swift",
"Sources/Vector2.swift",
"Sources/Vector3+nosimd.swift",
"Sources/Vector3+simd.swift",
"Sources/Vector3.swift",
"Sources/Vector4+nosimd.swift",
"Sources/Vector4+simd.swift",
"Sources/Vector4.swift",
"Sources/Vectorf+Components.swift",
"Sources/easing.swift",
"Sources/float3x3+Extensions.swift",
"Sources/float4x4+Extensions.swift",
"Sources/functions.swift",
"Sources/platform.swift",
"Sources/random.swift",
"Sources/utils.swift"
],
"type" : "library"
}
],
"tools_version" : "5.3"
}
{
"workspace" : {
"name" : "SwiftMath",
"schemes" : [
"SwiftMath"
]
}
}
2026-09-18 10:07:02.852 xcodebuild[721:4620] [MT] IDERunDestination: Supported platforms for the buildables in the current scheme is empty.
Running build ...
env DEVELOPER_DIR=/Applications/Xcode-27.0.0-Release.Candidate.app xcrun xcodebuild -IDEClonedSourcePackagesDirPathOverride=$PWD/.dependencies -skipMacroValidation -skipPackagePluginValidation -derivedDataPath $PWD/.derivedData build -scheme SwiftMath -destination generic/platform=xrOS
Command line invocation:
/Applications/Xcode-27.0.0-Release.Candidate.app/Contents/Developer/usr/bin/xcodebuild -IDEClonedSourcePackagesDirPathOverride=/Users/admin/builder/spi-builder-workspace/.dependencies -skipMacroValidation -skipPackagePluginValidation -derivedDataPath /Users/admin/builder/spi-builder-workspace/.derivedData build -scheme SwiftMath -destination generic/platform=xrOS
Resolve Package Graph
Resolved source packages:
SwiftMath: /Users/admin/builder/spi-builder-workspace
ComputePackagePrebuildTargetDependencyGraph
Prepare packages
CreateBuildRequest
SendProjectDescription
CreateBuildOperation
ComputeTargetDependencyGraph
note: Building targets in dependency order
note: Target dependency graph (2 targets)
Target 'SwiftMath-product' in project 'SwiftMath'
➜ Explicit dependency on target 'SwiftMath' in project 'SwiftMath'
Target 'SwiftMath' in project 'SwiftMath' (no dependencies)
GatherProvisioningInputs
CreateBuildDescription
ClangStatCache /Applications/Xcode-27.0.0-Release.Candidate.app/Contents/Developer/Toolchains/XcodeDefault.xctoolchain/usr/bin/clang-stat-cache /Applications/Xcode-27.0.0-Release.Candidate.app/Contents/Developer/Platforms/XROS.platform/Developer/SDKs/XROS27.0.sdk /Users/admin/builder/spi-builder-workspace/.derivedData/SDKStatCaches.noindex/xros27.0-24M361-e829b21a6f8c9b70876ba0858053c044735bd543db762f57723cac368afd1ce4.sdkstatcache
cd /Users/admin/builder/spi-builder-workspace/.swiftpm/xcode
/Applications/Xcode-27.0.0-Release.Candidate.app/Contents/Developer/Toolchains/XcodeDefault.xctoolchain/usr/bin/clang-stat-cache /Applications/Xcode-27.0.0-Release.Candidate.app/Contents/Developer/Platforms/XROS.platform/Developer/SDKs/XROS27.0.sdk -o /Users/admin/builder/spi-builder-workspace/.derivedData/SDKStatCaches.noindex/xros27.0-24M361-e829b21a6f8c9b70876ba0858053c044735bd543db762f57723cac368afd1ce4.sdkstatcache
SwiftDriver SwiftMath normal arm64 com.apple.xcode.tools.swift.compiler (in target 'SwiftMath' from project 'SwiftMath')
cd /Users/admin/builder/spi-builder-workspace/.swiftpm/xcode
builtin-SwiftDriver -- /Applications/Xcode-27.0.0-Release.Candidate.app/Contents/Developer/Toolchains/XcodeDefault.xctoolchain/usr/bin/swiftc -parse-as-library -module-name SwiftMath -Onone @/Users/admin/builder/spi-builder-workspace/.derivedData/Build/Intermediates.noindex/SwiftMath.build/Debug-xros/SwiftMath-t.build/Objects-normal/arm64/SwiftMath.SwiftFileList -DSWIFT_PACKAGE -DDEBUG -DSWIFT_MODULE_RESOURCE_BUNDLE_UNAVAILABLE -DXcode -plugin-path /Applications/Xcode-27.0.0-Release.Candidate.app/Contents/Developer/Toolchains/XcodeDefault.xctoolchain/usr/lib/swift/host/plugins/testing -enable-experimental-feature DebugDescriptionMacro -sdk /Applications/Xcode-27.0.0-Release.Candidate.app/Contents/Developer/Platforms/XROS.platform/Developer/SDKs/XROS27.0.sdk -target arm64-apple-xros1.0 -g -module-cache-path /Users/admin/builder/spi-builder-workspace/.derivedData/ModuleCache.noindex -Xfrontend -serialize-debugging-options -profile-coverage-mapping -profile-generate -enable-testing -index-store-path /Users/admin/builder/spi-builder-workspace/.derivedData/Index.noindex/DataStore -Xcc -D_LIBCPP_HARDENING_MODE\=_LIBCPP_HARDENING_MODE_DEBUG -swift-version 5 -I /Users/admin/builder/spi-builder-workspace/.derivedData/Build/Products/Debug-xros -Isystem /Applications/Xcode-27.0.0-Release.Candidate.app/Contents/Developer/Platforms/XROS.platform/Developer/usr/lib -F /Users/admin/builder/spi-builder-workspace/.derivedData/Build/Products/Debug-xros -F /Applications/Xcode-27.0.0-Release.Candidate.app/Contents/Developer/Platforms/XROS.platform/Developer/Library/Frameworks -F /Applications/Xcode-27.0.0-Release.Candidate.app/Contents/Developer/Platforms/XROS.platform/Developer/SDKs/XROS27.0.sdk/Developer/Library/Frameworks -c -j10 -enable-batch-mode -incremental -Xcc -ivfsstatcache -Xcc /Users/admin/builder/spi-builder-workspace/.derivedData/SDKStatCaches.noindex/xros27.0-24M361-e829b21a6f8c9b70876ba0858053c044735bd543db762f57723cac368afd1ce4.sdkstatcache -output-file-map /Users/admin/builder/spi-builder-workspace/.derivedData/Build/Intermediates.noindex/SwiftMath.build/Debug-xros/SwiftMath-t.build/Objects-normal/arm64/SwiftMath-OutputFileMap.json -save-temps -no-color-diagnostics -explicit-module-build -module-cache-path /Users/admin/builder/spi-builder-workspace/.derivedData/Build/Intermediates.noindex/SwiftExplicitPrecompiledModules -clang-scanner-module-cache-path /Users/admin/builder/spi-builder-workspace/.derivedData/ModuleCache.noindex -sdk-module-cache-path /Users/admin/builder/spi-builder-workspace/.derivedData/SDKExplicitPrecompiledModules -emit-dependencies -emit-module -emit-module-path /Users/admin/builder/spi-builder-workspace/.derivedData/Build/Intermediates.noindex/SwiftMath.build/Debug-xros/SwiftMath-t.build/Objects-normal/arm64/SwiftMath.swiftmodule -serialize-diagnostics -dependency-scan-serialize-diagnostics-path /Users/admin/builder/spi-builder-workspace/.derivedData/Build/Intermediates.noindex/SwiftMath.build/Debug-xros/SwiftMath-t.build/Objects-normal/arm64/SwiftMath-dependency-scan.dia -validate-clang-modules-once -clang-build-session-file /Users/admin/builder/spi-builder-workspace/.derivedData/ModuleCache.noindex/Session.modulevalidation -Xcc -fmodules-prune-interval\=86400 -Xcc -fmodules-prune-after\=345600 -emit-const-values -const-gather-protocols-list /Users/admin/builder/spi-builder-workspace/.derivedData/Build/Intermediates.noindex/SwiftMath.build/Debug-xros/SwiftMath-t.build/Objects-normal/arm64/SwiftMath_const_extract_protocols.json -Xcc -I/Users/admin/builder/spi-builder-workspace/.derivedData/Build/Products/Debug-xros/include -Xcc -I/Users/admin/builder/spi-builder-workspace/.derivedData/Build/Intermediates.noindex/SwiftMath.build/Debug-xros/SwiftMath-t.build/DerivedSources-normal/arm64 -Xcc -I/Users/admin/builder/spi-builder-workspace/.derivedData/Build/Intermediates.noindex/SwiftMath.build/Debug-xros/SwiftMath-t.build/DerivedSources/arm64 -Xcc -I/Users/admin/builder/spi-builder-workspace/.derivedData/Build/Intermediates.noindex/SwiftMath.build/Debug-xros/SwiftMath-t.build/DerivedSources -Xcc -DSWIFT_PACKAGE -Xcc -DDEBUG\=1 -emit-objc-header -emit-objc-header-path /Users/admin/builder/spi-builder-workspace/.derivedData/Build/Intermediates.noindex/SwiftMath.build/Debug-xros/SwiftMath-t.build/Objects-normal/arm64/SwiftMath-Swift.h -working-directory /Users/admin/builder/spi-builder-workspace/.swiftpm/xcode -experimental-emit-module-separately -disable-cmo
SwiftCompile normal arm64 Compiling\ Vector2+simd.swift,\ Vector2.swift,\ Vector3+nosimd.swift /Users/admin/builder/spi-builder-workspace/Sources/Vector2+simd.swift /Users/admin/builder/spi-builder-workspace/Sources/Vector2.swift /Users/admin/builder/spi-builder-workspace/Sources/Vector3+nosimd.swift (in target 'SwiftMath' from project 'SwiftMath')
SwiftCompile normal arm64 /Users/admin/builder/spi-builder-workspace/Sources/Vector2+simd.swift (in target 'SwiftMath' from project 'SwiftMath')
cd /Users/admin/builder/spi-builder-workspace/.swiftpm/xcode
builtin-SwiftPerFileCompile Vector2+simd.swift
SwiftCompile normal arm64 /Users/admin/builder/spi-builder-workspace/Sources/Vector2.swift (in target 'SwiftMath' from project 'SwiftMath')
cd /Users/admin/builder/spi-builder-workspace/.swiftpm/xcode
builtin-SwiftPerFileCompile Vector2.swift
SwiftCompile normal arm64 /Users/admin/builder/spi-builder-workspace/Sources/Vector3+nosimd.swift (in target 'SwiftMath' from project 'SwiftMath')
cd /Users/admin/builder/spi-builder-workspace/.swiftpm/xcode
builtin-SwiftPerFileCompile Vector3+nosimd.swift
SwiftCompile normal arm64 Compiling\ Matrix3x3.swift,\ Matrix4x4+Extensions.swift,\ Matrix4x4+nosimd.swift /Users/admin/builder/spi-builder-workspace/Sources/Matrix3x3.swift /Users/admin/builder/spi-builder-workspace/Sources/Matrix4x4+Extensions.swift /Users/admin/builder/spi-builder-workspace/Sources/Matrix4x4+nosimd.swift (in target 'SwiftMath' from project 'SwiftMath')
SwiftCompile normal arm64 /Users/admin/builder/spi-builder-workspace/Sources/Matrix3x3.swift (in target 'SwiftMath' from project 'SwiftMath')
cd /Users/admin/builder/spi-builder-workspace/.swiftpm/xcode
builtin-SwiftPerFileCompile Matrix3x3.swift
SwiftCompile normal arm64 /Users/admin/builder/spi-builder-workspace/Sources/Matrix4x4+Extensions.swift (in target 'SwiftMath' from project 'SwiftMath')
cd /Users/admin/builder/spi-builder-workspace/.swiftpm/xcode
builtin-SwiftPerFileCompile Matrix4x4+Extensions.swift
SwiftCompile normal arm64 /Users/admin/builder/spi-builder-workspace/Sources/Matrix4x4+nosimd.swift (in target 'SwiftMath' from project 'SwiftMath')
cd /Users/admin/builder/spi-builder-workspace/.swiftpm/xcode
builtin-SwiftPerFileCompile Matrix4x4+nosimd.swift
SwiftCompile normal arm64 Compiling\ Rect.swift,\ String+Math.swift,\ Vector2+nosimd.swift /Users/admin/builder/spi-builder-workspace/Sources/Rect.swift /Users/admin/builder/spi-builder-workspace/Sources/String+Math.swift /Users/admin/builder/spi-builder-workspace/Sources/Vector2+nosimd.swift (in target 'SwiftMath' from project 'SwiftMath')
SwiftCompile normal arm64 /Users/admin/builder/spi-builder-workspace/Sources/Rect.swift (in target 'SwiftMath' from project 'SwiftMath')
cd /Users/admin/builder/spi-builder-workspace/.swiftpm/xcode
builtin-SwiftPerFileCompile Rect.swift
SwiftCompile normal arm64 /Users/admin/builder/spi-builder-workspace/Sources/String+Math.swift (in target 'SwiftMath' from project 'SwiftMath')
cd /Users/admin/builder/spi-builder-workspace/.swiftpm/xcode
builtin-SwiftPerFileCompile String+Math.swift
SwiftCompile normal arm64 /Users/admin/builder/spi-builder-workspace/Sources/Vector2+nosimd.swift (in target 'SwiftMath' from project 'SwiftMath')
cd /Users/admin/builder/spi-builder-workspace/.swiftpm/xcode
builtin-SwiftPerFileCompile Vector2+nosimd.swift
SwiftCompile normal arm64 Compiling\ Angle.swift,\ Matrix3x3+nosimd.swift,\ Matrix3x3+simd.swift /Users/admin/builder/spi-builder-workspace/Sources/Angle.swift /Users/admin/builder/spi-builder-workspace/Sources/Matrix3x3+nosimd.swift /Users/admin/builder/spi-builder-workspace/Sources/Matrix3x3+simd.swift (in target 'SwiftMath' from project 'SwiftMath')
SwiftCompile normal arm64 /Users/admin/builder/spi-builder-workspace/Sources/Angle.swift (in target 'SwiftMath' from project 'SwiftMath')
cd /Users/admin/builder/spi-builder-workspace/.swiftpm/xcode
builtin-SwiftPerFileCompile Angle.swift
SwiftCompile normal arm64 /Users/admin/builder/spi-builder-workspace/Sources/Matrix3x3+nosimd.swift (in target 'SwiftMath' from project 'SwiftMath')
cd /Users/admin/builder/spi-builder-workspace/.swiftpm/xcode
builtin-SwiftPerFileCompile Matrix3x3+nosimd.swift
SwiftCompile normal arm64 /Users/admin/builder/spi-builder-workspace/Sources/Matrix3x3+simd.swift (in target 'SwiftMath' from project 'SwiftMath')
cd /Users/admin/builder/spi-builder-workspace/.swiftpm/xcode
builtin-SwiftPerFileCompile Matrix3x3+simd.swift
SwiftCompile normal arm64 Compiling\ easing.swift,\ float3x3+Extensions.swift,\ float4x4+Extensions.swift /Users/admin/builder/spi-builder-workspace/Sources/easing.swift /Users/admin/builder/spi-builder-workspace/Sources/float3x3+Extensions.swift /Users/admin/builder/spi-builder-workspace/Sources/float4x4+Extensions.swift (in target 'SwiftMath' from project 'SwiftMath')
/Users/admin/builder/spi-builder-workspace/Sources/easing.swift:114:28: error: cannot find 'powf' in scope
112 | // MARK: Expo Ease
113 | public func expoEaseIn(_ time: Float) -> Float {
114 | return time == 0 ? 0 : powf(2, 10 * (time / 1 - 1)) - 1 * 0.001
| `- error: cannot find 'powf' in scope
115 | }
116 |
/Users/admin/builder/spi-builder-workspace/Sources/easing.swift:118:30: error: cannot find 'powf' in scope
116 |
117 | public func expoEaseOut(_ time: Float) -> Float {
118 | return time == 1 ? 1 : (-powf(2, -10 * time / 1) + 1)
| `- error: cannot find 'powf' in scope
119 | }
120 |
/Users/admin/builder/spi-builder-workspace/Sources/easing.swift:125:22: error: cannot find 'powf' in scope
123 | time /= 0.5
124 | if time < 1 {
125 | time = 0.5 * powf(2, 10 * (time - 1))
| `- error: cannot find 'powf' in scope
126 | }
127 | else {
/Users/admin/builder/spi-builder-workspace/Sources/easing.swift:128:24: error: cannot find 'powf' in scope
126 | }
127 | else {
128 | time = 0.5 * (-powf(2, -10 * (time - 1)) + 2)
| `- error: cannot find 'powf' in scope
129 | }
130 | return time
/Users/admin/builder/spi-builder-workspace/Sources/easing.swift:135:14: error: cannot find 'sqrt' in scope
133 | // MARK: Circ Ease
134 | public func circEaseIn(_ time: Float) -> Float {
135 | return -(sqrt(1 - time * time) - 1)
| `- error: cannot find 'sqrt' in scope
136 | }
137 |
/Users/admin/builder/spi-builder-workspace/Sources/easing.swift:141:12: error: cannot find 'sqrt' in scope
139 | var time = time
140 | time = time - 1
141 | return sqrt(1 - time * time)
| `- error: cannot find 'sqrt' in scope
142 | }
143 |
/Users/admin/builder/spi-builder-workspace/Sources/easing.swift:148:24: error: cannot find 'sqrt' in scope
146 | time = time * 2
147 | if time < 1 {
148 | return -0.5 * (sqrt(1 - time * time) - 1)
| `- error: cannot find 'sqrt' in scope
149 | }
150 | time -= 2
/Users/admin/builder/spi-builder-workspace/Sources/easing.swift:151:19: error: cannot find 'sqrt' in scope
149 | }
150 | time -= 2
151 | return 0.5 * (sqrt(1 - time * time) + 1)
| `- error: cannot find 'sqrt' in scope
152 | }
153 |
/Users/admin/builder/spi-builder-workspace/Sources/easing.swift:164:17: error: cannot find 'powf' in scope
162 | let s: Float = period / 4
163 | time = time - 1
164 | newT = -powf(2, 10 * time) * sin((time - s) * Angle.pi2 / period)
| `- error: cannot find 'powf' in scope
165 | }
166 | return newT
/Users/admin/builder/spi-builder-workspace/Sources/easing.swift:176:16: error: cannot find 'powf' in scope
174 | else {
175 | let s: Float = period / 4
176 | newT = powf(2, -10 * time) * sin((time - s) * Angle.pi2 / period) + 1
| `- error: cannot find 'powf' in scope
177 | }
178 | return newT
/Users/admin/builder/spi-builder-workspace/Sources/easing.swift:196:27: error: cannot find 'powf' in scope
194 | time = time - 1
195 | if time < 0 {
196 | newT = -0.5 * powf(2, 10 * time) * sin((time - s) * Angle.pi2 / period)
| `- error: cannot find 'powf' in scope
197 | }
198 | else {
/Users/admin/builder/spi-builder-workspace/Sources/easing.swift:199:20: error: cannot find 'powf' in scope
197 | }
198 | else {
199 | newT = powf(2, -10 * time) * sin((time - s) * Angle.pi2 / period) * 0.5 + 1
| `- error: cannot find 'powf' in scope
200 | }
201 | }
/Users/admin/builder/spi-builder-workspace/Sources/easing.swift:287:12: error: cannot find 'powf' in scope
285 |
286 | public func easeIn(_ time: Float, rate: Float) -> Float {
287 | return powf(time, rate)
| `- error: cannot find 'powf' in scope
288 | }
289 |
/Users/admin/builder/spi-builder-workspace/Sources/easing.swift:291:12: error: cannot find 'powf' in scope
289 |
290 | public func easeOut(_ time: Float, rate: Float) -> Float {
291 | return powf(time, 1 / rate)
| `- error: cannot find 'powf' in scope
292 | }
293 |
/Users/admin/builder/spi-builder-workspace/Sources/easing.swift:298:22: error: cannot find 'powf' in scope
296 | time *= 2
297 | if time < 1 {
298 | return 0.5 * powf(time, rate)
| `- error: cannot find 'powf' in scope
299 | }
300 | else {
/Users/admin/builder/spi-builder-workspace/Sources/easing.swift:301:29: error: cannot find 'powf' in scope
299 | }
300 | else {
301 | return (1.0 - 0.5 * powf(2 - time, rate))
| `- error: cannot find 'powf' in scope
302 | }
303 | }
/Users/admin/builder/spi-builder-workspace/Sources/easing.swift:306:12: error: cannot find 'powf' in scope
304 |
305 | public func quadraticIn(_ time: Float) -> Float {
306 | return powf(time, 2)
| `- error: cannot find 'powf' in scope
307 | }
308 |
/Users/admin/builder/spi-builder-workspace/Sources/float3x3+Extensions.swift:14:1: warning: extension declares a conformance of imported type 'simd_float3x3' to imported protocols 'Decodable', 'Encodable'; this will not behave correctly if the owners of 'simd' introduce this conformance in the future
12 | import simd
13 |
14 | extension float3x3: Codable {
| |- warning: extension declares a conformance of imported type 'simd_float3x3' to imported protocols 'Decodable', 'Encodable'; this will not behave correctly if the owners of 'simd' introduce this conformance in the future
| `- note: add '@retroactive' to silence this warning
15 | public init(from decoder: Decoder) throws {
16 | let values = try decoder.container(keyedBy: CodingKeys.self)
SwiftCompile normal arm64 /Users/admin/builder/spi-builder-workspace/Sources/easing.swift (in target 'SwiftMath' from project 'SwiftMath')
cd /Users/admin/builder/spi-builder-workspace/.swiftpm/xcode
builtin-SwiftPerFileCompile easing.swift
SwiftCompile normal arm64 /Users/admin/builder/spi-builder-workspace/Sources/float3x3+Extensions.swift (in target 'SwiftMath' from project 'SwiftMath')
cd /Users/admin/builder/spi-builder-workspace/.swiftpm/xcode
builtin-SwiftPerFileCompile float3x3+Extensions.swift
SwiftCompile normal arm64 /Users/admin/builder/spi-builder-workspace/Sources/float4x4+Extensions.swift (in target 'SwiftMath' from project 'SwiftMath')
cd /Users/admin/builder/spi-builder-workspace/.swiftpm/xcode
builtin-SwiftPerFileCompile float4x4+Extensions.swift
SwiftCompile normal arm64 Compiling\ random.swift,\ utils.swift /Users/admin/builder/spi-builder-workspace/Sources/random.swift /Users/admin/builder/spi-builder-workspace/Sources/utils.swift (in target 'SwiftMath' from project 'SwiftMath')
/Users/admin/builder/spi-builder-workspace/Sources/random.swift:52:28: error: cannot find 'arc4random_uniform' in scope
50 | /// SwiftRandom extension
51 | static func random(_ lower: Int = 0, _ upper: Int = 100) -> Int {
52 | return lower + Int(arc4random_uniform(UInt32(upper - lower + 1)))
| `- error: cannot find 'arc4random_uniform' in scope
53 | }
54 | }
/Users/admin/builder/spi-builder-workspace/Sources/random.swift:66:17: error: cannot find 'arc4random_uniform' in scope
64 | /// - note: Using `Int` as parameter type as we usually just want to write `Int32.random(13, 37)` and not `Int32.random(Int32(13), Int32(37))`
65 | static func random(_ lower: Int = 0, _ upper: Int = 100) -> Int32 {
66 | let r = arc4random_uniform(UInt32(Int64(upper) - Int64(lower)))
| `- error: cannot find 'arc4random_uniform' in scope
67 | return Int32(Int64(r) + Int64(lower))
68 | }
/Users/admin/builder/spi-builder-workspace/Sources/random.swift:74:24: error: cannot find 'arc4random' in scope
72 | /// SwiftRandom extension
73 | static func random(_ lower: Double = 0, _ upper: Double = 100) -> Double {
74 | return (Double(arc4random()) / 0xFFFFFFFF) * (upper - lower) + lower
| `- error: cannot find 'arc4random' in scope
75 | }
76 | }
/Users/admin/builder/spi-builder-workspace/Sources/random.swift:81:23: error: cannot find 'arc4random' in scope
79 | /// SwiftRandom extension
80 | static func random(_ lower: Float = 0, _ upper: Float = 100) -> Float {
81 | return (Float(arc4random()) / 0xFFFFFF) * (upper - lower) + lower
| `- error: cannot find 'arc4random' in scope
82 | }
83 | }
/Users/admin/builder/spi-builder-workspace/Sources/random.swift:93:40: error: cannot find 'sqrtf' in scope
91 | let lsq = p.lengthSquared
92 | if 0.1 < lsq && lsq < 1.0 {
93 | return p * Float(1.0 / sqrtf(lsq))
| `- error: cannot find 'sqrtf' in scope
94 | }
95 | }
Failed frontend command:
/Applications/Xcode-27.0.0-Release.Candidate.app/Contents/Developer/Toolchains/XcodeDefault.xctoolchain/usr/bin/swift-frontend -frontend -c /Users/admin/builder/spi-builder-workspace/Sources/Angle.swift /Users/admin/builder/spi-builder-workspace/Sources/Matrix3x3+nosimd.swift /Users/admin/builder/spi-builder-workspace/Sources/Matrix3x3+simd.swift /Users/admin/builder/spi-builder-workspace/Sources/Matrix3x3.swift /Users/admin/builder/spi-builder-workspace/Sources/Matrix4x4+Extensions.swift /Users/admin/builder/spi-builder-workspace/Sources/Matrix4x4+nosimd.swift /Users/admin/builder/spi-builder-workspace/Sources/Matrix4x4+simd.swift /Users/admin/builder/spi-builder-workspace/Sources/Matrix4x4.swift /Users/admin/builder/spi-builder-workspace/Sources/Point.swift /Users/admin/builder/spi-builder-workspace/Sources/Rect.swift /Users/admin/builder/spi-builder-workspace/Sources/String+Math.swift /Users/admin/builder/spi-builder-workspace/Sources/Vector2+nosimd.swift /Users/admin/builder/spi-builder-workspace/Sources/Vector2+simd.swift /Users/admin/builder/spi-builder-workspace/Sources/Vector2.swift /Users/admin/builder/spi-builder-workspace/Sources/Vector3+nosimd.swift /Users/admin/builder/spi-builder-workspace/Sources/Vector3+simd.swift /Users/admin/builder/spi-builder-workspace/Sources/Vector3.swift /Users/admin/builder/spi-builder-workspace/Sources/Vector4+nosimd.swift /Users/admin/builder/spi-builder-workspace/Sources/Vector4+simd.swift /Users/admin/builder/spi-builder-workspace/Sources/Vector4.swift /Users/admin/builder/spi-builder-workspace/Sources/Vectorf+Components.swift /Users/admin/builder/spi-builder-workspace/Sources/easing.swift /Users/admin/builder/spi-builder-workspace/Sources/float3x3+Extensions.swift /Users/admin/builder/spi-builder-workspace/Sources/float4x4+Extensions.swift /Users/admin/builder/spi-builder-workspace/Sources/functions.swift /Users/admin/builder/spi-builder-workspace/Sources/platform.swift -primary-file /Users/admin/builder/spi-builder-workspace/Sources/random.swift -primary-file /Users/admin/builder/spi-builder-workspace/Sources/utils.swift -emit-dependencies-path /Users/admin/builder/spi-builder-workspace/.derivedData/Build/Intermediates.noindex/SwiftMath.build/Debug-xros/SwiftMath-t.build/Objects-normal/arm64/random.d -emit-const-values-path /Users/admin/builder/spi-builder-workspace/.derivedData/Build/Intermediates.noindex/SwiftMath.build/Debug-xros/SwiftMath-t.build/Objects-normal/arm64/random.swiftconstvalues -emit-reference-dependencies-path /Users/admin/builder/spi-builder-workspace/.derivedData/Build/Intermediates.noindex/SwiftMath.build/Debug-xros/SwiftMath-t.build/Objects-normal/arm64/random.swiftdeps -serialize-diagnostics-path /Users/admin/builder/spi-builder-workspace/.derivedData/Build/Intermediates.noindex/SwiftMath.build/Debug-xros/SwiftMath-t.build/Objects-normal/arm64/random.dia -emit-dependencies-path /Users/admin/builder/spi-builder-workspace/.derivedData/Build/Intermediates.noindex/SwiftMath.build/Debug-xros/SwiftMath-t.build/Objects-normal/arm64/utils.d -emit-const-values-path /Users/admin/builder/spi-builder-workspace/.derivedData/Build/Intermediates.noindex/SwiftMath.build/Debug-xros/SwiftMath-t.build/Objects-normal/arm64/utils.swiftconstvalues -emit-reference-dependencies-path /Users/admin/builder/spi-builder-workspace/.derivedData/Build/Intermediates.noindex/SwiftMath.build/Debug-xros/SwiftMath-t.build/Objects-normal/arm64/utils.swiftdeps -serialize-diagnostics-path /Users/admin/builder/spi-builder-workspace/.derivedData/Build/Intermediates.noindex/SwiftMath.build/Debug-xros/SwiftMath-t.build/Objects-normal/arm64/utils.dia -target arm64-apple-xros1.0 -disable-cross-import-overlay-search -load-resolved-plugin /Applications/Xcode-27.0.0-Release.Candidate.app/Contents/Developer/Platforms/XROS.platform/Developer/usr/lib/swift/host/plugins/libFoundationMacros.dylib\#/Applications/Xcode-27.0.0-Release.Candidate.app/Contents/Developer/Platforms/XROS.platform/Developer/usr/bin/swift-plugin-server\#FoundationMacros -load-resolved-plugin /Applications/Xcode-27.0.0-Release.Candidate.app/Contents/Developer/Platforms/XROS.platform/Developer/usr/lib/swift/host/plugins/libObservationMacros.dylib\#/Applications/Xcode-27.0.0-Release.Candidate.app/Contents/Developer/Platforms/XROS.platform/Developer/usr/bin/swift-plugin-server\#ObservationMacros -load-resolved-plugin /Applications/Xcode-27.0.0-Release.Candidate.app/Contents/Developer/Platforms/XROS.platform/Developer/usr/lib/swift/host/plugins/libSwiftMacros.dylib\#/Applications/Xcode-27.0.0-Release.Candidate.app/Contents/Developer/Platforms/XROS.platform/Developer/usr/bin/swift-plugin-server\#SwiftMacros -disable-implicit-swift-modules -Xcc -fno-implicit-modules -Xcc -fno-implicit-module-maps -explicit-swift-module-map-file /Users/admin/builder/spi-builder-workspace/.derivedData/Build/Intermediates.noindex/SwiftMath.build/Debug-xros/SwiftMath-t.build/Objects-normal/arm64/SwiftMath-dependencies-1.json -Xllvm -aarch64-use-tbi -enable-objc-interop -stack-check -sdk /Applications/Xcode-27.0.0-Release.Candidate.app/Contents/Developer/Platforms/XROS.platform/Developer/SDKs/XROS27.0.sdk -I /Users/admin/builder/spi-builder-workspace/.derivedData/Build/Products/Debug-xros -Isystem /Applications/Xcode-27.0.0-Release.Candidate.app/Contents/Developer/Platforms/XROS.platform/Developer/usr/lib -F /Users/admin/builder/spi-builder-workspace/.derivedData/Build/Products/Debug-xros -F /Applications/Xcode-27.0.0-Release.Candidate.app/Contents/Developer/Platforms/XROS.platform/Developer/Library/Frameworks -F /Applications/Xcode-27.0.0-Release.Candidate.app/Contents/Developer/Platforms/XROS.platform/Developer/SDKs/XROS27.0.sdk/Developer/Library/Frameworks -module-cache-path /Users/admin/builder/spi-builder-workspace/.derivedData/Build/Intermediates.noindex/SwiftExplicitPrecompiledModules -no-color-diagnostics -Xcc -fno-color-diagnostics -enable-testing -g -debug-info-format\=dwarf -dwarf-version\=4 -profile-generate -profile-coverage-mapping -swift-version 5 -Onone -D SWIFT_PACKAGE -D DEBUG -D SWIFT_MODULE_RESOURCE_BUNDLE_UNAVAILABLE -D Xcode -serialize-debugging-options -enable-experimental-feature DebugDescriptionMacro -empty-abi-descriptor -validate-clang-modules-once -clang-build-session-file /Users/admin/builder/spi-builder-workspace/.derivedData/ModuleCache.noindex/Session.modulevalidation -Xcc -working-directory -Xcc /Users/admin/builder/spi-builder-workspace/.swiftpm/xcode -enable-anonymous-context-mangled-names -file-compilation-dir /Users/admin/builder/spi-builder-workspace/.swiftpm/xcode -Xcc -D_LIBCPP_HARDENING_MODE\=_LIBCPP_HARDENING_MODE_DEBUG -Xcc -ivfsstatcache -Xcc /Users/admin/builder/spi-builder-workspace/.derivedData/SDKStatCaches.noindex/xros27.0-24M361-e829b21a6f8c9b70876ba0858053c044735bd543db762f57723cac368afd1ce4.sdkstatcache -Xcc -fmodules-prune-interval\=86400 -Xcc -fmodules-prune-after\=345600 -Xcc -I/Users/admin/builder/spi-builder-workspace/.derivedData/Build/Products/Debug-xros/include -Xcc -I/Users/admin/builder/spi-builder-workspace/.derivedData/Build/Intermediates.noindex/SwiftMath.build/Debug-xros/SwiftMath-t.build/DerivedSources-normal/arm64 -Xcc -I/Users/admin/builder/spi-builder-workspace/.derivedData/Build/Intermediates.noindex/SwiftMath.build/Debug-xros/SwiftMath-t.build/DerivedSources/arm64 -Xcc -I/Users/admin/builder/spi-builder-workspace/.derivedData/Build/Intermediates.noindex/SwiftMath.build/Debug-xros/SwiftMath-t.build/DerivedSources -Xcc -DSWIFT_PACKAGE -Xcc -DDEBUG\=1 -no-auto-bridging-header-chaining -module-name SwiftMath -const-gather-protocols-file /Users/admin/builder/spi-builder-workspace/.derivedData/Build/Intermediates.noindex/SwiftMath.build/Debug-xros/SwiftMath-t.build/Objects-normal/arm64/SwiftMath_const_extract_protocols.json -disable-clang-spi -clang-target arm64-apple-xros27.0 -target-sdk-version 27.0 -target-sdk-name xros27.0 -in-process-plugin-server-path /Applications/Xcode-27.0.0-Release.Candidate.app/Contents/Developer/Toolchains/XcodeDefault.xctoolchain/usr/lib/swift/host/libSwiftInProcPluginServer.dylib -parse-as-library -o /Users/admin/builder/spi-builder-workspace/.derivedData/Build/Intermediates.noindex/SwiftMath.build/Debug-xros/SwiftMath-t.build/Objects-normal/arm64/random.o -o /Users/admin/builder/spi-builder-workspace/.derivedData/Build/Intermediates.noindex/SwiftMath.build/Debug-xros/SwiftMath-t.build/Objects-normal/arm64/utils.o -debug-module-path /Users/admin/builder/spi-builder-workspace/.derivedData/Build/Intermediates.noindex/SwiftMath.build/Debug-xros/SwiftMath-t.build/Objects-normal/arm64/SwiftMath.swiftmodule -index-unit-output-path /SwiftMath.build/Debug-xros/SwiftMath-t.build/Objects-normal/arm64/random.o -index-unit-output-path /SwiftMath.build/Debug-xros/SwiftMath-t.build/Objects-normal/arm64/utils.o -index-store-path /Users/admin/builder/spi-builder-workspace/.derivedData/Index.noindex/DataStore -index-system-modules
SwiftCompile normal arm64 /Users/admin/builder/spi-builder-workspace/Sources/random.swift (in target 'SwiftMath' from project 'SwiftMath')
cd /Users/admin/builder/spi-builder-workspace/.swiftpm/xcode
builtin-SwiftPerFileCompile random.swift
SwiftCompile normal arm64 /Users/admin/builder/spi-builder-workspace/Sources/utils.swift (in target 'SwiftMath' from project 'SwiftMath')
cd /Users/admin/builder/spi-builder-workspace/.swiftpm/xcode
builtin-SwiftPerFileCompile utils.swift
SwiftCompile normal arm64 Compiling\ Vector4+simd.swift,\ Vector4.swift,\ Vectorf+Components.swift /Users/admin/builder/spi-builder-workspace/Sources/Vector4+simd.swift /Users/admin/builder/spi-builder-workspace/Sources/Vector4.swift /Users/admin/builder/spi-builder-workspace/Sources/Vectorf+Components.swift (in target 'SwiftMath' from project 'SwiftMath')
SwiftCompile normal arm64 /Users/admin/builder/spi-builder-workspace/Sources/Vector4+simd.swift (in target 'SwiftMath' from project 'SwiftMath')
cd /Users/admin/builder/spi-builder-workspace/.swiftpm/xcode
builtin-SwiftPerFileCompile Vector4+simd.swift
SwiftCompile normal arm64 /Users/admin/builder/spi-builder-workspace/Sources/Vector4.swift (in target 'SwiftMath' from project 'SwiftMath')
cd /Users/admin/builder/spi-builder-workspace/.swiftpm/xcode
builtin-SwiftPerFileCompile Vector4.swift
SwiftCompile normal arm64 /Users/admin/builder/spi-builder-workspace/Sources/Vectorf+Components.swift (in target 'SwiftMath' from project 'SwiftMath')
cd /Users/admin/builder/spi-builder-workspace/.swiftpm/xcode
builtin-SwiftPerFileCompile Vectorf+Components.swift
SwiftEmitModule normal arm64 Emitting\ module\ for\ SwiftMath (in target 'SwiftMath' from project 'SwiftMath')
/Users/admin/builder/spi-builder-workspace/Sources/float3x3+Extensions.swift:14:1: warning: extension declares a conformance of imported type 'simd_float3x3' to imported protocols 'Decodable', 'Encodable'; this will not behave correctly if the owners of 'simd' introduce this conformance in the future
12 | import simd
13 |
14 | extension float3x3: Codable {
| |- warning: extension declares a conformance of imported type 'simd_float3x3' to imported protocols 'Decodable', 'Encodable'; this will not behave correctly if the owners of 'simd' introduce this conformance in the future
| `- note: add '@retroactive' to silence this warning
15 | public init(from decoder: Decoder) throws {
16 | let values = try decoder.container(keyedBy: CodingKeys.self)
SwiftCompile normal arm64 (in target 'SwiftMath' from project 'SwiftMath')
cd /Users/admin/builder/spi-builder-workspace/.swiftpm/xcode
SwiftCompile normal arm64 Compiling\ Vector3+simd.swift,\ Vector3.swift,\ Vector4+nosimd.swift /Users/admin/builder/spi-builder-workspace/Sources/Vector3+simd.swift /Users/admin/builder/spi-builder-workspace/Sources/Vector3.swift /Users/admin/builder/spi-builder-workspace/Sources/Vector4+nosimd.swift (in target 'SwiftMath' from project 'SwiftMath')
SwiftCompile normal arm64 /Users/admin/builder/spi-builder-workspace/Sources/Vector3+simd.swift (in target 'SwiftMath' from project 'SwiftMath')
cd /Users/admin/builder/spi-builder-workspace/.swiftpm/xcode
builtin-SwiftPerFileCompile Vector3+simd.swift
SwiftCompile normal arm64 /Users/admin/builder/spi-builder-workspace/Sources/Vector3.swift (in target 'SwiftMath' from project 'SwiftMath')
cd /Users/admin/builder/spi-builder-workspace/.swiftpm/xcode
builtin-SwiftPerFileCompile Vector3.swift
SwiftCompile normal arm64 /Users/admin/builder/spi-builder-workspace/Sources/Vector4+nosimd.swift (in target 'SwiftMath' from project 'SwiftMath')
cd /Users/admin/builder/spi-builder-workspace/.swiftpm/xcode
builtin-SwiftPerFileCompile Vector4+nosimd.swift
SwiftCompile normal arm64 Compiling\ Matrix4x4+simd.swift,\ Matrix4x4.swift,\ Point.swift /Users/admin/builder/spi-builder-workspace/Sources/Matrix4x4+simd.swift /Users/admin/builder/spi-builder-workspace/Sources/Matrix4x4.swift /Users/admin/builder/spi-builder-workspace/Sources/Point.swift (in target 'SwiftMath' from project 'SwiftMath')
SwiftCompile normal arm64 /Users/admin/builder/spi-builder-workspace/Sources/Matrix4x4+simd.swift (in target 'SwiftMath' from project 'SwiftMath')
cd /Users/admin/builder/spi-builder-workspace/.swiftpm/xcode
builtin-SwiftPerFileCompile Matrix4x4+simd.swift
SwiftCompile normal arm64 /Users/admin/builder/spi-builder-workspace/Sources/Matrix4x4.swift (in target 'SwiftMath' from project 'SwiftMath')
cd /Users/admin/builder/spi-builder-workspace/.swiftpm/xcode
builtin-SwiftPerFileCompile Matrix4x4.swift
SwiftCompile normal arm64 /Users/admin/builder/spi-builder-workspace/Sources/Point.swift (in target 'SwiftMath' from project 'SwiftMath')
cd /Users/admin/builder/spi-builder-workspace/.swiftpm/xcode
builtin-SwiftPerFileCompile Point.swift
SwiftCompile normal arm64 Compiling\ functions.swift,\ platform.swift /Users/admin/builder/spi-builder-workspace/Sources/functions.swift /Users/admin/builder/spi-builder-workspace/Sources/platform.swift (in target 'SwiftMath' from project 'SwiftMath')
SwiftCompile normal arm64 /Users/admin/builder/spi-builder-workspace/Sources/functions.swift (in target 'SwiftMath' from project 'SwiftMath')
cd /Users/admin/builder/spi-builder-workspace/.swiftpm/xcode
builtin-SwiftPerFileCompile functions.swift
SwiftCompile normal arm64 /Users/admin/builder/spi-builder-workspace/Sources/platform.swift (in target 'SwiftMath' from project 'SwiftMath')
cd /Users/admin/builder/spi-builder-workspace/.swiftpm/xcode
builtin-SwiftPerFileCompile platform.swift
SwiftDriverJobDiscovery normal arm64 Compiling Matrix3x3.swift, Matrix4x4+Extensions.swift, Matrix4x4+nosimd.swift (in target 'SwiftMath' from project 'SwiftMath')
PruneExplicitPrecompiledModules /Users/admin/builder/spi-builder-workspace/.derivedData/SDKExplicitPrecompiledModules
PruneExplicitPrecompiledModules /Users/admin/builder/spi-builder-workspace/.derivedData/Build/Intermediates.noindex/ExplicitPrecompiledModules
PruneExplicitPrecompiledModules /Users/admin/builder/spi-builder-workspace/.derivedData/Build/Intermediates.noindex/SwiftExplicitPrecompiledModules
2026-09-18 10:07:03.844 xcodebuild[722:4645] [MT] IDERunDestination: Supported platforms for the buildables in the current scheme is empty.
** BUILD FAILED **
The following build commands failed:
SwiftCompile normal arm64 Compiling\ random.swift,\ utils.swift /Users/admin/builder/spi-builder-workspace/Sources/random.swift /Users/admin/builder/spi-builder-workspace/Sources/utils.swift (in target 'SwiftMath' from project 'SwiftMath')
SwiftCompile normal arm64 /Users/admin/builder/spi-builder-workspace/Sources/random.swift (in target 'SwiftMath' from project 'SwiftMath')
Building workspace SwiftMath with scheme SwiftMath
(3 failures)
BUILD FAILURE 6.4 visionOS