The Swift Package Index logo.Swift Package Index

Build Information

Failed to build PugiSwift, reference 0.7.0 (cf7942), with Swift 6.4 for Wasm on 23 Sep 2026 01:43:19 UTC.

Build Command

bash -c docker run --pull=always --rm -v "checkouts-54344843-0":/host -w "$PWD" -e JAVA_HOME="/root/.sdkman/candidates/java/current" -e SPI_BUILD="1" -e SPI_PROCESSING="1" registry.gitlab.com/saguaro1/spi-images:wasm-6.4-latest swift build --swift-sdk swift-6.4.x-DEVELOPMENT-SNAPSHOT-2026-09-04-a_wasm 2>&1

Build Log

========================================
RunAll
========================================
Builder version: 5.1.0
Interrupt handler set up.
========================================
Checkout
========================================
Clone URL: https://github.com/elihwyma/PugiSwift.git
Reference: 0.7.0
Initialized empty Git repository in /host/spi-builder-workspace/.git/
hint: Using 'master' as the name for the initial branch. This default branch name
hint: is subject to change. To configure the initial branch name to use in all
hint: of your new repositories, which will suppress this warning, call:
hint:
hint: 	git config --global init.defaultBranch <name>
hint:
hint: Names commonly chosen instead of 'master' are 'main', 'trunk' and
hint: 'development'. The just-created branch can be renamed via this command:
hint:
hint: 	git branch -m <name>
From https://github.com/elihwyma/PugiSwift
 * tag               0.7.0      -> FETCH_HEAD
HEAD is now at cf79425 feat: add support for multiple coding keys
Cloned https://github.com/elihwyma/PugiSwift.git
Revision (git rev-parse @):
cf79425759301de8fb3b73fbe94a0ec4791acb24
SPI manifest file found: $PWD/.spi.yml
SUCCESS checkout https://github.com/elihwyma/PugiSwift.git at 0.7.0
========================================
Build
========================================
Selected platform:         wasm
Swift version:             6.4
Building package at path:  $PWD
https://github.com/elihwyma/PugiSwift.git
Running build ...
bash -c docker run --pull=always --rm -v "checkouts-54344843-0":/host -w "$PWD" -e JAVA_HOME="/root/.sdkman/candidates/java/current" -e SPI_BUILD="1" -e SPI_PROCESSING="1" registry.gitlab.com/saguaro1/spi-images:wasm-6.4-latest swift build --swift-sdk swift-6.4.x-DEVELOPMENT-SNAPSHOT-2026-09-04-a_wasm 2>&1
wasm-6.4-latest: Pulling from saguaro1/spi-images
Digest: sha256:4328fdb43c680d205c1d6761b1e3267aa38277eefdda9ddfb17b6a0f1a77857a
Status: Image is up to date for registry.gitlab.com/saguaro1/spi-images:wasm-6.4-latest
Fetching https://github.com/swiftlang/swift-syntax.git
Fetching https://github.com/stackotter/swift-macro-toolkit.git
[1/996] Fetching swift-macro-toolkit
Fetched https://github.com/stackotter/swift-macro-toolkit.git (0.59s)
[1/80010] Fetching swift-syntax
Fetched https://github.com/swiftlang/swift-syntax.git (2.98s)
Computing version for https://github.com/stackotter/swift-macro-toolkit.git
Computed https://github.com/stackotter/swift-macro-toolkit.git at 0.9.0 (4.08s)
Computing version for https://github.com/swiftlang/swift-syntax.git
Computed https://github.com/swiftlang/swift-syntax.git at 600.0.1 (0.29s)
Creating working copy for https://github.com/stackotter/swift-macro-toolkit.git
Working copy of https://github.com/stackotter/swift-macro-toolkit.git resolved at 0.9.0
Creating working copy for https://github.com/swiftlang/swift-syntax.git
Working copy of https://github.com/swiftlang/swift-syntax.git resolved at 600.0.1
Building for debugging...
[Computing dependencies]
[Pre-planning 1 / 652]
[Planning deferred tasks]
[6 / 254]
[140 / 263] SwiftSyntax600
[156 / 273] SwiftSyntax
[156 / 273] SwiftSyntax600
[162 / 275] SwiftSyntax600
[164 / 275] SwiftSyntax510
[170 / 276]
[170 / 276] SwiftSyntax
[182 / 303] SwiftDiagnostics
[187 / 303] SwiftDiagnostics
[193 / 303] SwiftBasicFormat
[203 / 303] SwiftParser
[204 / 303] SwiftParser
[206 / 303] SwiftParser
[207 / 303] SwiftDiagnostics
[208 / 303] SwiftDiagnostics
[209 / 303] SwiftDiagnostics
[210 / 303] SwiftDiagnostics
[212 / 303] SwiftDiagnostics
[213 / 303] SwiftDiagnostics
[214 / 303] SwiftDiagnostics
[215 / 303] SwiftParserDiagnostics
[220 / 306] SwiftOperators
[223 / 324] SwiftOperators
[224 / 324] SwiftParserDiagnostics
[225 / 325] SwiftParserDiagnostics
[228 / 325] SwiftParserDiagnostics
[238 / 326] SwiftParserDiagnostics
[239 / 326] SwiftParserDiagnostics
[240 / 326] SwiftParserDiagnostics
[243 / 326] SwiftParser
[247 / 326] SwiftOperators
[248 / 326] SwiftOperators
[251 / 326] SwiftDiagnostics
[258 / 337] SwiftSyntaxBuilder
[260 / 338] SwiftSyntaxBuilder
[261 / 338] SwiftSyntaxBuilder
[262 / 338] SwiftSyntaxBuilder
[269 / 338] SwiftSyntaxBuilder
[276 / 348] SwiftSyntaxMacros
[277 / 348] SwiftSyntaxMacros
[285 / 348] SwiftSyntaxMacros
[292 / 358] SwiftSyntaxMacroExpansion
[293 / 360] SwiftSyntaxBuilder
[296 / 360] SwiftSyntaxMacros
[298 / 360] SwiftSyntaxMacroExpansion
[300 / 360] SwiftSyntaxMacroExpansion
[311 / 370] SwiftCompilerPluginMessageHandling
[313 / 370] SwiftCompilerPluginMessageHandling
[315 / 370] SwiftCompilerPluginMessageHandling
[317 / 370] SwiftCompilerPluginMessageHandling
[329 / 374] SwiftCompilerPlugin
[334 / 384] MacroToolkit
[337 / 385] SwiftCompilerPlugin
[338 / 385] SwiftCompilerPluginMessageHandling
[341 / 386] SwiftCompilerPluginMessageHandling
[348 / 386] MacroToolkit
[350 / 386] MacroToolkit-product
[350 / 386] MacroToolkit
[352 / 387] SwiftSyntax
[355 / 388] SwiftSyntax
[362 / 388]
[371 / 389] PugiSwiftMacros
[378 / 396] PugiSwiftMacros
[379 / 396] PugiSwiftMacros
[383 / 397] PugiSwiftMacros
error: SwiftCompile normal wasm32 /host/spi-builder-workspace/Sources/PugiSwift/Restrictions/FloatingResrictions.swift failed with a nonzero exit code. Command line:     cd /host
    builtin-SwiftPerFileCompile FloatingResrictions.swift
error: SwiftCompile normal wasm32 /host/spi-builder-workspace/Sources/PugiSwift/Restrictions/ListRestrictions.swift failed with a nonzero exit code. Command line:     cd /host
    builtin-SwiftPerFileCompile ListRestrictions.swift
error: SwiftCompile normal wasm32 /host/spi-builder-workspace/Sources/PugiSwift/Restrictions/NumericRestrictions.swift failed with a nonzero exit code. Command line:     cd /host
    builtin-SwiftPerFileCompile NumericRestrictions.swift
error: SwiftCompile normal wasm32 /host/spi-builder-workspace/Sources/PugiSwift/Restrictions/RestrictionsProtocol.swift failed with a nonzero exit code. Command line:     cd /host
    builtin-SwiftPerFileCompile RestrictionsProtocol.swift
/root/.swiftpm/swift-sdks/swift-6.4.x-DEVELOPMENT-SNAPSHOT-2026-09-04-a_wasm.artifactbundle/swift-6.4.x-DEVELOPMENT-SNAPSHOT-2026-09-04-a_wasm/wasm32-unknown-wasip1/swift.xctoolchain/usr/lib/swift_static/shims/LibcOverlayShims.h:31:10: note: while building module 'SwiftWASILibc' imported from /root/.swiftpm/swift-sdks/swift-6.4.x-DEVELOPMENT-SNAPSHOT-2026-09-04-a_wasm.artifactbundle/swift-6.4.x-DEVELOPMENT-SNAPSHOT-2026-09-04-a_wasm/wasm32-unknown-wasip1/swift.xctoolchain/usr/lib/swift_static/shims/LibcOverlayShims.h:31:
 29 | typedef int mode_t;
 30 | #else
 31 | #include <semaphore.h>
    |          `- note: while building module 'SwiftWASILibc' imported from /root/.swiftpm/swift-sdks/swift-6.4.x-DEVELOPMENT-SNAPSHOT-2026-09-04-a_wasm.artifactbundle/swift-6.4.x-DEVELOPMENT-SNAPSHOT-2026-09-04-a_wasm/wasm32-unknown-wasip1/swift.xctoolchain/usr/lib/swift_static/shims/LibcOverlayShims.h:31:
 32 | #include <sys/ioctl.h>
 33 | #include <sys/types.h>
/root/.swiftpm/swift-sdks/swift-6.4.x-DEVELOPMENT-SNAPSHOT-2026-09-04-a_wasm.artifactbundle/swift-6.4.x-DEVELOPMENT-SNAPSHOT-2026-09-04-a_wasm/wasm32-unknown-wasip1/WASI.sdk/include/wasm32-wasip1/netinet/in.h:9:10: note: while building module 'std_inttypes_h' imported from /root/.swiftpm/swift-sdks/swift-6.4.x-DEVELOPMENT-SNAPSHOT-2026-09-04-a_wasm.artifactbundle/swift-6.4.x-DEVELOPMENT-SNAPSHOT-2026-09-04-a_wasm/wasm32-unknown-wasip1/WASI.sdk/include/wasm32-wasip1/netinet/in.h:9:
  7 |
  8 | #include <features.h>
  9 | #include <inttypes.h>
    |          `- note: while building module 'std_inttypes_h' imported from /root/.swiftpm/swift-sdks/swift-6.4.x-DEVELOPMENT-SNAPSHOT-2026-09-04-a_wasm.artifactbundle/swift-6.4.x-DEVELOPMENT-SNAPSHOT-2026-09-04-a_wasm/wasm32-unknown-wasip1/WASI.sdk/include/wasm32-wasip1/netinet/in.h:9:
 10 | #include <sys/socket.h>
 11 | #ifdef __wasilibc_unmodified_upstream /* Use alternate WASI libc headers */
<module-includes>:1:10: note: in file included from <module-includes>:1:
1 | #include "inttypes.h"
  |          `- note: in file included from <module-includes>:1:
2 |
/root/.swiftpm/swift-sdks/swift-6.4.x-DEVELOPMENT-SNAPSHOT-2026-09-04-a_wasm.artifactbundle/swift-6.4.x-DEVELOPMENT-SNAPSHOT-2026-09-04-a_wasm/wasm32-unknown-wasip1/WASI.sdk/include/c++/v1/inttypes.h:255:19: note: in file included from /root/.swiftpm/swift-sdks/swift-6.4.x-DEVELOPMENT-SNAPSHOT-2026-09-04-a_wasm.artifactbundle/swift-6.4.x-DEVELOPMENT-SNAPSHOT-2026-09-04-a_wasm/wasm32-unknown-wasip1/WASI.sdk/include/c++/v1/inttypes.h:255:
253 |
254 | #  if __has_include_next(<inttypes.h>)
255 | #    include_next <inttypes.h>
    |                   `- note: in file included from /root/.swiftpm/swift-sdks/swift-6.4.x-DEVELOPMENT-SNAPSHOT-2026-09-04-a_wasm.artifactbundle/swift-6.4.x-DEVELOPMENT-SNAPSHOT-2026-09-04-a_wasm/wasm32-unknown-wasip1/WASI.sdk/include/c++/v1/inttypes.h:255:
256 | #  endif
257 |
/root/.swiftpm/swift-sdks/swift-6.4.x-DEVELOPMENT-SNAPSHOT-2026-09-04-a_wasm.artifactbundle/swift-6.4.x-DEVELOPMENT-SNAPSHOT-2026-09-04-a_wasm/wasm32-unknown-wasip1/swift.xctoolchain/usr/lib/swift_static/clang/include/inttypes.h:24:15: error: cyclic dependency in module 'SwiftWASILibc': SwiftWASILibc -> std_inttypes_h -> SwiftWASILibc
 22 | #endif
 23 |
 24 | #include_next <inttypes.h>
    |               `- error: cyclic dependency in module 'SwiftWASILibc': SwiftWASILibc -> std_inttypes_h -> SwiftWASILibc
 25 |
 26 | #if defined(_MSC_VER) && _MSC_VER < 1900
/root/.swiftpm/swift-sdks/swift-6.4.x-DEVELOPMENT-SNAPSHOT-2026-09-04-a_wasm.artifactbundle/swift-6.4.x-DEVELOPMENT-SNAPSHOT-2026-09-04-a_wasm/wasm32-unknown-wasip1/swift.xctoolchain/usr/lib/swift_static/shims/LibcOverlayShims.h:31:10: note: while building module 'SwiftWASILibc' imported from /root/.swiftpm/swift-sdks/swift-6.4.x-DEVELOPMENT-SNAPSHOT-2026-09-04-a_wasm.artifactbundle/swift-6.4.x-DEVELOPMENT-SNAPSHOT-2026-09-04-a_wasm/wasm32-unknown-wasip1/swift.xctoolchain/usr/lib/swift_static/shims/LibcOverlayShims.h:31:
 29 | typedef int mode_t;
 30 | #else
 31 | #include <semaphore.h>
    |          `- note: while building module 'SwiftWASILibc' imported from /root/.swiftpm/swift-sdks/swift-6.4.x-DEVELOPMENT-SNAPSHOT-2026-09-04-a_wasm.artifactbundle/swift-6.4.x-DEVELOPMENT-SNAPSHOT-2026-09-04-a_wasm/wasm32-unknown-wasip1/swift.xctoolchain/usr/lib/swift_static/shims/LibcOverlayShims.h:31:
 32 | #include <sys/ioctl.h>
 33 | #include <sys/types.h>
<module-includes>:14:10: note: in file included from <module-includes>:14:
12 | #include "string.h"
13 | #include "time.h"
14 | #include "arpa/inet.h"
   |          `- note: in file included from <module-includes>:14:
15 | #include "cpio.h"
16 | #include "dirent.h"
/root/.swiftpm/swift-sdks/swift-6.4.x-DEVELOPMENT-SNAPSHOT-2026-09-04-a_wasm.artifactbundle/swift-6.4.x-DEVELOPMENT-SNAPSHOT-2026-09-04-a_wasm/wasm32-unknown-wasip1/WASI.sdk/include/wasm32-wasip1/arpa/inet.h:9:10: note: in file included from /root/.swiftpm/swift-sdks/swift-6.4.x-DEVELOPMENT-SNAPSHOT-2026-09-04-a_wasm.artifactbundle/swift-6.4.x-DEVELOPMENT-SNAPSHOT-2026-09-04-a_wasm/wasm32-unknown-wasip1/WASI.sdk/include/wasm32-wasip1/arpa/inet.h:9:
 7 |
 8 | #include <features.h>
 9 | #include <netinet/in.h>
   |          `- note: in file included from /root/.swiftpm/swift-sdks/swift-6.4.x-DEVELOPMENT-SNAPSHOT-2026-09-04-a_wasm.artifactbundle/swift-6.4.x-DEVELOPMENT-SNAPSHOT-2026-09-04-a_wasm/wasm32-unknown-wasip1/WASI.sdk/include/wasm32-wasip1/arpa/inet.h:9:
10 |
11 | uint32_t htonl(uint32_t);
/root/.swiftpm/swift-sdks/swift-6.4.x-DEVELOPMENT-SNAPSHOT-2026-09-04-a_wasm.artifactbundle/swift-6.4.x-DEVELOPMENT-SNAPSHOT-2026-09-04-a_wasm/wasm32-unknown-wasip1/WASI.sdk/include/wasm32-wasip1/netinet/in.h:9:10: error: could not build module 'std_inttypes_h'
  7 |
  8 | #include <features.h>
  9 | #include <inttypes.h>
    |          `- error: could not build module 'std_inttypes_h'
 10 | #include <sys/socket.h>
 11 | #ifdef __wasilibc_unmodified_upstream /* Use alternate WASI libc headers */
<module-includes>:1:10: note: in file included from <module-includes>:1:
1 | #include "LibcOverlayShims.h"
  |          `- note: in file included from <module-includes>:1:
2 |
/root/.swiftpm/swift-sdks/swift-6.4.x-DEVELOPMENT-SNAPSHOT-2026-09-04-a_wasm.artifactbundle/swift-6.4.x-DEVELOPMENT-SNAPSHOT-2026-09-04-a_wasm/wasm32-unknown-wasip1/swift.xctoolchain/usr/lib/swift_static/shims/LibcOverlayShims.h:31:10: error: could not build module 'SwiftWASILibc'
 29 | typedef int mode_t;
 30 | #else
 31 | #include <semaphore.h>
    |          `- error: could not build module 'SwiftWASILibc'
 32 | #include <sys/ioctl.h>
 33 | #include <sys/types.h>
 34 | #endif
 35 |
 36 | #include <errno.h>
    |          `- note: while building module 'std_errno_h' imported from /root/.swiftpm/swift-sdks/swift-6.4.x-DEVELOPMENT-SNAPSHOT-2026-09-04-a_wasm.artifactbundle/swift-6.4.x-DEVELOPMENT-SNAPSHOT-2026-09-04-a_wasm/wasm32-unknown-wasip1/swift.xctoolchain/usr/lib/swift_static/shims/LibcOverlayShims.h:36:
 37 | #include <fcntl.h>
 38 |
<module-includes>:1:10: note: in file included from <module-includes>:1:
1 | #include "errno.h"
  |          `- note: in file included from <module-includes>:1:
2 |
/root/.swiftpm/swift-sdks/swift-6.4.x-DEVELOPMENT-SNAPSHOT-2026-09-04-a_wasm.artifactbundle/swift-6.4.x-DEVELOPMENT-SNAPSHOT-2026-09-04-a_wasm/wasm32-unknown-wasip1/WASI.sdk/include/c++/v1/errno.h:35:19: error: could not build module 'SwiftWASILibc'
 33 |
 34 | #  if __has_include_next(<errno.h>)
 35 | #    include_next <errno.h>
    |                   `- error: could not build module 'SwiftWASILibc'
 36 | #  endif
 37 |
<unknown>:0: error: could not build C module 'SwiftOverlayShims'
Failed frontend command:
/usr/bin/swift-frontend -frontend -c /host/spi-builder-workspace/Sources/PugiSwift/AttributeProtocol.swift /host/spi-builder-workspace/Sources/PugiSwift/Decoding/Conformances/Array+XMLDecodable.swift /host/spi-builder-workspace/Sources/PugiSwift/Decoding/Conformances/Bool+XMLDecodable.swift /host/spi-builder-workspace/Sources/PugiSwift/Decoding/Conformances/Date/Date+XMLDecodable.swift /host/spi-builder-workspace/Sources/PugiSwift/Decoding/Conformances/Date/DateDecoding.swift /host/spi-builder-workspace/Sources/PugiSwift/Decoding/Conformances/Dictionary+XMLDecodable.swift /host/spi-builder-workspace/Sources/PugiSwift/Decoding/Conformances/Double+XMLDecodable.swift /host/spi-builder-workspace/Sources/PugiSwift/Decoding/Conformances/Float+XMLDecodable.swift /host/spi-builder-workspace/Sources/PugiSwift/Decoding/Conformances/Int+XMLDecodable.swift /host/spi-builder-workspace/Sources/PugiSwift/Decoding/Conformances/String+XMLDecodable.swift /host/spi-builder-workspace/Sources/PugiSwift/Decoding/Conformances/UInt+XMLDecodable.swift /host/spi-builder-workspace/Sources/PugiSwift/Decoding/Conformances/URL+XMLDecodable.swift /host/spi-builder-workspace/Sources/PugiSwift/Decoding/MacroDefinitions.swift /host/spi-builder-workspace/Sources/PugiSwift/Decoding/XMLDecodable.swift /host/spi-builder-workspace/Sources/PugiSwift/Decoding/XMLDecoderError.swift /host/spi-builder-workspace/Sources/PugiSwift/Extension/BinaryInteger+Extension.swift /host/spi-builder-workspace/Sources/PugiSwift/Restrictions/Errors/ListRestrictionError.swift /host/spi-builder-workspace/Sources/PugiSwift/Restrictions/Errors/NumericRestrictionsError.swift /host/spi-builder-workspace/Sources/PugiSwift/Restrictions/Errors/RestrictionsError.swift /host/spi-builder-workspace/Sources/PugiSwift/Restrictions/Errors/StringRestrictionsError.swift -primary-file /host/spi-builder-workspace/Sources/PugiSwift/Restrictions/FloatingResrictions.swift -primary-file /host/spi-builder-workspace/Sources/PugiSwift/Restrictions/ListRestrictions.swift -primary-file /host/spi-builder-workspace/Sources/PugiSwift/Restrictions/NumericRestrictions.swift -primary-file /host/spi-builder-workspace/Sources/PugiSwift/Restrictions/RestrictionsProtocol.swift /host/spi-builder-workspace/Sources/PugiSwift/Restrictions/StringRestrictions.swift /host/spi-builder-workspace/Sources/PugiSwift/XMLAttribute.swift /host/spi-builder-workspace/Sources/PugiSwift/XMLDocument.swift /host/spi-builder-workspace/Sources/PugiSwift/XMLError.swift /host/spi-builder-workspace/Sources/PugiSwift/XMLModifiableProtocol.swift /host/spi-builder-workspace/Sources/PugiSwift/XMLNode.swift /host/spi-builder-workspace/Sources/PugiSwift/XMLNodeProtocol.swift /host/spi-builder-workspace/Sources/PugiSwift/XMLText.swift -supplementary-output-file-map /host/spi-builder-workspace/.build/out/Intermediates.noindex/PugiSwift.build/Debug-webassembly-wasm32/PugiSwift-t.build/Objects-normal/wasm32/supplementaryOutputs-32 -target wasm32-unknown-wasip1 -disable-objc-interop -cxx-interoperability-mode\=default -sdk /root/.swiftpm/swift-sdks/swift-6.4.x-DEVELOPMENT-SNAPSHOT-2026-09-04-a_wasm.artifactbundle/swift-6.4.x-DEVELOPMENT-SNAPSHOT-2026-09-04-a_wasm/wasm32-unknown-wasip1/WASI.sdk -sysroot /root/.swiftpm/swift-sdks/swift-6.4.x-DEVELOPMENT-SNAPSHOT-2026-09-04-a_wasm.artifactbundle/swift-6.4.x-DEVELOPMENT-SNAPSHOT-2026-09-04-a_wasm/wasm32-unknown-wasip1/WASI.sdk -I /host/spi-builder-workspace/.build/out/Products/Debug-webassembly-wasm32 -module-cache-path /host/spi-builder-workspace/.build/out/ModuleCache.noindex -color-diagnostics -Xcc -fcolor-diagnostics -enable-testing -g -debug-info-format\=dwarf -dwarf-version\=4 -swift-version 6 -Onone -D SWIFT_PACKAGE -D DEBUG -D SWIFT_MODULE_RESOURCE_BUNDLE_UNAVAILABLE -D Xcode -serialize-debugging-options -load-plugin-executable /host/spi-builder-workspace/.build/out/Products/Debug-linux-x86_64/PugiSwiftMacros\#PugiSwiftMacros -enable-experimental-feature DebugDescriptionMacro -empty-abi-descriptor -external-plugin-path /usr/lib/swift/host/plugins/testing\#/usr/bin/swift-plugin-server -validate-clang-modules-once -clang-build-session-file /host/spi-builder-workspace/.build/out/ModuleCache.noindex/Session.modulevalidation -Xcc -working-directory -Xcc /host -resource-dir /root/.swiftpm/swift-sdks/swift-6.4.x-DEVELOPMENT-SNAPSHOT-2026-09-04-a_wasm.artifactbundle/swift-6.4.x-DEVELOPMENT-SNAPSHOT-2026-09-04-a_wasm/wasm32-unknown-wasip1/swift.xctoolchain/usr/lib/swift_static -use-static-resource-dir -enable-anonymous-context-mangled-names -file-compilation-dir /host -Xcc -resource-dir -Xcc /root/.swiftpm/swift-sdks/swift-6.4.x-DEVELOPMENT-SNAPSHOT-2026-09-04-a_wasm.artifactbundle/swift-6.4.x-DEVELOPMENT-SNAPSHOT-2026-09-04-a_wasm/wasm32-unknown-wasip1/swift.xctoolchain/usr/lib/swift_static/clang -Xcc -fmodule-map-file\=/host/spi-builder-workspace/.build/out/Intermediates.noindex/GeneratedModuleMaps-webassembly-wasm32/pugixml.modulemap -Xcc -D_LIBCPP_HARDENING_MODE\=_LIBCPP_HARDENING_MODE_DEBUG -Xcc -fmodules-prune-interval\=86400 -Xcc -fmodules-prune-after\=345600 -Xcc -I/host/spi-builder-workspace/Sources/pugixml/include -Xcc -I/host/spi-builder-workspace/.build/out/Products/Debug-webassembly-wasm32/include -Xcc -I/host/spi-builder-workspace/.build/out/Intermediates.noindex/PugiSwift.build/Debug-webassembly-wasm32/PugiSwift-t.build/DerivedSources-normal/wasm32 -Xcc -I/host/spi-builder-workspace/.build/out/Intermediates.noindex/PugiSwift.build/Debug-webassembly-wasm32/PugiSwift-t.build/DerivedSources/wasm32 -Xcc -I/host/spi-builder-workspace/.build/out/Intermediates.noindex/PugiSwift.build/Debug-webassembly-wasm32/PugiSwift-t.build/DerivedSources -Xcc -DSWIFT_PACKAGE -Xcc -DDEBUG\=1 -no-auto-bridging-header-chaining -module-name PugiSwift -package-name spi_builder_workspace -const-gather-protocols-file /host/spi-builder-workspace/.build/out/Intermediates.noindex/PugiSwift.build/Debug-webassembly-wasm32/PugiSwift-t.build/Objects-normal/wasm32/PugiSwift_const_extract_protocols.json -in-process-plugin-server-path /usr/lib/swift/host/libSwiftInProcPluginServer.so -plugin-path /usr/lib/swift/host/plugins -plugin-path /usr/local/lib/swift/host/plugins -parse-as-library -o /host/spi-builder-workspace/.build/out/Intermediates.noindex/PugiSwift.build/Debug-webassembly-wasm32/PugiSwift-t.build/Objects-normal/wasm32/FloatingResrictions.o -o /host/spi-builder-workspace/.build/out/Intermediates.noindex/PugiSwift.build/Debug-webassembly-wasm32/PugiSwift-t.build/Objects-normal/wasm32/ListRestrictions.o -o /host/spi-builder-workspace/.build/out/Intermediates.noindex/PugiSwift.build/Debug-webassembly-wasm32/PugiSwift-t.build/Objects-normal/wasm32/NumericRestrictions.o -o /host/spi-builder-workspace/.build/out/Intermediates.noindex/PugiSwift.build/Debug-webassembly-wasm32/PugiSwift-t.build/Objects-normal/wasm32/RestrictionsProtocol.o -index-unit-output-path /PugiSwift.build/Debug-webassembly-wasm32/PugiSwift-t.build/Objects-normal/wasm32/FloatingResrictions.o -index-unit-output-path /PugiSwift.build/Debug-webassembly-wasm32/PugiSwift-t.build/Objects-normal/wasm32/ListRestrictions.o -index-unit-output-path /PugiSwift.build/Debug-webassembly-wasm32/PugiSwift-t.build/Objects-normal/wasm32/NumericRestrictions.o -index-unit-output-path /PugiSwift.build/Debug-webassembly-wasm32/PugiSwift-t.build/Objects-normal/wasm32/RestrictionsProtocol.o -index-store-path /host/spi-builder-workspace/.build/out -index-system-modules
error: Build failed
BUILD FAILURE 6.4 wasm