Build Information
Failed to build URLQueryItemEncoder, reference 0.2.4 (6408d3), with Swift 6.4 for macOS (Xcode) using Xcode 27.0 on 16 Sep 2026 23:32:32 UTC.
Build Command
env DEVELOPER_DIR=/Applications/Xcode-27.0.0-Release.Candidate.app xcrun xcodebuild -IDEClonedSourcePackagesDirPathOverride=$PWD/.dependencies -skipMacroValidation -skipPackagePluginValidation -derivedDataPath $PWD/.derivedData build -scheme URLQueryItemEncoder -destination platform=macOS,arch=arm64Build Log
========================================
RunAll
========================================
Builder version: 5.1.0
Interrupt handler set up.
========================================
Checkout
========================================
Clone URL: https://github.com/pitiphong-p/URLQueryItemEncoder.git
Reference: 0.2.4
Initialized empty Git repository in /Users/admin/builder/spi-builder-workspace/.git/
From https://github.com/pitiphong-p/URLQueryItemEncoder
* tag 0.2.4 -> FETCH_HEAD
HEAD is now at 6408d34 Fixed: Update the Swift Language Version
Cloned https://github.com/pitiphong-p/URLQueryItemEncoder.git
Revision (git rev-parse @):
6408d34ae39c278c83eb4df5b6735f59fb8ae3b9
SUCCESS checkout https://github.com/pitiphong-p/URLQueryItemEncoder.git at 0.2.4
========================================
Build
========================================
Selected platform: macosXcodebuild
Swift version: 6.4
Building package at path: $PWD
https://github.com/pitiphong-p/URLQueryItemEncoder.git
Command line invocation:
/Applications/Xcode-27.0.0-Release.Candidate.app/Contents/Developer/usr/bin/xcodebuild -IDEClonedSourcePackagesDirPathOverride=/Users/admin/builder/spi-builder-workspace/.dependencies -resolvePackageDependencies
resolved source packages:
{
"dependencies" : [
],
"manifest_display_name" : "URLQueryItemEncoder",
"name" : "URLQueryItemEncoder",
"path" : "/Users/admin/builder/spi-builder-workspace",
"platforms" : [
],
"products" : [
{
"name" : "URLQueryItemEncoder",
"targets" : [
"URLQueryItemEncoder"
],
"type" : {
"library" : [
"automatic"
]
}
}
],
"swift_languages_versions" : [
"5"
],
"targets" : [
{
"c99name" : "URLQueryItemEncoderTests",
"module_type" : "SwiftTarget",
"name" : "URLQueryItemEncoderTests",
"path" : "Tests/URLQueryItemEncoderTests",
"sources" : [
"URLQueryItemEncoderTests.swift"
],
"target_dependencies" : [
"URLQueryItemEncoder"
],
"type" : "test"
},
{
"c99name" : "URLQueryItemEncoder",
"module_type" : "SwiftTarget",
"name" : "URLQueryItemEncoder",
"path" : "URLQueryItemEncoder",
"product_memberships" : [
"URLQueryItemEncoder"
],
"sources" : [
"URLQueryItemEncoder.swift"
],
"type" : "library"
}
],
"tools_version" : "5.0"
}
{
"project" : {
"configurations" : [
"Debug",
"Release"
],
"name" : "URLQueryItemEncoder",
"schemes" : [
"URLQueryItemEncoder"
],
"targets" : [
"URLQueryItemEncoder",
"URLQueryItemEncoderTests"
]
}
}
Running build ...
env DEVELOPER_DIR=/Applications/Xcode-27.0.0-Release.Candidate.app xcrun xcodebuild -IDEClonedSourcePackagesDirPathOverride=$PWD/.dependencies -skipMacroValidation -skipPackagePluginValidation -derivedDataPath $PWD/.derivedData build -scheme URLQueryItemEncoder -destination platform=macOS,arch=arm64
Command line invocation:
/Applications/Xcode-27.0.0-Release.Candidate.app/Contents/Developer/usr/bin/xcodebuild -IDEClonedSourcePackagesDirPathOverride=/Users/admin/builder/spi-builder-workspace/.dependencies -skipMacroValidation -skipPackagePluginValidation -derivedDataPath /Users/admin/builder/spi-builder-workspace/.derivedData build -scheme URLQueryItemEncoder -destination platform=macOS,arch=arm64
ComputePackagePrebuildTargetDependencyGraph
Prepare packages
CreateBuildRequest
SendProjectDescription
CreateBuildOperation
ComputeTargetDependencyGraph
note: Building targets in dependency order
note: Target dependency graph (1 target)
Target 'URLQueryItemEncoder' in project 'URLQueryItemEncoder' (no dependencies)
GatherProvisioningInputs
CreateBuildDescription
ExecuteExternalTool /Applications/Xcode-27.0.0-Release.Candidate.app/Contents/Developer/Toolchains/XcodeDefault.xctoolchain/usr/bin/clang -v -E -dM -isysroot /Applications/Xcode-27.0.0-Release.Candidate.app/Contents/Developer/Platforms/MacOSX.platform/Developer/SDKs/MacOSX27.0.sdk -x c -c /dev/null
ExecuteExternalTool /Applications/Xcode-27.0.0-Release.Candidate.app/Contents/Developer/Toolchains/XcodeDefault.xctoolchain/usr/bin/clang -v -E -dM -arch arm64 -isysroot /Applications/Xcode-27.0.0-Release.Candidate.app/Contents/Developer/Platforms/MacOSX.platform/Developer/SDKs/MacOSX27.0.sdk -x c -c /dev/null
ExecuteExternalTool /Applications/Xcode-27.0.0-Release.Candidate.app/Contents/Developer/Toolchains/XcodeDefault.xctoolchain/usr/bin/swiftc --version
ExecuteExternalTool /Applications/Xcode-27.0.0-Release.Candidate.app/Contents/Developer/Toolchains/XcodeDefault.xctoolchain/usr/bin/ld -version_details
Build description signature: 10ce46397aac040be9ab3a1c635e056d
Build description path: /Users/admin/builder/spi-builder-workspace/.derivedData/Build/Intermediates.noindex/XCBuildData/10ce46397aac040be9ab3a1c635e056d.xcbuilddata
/Users/admin/builder/spi-builder-workspace/URLQueryItemEncoder.xcodeproj: error: The macOS deployment target 'MACOSX_DEPLOYMENT_TARGET' is set to 10.10, but the range of supported deployment target versions is 12.0 to 27.0.x. (in target 'URLQueryItemEncoder' from project 'URLQueryItemEncoder')
** BUILD FAILED **
The following build commands failed:
Building project URLQueryItemEncoder with scheme URLQueryItemEncoder
(1 failure)
Command line invocation:
/Applications/Xcode-27.0.0-Release.Candidate.app/Contents/Developer/usr/bin/xcodebuild -IDEClonedSourcePackagesDirPathOverride=/Users/admin/builder/spi-builder-workspace/.dependencies -resolvePackageDependencies
resolved source packages:
{
"dependencies" : [
],
"manifest_display_name" : "URLQueryItemEncoder",
"name" : "URLQueryItemEncoder",
"path" : "/Users/admin/builder/spi-builder-workspace",
"platforms" : [
],
"products" : [
{
"name" : "URLQueryItemEncoder",
"targets" : [
"URLQueryItemEncoder"
],
"type" : {
"library" : [
"automatic"
]
}
}
],
"swift_languages_versions" : [
"5"
],
"targets" : [
{
"c99name" : "URLQueryItemEncoderTests",
"module_type" : "SwiftTarget",
"name" : "URLQueryItemEncoderTests",
"path" : "Tests/URLQueryItemEncoderTests",
"sources" : [
"URLQueryItemEncoderTests.swift"
],
"target_dependencies" : [
"URLQueryItemEncoder"
],
"type" : "test"
},
{
"c99name" : "URLQueryItemEncoder",
"module_type" : "SwiftTarget",
"name" : "URLQueryItemEncoder",
"path" : "URLQueryItemEncoder",
"product_memberships" : [
"URLQueryItemEncoder"
],
"sources" : [
"URLQueryItemEncoder.swift"
],
"type" : "library"
}
],
"tools_version" : "5.0"
}
{
"project" : {
"configurations" : [
"Debug",
"Release"
],
"name" : "URLQueryItemEncoder",
"schemes" : [
"URLQueryItemEncoder"
],
"targets" : [
"URLQueryItemEncoder",
"URLQueryItemEncoderTests"
]
}
}
Running build ...
env DEVELOPER_DIR=/Applications/Xcode-27.0.0-Release.Candidate.app xcrun xcodebuild -IDEClonedSourcePackagesDirPathOverride=$PWD/.dependencies -skipMacroValidation -skipPackagePluginValidation -derivedDataPath $PWD/.derivedData build -scheme URLQueryItemEncoder -destination platform=macOS,arch=arm64
Command line invocation:
/Applications/Xcode-27.0.0-Release.Candidate.app/Contents/Developer/usr/bin/xcodebuild -IDEClonedSourcePackagesDirPathOverride=/Users/admin/builder/spi-builder-workspace/.dependencies -skipMacroValidation -skipPackagePluginValidation -derivedDataPath /Users/admin/builder/spi-builder-workspace/.derivedData build -scheme URLQueryItemEncoder -destination platform=macOS,arch=arm64
ComputePackagePrebuildTargetDependencyGraph
Prepare packages
CreateBuildRequest
SendProjectDescription
CreateBuildOperation
ComputeTargetDependencyGraph
note: Building targets in dependency order
note: Target dependency graph (1 target)
Target 'URLQueryItemEncoder' in project 'URLQueryItemEncoder' (no dependencies)
GatherProvisioningInputs
CreateBuildDescription
/Users/admin/builder/spi-builder-workspace/URLQueryItemEncoder.xcodeproj: error: The macOS deployment target 'MACOSX_DEPLOYMENT_TARGET' is set to 10.10, but the range of supported deployment target versions is 12.0 to 27.0.x. (in target 'URLQueryItemEncoder' from project 'URLQueryItemEncoder')
** BUILD FAILED **
The following build commands failed:
Building project URLQueryItemEncoder with scheme URLQueryItemEncoder
(1 failure)
BUILD FAILURE 6.4 macosXcodebuild