Build Information
Failed to build SwiftGoogleTranslate, reference master (a541e4), with Swift 6.1 for Android on 14 Jul 2026 20:30:09 UTC.
Build Command
bash -c docker run --pull=always --rm -v "checkouts-53886770-1":/host -w "$PWD" -e JAVA_HOME="/root/.sdkman/candidates/java/current" -e SPI_BUILD="1" -e SPI_PROCESSING="1" registry.gitlab.com/saguaro1/spi-images:android-6.1-latest swift build --swift-sdk aarch64-unknown-linux-android24 2>&1Build Log
========================================
RunAll
========================================
Builder version: e8bafa5c5d5b3cc8a20258ddf060ad6c89f46bf9
Interrupt handler set up.
========================================
Checkout
========================================
Clone URL: https://github.com/maximbilan/SwiftGoogleTranslate.git
Reference: master
Initialized empty Git repository in /host/spi-builder-workspace/.git/
hint: Using 'master' as the name for the initial branch. This default branch name
hint: is subject to change. To configure the initial branch name to use in all
hint: of your new repositories, which will suppress this warning, call:
hint:
hint: git config --global init.defaultBranch <name>
hint:
hint: Names commonly chosen instead of 'master' are 'main', 'trunk' and
hint: 'development'. The just-created branch can be renamed via this command:
hint:
hint: git branch -m <name>
From https://github.com/maximbilan/SwiftGoogleTranslate
* branch master -> FETCH_HEAD
* [new branch] master -> origin/master
HEAD is now at a541e44 Merge pull request #6 from maximbilan/docs/fix-readme-badges
Cloned https://github.com/maximbilan/SwiftGoogleTranslate.git
Revision (git rev-parse @):
a541e44662608a8ac9800ffcb19686c6ad0eac2e
SUCCESS checkout https://github.com/maximbilan/SwiftGoogleTranslate.git at master
========================================
Build
========================================
Selected platform: android
Swift version: 6.1
Building package at path: $PWD
https://github.com/maximbilan/SwiftGoogleTranslate.git
https://github.com/maximbilan/SwiftGoogleTranslate.git
WARNING: environment variable SUPPRESS_SWIFT_6_FLAGS is not set
Running build ...
bash -c docker run --pull=always --rm -v "checkouts-53886770-1":/host -w "$PWD" -e JAVA_HOME="/root/.sdkman/candidates/java/current" -e SPI_BUILD="1" -e SPI_PROCESSING="1" registry.gitlab.com/saguaro1/spi-images:android-6.1-latest swift build --swift-sdk aarch64-unknown-linux-android24 -Xswiftc -Xfrontend -Xswiftc -stats-output-dir -Xswiftc -Xfrontend -Xswiftc .stats -Xswiftc -strict-concurrency=complete -Xswiftc -enable-upcoming-feature -Xswiftc StrictConcurrency -Xswiftc -enable-upcoming-feature -Xswiftc DisableOutwardActorInference -Xswiftc -enable-upcoming-feature -Xswiftc GlobalActorIsolatedTypesUsability -Xswiftc -enable-upcoming-feature -Xswiftc InferSendableFromCaptures 2>&1
android-6.1-latest: Pulling from saguaro1/spi-images
Digest: sha256:365d9b14669f92fea0572234887def10439445c91d7e524c78a6579ad7294f11
Status: Image is up to date for registry.gitlab.com/saguaro1/spi-images:android-6.1-latest
Building for debugging...
[0/2] Write sources
[1/2] Write swift-version-24593BA9C3E375BF.txt
error: emit-module command failed with exit code 1 (use -v to see invocation)
[3/4] Compiling SwiftGoogleTranslate SwiftGoogleTranslate.swift
/host/spi-builder-workspace/SwiftGoogleTranslate/Sources/SwiftGoogleTranslate.swift:57:24: error: 'URLSession' (aka 'AnyObject') cannot be constructed because it has no accessible initializers
55 | private var apiKey: String!
56 | /// Default URL session.
57 | private let session = URLSession(configuration: .default)
| `- error: 'URLSession' (aka 'AnyObject') cannot be constructed because it has no accessible initializers
58 |
59 | /**
/host/spi-builder-workspace/SwiftGoogleTranslate/Sources/SwiftGoogleTranslate.swift:57:51: error: cannot infer contextual base in reference to member 'default'
55 | private var apiKey: String!
56 | /// Default URL session.
57 | private let session = URLSession(configuration: .default)
| `- error: cannot infer contextual base in reference to member 'default'
58 |
59 | /**
/host/spi-builder-workspace/SwiftGoogleTranslate/Sources/SwiftGoogleTranslate.swift:15:20: warning: static property 'shared' is not concurrency-safe because non-'Sendable' type 'SwiftGoogleTranslate' may have shared mutable state; this is an error in the Swift 6 language mode
10 |
11 | /// A helper class for using Google Translate API.
12 | public class SwiftGoogleTranslate {
| `- note: class 'SwiftGoogleTranslate' does not conform to the 'Sendable' protocol
13 |
14 | /// Shared instance.
15 | public static let shared = SwiftGoogleTranslate()
| |- warning: static property 'shared' is not concurrency-safe because non-'Sendable' type 'SwiftGoogleTranslate' may have shared mutable state; this is an error in the Swift 6 language mode
| |- note: add '@MainActor' to make static property 'shared' part of global actor 'MainActor'
| `- note: disable concurrency-safety checks if accesses are protected by an external synchronization mechanism
16 |
17 | /// Language response structure.
/host/spi-builder-workspace/SwiftGoogleTranslate/Sources/SwiftGoogleTranslate.swift:99:20: error: cannot find 'URLRequest' in scope
97 | }
98 |
99 | var urlRequest = URLRequest(url: url)
| `- error: cannot find 'URLRequest' in scope
100 | urlRequest.httpMethod = API.translate.method
101 |
/host/spi-builder-workspace/SwiftGoogleTranslate/Sources/SwiftGoogleTranslate.swift:105:31: error: value of type 'HTTPURLResponse' (aka 'AnyObject') has no member 'statusCode'
103 | guard let data = data, // is there data
104 | let response = response as? HTTPURLResponse, // is there HTTP response
105 | (200 ..< 300) ~= response.statusCode, // is statusCode 2XX
| `- error: value of type 'HTTPURLResponse' (aka 'AnyObject') has no member 'statusCode'
106 | error == nil else { // was there no error, otherwise ...
107 | completion(nil, error)
/host/spi-builder-workspace/SwiftGoogleTranslate/Sources/SwiftGoogleTranslate.swift:143:20: error: cannot find 'URLRequest' in scope
141 | }
142 |
143 | var urlRequest = URLRequest(url: url)
| `- error: cannot find 'URLRequest' in scope
144 | urlRequest.httpMethod = API.detect.method
145 |
/host/spi-builder-workspace/SwiftGoogleTranslate/Sources/SwiftGoogleTranslate.swift:149:31: error: value of type 'HTTPURLResponse' (aka 'AnyObject') has no member 'statusCode'
147 | guard let data = data, // is there data
148 | let response = response as? HTTPURLResponse, // is there HTTP response
149 | (200 ..< 300) ~= response.statusCode, // is statusCode 2XX
| `- error: value of type 'HTTPURLResponse' (aka 'AnyObject') has no member 'statusCode'
150 | error == nil else { // was there no error, otherwise ...
151 | completion(nil, error)
/host/spi-builder-workspace/SwiftGoogleTranslate/Sources/SwiftGoogleTranslate.swift:198:20: error: cannot find 'URLRequest' in scope
196 | }
197 |
198 | var urlRequest = URLRequest(url: url)
| `- error: cannot find 'URLRequest' in scope
199 | urlRequest.httpMethod = API.languages.method
200 |
/host/spi-builder-workspace/SwiftGoogleTranslate/Sources/SwiftGoogleTranslate.swift:204:31: error: value of type 'HTTPURLResponse' (aka 'AnyObject') has no member 'statusCode'
202 | guard let data = data, // is there data
203 | let response = response as? HTTPURLResponse, // is there HTTP response
204 | (200 ..< 300) ~= response.statusCode, // is statusCode 2XX
| `- error: value of type 'HTTPURLResponse' (aka 'AnyObject') has no member 'statusCode'
205 | error == nil else { // was there no error, otherwise ...
206 | completion(nil, error)
[4/4] Emitting module SwiftGoogleTranslate
/host/spi-builder-workspace/SwiftGoogleTranslate/Sources/SwiftGoogleTranslate.swift:57:24: error: 'URLSession' (aka 'AnyObject') cannot be constructed because it has no accessible initializers
55 | private var apiKey: String!
56 | /// Default URL session.
57 | private let session = URLSession(configuration: .default)
| `- error: 'URLSession' (aka 'AnyObject') cannot be constructed because it has no accessible initializers
58 |
59 | /**
/host/spi-builder-workspace/SwiftGoogleTranslate/Sources/SwiftGoogleTranslate.swift:57:51: error: cannot infer contextual base in reference to member 'default'
55 | private var apiKey: String!
56 | /// Default URL session.
57 | private let session = URLSession(configuration: .default)
| `- error: cannot infer contextual base in reference to member 'default'
58 |
59 | /**
/host/spi-builder-workspace/SwiftGoogleTranslate/Sources/SwiftGoogleTranslate.swift:15:20: warning: static property 'shared' is not concurrency-safe because non-'Sendable' type 'SwiftGoogleTranslate' may have shared mutable state; this is an error in the Swift 6 language mode
10 |
11 | /// A helper class for using Google Translate API.
12 | public class SwiftGoogleTranslate {
| `- note: class 'SwiftGoogleTranslate' does not conform to the 'Sendable' protocol
13 |
14 | /// Shared instance.
15 | public static let shared = SwiftGoogleTranslate()
| |- warning: static property 'shared' is not concurrency-safe because non-'Sendable' type 'SwiftGoogleTranslate' may have shared mutable state; this is an error in the Swift 6 language mode
| |- note: add '@MainActor' to make static property 'shared' part of global actor 'MainActor'
| `- note: disable concurrency-safety checks if accesses are protected by an external synchronization mechanism
16 |
17 | /// Language response structure.
Running build ...
bash -c docker run --pull=always --rm -v "checkouts-53886770-1":/host -w "$PWD" -e JAVA_HOME="/root/.sdkman/candidates/java/current" -e SPI_BUILD="1" -e SPI_PROCESSING="1" registry.gitlab.com/saguaro1/spi-images:android-6.1-latest swift build --swift-sdk aarch64-unknown-linux-android24 2>&1
android-6.1-latest: Pulling from saguaro1/spi-images
Digest: sha256:365d9b14669f92fea0572234887def10439445c91d7e524c78a6579ad7294f11
Status: Image is up to date for registry.gitlab.com/saguaro1/spi-images:android-6.1-latest
[0/1] Planning build
Building for debugging...
[0/1] Write swift-version-24593BA9C3E375BF.txt
[2/3] Compiling SwiftGoogleTranslate SwiftGoogleTranslate.swift
/host/spi-builder-workspace/SwiftGoogleTranslate/Sources/SwiftGoogleTranslate.swift:57:24: error: 'URLSession' (aka 'AnyObject') cannot be constructed because it has no accessible initializers
55 | private var apiKey: String!
56 | /// Default URL session.
57 | private let session = URLSession(configuration: .default)
| `- error: 'URLSession' (aka 'AnyObject') cannot be constructed because it has no accessible initializers
58 |
59 | /**
/host/spi-builder-workspace/SwiftGoogleTranslate/Sources/SwiftGoogleTranslate.swift:57:51: error: cannot infer contextual base in reference to member 'default'
55 | private var apiKey: String!
56 | /// Default URL session.
57 | private let session = URLSession(configuration: .default)
| `- error: cannot infer contextual base in reference to member 'default'
58 |
59 | /**
/host/spi-builder-workspace/SwiftGoogleTranslate/Sources/SwiftGoogleTranslate.swift:99:20: error: cannot find 'URLRequest' in scope
97 | }
98 |
99 | var urlRequest = URLRequest(url: url)
| `- error: cannot find 'URLRequest' in scope
100 | urlRequest.httpMethod = API.translate.method
101 |
/host/spi-builder-workspace/SwiftGoogleTranslate/Sources/SwiftGoogleTranslate.swift:105:31: error: value of type 'HTTPURLResponse' (aka 'AnyObject') has no member 'statusCode'
103 | guard let data = data, // is there data
104 | let response = response as? HTTPURLResponse, // is there HTTP response
105 | (200 ..< 300) ~= response.statusCode, // is statusCode 2XX
| `- error: value of type 'HTTPURLResponse' (aka 'AnyObject') has no member 'statusCode'
106 | error == nil else { // was there no error, otherwise ...
107 | completion(nil, error)
/host/spi-builder-workspace/SwiftGoogleTranslate/Sources/SwiftGoogleTranslate.swift:143:20: error: cannot find 'URLRequest' in scope
141 | }
142 |
143 | var urlRequest = URLRequest(url: url)
| `- error: cannot find 'URLRequest' in scope
144 | urlRequest.httpMethod = API.detect.method
145 |
/host/spi-builder-workspace/SwiftGoogleTranslate/Sources/SwiftGoogleTranslate.swift:149:31: error: value of type 'HTTPURLResponse' (aka 'AnyObject') has no member 'statusCode'
147 | guard let data = data, // is there data
148 | let response = response as? HTTPURLResponse, // is there HTTP response
149 | (200 ..< 300) ~= response.statusCode, // is statusCode 2XX
| `- error: value of type 'HTTPURLResponse' (aka 'AnyObject') has no member 'statusCode'
150 | error == nil else { // was there no error, otherwise ...
151 | completion(nil, error)
/host/spi-builder-workspace/SwiftGoogleTranslate/Sources/SwiftGoogleTranslate.swift:198:20: error: cannot find 'URLRequest' in scope
196 | }
197 |
198 | var urlRequest = URLRequest(url: url)
| `- error: cannot find 'URLRequest' in scope
199 | urlRequest.httpMethod = API.languages.method
200 |
/host/spi-builder-workspace/SwiftGoogleTranslate/Sources/SwiftGoogleTranslate.swift:204:31: error: value of type 'HTTPURLResponse' (aka 'AnyObject') has no member 'statusCode'
202 | guard let data = data, // is there data
203 | let response = response as? HTTPURLResponse, // is there HTTP response
204 | (200 ..< 300) ~= response.statusCode, // is statusCode 2XX
| `- error: value of type 'HTTPURLResponse' (aka 'AnyObject') has no member 'statusCode'
205 | error == nil else { // was there no error, otherwise ...
206 | completion(nil, error)
error: emit-module command failed with exit code 1 (use -v to see invocation)
[3/3] Emitting module SwiftGoogleTranslate
/host/spi-builder-workspace/SwiftGoogleTranslate/Sources/SwiftGoogleTranslate.swift:57:24: error: 'URLSession' (aka 'AnyObject') cannot be constructed because it has no accessible initializers
55 | private var apiKey: String!
56 | /// Default URL session.
57 | private let session = URLSession(configuration: .default)
| `- error: 'URLSession' (aka 'AnyObject') cannot be constructed because it has no accessible initializers
58 |
59 | /**
/host/spi-builder-workspace/SwiftGoogleTranslate/Sources/SwiftGoogleTranslate.swift:57:51: error: cannot infer contextual base in reference to member 'default'
55 | private var apiKey: String!
56 | /// Default URL session.
57 | private let session = URLSession(configuration: .default)
| `- error: cannot infer contextual base in reference to member 'default'
58 |
59 | /**
BUILD FAILURE 6.1 android