The Swift Package Index logo.Swift Package Index

Build Information

Failed to build FlutterSwiftOCA, reference main (4be897), with Swift 6.3 for Wasm on 10 Oct 2026 09:16:56 UTC.

Build Command

bash -c docker run --pull=always --rm -v "checkouts-54344849-0":/host -w "$PWD" -e JAVA_HOME="/root/.sdkman/candidates/java/current" -e SPI_BUILD="1" -e SPI_PROCESSING="1" registry.gitlab.com/saguaro1/spi-images:wasm-6.3-latest swift build --swift-sdk swift-6.3.2-RELEASE_wasm 2>&1

Build Log

========================================
RunAll
========================================
Builder version: 5.1.1
Interrupt handler set up.
========================================
Checkout
========================================
Clone URL: https://github.com/PADL/FlutterSwiftOCA.git
Reference: main
Initialized empty Git repository in /host/spi-builder-workspace/.git/
hint: Using 'master' as the name for the initial branch. This default branch name
hint: is subject to change. To configure the initial branch name to use in all
hint: of your new repositories, which will suppress this warning, call:
hint:
hint: 	git config --global init.defaultBranch <name>
hint:
hint: Names commonly chosen instead of 'master' are 'main', 'trunk' and
hint: 'development'. The just-created branch can be renamed via this command:
hint:
hint: 	git branch -m <name>
From https://github.com/PADL/FlutterSwiftOCA
 * branch            main       -> FETCH_HEAD
 * [new branch]      main       -> origin/main
HEAD is now at 4be8977 Pass a parameter dataset's object number as an OcaONo
Cloned https://github.com/PADL/FlutterSwiftOCA.git
Revision (git rev-parse @):
4be89779dfcb3c24c14c512186d617eccd99420a
SUCCESS checkout https://github.com/PADL/FlutterSwiftOCA.git at main
========================================
Build
========================================
Selected platform:         wasm
Swift version:             6.3
Building package at path:  $PWD
https://github.com/PADL/FlutterSwiftOCA.git
Running build ...
bash -c docker run --pull=always --rm -v "checkouts-54344849-0":/host -w "$PWD" -e JAVA_HOME="/root/.sdkman/candidates/java/current" -e SPI_BUILD="1" -e SPI_PROCESSING="1" registry.gitlab.com/saguaro1/spi-images:wasm-6.3-latest swift build --swift-sdk swift-6.3.2-RELEASE_wasm 2>&1
wasm-6.3-latest: Pulling from saguaro1/spi-images
Digest: sha256:df2e9038ff906af397ec7b7e13902ccb183f8867606bc33419e44453a9abdb4b
Status: Image is up to date for registry.gitlab.com/saguaro1/spi-images:wasm-6.3-latest
Fetching https://github.com/PADL/SwiftOCA
[1/26166] Fetching swiftoca
Fetched https://github.com/PADL/SwiftOCA from cache (1.19s)
Fetching https://github.com/PADL/FlutterSwift
[1/4199] Fetching flutterswift
Fetched https://github.com/PADL/FlutterSwift from cache (21.00s)
Fetching https://github.com/xtremekforever/swift-systemd
[1/497] Fetching swift-systemd
Fetched https://github.com/xtremekforever/swift-systemd from cache (1.05s)
Fetching https://github.com/PADL/IORingSwift
Fetching https://github.com/apple/swift-system
Fetching https://github.com/swift-server/swift-service-lifecycle.git
Fetching https://github.com/apple/swift-async-algorithms
Fetching https://github.com/sideeffect-io/AsyncExtensions
[1/2867] Fetching swift-service-lifecycle
[30/4080] Fetching swift-service-lifecycle, asyncextensions
[3859/7317] Fetching swift-service-lifecycle, asyncextensions, ioringswift
[5506/14136] Fetching swift-service-lifecycle, asyncextensions, ioringswift, swift-async-algorithms
Fetched https://github.com/sideeffect-io/AsyncExtensions from cache (0.51s)
[9037/12923] Fetching swift-service-lifecycle, ioringswift, swift-async-algorithms
Fetched https://github.com/PADL/IORingSwift from cache (0.51s)
[5868/9686] Fetching swift-service-lifecycle, swift-async-algorithms
Fetching https://github.com/stephencelis/SQLite.swift.git
Fetching https://github.com/swiftlang/swift-syntax.git
[9687/16927] Fetching swift-service-lifecycle, swift-async-algorithms, swift-system
Fetched https://github.com/apple/swift-async-algorithms from cache (0.60s)
Fetching https://github.com/Flight-School/AnyCodable
[3954/10108] Fetching swift-service-lifecycle, swift-system
Fetching https://github.com/apple/swift-log
Fetched https://github.com/swift-server/swift-service-lifecycle.git from cache (0.71s)
Fetched https://github.com/apple/swift-system from cache (0.71s)
Fetching https://github.com/PADL/SocketAddress
[1/782] Fetching anycodable
Fetched https://github.com/Flight-School/AnyCodable from cache (0.38s)
Fetching https://github.com/apple/swift-atomics
[1/11307] Fetching sqlite.swift
[2037/11633] Fetching sqlite.swift, socketaddress
[2499/19890] Fetching sqlite.swift, socketaddress, swift-log
Fetching https://github.com/swhitty/FlyingFox
Fetched https://github.com/PADL/SocketAddress from cache (0.37s)
[6415/19564] Fetching sqlite.swift, swift-log
Fetching https://github.com/apple/swift-binary-parsing
Fetched https://github.com/apple/swift-log from cache (0.51s)
Fetching https://github.com/1024jp/GzipSwift
[1/1889] Fetching swift-atomics
[1890/3323] Fetching swift-atomics, swift-binary-parsing
Fetched https://github.com/apple/swift-atomics from cache (0.46s)
[201/1434] Fetching swift-binary-parsing
[346/7887] Fetching swift-binary-parsing, flyingfox
[6799/9649] Fetching swift-binary-parsing, flyingfox, gzipswift
Fetched https://github.com/swhitty/FlyingFox from cache (0.52s)
[1611/3196] Fetching swift-binary-parsing, gzipswift
Fetched https://github.com/1024jp/GzipSwift from cache (0.40s)
[360/81846] Fetching swift-binary-parsing, swift-syntax
Fetched https://github.com/apple/swift-binary-parsing from cache (0.61s)
[3217/80412] Fetching swift-syntax
Fetched https://github.com/stephencelis/SQLite.swift.git from cache (3.97s)
Fetched https://github.com/swiftlang/swift-syntax.git from cache (3.99s)
Computing version for https://github.com/sideeffect-io/AsyncExtensions
Computed https://github.com/sideeffect-io/AsyncExtensions at 0.7.0 (4.66s)
Fetching https://github.com/apple/swift-collections.git
[1/28695] Fetching swift-collections
Fetched https://github.com/apple/swift-collections.git from cache (1.40s)
Computing version for https://github.com/PADL/IORingSwift
Computed https://github.com/PADL/IORingSwift at 2.1.3 (1.64s)
Fetching https://github.com/dfed/swift-async-queue
[1/1720] Fetching swift-async-queue
Fetched https://github.com/dfed/swift-async-queue from cache (0.76s)
Computing version for https://github.com/stephencelis/SQLite.swift.git
Computed https://github.com/stephencelis/SQLite.swift.git at 0.16.0 (1.46s)
Fetching https://github.com/stephencelis/CSQLite
[1/295] Fetching csqlite
Fetched https://github.com/stephencelis/CSQLite from cache (1.75s)
Computing version for https://github.com/1024jp/GzipSwift
warning: 'gzipswift': /Package.swift:5:15: warning: 'init(name:defaultLocalization:platforms:pkgConfig:providers:products:dependencies:targets:swiftLanguageVersions:cLanguageStandard:cxxLanguageStandard:)' is deprecated: replaced by 'init(name:defaultLocalization:platforms:pkgConfig:providers:products:dependencies:targets:swiftLanguageModes:cLanguageStandard:cxxLanguageStandard:)' [#DeprecatedDeclaration]
 3 | import PackageDescription
 4 |
 5 | let package = Package(
   |               |- warning: 'init(name:defaultLocalization:platforms:pkgConfig:providers:products:dependencies:targets:swiftLanguageVersions:cLanguageStandard:cxxLanguageStandard:)' is deprecated: replaced by 'init(name:defaultLocalization:platforms:pkgConfig:providers:products:dependencies:targets:swiftLanguageModes:cLanguageStandard:cxxLanguageStandard:)' [#DeprecatedDeclaration]
   |               `- note: use 'init(name:defaultLocalization:platforms:pkgConfig:providers:products:dependencies:targets:swiftLanguageModes:cLanguageStandard:cxxLanguageStandard:)' instead
 6 |     name: "GzipSwift",
 7 |     products: [
[#DeprecatedDeclaration]: <https://docs.swift.org/compiler/documentation/diagnostics/deprecated-declaration>
Computed https://github.com/1024jp/GzipSwift at 6.1.0 (2.56s)
Computing version for https://github.com/Flight-School/AnyCodable
Computed https://github.com/Flight-School/AnyCodable at 0.6.7 (0.62s)
Computing version for https://github.com/PADL/SocketAddress
Computed https://github.com/PADL/SocketAddress at 0.5.2 (1.13s)
Computing version for https://github.com/apple/swift-binary-parsing
Computed https://github.com/apple/swift-binary-parsing at 0.0.3 (1.14s)
Computing version for https://github.com/stephencelis/CSQLite
Computed https://github.com/stephencelis/CSQLite at 3.53.3 (0.67s)
Computing version for https://github.com/apple/swift-atomics
Computed https://github.com/apple/swift-atomics at 1.3.1 (0.15s)
Computing version for https://github.com/swhitty/FlyingFox
Computed https://github.com/swhitty/FlyingFox at 0.27.1 (0.14s)
Computing version for https://github.com/swiftlang/swift-syntax.git
Computed https://github.com/swiftlang/swift-syntax.git at 603.0.2 (0.26s)
Computing version for https://github.com/dfed/swift-async-queue
Computed https://github.com/dfed/swift-async-queue at 1.1.0 (0.14s)
Computing version for https://github.com/apple/swift-system
Computed https://github.com/apple/swift-system at 1.8.1 (0.18s)
Computing version for https://github.com/apple/swift-async-algorithms
Computed https://github.com/apple/swift-async-algorithms at 1.1.7 (0.19s)
Computing version for https://github.com/apple/swift-collections.git
Computed https://github.com/apple/swift-collections.git at 1.7.2 (0.24s)
Computing version for https://github.com/swift-server/swift-service-lifecycle.git
Computed https://github.com/swift-server/swift-service-lifecycle.git at 2.12.1 (0.15s)
Computing version for https://github.com/apple/swift-log
Computed https://github.com/apple/swift-log at 1.16.1 (0.16s)
Creating working copy for https://github.com/apple/swift-atomics
Working copy of https://github.com/apple/swift-atomics resolved at 1.3.1
Creating working copy for https://github.com/PADL/IORingSwift
Working copy of https://github.com/PADL/IORingSwift resolved at 2.1.3
Creating working copy for https://github.com/swhitty/FlyingFox
Working copy of https://github.com/swhitty/FlyingFox resolved at 0.27.1
Creating working copy for https://github.com/apple/swift-binary-parsing
Working copy of https://github.com/apple/swift-binary-parsing resolved at 0.0.3
Creating working copy for https://github.com/stephencelis/SQLite.swift.git
Working copy of https://github.com/stephencelis/SQLite.swift.git resolved at 0.16.0
Creating working copy for https://github.com/xtremekforever/swift-systemd
Working copy of https://github.com/xtremekforever/swift-systemd resolved at main (16b9527)
Creating working copy for https://github.com/apple/swift-async-algorithms
Working copy of https://github.com/apple/swift-async-algorithms resolved at 1.1.7
Creating working copy for https://github.com/sideeffect-io/AsyncExtensions
Working copy of https://github.com/sideeffect-io/AsyncExtensions resolved at 0.7.0
Creating working copy for https://github.com/PADL/FlutterSwift
Working copy of https://github.com/PADL/FlutterSwift resolved at main (f68c606)
Creating working copy for https://github.com/apple/swift-system
Working copy of https://github.com/apple/swift-system resolved at 1.8.1
Creating working copy for https://github.com/Flight-School/AnyCodable
Working copy of https://github.com/Flight-School/AnyCodable resolved at 0.6.7
Creating working copy for https://github.com/swift-server/swift-service-lifecycle.git
Working copy of https://github.com/swift-server/swift-service-lifecycle.git resolved at 2.12.1
Creating working copy for https://github.com/apple/swift-collections.git
Working copy of https://github.com/apple/swift-collections.git resolved at 1.7.2
Creating working copy for https://github.com/dfed/swift-async-queue
Working copy of https://github.com/dfed/swift-async-queue resolved at 1.1.0
Creating working copy for https://github.com/stephencelis/CSQLite
Working copy of https://github.com/stephencelis/CSQLite resolved at 3.53.3
Creating working copy for https://github.com/1024jp/GzipSwift
Working copy of https://github.com/1024jp/GzipSwift resolved at 6.1.0
Creating working copy for https://github.com/PADL/SocketAddress
Working copy of https://github.com/PADL/SocketAddress resolved at 0.5.2
Creating working copy for https://github.com/apple/swift-log
Working copy of https://github.com/apple/swift-log resolved at 1.16.1
Creating working copy for https://github.com/swiftlang/swift-syntax.git
Working copy of https://github.com/swiftlang/swift-syntax.git resolved at 603.0.2
Creating working copy for https://github.com/PADL/SwiftOCA
Working copy of https://github.com/PADL/SwiftOCA resolved at main (41b5e70)
warning: 'gzipswift': /host/spi-builder-workspace/.build/checkouts/GzipSwift/Package.swift:5:15: warning: 'init(name:defaultLocalization:platforms:pkgConfig:providers:products:dependencies:targets:swiftLanguageVersions:cLanguageStandard:cxxLanguageStandard:)' is deprecated: replaced by 'init(name:defaultLocalization:platforms:pkgConfig:providers:products:dependencies:targets:swiftLanguageModes:cLanguageStandard:cxxLanguageStandard:)' [#DeprecatedDeclaration]
 3 | import PackageDescription
 4 |
 5 | let package = Package(
   |               |- warning: 'init(name:defaultLocalization:platforms:pkgConfig:providers:products:dependencies:targets:swiftLanguageVersions:cLanguageStandard:cxxLanguageStandard:)' is deprecated: replaced by 'init(name:defaultLocalization:platforms:pkgConfig:providers:products:dependencies:targets:swiftLanguageModes:cLanguageStandard:cxxLanguageStandard:)' [#DeprecatedDeclaration]
   |               `- note: use 'init(name:defaultLocalization:platforms:pkgConfig:providers:products:dependencies:targets:swiftLanguageModes:cLanguageStandard:cxxLanguageStandard:)' instead
 6 |     name: "GzipSwift",
 7 |     products: [
[#DeprecatedDeclaration]: <https://docs.swift.org/compiler/documentation/diagnostics/deprecated-declaration>
Downloading package prebuilt https://download.swift.org/prebuilts/swift-syntax/603.0.2/swift-6.3.2-RELEASE-ubuntu_noble_x86_64-MacroSupport.tar.gz
Downloaded https://download.swift.org/prebuilts/swift-syntax/603.0.2/swift-6.3.2-RELEASE-ubuntu_noble_x86_64-MacroSupport.tar.gz (0.19s)
warning: you may be able to install egl using your system-packager:
    apt-get install libegl1-mesa-dev libgles2-mesa-dev
warning: you may be able to install xkbcommon using your system-packager:
    apt-get install libxkbcommon-dev
warning: you may be able to install libinput using your system-packager:
    apt-get install libinput-dev
warning: you may be able to install libdrm using your system-packager:
    apt-get install libdrm-dev
warning: you may be able to install libudev using your system-packager:
    apt-get install libudev-dev
warning: you may be able to install gbm using your system-packager:
    apt-get install libgbm-dev
warning: you may be able to install egl using your system-packager:
    apt-get install libegl1-mesa-dev libgles2-mesa-dev
warning: you may be able to install xkbcommon using your system-packager:
    apt-get install libxkbcommon-dev
warning: you may be able to install libinput using your system-packager:
    apt-get install libinput-dev
warning: you may be able to install libdrm using your system-packager:
    apt-get install libdrm-dev
warning: you may be able to install libudev using your system-packager:
    apt-get install libudev-dev
warning: you may be able to install gbm using your system-packager:
    apt-get install libgbm-dev
warning: 'socketaddress': found 1 file(s) which are unhandled; explicitly declare them as resources or exclude from the target
    /host/spi-builder-workspace/.build/checkouts/SocketAddress/Sources/SocketAddress/CMakeLists.txt
Building for debugging...
[0/49] Write sources
[24/49] Compiling CSystem shims.c
[25/49] Compiling _AtomicsShims.c
[26/49] Write swift-version-24593BA9C3E375BF.txt
[28/187] Emitting module InternalCollectionsUtilities
[29/187] Emitting module SwiftOCAMacros
[30/190] Emitting module SystemPackage
error: emit-module command failed with exit code 1 (use -v to see invocation)
[31/195] Emitting module FlyingSocks
/host/spi-builder-workspace/.build/checkouts/FlyingFox/FlyingSocks/Sources/SocketPool.swift:32:8: error: no such module 'Dispatch'
 30 | //
 31 |
 32 | import Dispatch
    |        `- error: no such module 'Dispatch'
 33 | #if canImport(FoundationEssentials)
 34 | import FoundationEssentials
[32/198] Emitting module Atomics
[33/200] Compiling SystemPackage FilePathParsing.swift
[34/200] Compiling SystemPackage FilePathString.swift
[35/200] Compiling SystemPackage FilePathSyntax.swift
[36/200] Compiling SystemPackage RawBuffer.swift
[37/200] Compiling SystemPackage Errno.swift
[38/200] Compiling SystemPackage ErrnoWindows.swift
[39/200] Compiling SystemPackage FileDescriptor.swift
[40/200] Compiling SystemPackage FileHelpers.swift
[41/200] Compiling BinaryParsingMacros Plugin.swift
[42/201] Compiling FlyingSocks Task+Timeout.swift
[43/201] Compiling FlyingSocks Transferring.swift
[44/201] Compiling InternalCollectionsUtilities _UniqueCollection.swift
[45/201] Compiling BinaryParsingMacros SyntaxVisitorPredicate.swift
[46/201] Compiling FlyingSocks SwiftSupport.swift
[50/201] Compiling SystemPackage Stat.swift
[51/201] Compiling SystemPackage PlatformString.swift
[52/201] Compiling SystemPackage FilePathTemp.swift
[53/201] Compiling Atomics IntegerOperations.swift
[54/201] Compiling Atomics Unmanaged extensions.swift
[55/201] Compiling SystemPackage WindowsSyscallAdapters.swift
[56/201] Compiling SystemPackage MachPort.swift
[57/201] Compiling SwiftOCAMacros Plugin.swift
[58/201] Compiling BinaryParsingMacros ParserMacroRewriters.swift
[59/201] Compiling BinaryParsingMacros ParserMacroVisitors.swift
[60/201] Compiling SystemPackage IOCompletion.swift
[61/201] Compiling SystemPackage IORequest.swift
[62/201] Compiling SystemPackage IORing+Util.swift
[63/201] Compiling SystemPackage IORing.swift
[64/201] Compiling SystemPackage RawIORequest.swift
[66/201] Compiling SystemPackage Syscalls.swift
[70/201] Compiling SystemPackage SystemString.swift
[71/201] Compiling SystemPackage Util+StringArray.swift
[72/201] Compiling SystemPackage Util.swift
[73/201] Compiling SystemPackage UtilConsumers.swift
[74/201] Compiling SystemPackage WinSDK+Overlay.swift
[78/201] Compiling SystemPackage FilePathWindows.swift
[79/201] Compiling SystemPackage FilePermissions.swift
[80/201] Compiling SystemPackage FilePathComponentView.swift
[81/201] Compiling SystemPackage FilePathComponents.swift
[89/201] Compiling SystemPackage FileOperations.swift
[90/201] Compiling SystemPackage FilePath.swift
[91/201] Emitting module Logging
[94/202] Compiling BinaryParsingMacros Extensions.swift
[95/202] Emitting module BinaryParsingMacros
[96/202] Compiling SystemPackage Backcompat.swift
[97/202] Compiling SystemPackage CInterop.swift
[98/202] Compiling SystemPackage Constants.swift
[99/202] Compiling SystemPackage Exports.swift
[100/202] Compiling SystemPackage Mocking.swift
/host/spi-builder-workspace/.build/checkouts/FlyingFox/FlyingSocks/Sources/SocketPool.swift:32:8: error: no such module 'Dispatch'
 30 | //
 31 |
 32 | import Dispatch
    |        `- error: no such module 'Dispatch'
 33 | #if canImport(FoundationEssentials)
 34 | import FoundationEssentials
/host/spi-builder-workspace/.build/checkouts/FlyingFox/FlyingSocks/Sources/SocketPool.swift:32:8: error: no such module 'Dispatch'
 30 | //
 31 |
 32 | import Dispatch
    |        `- error: no such module 'Dispatch'
 33 | #if canImport(FoundationEssentials)
 34 | import FoundationEssentials
/host/spi-builder-workspace/.build/checkouts/FlyingFox/FlyingSocks/Sources/SocketPool.swift:32:8: error: no such module 'Dispatch'
 30 | //
 31 |
 32 | import Dispatch
    |        `- error: no such module 'Dispatch'
 33 | #if canImport(FoundationEssentials)
 34 | import FoundationEssentials
[138/205] Compiling Logging LoggingSystem.swift
[143/205] Compiling Logging Logger+Attributes.swift
/host/spi-builder-workspace/.build/checkouts/FlyingFox/FlyingSocks/Sources/SocketPool.swift:32:8: error: no such module 'Dispatch'
 30 | //
 31 |
 32 | import Dispatch
    |        `- error: no such module 'Dispatch'
 33 | #if canImport(FoundationEssentials)
 34 | import FoundationEssentials
/host/spi-builder-workspace/.build/checkouts/FlyingFox/FlyingSocks/Sources/SocketPool.swift:32:8: error: no such module 'Dispatch'
 30 | //
 31 |
 32 | import Dispatch
    |        `- error: no such module 'Dispatch'
 33 | #if canImport(FoundationEssentials)
 34 | import FoundationEssentials
/host/spi-builder-workspace/.build/checkouts/FlyingFox/FlyingSocks/Sources/SocketPool.swift:32:8: error: no such module 'Dispatch'
 30 | //
 31 |
 32 | import Dispatch
    |        `- error: no such module 'Dispatch'
 33 | #if canImport(FoundationEssentials)
 34 | import FoundationEssentials
/host/spi-builder-workspace/.build/checkouts/FlyingFox/FlyingSocks/Sources/SocketPool.swift:32:8: error: no such module 'Dispatch'
 30 | //
 31 |
 32 | import Dispatch
    |        `- error: no such module 'Dispatch'
 33 | #if canImport(FoundationEssentials)
 34 | import FoundationEssentials
[149/209] Compiling SwiftOCAMacros MemberTable.swift
[150/209] Compiling Logging MetadataProvider.swift
/host/spi-builder-workspace/.build/checkouts/FlyingFox/FlyingSocks/Sources/SocketPool.swift:32:8: error: no such module 'Dispatch'
 30 | //
 31 |
 32 | import Dispatch
    |        `- error: no such module 'Dispatch'
 33 | #if canImport(FoundationEssentials)
 34 | import FoundationEssentials
/host/spi-builder-workspace/.build/checkouts/FlyingFox/FlyingSocks/Sources/SocketPool.swift:32:8: error: no such module 'Dispatch'
 30 | //
 31 |
 32 | import Dispatch
    |        `- error: no such module 'Dispatch'
 33 | #if canImport(FoundationEssentials)
 34 | import FoundationEssentials
/host/spi-builder-workspace/.build/checkouts/FlyingFox/FlyingSocks/Sources/SocketPool.swift:32:8: error: no such module 'Dispatch'
 30 | //
 31 |
 32 | import Dispatch
    |        `- error: no such module 'Dispatch'
 33 | #if canImport(FoundationEssentials)
 34 | import FoundationEssentials
/host/spi-builder-workspace/.build/checkouts/FlyingFox/FlyingSocks/Sources/SocketPool.swift:32:8: error: no such module 'Dispatch'
 30 | //
 31 |
 32 | import Dispatch
    |        `- error: no such module 'Dispatch'
 33 | #if canImport(FoundationEssentials)
 34 | import FoundationEssentials
/host/spi-builder-workspace/.build/checkouts/FlyingFox/FlyingSocks/Sources/SocketPool.swift:32:8: error: no such module 'Dispatch'
 30 | //
 31 |
 32 | import Dispatch
    |        `- error: no such module 'Dispatch'
 33 | #if canImport(FoundationEssentials)
 34 | import FoundationEssentials
/host/spi-builder-workspace/.build/checkouts/FlyingFox/FlyingSocks/Sources/SocketPool.swift:32:8: error: no such module 'Dispatch'
 30 | //
 31 |
 32 | import Dispatch
    |        `- error: no such module 'Dispatch'
 33 | #if canImport(FoundationEssentials)
 34 | import FoundationEssentials
/host/spi-builder-workspace/.build/checkouts/FlyingFox/FlyingSocks/Sources/SocketPool.swift:32:8: error: no such module 'Dispatch'
 30 | //
 31 |
 32 | import Dispatch
    |        `- error: no such module 'Dispatch'
 33 | #if canImport(FoundationEssentials)
 34 | import FoundationEssentials
/host/spi-builder-workspace/.build/checkouts/FlyingFox/FlyingSocks/Sources/SocketPool.swift:32:8: error: no such module 'Dispatch'
 30 | //
 31 |
 32 | import Dispatch
    |        `- error: no such module 'Dispatch'
 33 | #if canImport(FoundationEssentials)
 34 | import FoundationEssentials
[159/210] Compiling Logging Logger+With.swift
[160/210] Compiling Logging Logger.swift
[161/224] Compiling SwiftOCAMacros OcaMethodMacro.swift
[162/225] Compiling SwiftOCAMacros OcaDeviceMethodMacro.swift
/host/spi-builder-workspace/.build/checkouts/FlyingFox/FlyingSocks/Sources/SocketPool.swift:32:8: error: no such module 'Dispatch'
 30 | //
 31 |
 32 | import Dispatch
    |        `- error: no such module 'Dispatch'
 33 | #if canImport(FoundationEssentials)
 34 | import FoundationEssentials
/host/spi-builder-workspace/.build/checkouts/FlyingFox/FlyingSocks/Sources/SocketPool.swift:32:8: error: no such module 'Dispatch'
 30 | //
 31 |
 32 | import Dispatch
    |        `- error: no such module 'Dispatch'
 33 | #if canImport(FoundationEssentials)
 34 | import FoundationEssentials
/host/spi-builder-workspace/.build/checkouts/FlyingFox/FlyingSocks/Sources/SocketPool.swift:32:8: error: no such module 'Dispatch'
 30 | //
 31 |
 32 | import Dispatch
    |        `- error: no such module 'Dispatch'
 33 | #if canImport(FoundationEssentials)
 34 | import FoundationEssentials
[167/248] Compiling _RopeModule BigString+Builder.swift
/host/spi-builder-workspace/.build/checkouts/FlyingFox/FlyingSocks/Sources/SocketPool.swift:32:8: error: no such module 'Dispatch'
 30 | //
 31 |
 32 | import Dispatch
    |        `- error: no such module 'Dispatch'
 33 | #if canImport(FoundationEssentials)
 34 | import FoundationEssentials
[168/248] Compiling _RopeModule BigString+Contents.swift
/host/spi-builder-workspace/.build/checkouts/FlyingFox/FlyingSocks/Sources/SocketPool.swift:32:8: error: no such module 'Dispatch'
 30 | //
 31 |
 32 | import Dispatch
    |        `- error: no such module 'Dispatch'
 33 | #if canImport(FoundationEssentials)
 34 | import FoundationEssentials
[169/248] Compiling _RopeModule BigString+Debugging.swift
/host/spi-builder-workspace/.build/checkouts/FlyingFox/FlyingSocks/Sources/SocketPool.swift:32:8: error: no such module 'Dispatch'
 30 | //
 31 |
 32 | import Dispatch
    |        `- error: no such module 'Dispatch'
 33 | #if canImport(FoundationEssentials)
 34 | import FoundationEssentials
[170/248] Compiling _RopeModule BigString+Index.swift
/host/spi-builder-workspace/.build/checkouts/FlyingFox/FlyingSocks/Sources/SocketPool.swift:32:8: error: no such module 'Dispatch'
 30 | //
 31 |
 32 | import Dispatch
    |        `- error: no such module 'Dispatch'
 33 | #if canImport(FoundationEssentials)
 34 | import FoundationEssentials
[171/248] Compiling SocketAddress WinSDKCompat.swift
[172/258] Compiling SpanPreview MutableSpan+InputSpanHelpers.swift
[173/258] Compiling SpanPreview OutputSpan+InputSpanHelpers.swift
[175/275] Compiling SocketAddress Utils.swift
/host/spi-builder-workspace/.build/checkouts/SocketAddress/Sources/SocketAddress/Utils.swift:33:29: error: cannot find 'errno' in scope
31 |     let result = body()
32 |     if result < 0 {
33 |       throw Errno(rawValue: errno)
   |                             `- error: cannot find 'errno' in scope
34 |     }
35 |     return result
/host/spi-builder-workspace/.build/checkouts/SocketAddress/Sources/SocketAddress/Utils.swift:38:49: error: cannot find 'errno' in scope
36 |   }
37 |
38 |   static var lastError: Errno { Errno(rawValue: errno) }
   |                                                 `- error: cannot find 'errno' in scope
39 | }
40 |
[176/285] Compiling SpanPreview InputSpan.swift
[177/285] Emitting module SpanPreview
[178/286] Compiling _RopeModule BigString+Chunk+UnicodeScalar.swift
/host/spi-builder-workspace/.build/checkouts/FlyingFox/FlyingSocks/Sources/SocketPool.swift:32:8: error: no such module 'Dispatch'
 30 | //
 31 |
 32 | import Dispatch
    |        `- error: no such module 'Dispatch'
 33 | #if canImport(FoundationEssentials)
 34 | import FoundationEssentials
[179/286] Compiling _RopeModule BigString+Sequence.swift
/host/spi-builder-workspace/.build/checkouts/FlyingFox/FlyingSocks/Sources/SocketPool.swift:32:8: error: no such module 'Dispatch'
 30 | //
 31 |
 32 | import Dispatch
    |        `- error: no such module 'Dispatch'
 33 | #if canImport(FoundationEssentials)
 34 | import FoundationEssentials
[180/286] Compiling _RopeModule BigString+TextOutputStream.swift
/host/spi-builder-workspace/.build/checkouts/FlyingFox/FlyingSocks/Sources/SocketPool.swift:32:8: error: no such module 'Dispatch'
 30 | //
 31 |
 32 | import Dispatch
    |        `- error: no such module 'Dispatch'
 33 | #if canImport(FoundationEssentials)
 34 | import FoundationEssentials
[181/286] Compiling _RopeModule BigString+Append.swift
/host/spi-builder-workspace/.build/checkouts/FlyingFox/FlyingSocks/Sources/SocketPool.swift:32:8: error: no such module 'Dispatch'
 30 | //
 31 |
 32 | import Dispatch
    |        `- error: no such module 'Dispatch'
 33 | #if canImport(FoundationEssentials)
 34 | import FoundationEssentials
[183/297] Compiling _RopeModule BigString+Initializers.swift
/host/spi-builder-workspace/.build/checkouts/FlyingFox/FlyingSocks/Sources/SocketPool.swift:32:8: error: no such module 'Dispatch'
 30 | //
 31 |
 32 | import Dispatch
    |        `- error: no such module 'Dispatch'
 33 | #if canImport(FoundationEssentials)
 34 | import FoundationEssentials
[184/297] Compiling _RopeModule BigString+Insert.swift
/host/spi-builder-workspace/.build/checkouts/FlyingFox/FlyingSocks/Sources/SocketPool.swift:32:8: error: no such module 'Dispatch'
 30 | //
 31 |
 32 | import Dispatch
    |        `- error: no such module 'Dispatch'
 33 | #if canImport(FoundationEssentials)
 34 | import FoundationEssentials
[185/297] Compiling _RopeModule BigString+Managing Breaks.swift
/host/spi-builder-workspace/.build/checkouts/FlyingFox/FlyingSocks/Sources/SocketPool.swift:32:8: error: no such module 'Dispatch'
 30 | //
 31 |
 32 | import Dispatch
    |        `- error: no such module 'Dispatch'
 33 | #if canImport(FoundationEssentials)
 34 | import FoundationEssentials
error: cancelled
error: cancelled
[186/323] Emitting module AnyCodable
error: emit-module command failed with exit code 1 (use -v to see invocation)
[187/324] Emitting module SocketAddress
/host/spi-builder-workspace/.build/checkouts/SocketAddress/Sources/SocketAddress/SocketAddress.swift:63:42: error: cannot find type 'sa_family_t' in scope
 61 | }
 62 |
 63 | private func getSizesForFamily(_ family: sa_family_t) throws -> (Int, Int) {
    |                                          `- error: cannot find type 'sa_family_t' in scope
 64 |   switch Int32(family) {
 65 |   case AF_INET:
/host/spi-builder-workspace/.build/checkouts/SocketAddress/Sources/SocketAddress/SocketAddress.swift:83:66: error: cannot find type 'socklen_t' in scope
 81 | }
 82 |
 83 | private func getSizesForFamily(_ family: sa_family_t) throws -> (socklen_t, socklen_t) {
    |                                                                  `- error: cannot find type 'socklen_t' in scope
 84 |   let sizes: (Int, Int) = try getSizesForFamily(family)
 85 |   return (socklen_t(sizes.0), socklen_t(sizes.1))
/host/spi-builder-workspace/.build/checkouts/SocketAddress/Sources/SocketAddress/SocketAddress.swift:83:77: error: cannot find type 'socklen_t' in scope
 81 | }
 82 |
 83 | private func getSizesForFamily(_ family: sa_family_t) throws -> (socklen_t, socklen_t) {
    |                                                                             `- error: cannot find type 'socklen_t' in scope
 84 |   let sizes: (Int, Int) = try getSizesForFamily(family)
 85 |   return (socklen_t(sizes.0), socklen_t(sizes.1))
/host/spi-builder-workspace/.build/checkouts/SocketAddress/Sources/SocketAddress/SocketAddress.swift:83:42: error: cannot find type 'sa_family_t' in scope
 81 | }
 82 |
 83 | private func getSizesForFamily(_ family: sa_family_t) throws -> (socklen_t, socklen_t) {
    |                                          `- error: cannot find type 'sa_family_t' in scope
 84 |   let sizes: (Int, Int) = try getSizesForFamily(family)
 85 |   return (socklen_t(sizes.0), socklen_t(sizes.1))
/host/spi-builder-workspace/.build/checkouts/SocketAddress/Sources/SocketAddress/SocketAddress.swift:89:22: error: cannot find type 'sa_family_t' in scope
 87 |
 88 | public protocol SocketAddress: Sendable {
 89 |   static var family: sa_family_t { get }
    |                      `- error: cannot find type 'sa_family_t' in scope
 90 |
 91 |   init(family: sa_family_t, presentationAddress: String) throws
/host/spi-builder-workspace/.build/checkouts/SocketAddress/Sources/SocketAddress/SocketAddress.swift:91:16: error: cannot find type 'sa_family_t' in scope
 89 |   static var family: sa_family_t { get }
 90 |
 91 |   init(family: sa_family_t, presentationAddress: String) throws
    |                `- error: cannot find type 'sa_family_t' in scope
 92 |   #if compiler(>=6.0)
 93 |   mutating func withMutableSockAddr<T, E: Error>(
/host/spi-builder-workspace/.build/checkouts/SocketAddress/Sources/SocketAddress/SocketAddress.swift:94:35: error: cannot find type 'sockaddr' in scope
 92 |   #if compiler(>=6.0)
 93 |   mutating func withMutableSockAddr<T, E: Error>(
 94 |     _ body: (UnsafeMutablePointer<sockaddr>, socklen_t) throws(E) -> T
    |                                   `- error: cannot find type 'sockaddr' in scope
 95 |   ) throws(E) -> T
 96 |   #else
/host/spi-builder-workspace/.build/checkouts/SocketAddress/Sources/SocketAddress/SocketAddress.swift:94:46: error: cannot find type 'socklen_t' in scope
 92 |   #if compiler(>=6.0)
 93 |   mutating func withMutableSockAddr<T, E: Error>(
 94 |     _ body: (UnsafeMutablePointer<sockaddr>, socklen_t) throws(E) -> T
    |                                              `- error: cannot find type 'socklen_t' in scope
 95 |   ) throws(E) -> T
 96 |   #else
/host/spi-builder-workspace/.build/checkouts/SocketAddress/Sources/SocketAddress/SocketAddress.swift:102:28: error: cannot find type 'sockaddr' in scope
100 |   #if compiler(>=6.0)
101 |   func withSockAddr<R, E: Error>(
102 |     _ body: (UnsafePointer<sockaddr>, socklen_t) throws(E) -> R
    |                            `- error: cannot find type 'sockaddr' in scope
103 |   ) throws(E) -> R
104 |   #else
/host/spi-builder-workspace/.build/checkouts/SocketAddress/Sources/SocketAddress/SocketAddress.swift:102:39: error: cannot find type 'socklen_t' in scope
100 |   #if compiler(>=6.0)
101 |   func withSockAddr<R, E: Error>(
102 |     _ body: (UnsafePointer<sockaddr>, socklen_t) throws(E) -> R
    |                                       `- error: cannot find type 'socklen_t' in scope
103 |   ) throws(E) -> R
104 |   #else
/host/spi-builder-workspace/.build/checkouts/SocketAddress/Sources/SocketAddress/SocketAddress.swift:111:13: error: cannot find type 'socklen_t' in scope
109 |
110 |   var port: UInt16 { get throws }
111 |   var size: socklen_t { get }
    |             `- error: cannot find type 'socklen_t' in scope
112 | }
113 |
/host/spi-builder-workspace/.build/checkouts/SocketAddress/Sources/SocketAddress/SocketAddress.swift:115:15: error: cannot find type 'sa_family_t' in scope
113 |
114 | public extension SocketAddress {
115 |   var family: sa_family_t {
    |               `- error: cannot find type 'sa_family_t' in scope
116 |     withSockAddr { sa, _ in sa.pointee.sa_family }
117 |   }
/host/spi-builder-workspace/.build/checkouts/SocketAddress/Sources/SocketAddress/SocketAddress.swift:121:23: error: cannot find type 'sockaddr_storage' in scope
119 |
120 | public extension SocketAddress {
121 |   func asStorage() -> sockaddr_storage {
    |                       `- error: cannot find type 'sockaddr_storage' in scope
122 |     var ss = sockaddr_storage()
123 |     withSockAddr { sa, _ in
/host/spi-builder-workspace/.build/checkouts/SocketAddress/Sources/SocketAddress/SocketAddress.swift:130:11: error: cannot find type 'sockaddr' in scope
128 | }
129 |
130 | extension sockaddr: SocketAddress, @retroactive @unchecked Sendable {
    |           `- error: cannot find type 'sockaddr' in scope
131 |   public static var family: sa_family_t {
132 |     sa_family_t(AF_UNSPEC)
/host/spi-builder-workspace/.build/checkouts/SocketAddress/Sources/SocketAddress/SocketAddress.swift:205:11: error: cannot find type 'sockaddr_in' in scope
203 | }
204 |
205 | extension sockaddr_in: SocketAddress, @retroactive @unchecked Sendable {
    |           `- error: cannot find type 'sockaddr_in' in scope
206 |   public static var family: sa_family_t {
207 |     sa_family_t(AF_INET)
/host/spi-builder-workspace/.build/checkouts/SocketAddress/Sources/SocketAddress/SocketAddress.swift:299:11: error: cannot find type 'sockaddr_in6' in scope
297 | }
298 |
299 | extension sockaddr_in6: SocketAddress, @retroactive @unchecked Sendable {
    |           `- error: cannot find type 'sockaddr_in6' in scope
300 |   public static var family: sa_family_t {
301 |     sa_family_t(AF_INET6)
/host/spi-builder-workspace/.build/checkouts/SocketAddress/Sources/SocketAddress/SocketAddress.swift:393:11: error: cannot find type 'sockaddr_un' in scope
391 | }
392 |
393 | extension sockaddr_un: SocketAddress, @retroactive @unchecked Sendable {
    |           `- error: cannot find type 'sockaddr_un' in scope
394 |   public static var family: sa_family_t {
395 |     sa_family_t(AF_LOCAL)
/host/spi-builder-workspace/.build/checkouts/SocketAddress/Sources/SocketAddress/SocketAddress.swift:679:11: error: cannot find type 'sockaddr_storage' in scope
677 | #endif
678 |
679 | extension sockaddr_storage: SocketAddress, @retroactive @unchecked Sendable {
    |           `- error: cannot find type 'sockaddr_storage' in scope
680 |   public static var family: sa_family_t {
681 |     sa_family_t(AF_UNSPEC)
/host/spi-builder-workspace/.build/checkouts/SocketAddress/Sources/SocketAddress/SocketAddress.swift:864:18: error: cannot find type 'sockaddr_storage' in scope
862 | }
863 |
864 | public extension sockaddr_storage {
    |                  `- error: cannot find type 'sockaddr_storage' in scope
865 |   init(bytes: [UInt8]) throws {
866 |     guard bytes.count >= MemoryLayout<sockaddr>.size else {
/host/spi-builder-workspace/.build/checkouts/SocketAddress/Sources/SocketAddress/SocketAddress.swift:895:29: error: cannot find type 'sa_family_t' in scope
893 |
894 | extension AnySocketAddress: SocketAddress {
895 |   public static var family: sa_family_t { sa_family_t(AF_UNSPEC) }
    |                             `- error: cannot find type 'sa_family_t' in scope
896 |
897 |   public init(family: sa_family_t, presentationAddress: String) throws {
/host/spi-builder-workspace/.build/checkouts/SocketAddress/Sources/SocketAddress/SocketAddress.swift:897:23: error: cannot find type 'sa_family_t' in scope
895 |   public static var family: sa_family_t { sa_family_t(AF_UNSPEC) }
896 |
897 |   public init(family: sa_family_t, presentationAddress: String) throws {
    |                       `- error: cannot find type 'sa_family_t' in scope
898 |     switch Int32(family) {
899 |     case AF_INET:
/host/spi-builder-workspace/.build/checkouts/SocketAddress/Sources/SocketAddress/SocketAddress.swift:918:35: error: cannot find type 'sockaddr' in scope
916 |   #if compiler(>=6.0)
917 |   public mutating func withMutableSockAddr<T, E: Error>(
918 |     _ body: (UnsafeMutablePointer<sockaddr>, socklen_t) throws(E) -> T
    |                                   `- error: cannot find type 'sockaddr' in scope
919 |   ) throws(E) -> T { try _sa.withMutableSockAddr(body) }
920 |   #else
/host/spi-builder-workspace/.build/checkouts/SocketAddress/Sources/SocketAddress/SocketAddress.swift:918:46: error: cannot find type 'socklen_t' in scope
916 |   #if compiler(>=6.0)
917 |   public mutating func withMutableSockAddr<T, E: Error>(
918 |     _ body: (UnsafeMutablePointer<sockaddr>, socklen_t) throws(E) -> T
    |                                              `- error: cannot find type 'socklen_t' in scope
919 |   ) throws(E) -> T { try _sa.withMutableSockAddr(body) }
920 |   #else
/host/spi-builder-workspace/.build/checkouts/SocketAddress/Sources/SocketAddress/SocketAddress.swift:929:28: error: cannot find type 'sockaddr' in scope
927 |   #if compiler(>=6.0)
928 |   public func withSockAddr<R, E: Error>(
929 |     _ body: (UnsafePointer<sockaddr>, socklen_t) throws(E) -> R
    |                            `- error: cannot find type 'sockaddr' in scope
930 |   ) throws(E) -> R { try _sa.withSockAddr(body) }
931 |   #else
/host/spi-builder-workspace/.build/checkouts/SocketAddress/Sources/SocketAddress/SocketAddress.swift:929:39: error: cannot find type 'socklen_t' in scope
927 |   #if compiler(>=6.0)
928 |   public func withSockAddr<R, E: Error>(
929 |     _ body: (UnsafePointer<sockaddr>, socklen_t) throws(E) -> R
    |                                       `- error: cannot find type 'socklen_t' in scope
930 |   ) throws(E) -> R { try _sa.withSockAddr(body) }
931 |   #else
/host/spi-builder-workspace/.build/checkouts/SocketAddress/Sources/SocketAddress/SocketAddress.swift:954:20: error: cannot find type 'socklen_t' in scope
952 |   }
953 |
954 |   public var size: socklen_t {
    |                    `- error: cannot find type 'socklen_t' in scope
955 |     _sa.size
956 |   }
/host/spi-builder-workspace/.build/checkouts/SocketAddress/Sources/SocketAddress/SocketAddress.swift:63:42: error: cannot find type 'sa_family_t' in scope
 61 | }
 62 |
 63 | private func getSizesForFamily(_ family: sa_family_t) throws -> (Int, Int) {
    |                                          `- error: cannot find type 'sa_family_t' in scope
 64 |   switch Int32(family) {
 65 |   case AF_INET:
/host/spi-builder-workspace/.build/checkouts/SocketAddress/Sources/SocketAddress/SocketAddress.swift:83:66: error: cannot find type 'socklen_t' in scope
 81 | }
 82 |
 83 | private func getSizesForFamily(_ family: sa_family_t) throws -> (socklen_t, socklen_t) {
    |                                                                  `- error: cannot find type 'socklen_t' in scope
 84 |   let sizes: (Int, Int) = try getSizesForFamily(family)
 85 |   return (socklen_t(sizes.0), socklen_t(sizes.1))
/host/spi-builder-workspace/.build/checkouts/SocketAddress/Sources/SocketAddress/SocketAddress.swift:83:77: error: cannot find type 'socklen_t' in scope
 81 | }
 82 |
 83 | private func getSizesForFamily(_ family: sa_family_t) throws -> (socklen_t, socklen_t) {
    |                                                                             `- error: cannot find type 'socklen_t' in scope
 84 |   let sizes: (Int, Int) = try getSizesForFamily(family)
 85 |   return (socklen_t(sizes.0), socklen_t(sizes.1))
/host/spi-builder-workspace/.build/checkouts/SocketAddress/Sources/SocketAddress/SocketAddress.swift:83:42: error: cannot find type 'sa_family_t' in scope
 81 | }
 82 |
 83 | private func getSizesForFamily(_ family: sa_family_t) throws -> (socklen_t, socklen_t) {
    |                                          `- error: cannot find type 'sa_family_t' in scope
 84 |   let sizes: (Int, Int) = try getSizesForFamily(family)
 85 |   return (socklen_t(sizes.0), socklen_t(sizes.1))
/host/spi-builder-workspace/.build/checkouts/SocketAddress/Sources/SocketAddress/SocketAddress.swift:89:22: error: cannot find type 'sa_family_t' in scope
 87 |
 88 | public protocol SocketAddress: Sendable {
 89 |   static var family: sa_family_t { get }
    |                      `- error: cannot find type 'sa_family_t' in scope
 90 |
 91 |   init(family: sa_family_t, presentationAddress: String) throws
/host/spi-builder-workspace/.build/checkouts/SocketAddress/Sources/SocketAddress/SocketAddress.swift:91:16: error: cannot find type 'sa_family_t' in scope
 89 |   static var family: sa_family_t { get }
 90 |
 91 |   init(family: sa_family_t, presentationAddress: String) throws
    |                `- error: cannot find type 'sa_family_t' in scope
 92 |   #if compiler(>=6.0)
 93 |   mutating func withMutableSockAddr<T, E: Error>(
/host/spi-builder-workspace/.build/checkouts/SocketAddress/Sources/SocketAddress/SocketAddress.swift:94:35: error: cannot find type 'sockaddr' in scope
 92 |   #if compiler(>=6.0)
 93 |   mutating func withMutableSockAddr<T, E: Error>(
 94 |     _ body: (UnsafeMutablePointer<sockaddr>, socklen_t) throws(E) -> T
    |                                   `- error: cannot find type 'sockaddr' in scope
 95 |   ) throws(E) -> T
 96 |   #else
/host/spi-builder-workspace/.build/checkouts/SocketAddress/Sources/SocketAddress/SocketAddress.swift:94:46: error: cannot find type 'socklen_t' in scope
 92 |   #if compiler(>=6.0)
 93 |   mutating func withMutableSockAddr<T, E: Error>(
 94 |     _ body: (UnsafeMutablePointer<sockaddr>, socklen_t) throws(E) -> T
    |                                              `- error: cannot find type 'socklen_t' in scope
 95 |   ) throws(E) -> T
 96 |   #else
/host/spi-builder-workspace/.build/checkouts/SocketAddress/Sources/SocketAddress/SocketAddress.swift:102:28: error: cannot find type 'sockaddr' in scope
100 |   #if compiler(>=6.0)
101 |   func withSockAddr<R, E: Error>(
102 |     _ body: (UnsafePointer<sockaddr>, socklen_t) throws(E) -> R
    |                            `- error: cannot find type 'sockaddr' in scope
103 |   ) throws(E) -> R
104 |   #else
/host/spi-builder-workspace/.build/checkouts/SocketAddress/Sources/SocketAddress/SocketAddress.swift:102:39: error: cannot find type 'socklen_t' in scope
100 |   #if compiler(>=6.0)
101 |   func withSockAddr<R, E: Error>(
102 |     _ body: (UnsafePointer<sockaddr>, socklen_t) throws(E) -> R
    |                                       `- error: cannot find type 'socklen_t' in scope
103 |   ) throws(E) -> R
104 |   #else
/host/spi-builder-workspace/.build/checkouts/SocketAddress/Sources/SocketAddress/SocketAddress.swift:111:13: error: cannot find type 'socklen_t' in scope
109 |
110 |   var port: UInt16 { get throws }
111 |   var size: socklen_t { get }
    |             `- error: cannot find type 'socklen_t' in scope
112 | }
113 |
/host/spi-builder-workspace/.build/checkouts/SocketAddress/Sources/SocketAddress/SocketAddress.swift:115:15: error: cannot find type 'sa_family_t' in scope
113 |
114 | public extension SocketAddress {
115 |   var family: sa_family_t {
    |               `- error: cannot find type 'sa_family_t' in scope
116 |     withSockAddr { sa, _ in sa.pointee.sa_family }
117 |   }
/host/spi-builder-workspace/.build/checkouts/SocketAddress/Sources/SocketAddress/SocketAddress.swift:121:23: error: cannot find type 'sockaddr_storage' in scope
119 |
120 | public extension SocketAddress {
121 |   func asStorage() -> sockaddr_storage {
    |                       `- error: cannot find type 'sockaddr_storage' in scope
122 |     var ss = sockaddr_storage()
123 |     withSockAddr { sa, _ in
/host/spi-builder-workspace/.build/checkouts/SocketAddress/Sources/SocketAddress/SocketAddress.swift:130:11: error: cannot find type 'sockaddr' in scope
128 | }
129 |
130 | extension sockaddr: SocketAddress, @retroactive @unchecked Sendable {
    |           `- error: cannot find type 'sockaddr' in scope
131 |   public static var family: sa_family_t {
132 |     sa_family_t(AF_UNSPEC)
/host/spi-builder-workspace/.build/checkouts/SocketAddress/Sources/SocketAddress/SocketAddress.swift:205:11: error: cannot find type 'sockaddr_in' in scope
203 | }
204 |
205 | extension sockaddr_in: SocketAddress, @retroactive @unchecked Sendable {
    |           `- error: cannot find type 'sockaddr_in' in scope
206 |   public static var family: sa_family_t {
207 |     sa_family_t(AF_INET)
/host/spi-builder-workspace/.build/checkouts/SocketAddress/Sources/SocketAddress/SocketAddress.swift:299:11: error: cannot find type 'sockaddr_in6' in scope
297 | }
298 |
299 | extension sockaddr_in6: SocketAddress, @retroactive @unchecked Sendable {
    |           `- error: cannot find type 'sockaddr_in6' in scope
300 |   public static var family: sa_family_t {
301 |     sa_family_t(AF_INET6)
/host/spi-builder-workspace/.build/checkouts/SocketAddress/Sources/SocketAddress/SocketAddress.swift:393:11: error: cannot find type 'sockaddr_un' in scope
391 | }
392 |
393 | extension sockaddr_un: SocketAddress, @retroactive @unchecked Sendable {
    |           `- error: cannot find type 'sockaddr_un' in scope
394 |   public static var family: sa_family_t {
395 |     sa_family_t(AF_LOCAL)
/host/spi-builder-workspace/.build/checkouts/SocketAddress/Sources/SocketAddress/SocketAddress.swift:679:11: error: cannot find type 'sockaddr_storage' in scope
677 | #endif
678 |
679 | extension sockaddr_storage: SocketAddress, @retroactive @unchecked Sendable {
    |           `- error: cannot find type 'sockaddr_storage' in scope
680 |   public static var family: sa_family_t {
681 |     sa_family_t(AF_UNSPEC)
/host/spi-builder-workspace/.build/checkouts/SocketAddress/Sources/SocketAddress/SocketAddress.swift:864:18: error: cannot find type 'sockaddr_storage' in scope
862 | }
863 |
864 | public extension sockaddr_storage {
    |                  `- error: cannot find type 'sockaddr_storage' in scope
865 |   init(bytes: [UInt8]) throws {
866 |     guard bytes.count >= MemoryLayout<sockaddr>.size else {
/host/spi-builder-workspace/.build/checkouts/SocketAddress/Sources/SocketAddress/SocketAddress.swift:895:29: error: cannot find type 'sa_family_t' in scope
893 |
894 | extension AnySocketAddress: SocketAddress {
895 |   public static var family: sa_family_t { sa_family_t(AF_UNSPEC) }
    |                             `- error: cannot find type 'sa_family_t' in scope
896 |
897 |   public init(family: sa_family_t, presentationAddress: String) throws {
/host/spi-builder-workspace/.build/checkouts/SocketAddress/Sources/SocketAddress/SocketAddress.swift:897:23: error: cannot find type 'sa_family_t' in scope
895 |   public static var family: sa_family_t { sa_family_t(AF_UNSPEC) }
896 |
897 |   public init(family: sa_family_t, presentationAddress: String) throws {
    |                       `- error: cannot find type 'sa_family_t' in scope
898 |     switch Int32(family) {
899 |     case AF_INET:
/host/spi-builder-workspace/.build/checkouts/SocketAddress/Sources/SocketAddress/SocketAddress.swift:918:35: error: cannot find type 'sockaddr' in scope
916 |   #if compiler(>=6.0)
917 |   public mutating func withMutableSockAddr<T, E: Error>(
918 |     _ body: (UnsafeMutablePointer<sockaddr>, socklen_t) throws(E) -> T
    |                                   `- error: cannot find type 'sockaddr' in scope
919 |   ) throws(E) -> T { try _sa.withMutableSockAddr(body) }
920 |   #else
/host/spi-builder-workspace/.build/checkouts/SocketAddress/Sources/SocketAddress/SocketAddress.swift:918:46: error: cannot find type 'socklen_t' in scope
916 |   #if compiler(>=6.0)
917 |   public mutating func withMutableSockAddr<T, E: Error>(
918 |     _ body: (UnsafeMutablePointer<sockaddr>, socklen_t) throws(E) -> T
    |                                              `- error: cannot find type 'socklen_t' in scope
919 |   ) throws(E) -> T { try _sa.withMutableSockAddr(body) }
920 |   #else
/host/spi-builder-workspace/.build/checkouts/SocketAddress/Sources/SocketAddress/SocketAddress.swift:929:28: error: cannot find type 'sockaddr' in scope
927 |   #if compiler(>=6.0)
928 |   public func withSockAddr<R, E: Error>(
929 |     _ body: (UnsafePointer<sockaddr>, socklen_t) throws(E) -> R
    |                            `- error: cannot find type 'sockaddr' in scope
930 |   ) throws(E) -> R { try _sa.withSockAddr(body) }
931 |   #else
/host/spi-builder-workspace/.build/checkouts/SocketAddress/Sources/SocketAddress/SocketAddress.swift:929:39: error: cannot find type 'socklen_t' in scope
927 |   #if compiler(>=6.0)
928 |   public func withSockAddr<R, E: Error>(
929 |     _ body: (UnsafePointer<sockaddr>, socklen_t) throws(E) -> R
    |                                       `- error: cannot find type 'socklen_t' in scope
930 |   ) throws(E) -> R { try _sa.withSockAddr(body) }
931 |   #else
/host/spi-builder-workspace/.build/checkouts/SocketAddress/Sources/SocketAddress/SocketAddress.swift:954:20: error: cannot find type 'socklen_t' in scope
952 |   }
953 |
954 |   public var size: socklen_t {
    |                    `- error: cannot find type 'socklen_t' in scope
955 |     _sa.size
956 |   }
/host/spi-builder-workspace/.build/checkouts/SocketAddress/Sources/SocketAddress/SocketAddress.swift:66:19: error: cannot find type 'sockaddr_in' in scope
 64 |   switch Int32(family) {
 65 |   case AF_INET:
 66 |     (MemoryLayout<sockaddr_in>.size, MemoryLayout<sockaddr_in>.size)
    |                   `- error: cannot find type 'sockaddr_in' in scope
 67 |   case AF_INET6:
 68 |     (MemoryLayout<sockaddr_in6>.size, MemoryLayout<sockaddr_in6>.size)
/host/spi-builder-workspace/.build/checkouts/SocketAddress/Sources/SocketAddress/SocketAddress.swift:66:51: error: cannot find type 'sockaddr_in' in scope
 64 |   switch Int32(family) {
 65 |   case AF_INET:
 66 |     (MemoryLayout<sockaddr_in>.size, MemoryLayout<sockaddr_in>.size)
    |                                                   `- error: cannot find type 'sockaddr_in' in scope
 67 |   case AF_INET6:
 68 |     (MemoryLayout<sockaddr_in6>.size, MemoryLayout<sockaddr_in6>.size)
/host/spi-builder-workspace/.build/checkouts/SocketAddress/Sources/SocketAddress/SocketAddress.swift:68:19: error: cannot find type 'sockaddr_in6' in scope
 66 |     (MemoryLayout<sockaddr_in>.size, MemoryLayout<sockaddr_in>.size)
 67 |   case AF_INET6:
 68 |     (MemoryLayout<sockaddr_in6>.size, MemoryLayout<sockaddr_in6>.size)
    |                   `- error: cannot find type 'sockaddr_in6' in scope
 69 |   case AF_LOCAL:
 70 |     // For domain sockets, minimum size is offset of sun_path + space for zero-length path
/host/spi-builder-workspace/.build/checkouts/SocketAddress/Sources/SocketAddress/SocketAddress.swift:68:52: error: cannot find type 'sockaddr_in6' in scope
 66 |     (MemoryLayout<sockaddr_in>.size, MemoryLayout<sockaddr_in>.size)
 67 |   case AF_INET6:
 68 |     (MemoryLayout<sockaddr_in6>.size, MemoryLayout<sockaddr_in6>.size)
    |                                                    `- error: cannot find type 'sockaddr_in6' in scope
 69 |   case AF_LOCAL:
 70 |     // For domain sockets, minimum size is offset of sun_path + space for zero-length path
/host/spi-builder-workspace/.build/checkouts/SocketAddress/Sources/SocketAddress/SocketAddress.swift:71:19: error: cannot find type 'sockaddr_un' in scope
 69 |   case AF_LOCAL:
 70 |     // For domain sockets, minimum size is offset of sun_path + space for zero-length path
 71 |     (MemoryLayout<sockaddr_un>.offset(of: \.sun_path)! + 1, MemoryLayout<sockaddr_un>.size)
    |                   `- error: cannot find type 'sockaddr_un' in scope
 72 |   #if os(Linux)
 73 |   case AF_PACKET:
/host/spi-builder-workspace/.build/checkouts/SocketAddress/Sources/SocketAddress/SocketAddress.swift:71:74: error: cannot find type 'sockaddr_un' in scope
 69 |   case AF_LOCAL:
 70 |     // For domain sockets, minimum size is offset of sun_path + space for zero-length path
 71 |     (MemoryLayout<sockaddr_un>.offset(of: \.sun_path)! + 1, MemoryLayout<sockaddr_un>.size)
    |                                                                          `- error: cannot find type 'sockaddr_un' in scope
 72 |   #if os(Linux)
 73 |   case AF_PACKET:
/host/spi-builder-workspace/.build/checkouts/SocketAddress/Sources/SocketAddress/SocketAddress.swift:85:11: error: cannot find 'socklen_t' in scope
 83 | private func getSizesForFamily(_ family: sa_family_t) throws -> (socklen_t, socklen_t) {
 84 |   let sizes: (Int, Int) = try getSizesForFamily(family)
 85 |   return (socklen_t(sizes.0), socklen_t(sizes.1))
    |           `- error: cannot find 'socklen_t' in scope
 86 | }
 87 |
/host/spi-builder-workspace/.build/checkouts/SocketAddress/Sources/SocketAddress/SocketAddress.swift:85:31: error: cannot find 'socklen_t' in scope
 83 | private func getSizesForFamily(_ family: sa_family_t) throws -> (socklen_t, socklen_t) {
 84 |   let sizes: (Int, Int) = try getSizesForFamily(family)
 85 |   return (socklen_t(sizes.0), socklen_t(sizes.1))
    |                               `- error: cannot find 'socklen_t' in scope
 86 | }
 87 |
/host/spi-builder-workspace/.build/checkouts/SocketAddress/Sources/SocketAddress/SocketAddress.swift:122:14: error: cannot find 'sockaddr_storage' in scope
120 | public extension SocketAddress {
121 |   func asStorage() -> sockaddr_storage {
122 |     var ss = sockaddr_storage()
    |              `- error: cannot find 'sockaddr_storage' in scope
123 |     withSockAddr { sa, _ in
124 |       _ = memcpy(&ss, sa, Int(size))
/host/spi-builder-workspace/.build/checkouts/SocketAddress/Sources/SocketAddress/SocketAddress.swift:124:11: error: cannot find 'memcpy' in scope
122 |     var ss = sockaddr_storage()
123 |     withSockAddr { sa, _ in
124 |       _ = memcpy(&ss, sa, Int(size))
    |           `- error: cannot find 'memcpy' in scope
125 |     }
126 |     return ss
/host/spi-builder-workspace/.build/checkouts/SocketAddress/Sources/SocketAddress/SocketAddress.swift:890:15: error: cannot find 'sockaddr_storage' in scope
888 |
889 |   public init(bytes: [UInt8]) throws {
890 |     _sa = try sockaddr_storage(bytes: bytes)
    |               `- error: cannot find 'sockaddr_storage' in scope
891 |   }
892 | }
/host/spi-builder-workspace/.build/checkouts/SocketAddress/Sources/SocketAddress/SocketAddress.swift:895:43: error: cannot find 'sa_family_t' in scope
893 |
894 | extension AnySocketAddress: SocketAddress {
895 |   public static var family: sa_family_t { sa_family_t(AF_UNSPEC) }
    |                                           `- error: cannot find 'sa_family_t' in scope
896 |
897 |   public init(family: sa_family_t, presentationAddress: String) throws {
/host/spi-builder-workspace/.build/checkouts/SocketAddress/Sources/SocketAddress/SocketAddress.swift:895:55: error: cannot find 'AF_UNSPEC' in scope
893 |
894 | extension AnySocketAddress: SocketAddress {
895 |   public static var family: sa_family_t { sa_family_t(AF_UNSPEC) }
    |                                                       `- error: cannot find 'AF_UNSPEC' in scope
896 |
897 |   public init(family: sa_family_t, presentationAddress: String) throws {
/host/spi-builder-workspace/.build/checkouts/SocketAddress/Sources/SocketAddress/SocketAddress.swift:899:10: error: cannot find 'AF_INET' in scope
897 |   public init(family: sa_family_t, presentationAddress: String) throws {
898 |     switch Int32(family) {
899 |     case AF_INET:
    |          `- error: cannot find 'AF_INET' in scope
900 |       _sa = try sockaddr_in(family: family, presentationAddress: presentationAddress)
901 |     case AF_INET6:
/host/spi-builder-workspace/.build/checkouts/SocketAddress/Sources/SocketAddress/SocketAddress.swift:901:10: error: cannot find 'AF_INET6' in scope
899 |     case AF_INET:
900 |       _sa = try sockaddr_in(family: family, presentationAddress: presentationAddress)
901 |     case AF_INET6:
    |          `- error: cannot find 'AF_INET6' in scope
902 |       _sa = try sockaddr_in6(family: family, presentationAddress: presentationAddress)
903 |     case AF_LOCAL:
/host/spi-builder-workspace/.build/checkouts/SocketAddress/Sources/SocketAddress/SocketAddress.swift:903:10: error: cannot find 'AF_LOCAL' in scope
901 |     case AF_INET6:
902 |       _sa = try sockaddr_in6(family: family, presentationAddress: presentationAddress)
903 |     case AF_LOCAL:
    |          `- error: cannot find 'AF_LOCAL' in scope
904 |       _sa = try sockaddr_un(family: family, presentationAddress: presentationAddress)
905 |     #if os(Linux)
/host/spi-builder-workspace/.build/checkouts/SocketAddress/Sources/SocketAddress/SocketAddress.swift:900:17: error: cannot find 'sockaddr_in' in scope
898 |     switch Int32(family) {
899 |     case AF_INET:
900 |       _sa = try sockaddr_in(family: family, presentationAddress: presentationAddress)
    |                 `- error: cannot find 'sockaddr_in' in scope
901 |     case AF_INET6:
902 |       _sa = try sockaddr_in6(family: family, presentationAddress: presentationAddress)
/host/spi-builder-workspace/.build/checkouts/SocketAddress/Sources/SocketAddress/SocketAddress.swift:902:17: error: cannot find 'sockaddr_in6' in scope
900 |       _sa = try sockaddr_in(family: family, presentationAddress: presentationAddress)
901 |     case AF_INET6:
902 |       _sa = try sockaddr_in6(family: family, presentationAddress: presentationAddress)
    |                 `- error: cannot find 'sockaddr_in6' in scope
903 |     case AF_LOCAL:
904 |       _sa = try sockaddr_un(family: family, presentationAddress: presentationAddress)
/host/spi-builder-workspace/.build/checkouts/SocketAddress/Sources/SocketAddress/SocketAddress.swift:904:17: error: cannot find 'sockaddr_un' in scope
902 |       _sa = try sockaddr_in6(family: family, presentationAddress: presentationAddress)
903 |     case AF_LOCAL:
904 |       _sa = try sockaddr_un(family: family, presentationAddress: presentationAddress)
    |                 `- error: cannot find 'sockaddr_un' in scope
905 |     #if os(Linux)
906 |     case AF_PACKET:
/host/spi-builder-workspace/.build/checkouts/SocketAddress/Sources/SocketAddress/SocketAddress.swift:964:7: error: cannot find 'memcmp' in scope
962 |     var rhs = rhs.asStorage()
963 |     return lhs.size == rhs.size &&
964 |       memcmp(&lhs, &rhs, Int(lhs.size)) == 0
    |       `- error: cannot find 'memcmp' in scope
965 |   }
966 | }
/host/spi-builder-workspace/.build/checkouts/SocketAddress/Sources/SocketAddress/SocketAddress.swift:131:29: error: cannot find type 'sa_family_t' in scope
129 |
130 | extension sockaddr: SocketAddress, @retroactive @unchecked Sendable {
131 |   public static var family: sa_family_t {
    |                             `- error: cannot find type 'sa_family_t' in scope
132 |     sa_family_t(AF_UNSPEC)
133 |   }
/host/spi-builder-workspace/.build/checkouts/SocketAddress/Sources/SocketAddress/SocketAddress.swift:135:23: error: cannot find type 'sa_family_t' in scope
133 |   }
134 |
135 |   public init(family: sa_family_t, presentationAddress: String) throws {
    |                       `- error: cannot find type 'sa_family_t' in scope
136 |     throw Errno.invalidArgument
137 |   }
/host/spi-builder-workspace/.build/checkouts/SocketAddress/Sources/SocketAddress/SocketAddress.swift:139:20: error: cannot find type 'socklen_t' in scope
137 |   }
138 |
139 |   public var size: socklen_t {
    |                    `- error: cannot find type 'socklen_t' in scope
140 |     (try? getSizesForFamily(sa_family))?.1 ?? 0
141 |   }
/host/spi-builder-workspace/.build/checkouts/SocketAddress/Sources/SocketAddress/SocketAddress.swift:143:25: error: cannot find type 'sockaddr_storage' in scope
141 |   }
142 |
143 |   private var _storage: sockaddr_storage {
    |                         `- error: cannot find type 'sockaddr_storage' in scope
144 |     asStorage()
145 |   }
/host/spi-builder-workspace/.build/checkouts/SocketAddress/Sources/SocketAddress/SocketAddress.swift:167:28: error: cannot find type 'sockaddr' in scope
165 |   #if compiler(>=6.0)
166 |   public func withSockAddr<R, E: Error>(
167 |     _ body: (UnsafePointer<sockaddr>, socklen_t) throws(E) -> R
    |                            `- error: cannot find type 'sockaddr' in scope
168 |   ) throws(E) -> R {
169 |     let size = size
/host/spi-builder-workspace/.build/checkouts/SocketAddress/Sources/SocketAddress/SocketAddress.swift:167:39: error: cannot find type 'socklen_t' in scope
165 |   #if compiler(>=6.0)
166 |   public func withSockAddr<R, E: Error>(
167 |     _ body: (UnsafePointer<sockaddr>, socklen_t) throws(E) -> R
    |                                       `- error: cannot find type 'socklen_t' in scope
168 |   ) throws(E) -> R {
169 |     let size = size
/host/spi-builder-workspace/.build/checkouts/SocketAddress/Sources/SocketAddress/SocketAddress.swift:186:41: error: cannot find type 'sockaddr' in scope
184 |   #if compiler(>=6.0)
185 |   public mutating func withMutableSockAddr<T, E: Error>(
186 |     _ body: (_ sa: UnsafeMutablePointer<sockaddr>, _ size: socklen_t) throws(E) -> T
    |                                         `- error: cannot find type 'sockaddr' in scope
187 |   ) throws(E) -> T {
188 |     let len = size
/host/spi-builder-workspace/.build/checkouts/SocketAddress/Sources/SocketAddress/SocketAddress.swift:186:60: error: cannot find type 'socklen_t' in scope
184 |   #if compiler(>=6.0)
185 |   public mutating func withMutableSockAddr<T, E: Error>(
186 |     _ body: (_ sa: UnsafeMutablePointer<sockaddr>, _ size: socklen_t) throws(E) -> T
    |                                                            `- error: cannot find type 'socklen_t' in scope
187 |   ) throws(E) -> T {
188 |     let len = size
/host/spi-builder-workspace/.build/checkouts/SocketAddress/Sources/SocketAddress/SocketAddress.swift:206:29: error: cannot find type 'sa_family_t' in scope
204 |
205 | extension sockaddr_in: SocketAddress, @retroactive @unchecked Sendable {
206 |   public static var family: sa_family_t {
    |                             `- error: cannot find type 'sa_family_t' in scope
207 |     sa_family_t(AF_INET)
208 |   }
error: cancelled
error: cancelled
error: cancelled
error: cancelled
error: cancelled
error: cancelled
error: cancelled
error: cancelled
error: cancelled
error: cancelled
error: cancelled
error: cancelled
error: cancelled
error: cancelled
error: cancelled
BUILD FAILURE 6.3 wasm