The Swift Package Index logo.Swift Package Index

Build Information

Failed to build IP2LocationSwift, reference 1.0.0 (d0822e), with Swift 6.4 for Wasm on 27 Sep 2026 19:38:26 UTC.

Build Command

bash -c docker run --pull=always --rm -v "checkouts-54344845-1":/host -w "$PWD" -e JAVA_HOME="/root/.sdkman/candidates/java/current" -e SPI_BUILD="1" -e SPI_PROCESSING="1" registry.gitlab.com/saguaro1/spi-images:wasm-6.4-latest swift build --swift-sdk swift-6.4.x-DEVELOPMENT-SNAPSHOT-2026-09-04-a_wasm 2>&1

Build Log

========================================
RunAll
========================================
Builder version: 5.1.0
Interrupt handler set up.
========================================
Checkout
========================================
Clone URL: https://github.com/ip2location/ip2location-swift.git
Reference: 1.0.0
Initialized empty Git repository in /host/spi-builder-workspace/.git/
hint: Using 'master' as the name for the initial branch. This default branch name
hint: is subject to change. To configure the initial branch name to use in all
hint: of your new repositories, which will suppress this warning, call:
hint:
hint: 	git config --global init.defaultBranch <name>
hint:
hint: Names commonly chosen instead of 'master' are 'main', 'trunk' and
hint: 'development'. The just-created branch can be renamed via this command:
hint:
hint: 	git branch -m <name>
From https://github.com/ip2location/ip2location-swift
 * tag               1.0.0      -> FETCH_HEAD
HEAD is now at d0822e0 First commit.
Cloned https://github.com/ip2location/ip2location-swift.git
Revision (git rev-parse @):
d0822e0ed171ff60af0719b884c578526dbdd03d
SUCCESS checkout https://github.com/ip2location/ip2location-swift.git at 1.0.0
========================================
Build
========================================
Selected platform:         wasm
Swift version:             6.4
Building package at path:  $PWD
https://github.com/ip2location/ip2location-swift.git
Running build ...
bash -c docker run --pull=always --rm -v "checkouts-54344845-1":/host -w "$PWD" -e JAVA_HOME="/root/.sdkman/candidates/java/current" -e SPI_BUILD="1" -e SPI_PROCESSING="1" registry.gitlab.com/saguaro1/spi-images:wasm-6.4-latest swift build --swift-sdk swift-6.4.x-DEVELOPMENT-SNAPSHOT-2026-09-04-a_wasm 2>&1
wasm-6.4-latest: Pulling from saguaro1/spi-images
Digest: sha256:4328fdb43c680d205c1d6761b1e3267aa38277eefdda9ddfb17b6a0f1a77857a
Status: Image is up to date for registry.gitlab.com/saguaro1/spi-images:wasm-6.4-latest
Building for debugging...
[Planning deferred tasks]
error: SwiftCompile normal wasm32 failed with a nonzero exit code. Command line:     cd /host

/host/spi-builder-workspace/Sources/IP2LocationSwift/IP2Location.swift:66:65: error: type 'URLSession' (aka 'AnyObject') has no member 'shared'
 64 |                 lang: IP2Language? = nil,
 65 |                 baseURL: URL = IP2Location.defaultBaseURL,
 66 |                 session: any IP2LocationNetworking = URLSession.shared) {
    |                                                                 `- error: type 'URLSession' (aka 'AnyObject') has no member 'shared'
 67 |         self.apiKey = apiKey
 68 |         self.authStyle = authStyle
/host/spi-builder-workspace/Sources/IP2LocationSwift/IP2Location.swift:143:74: error: cannot find type 'URLRequest' in scope
141 |
142 |     /// Builds the GET request for a lookup.
143 |     internal func makeRequest(ip: String?, lang: IP2Language?) throws -> URLRequest {
    |                                                                          `- error: cannot find type 'URLRequest' in scope
144 |         let effectiveLang = lang ?? self.lang
145 |
/host/spi-builder-workspace/Sources/IP2LocationSwift/IP2Location.swift:181:55: error: 'URLResponse' is unavailable: This type has moved to the FoundationNetworking module. Import that module to use it.
179 |     /// Decodes a raw HTTP response into an `IP2LocationResult`, translating
180 |     /// API error payloads and unexpected status codes into `IP2LocationError`.
181 |     internal static func handle(data: Data, response: URLResponse) throws -> IP2LocationResult {
    |                                                       `- error: 'URLResponse' is unavailable: This type has moved to the FoundationNetworking module. Import that module to use it.
182 |         guard let http = response as? HTTPURLResponse else {
183 |             throw IP2LocationError.invalidResponse
Foundation.URLResponse:2:18: note: 'URLResponse' has been explicitly marked unavailable here
1 | @available(*, unavailable, message: "This type has moved to the FoundationNetworking module. Import that module to use it.")
2 | public typealias URLResponse = AnyObject
  |                  `- note: 'URLResponse' has been explicitly marked unavailable here
/host/spi-builder-workspace/Sources/IP2LocationSwift/IP2LocationBulk.swift:51:65: error: type 'URLSession' (aka 'AnyObject') has no member 'shared'
 49 |                 authStyle: IP2Location.AuthStyle = .queryParameter,
 50 |                 baseURL: URL = IP2LocationBulk.defaultBaseURL,
 51 |                 session: any IP2LocationNetworking = URLSession.shared) {
    |                                                                 `- error: type 'URLSession' (aka 'AnyObject') has no member 'shared'
 52 |         self.apiKey = apiKey
 53 |         self.authStyle = authStyle
/host/spi-builder-workspace/Sources/IP2LocationSwift/IP2LocationBulk.swift:125:74: error: cannot find type 'URLRequest' in scope
123 |     // MARK: - Internal
124 |
125 |     private func makeRequest(ips: [String], fields: [String]?) throws -> URLRequest {
    |                                                                          `- error: cannot find type 'URLRequest' in scope
126 |         var components = URLComponents(url: baseURL, resolvingAgainstBaseURL: false) ?? URLComponents()
127 |         var items: [URLQueryItem] = []
/host/spi-builder-workspace/Sources/IP2LocationSwift/IP2LocationBulk.swift:166:55: error: 'URLResponse' is unavailable: This type has moved to the FoundationNetworking module. Import that module to use it.
164 |     /// Decodes a raw HTTP response into an `IP2LocationBulkResult`, translating
165 |     /// API error payloads and unexpected status codes into `IP2LocationError`.
166 |     internal static func handle(data: Data, response: URLResponse) throws -> IP2LocationBulkResult {
    |                                                       `- error: 'URLResponse' is unavailable: This type has moved to the FoundationNetworking module. Import that module to use it.
167 |         guard let http = response as? HTTPURLResponse else {
168 |             throw IP2LocationError.invalidResponse
Foundation.URLResponse:2:18: note: 'URLResponse' has been explicitly marked unavailable here
1 | @available(*, unavailable, message: "This type has moved to the FoundationNetworking module. Import that module to use it.")
2 | public typealias URLResponse = AnyObject
  |                  `- note: 'URLResponse' has been explicitly marked unavailable here
/host/spi-builder-workspace/Sources/IP2LocationSwift/IP2LocationNetworking.swift:13:29: error: cannot find type 'URLRequest' in scope
11 |     /// The implementation owns scheduling — `URLSession` starts its task and
12 |     /// calls `.resume()` automatically.
13 |     func perform(_ request: URLRequest,
   |                             `- error: cannot find type 'URLRequest' in scope
14 |                  completion: @escaping @Sendable (Data?, URLResponse?, Error?) -> Void)
15 | }
/host/spi-builder-workspace/Sources/IP2LocationSwift/IP2LocationNetworking.swift:14:58: error: 'URLResponse' is unavailable: This type has moved to the FoundationNetworking module. Import that module to use it.
12 |     /// calls `.resume()` automatically.
13 |     func perform(_ request: URLRequest,
14 |                  completion: @escaping @Sendable (Data?, URLResponse?, Error?) -> Void)
   |                                                          `- error: 'URLResponse' is unavailable: This type has moved to the FoundationNetworking module. Import that module to use it.
15 | }
16 |
Foundation.URLResponse:2:18: note: 'URLResponse' has been explicitly marked unavailable here
1 | @available(*, unavailable, message: "This type has moved to the FoundationNetworking module. Import that module to use it.")
2 | public typealias URLResponse = AnyObject
  |                  `- note: 'URLResponse' has been explicitly marked unavailable here
/host/spi-builder-workspace/Sources/IP2LocationSwift/IP2LocationNetworking.swift:17:1: error: non-nominal type 'URLSession' (aka 'AnyObject') cannot be extended [#]8;;https://docs.swift.org/compiler/documentation/diagnostics/nominal-types\NominalTypes]8;;\]
15 | }
16 |
17 | extension URLSession: IP2LocationNetworking {
   | `- error: non-nominal type 'URLSession' (aka 'AnyObject') cannot be extended [#]8;;https://docs.swift.org/compiler/documentation/diagnostics/nominal-types\NominalTypes]8;;\]
18 |     public func perform(_ request: URLRequest,
19 |                         completion: @escaping @Sendable (Data?, URLResponse?, Error?) -> Void) {
[#NominalTypes]: <https://docs.swift.org/compiler/documentation/diagnostics/nominal-types>
Failed frontend command:
/usr/bin/swift-frontend -frontend -emit-module -experimental-skip-non-inlinable-function-bodies-without-types /host/spi-builder-workspace/Sources/IP2LocationSwift/IP2Language.swift /host/spi-builder-workspace/Sources/IP2LocationSwift/IP2Location.swift /host/spi-builder-workspace/Sources/IP2LocationSwift/IP2LocationBulk.swift /host/spi-builder-workspace/Sources/IP2LocationSwift/IP2LocationError.swift /host/spi-builder-workspace/Sources/IP2LocationSwift/IP2LocationNetworking.swift /host/spi-builder-workspace/Sources/IP2LocationSwift/IP2LocationResult.swift -target wasm32-unknown-wasip1 -disable-objc-interop -sdk /root/.swiftpm/swift-sdks/swift-6.4.x-DEVELOPMENT-SNAPSHOT-2026-09-04-a_wasm.artifactbundle/swift-6.4.x-DEVELOPMENT-SNAPSHOT-2026-09-04-a_wasm/wasm32-unknown-wasip1/WASI.sdk -sysroot /root/.swiftpm/swift-sdks/swift-6.4.x-DEVELOPMENT-SNAPSHOT-2026-09-04-a_wasm.artifactbundle/swift-6.4.x-DEVELOPMENT-SNAPSHOT-2026-09-04-a_wasm/wasm32-unknown-wasip1/WASI.sdk -I /host/spi-builder-workspace/.build/out/Products/Debug-webassembly-wasm32 -module-cache-path /host/spi-builder-workspace/.build/out/ModuleCache.noindex -color-diagnostics -Xcc -fcolor-diagnostics -enable-testing -g -debug-info-format\=dwarf -dwarf-version\=4 -swift-version 5 -Onone -D SWIFT_PACKAGE -D DEBUG -D SWIFT_MODULE_RESOURCE_BUNDLE_UNAVAILABLE -D Xcode -serialize-debugging-options -enable-experimental-feature DebugDescriptionMacro -empty-abi-descriptor -external-plugin-path /usr/lib/swift/host/plugins/testing\#/usr/bin/swift-plugin-server -validate-clang-modules-once -clang-build-session-file /host/spi-builder-workspace/.build/out/ModuleCache.noindex/Session.modulevalidation -Xcc -working-directory -Xcc /host -resource-dir /root/.swiftpm/swift-sdks/swift-6.4.x-DEVELOPMENT-SNAPSHOT-2026-09-04-a_wasm.artifactbundle/swift-6.4.x-DEVELOPMENT-SNAPSHOT-2026-09-04-a_wasm/wasm32-unknown-wasip1/swift.xctoolchain/usr/lib/swift_static -use-static-resource-dir -enable-anonymous-context-mangled-names -file-compilation-dir /host -Xcc -resource-dir -Xcc /root/.swiftpm/swift-sdks/swift-6.4.x-DEVELOPMENT-SNAPSHOT-2026-09-04-a_wasm.artifactbundle/swift-6.4.x-DEVELOPMENT-SNAPSHOT-2026-09-04-a_wasm/wasm32-unknown-wasip1/swift.xctoolchain/usr/lib/swift_static/clang -Xcc -D_LIBCPP_HARDENING_MODE\=_LIBCPP_HARDENING_MODE_DEBUG -Xcc -fmodules-prune-interval\=86400 -Xcc -fmodules-prune-after\=345600 -Xcc -I/host/spi-builder-workspace/.build/out/Products/Debug-webassembly-wasm32/include -Xcc -I/host/spi-builder-workspace/.build/out/Intermediates.noindex/IP2LocationSwift.build/Debug-webassembly-wasm32/IP2LocationSwift-t.build/DerivedSources-normal/wasm32 -Xcc -I/host/spi-builder-workspace/.build/out/Intermediates.noindex/IP2LocationSwift.build/Debug-webassembly-wasm32/IP2LocationSwift-t.build/DerivedSources/wasm32 -Xcc -I/host/spi-builder-workspace/.build/out/Intermediates.noindex/IP2LocationSwift.build/Debug-webassembly-wasm32/IP2LocationSwift-t.build/DerivedSources -Xcc -DSWIFT_PACKAGE -Xcc -DDEBUG\=1 -no-auto-bridging-header-chaining -module-name IP2LocationSwift -const-gather-protocols-file /host/spi-builder-workspace/.build/out/Intermediates.noindex/IP2LocationSwift.build/Debug-webassembly-wasm32/IP2LocationSwift-t.build/Objects-normal/wasm32/IP2LocationSwift_const_extract_protocols.json -in-process-plugin-server-path /usr/lib/swift/host/libSwiftInProcPluginServer.so -plugin-path /usr/lib/swift/host/plugins -plugin-path /usr/local/lib/swift/host/plugins -emit-module-doc-path /host/spi-builder-workspace/.build/out/Intermediates.noindex/IP2LocationSwift.build/Debug-webassembly-wasm32/IP2LocationSwift-t.build/Objects-normal/wasm32/Modules/IP2LocationSwift.swiftdoc -emit-module-source-info-path /host/spi-builder-workspace/.build/out/Intermediates.noindex/IP2LocationSwift.build/Debug-webassembly-wasm32/IP2LocationSwift-t.build/Objects-normal/wasm32/Modules/IP2LocationSwift.swiftsourceinfo -emit-objc-header-path /host/spi-builder-workspace/.build/out/Intermediates.noindex/IP2LocationSwift.build/Debug-webassembly-wasm32/IP2LocationSwift-t.build/Objects-normal/wasm32/IP2LocationSwift-Swift.h -serialize-diagnostics-path /host/spi-builder-workspace/.build/out/Intermediates.noindex/IP2LocationSwift.build/Debug-webassembly-wasm32/IP2LocationSwift-t.build/Objects-normal/wasm32/IP2LocationSwift-primary-emit-module.dia -emit-dependencies-path /host/spi-builder-workspace/.build/out/Intermediates.noindex/IP2LocationSwift.build/Debug-webassembly-wasm32/IP2LocationSwift-t.build/Objects-normal/wasm32/IP2LocationSwift-primary-emit-module.d -parse-as-library -o /host/spi-builder-workspace/.build/out/Intermediates.noindex/IP2LocationSwift.build/Debug-webassembly-wasm32/IP2LocationSwift-t.build/Objects-normal/wasm32/Modules/IP2LocationSwift.swiftmodule
error: Build failed
BUILD FAILURE 6.4 wasm