Build Information
Failed to build NavigationBackport, reference 0.11.6 (8ad57c), with Swift 6.2 for Linux on 16 Jul 2026 04:40:29 UTC.
Build Command
bash -c docker run --pull=always --rm -v "checkouts-54344844-2":/host -w "$PWD" -e JAVA_HOME="/root/.sdkman/candidates/java/current" -e SPI_BUILD="1" -e SPI_PROCESSING="1" registry.gitlab.com/saguaro1/spi-images:basic-6.2-latest swift build --triple x86_64-unknown-linux-gnu 2>&1Build Log
========================================
RunAll
========================================
Builder version: 333316120c8b89ed7d21f1b34865290794301d91
Interrupt handler set up.
========================================
Checkout
========================================
Clone URL: https://github.com/johnpatrickmorgan/NavigationBackport.git
Reference: 0.11.6
Initialized empty Git repository in /host/spi-builder-workspace/.git/
hint: Using 'master' as the name for the initial branch. This default branch name
hint: is subject to change. To configure the initial branch name to use in all
hint: of your new repositories, which will suppress this warning, call:
hint:
hint: git config --global init.defaultBranch <name>
hint:
hint: Names commonly chosen instead of 'master' are 'main', 'trunk' and
hint: 'development'. The just-created branch can be renamed via this command:
hint:
hint: git branch -m <name>
From https://github.com/johnpatrickmorgan/NavigationBackport
* tag 0.11.6 -> FETCH_HEAD
HEAD is now at 8ad57ca Bumps podspec to 0.11.6
Cloned https://github.com/johnpatrickmorgan/NavigationBackport.git
Revision (git rev-parse @):
8ad57caedac32db5b86a83cefa531dfe60a453f1
SUCCESS checkout https://github.com/johnpatrickmorgan/NavigationBackport.git at 0.11.6
========================================
Build
========================================
Selected platform: linux
Swift version: 6.2
Building package at path: $PWD
https://github.com/johnpatrickmorgan/NavigationBackport.git
Running build ...
bash -c docker run --pull=always --rm -v "checkouts-54344844-2":/host -w "$PWD" -e JAVA_HOME="/root/.sdkman/candidates/java/current" -e SPI_BUILD="1" -e SPI_PROCESSING="1" registry.gitlab.com/saguaro1/spi-images:basic-6.2-latest swift build --triple x86_64-unknown-linux-gnu 2>&1
basic-6.2-latest: Pulling from saguaro1/spi-images
Digest: sha256:146297aca0eb7f3e338453cbf4c0aa72424647d7d0d3f35fda2f7ef7698dd3aa
Status: Image is up to date for registry.gitlab.com/saguaro1/spi-images:basic-6.2-latest
Building for debugging...
[0/2] Write sources
[1/2] Write swift-version-24593BA9C3E375BF.txt
[3/31] Compiling NavigationBackport NBNavigationStack.swift
/host/spi-builder-workspace/Sources/NavigationBackport/Binding+withDelaysIfUnsupported.swift:2:8: error: no such module 'SwiftUI'
1 | import Foundation
2 | import SwiftUI
| `- error: no such module 'SwiftUI'
3 |
4 | /// The time it takes for a push or pop operation, during which time another push or pop operation would be problematic.
[4/31] Compiling NavigationBackport NBScreen.swift
/host/spi-builder-workspace/Sources/NavigationBackport/Binding+withDelaysIfUnsupported.swift:2:8: error: no such module 'SwiftUI'
1 | import Foundation
2 | import SwiftUI
| `- error: no such module 'SwiftUI'
3 |
4 | /// The time it takes for a push or pop operation, during which time another push or pop operation would be problematic.
[5/31] Compiling NavigationBackport NavigationBackport.swift
/host/spi-builder-workspace/Sources/NavigationBackport/Binding+withDelaysIfUnsupported.swift:2:8: error: no such module 'SwiftUI'
1 | import Foundation
2 | import SwiftUI
| `- error: no such module 'SwiftUI'
3 |
4 | /// The time it takes for a push or pop operation, during which time another push or pop operation would be problematic.
[6/31] Compiling NavigationBackport NavigationLinkRowStyle.swift
/host/spi-builder-workspace/Sources/NavigationBackport/Binding+withDelaysIfUnsupported.swift:2:8: error: no such module 'SwiftUI'
1 | import Foundation
2 | import SwiftUI
| `- error: no such module 'SwiftUI'
3 |
4 | /// The time it takes for a push or pop operation, during which time another push or pop operation would be problematic.
[7/31] Compiling NavigationBackport DestinationBuilderHolder.swift
/host/spi-builder-workspace/Sources/NavigationBackport/Binding+withDelaysIfUnsupported.swift:2:8: error: no such module 'SwiftUI'
1 | import Foundation
2 | import SwiftUI
| `- error: no such module 'SwiftUI'
3 |
4 | /// The time it takes for a push or pop operation, during which time another push or pop operation would be problematic.
[8/31] Compiling NavigationBackport DestinationBuilderModifier.swift
/host/spi-builder-workspace/Sources/NavigationBackport/Binding+withDelaysIfUnsupported.swift:2:8: error: no such module 'SwiftUI'
1 | import Foundation
2 | import SwiftUI
| `- error: no such module 'SwiftUI'
3 |
4 | /// The time it takes for a push or pop operation, during which time another push or pop operation would be problematic.
[9/31] Compiling NavigationBackport DestinationBuilderView.swift
/host/spi-builder-workspace/Sources/NavigationBackport/Binding+withDelaysIfUnsupported.swift:2:8: error: no such module 'SwiftUI'
1 | import Foundation
2 | import SwiftUI
| `- error: no such module 'SwiftUI'
3 |
4 | /// The time it takes for a push or pop operation, during which time another push or pop operation would be problematic.
[10/31] Compiling NavigationBackport EnvironmentValues+navigationStack.swift
/host/spi-builder-workspace/Sources/NavigationBackport/Binding+withDelaysIfUnsupported.swift:2:8: error: no such module 'SwiftUI'
1 | import Foundation
2 | import SwiftUI
| `- error: no such module 'SwiftUI'
3 |
4 | /// The time it takes for a push or pop operation, during which time another push or pop operation would be problematic.
[11/31] Compiling NavigationBackport NavigationPathHolder.swift
/host/spi-builder-workspace/Sources/NavigationBackport/Binding+withDelaysIfUnsupported.swift:2:8: error: no such module 'SwiftUI'
1 | import Foundation
2 | import SwiftUI
| `- error: no such module 'SwiftUI'
3 |
4 | /// The time it takes for a push or pop operation, during which time another push or pop operation would be problematic.
[12/31] Compiling NavigationBackport Navigator+utilities.swift
/host/spi-builder-workspace/Sources/NavigationBackport/Binding+withDelaysIfUnsupported.swift:2:8: error: no such module 'SwiftUI'
1 | import Foundation
2 | import SwiftUI
| `- error: no such module 'SwiftUI'
3 |
4 | /// The time it takes for a push or pop operation, during which time another push or pop operation would be problematic.
[13/31] Compiling NavigationBackport Navigator+withDelaysIfUnsupported.swift
/host/spi-builder-workspace/Sources/NavigationBackport/Binding+withDelaysIfUnsupported.swift:2:8: error: no such module 'SwiftUI'
1 | import Foundation
2 | import SwiftUI
| `- error: no such module 'SwiftUI'
3 |
4 | /// The time it takes for a push or pop operation, during which time another push or pop operation would be problematic.
[14/31] Compiling NavigationBackport Navigator.swift
/host/spi-builder-workspace/Sources/NavigationBackport/Binding+withDelaysIfUnsupported.swift:2:8: error: no such module 'SwiftUI'
1 | import Foundation
2 | import SwiftUI
| `- error: no such module 'SwiftUI'
3 |
4 | /// The time it takes for a push or pop operation, during which time another push or pop operation would be problematic.
[15/34] Compiling NavigationBackport Array+utilities.swift
/host/spi-builder-workspace/Sources/NavigationBackport/Binding+withDelaysIfUnsupported.swift:2:8: error: no such module 'SwiftUI'
1 | import Foundation
2 | import SwiftUI
| `- error: no such module 'SwiftUI'
3 |
4 | /// The time it takes for a push or pop operation, during which time another push or pop operation would be problematic.
[16/34] Compiling NavigationBackport Binding+withDelaysIfUnsupported.swift
/host/spi-builder-workspace/Sources/NavigationBackport/Binding+withDelaysIfUnsupported.swift:2:8: error: no such module 'SwiftUI'
1 | import Foundation
2 | import SwiftUI
| `- error: no such module 'SwiftUI'
3 |
4 | /// The time it takes for a push or pop operation, during which time another push or pop operation would be problematic.
[17/34] Compiling NavigationBackport CodableRepresentation.swift
/host/spi-builder-workspace/Sources/NavigationBackport/Binding+withDelaysIfUnsupported.swift:2:8: error: no such module 'SwiftUI'
1 | import Foundation
2 | import SwiftUI
| `- error: no such module 'SwiftUI'
3 |
4 | /// The time it takes for a push or pop operation, during which time another push or pop operation would be problematic.
[18/34] Compiling NavigationBackport ConditionalViewBuilder.swift
/host/spi-builder-workspace/Sources/NavigationBackport/Binding+withDelaysIfUnsupported.swift:2:8: error: no such module 'SwiftUI'
1 | import Foundation
2 | import SwiftUI
| `- error: no such module 'SwiftUI'
3 |
4 | /// The time it takes for a push or pop operation, during which time another push or pop operation would be problematic.
[19/34] Compiling NavigationBackport LocalDestinationBuilderModifier.swift
/host/spi-builder-workspace/Sources/NavigationBackport/Binding+withDelaysIfUnsupported.swift:2:8: error: no such module 'SwiftUI'
1 | import Foundation
2 | import SwiftUI
| `- error: no such module 'SwiftUI'
3 |
4 | /// The time it takes for a push or pop operation, during which time another push or pop operation would be problematic.
[20/34] Compiling NavigationBackport NBNavigationLink.swift
/host/spi-builder-workspace/Sources/NavigationBackport/Binding+withDelaysIfUnsupported.swift:2:8: error: no such module 'SwiftUI'
1 | import Foundation
2 | import SwiftUI
| `- error: no such module 'SwiftUI'
3 |
4 | /// The time it takes for a push or pop operation, during which time another push or pop operation would be problematic.
[21/34] Compiling NavigationBackport NBNavigationPath+utilities.swift
/host/spi-builder-workspace/Sources/NavigationBackport/Binding+withDelaysIfUnsupported.swift:2:8: error: no such module 'SwiftUI'
1 | import Foundation
2 | import SwiftUI
| `- error: no such module 'SwiftUI'
3 |
4 | /// The time it takes for a push or pop operation, during which time another push or pop operation would be problematic.
[22/34] Compiling NavigationBackport NBNavigationPath.swift
/host/spi-builder-workspace/Sources/NavigationBackport/Binding+withDelaysIfUnsupported.swift:2:8: error: no such module 'SwiftUI'
1 | import Foundation
2 | import SwiftUI
| `- error: no such module 'SwiftUI'
3 |
4 | /// The time it takes for a push or pop operation, during which time another push or pop operation would be problematic.
[23/34] Compiling NavigationBackport View+nbUseNavigationStack.swift
/host/spi-builder-workspace/Sources/NavigationBackport/Binding+withDelaysIfUnsupported.swift:2:8: error: no such module 'SwiftUI'
1 | import Foundation
2 | import SwiftUI
| `- error: no such module 'SwiftUI'
3 |
4 | /// The time it takes for a push or pop operation, during which time another push or pop operation would be problematic.
[24/34] Compiling NavigationBackport View+onFirstAppear.swift
/host/spi-builder-workspace/Sources/NavigationBackport/Binding+withDelaysIfUnsupported.swift:2:8: error: no such module 'SwiftUI'
1 | import Foundation
2 | import SwiftUI
| `- error: no such module 'SwiftUI'
3 |
4 | /// The time it takes for a push or pop operation, during which time another push or pop operation would be problematic.
[25/34] Compiling NavigationBackport apply.swift
/host/spi-builder-workspace/Sources/NavigationBackport/Binding+withDelaysIfUnsupported.swift:2:8: error: no such module 'SwiftUI'
1 | import Foundation
2 | import SwiftUI
| `- error: no such module 'SwiftUI'
3 |
4 | /// The time it takes for a push or pop operation, during which time another push or pop operation would be problematic.
[26/34] Compiling NavigationBackport Unobserved.swift
/host/spi-builder-workspace/Sources/NavigationBackport/Binding+withDelaysIfUnsupported.swift:2:8: error: no such module 'SwiftUI'
1 | import Foundation
2 | import SwiftUI
| `- error: no such module 'SwiftUI'
3 |
4 | /// The time it takes for a push or pop operation, during which time another push or pop operation would be problematic.
[27/34] Compiling NavigationBackport UseNavigationStackPolicy.swift
/host/spi-builder-workspace/Sources/NavigationBackport/Binding+withDelaysIfUnsupported.swift:2:8: error: no such module 'SwiftUI'
1 | import Foundation
2 | import SwiftUI
| `- error: no such module 'SwiftUI'
3 |
4 | /// The time it takes for a push or pop operation, during which time another push or pop operation would be problematic.
[28/34] Compiling NavigationBackport View+_navigationDestination.swift
/host/spi-builder-workspace/Sources/NavigationBackport/Binding+withDelaysIfUnsupported.swift:2:8: error: no such module 'SwiftUI'
1 | import Foundation
2 | import SwiftUI
| `- error: no such module 'SwiftUI'
3 |
4 | /// The time it takes for a push or pop operation, during which time another push or pop operation would be problematic.
[29/34] Compiling NavigationBackport View+nbNavigationDestination.swift
/host/spi-builder-workspace/Sources/NavigationBackport/Binding+withDelaysIfUnsupported.swift:2:8: error: no such module 'SwiftUI'
1 | import Foundation
2 | import SwiftUI
| `- error: no such module 'SwiftUI'
3 |
4 | /// The time it takes for a push or pop operation, during which time another push or pop operation would be problematic.
error: emit-module command failed with exit code 1 (use -v to see invocation)
[30/34] Compiling NavigationBackport Node.swift
/host/spi-builder-workspace/Sources/NavigationBackport/Binding+withDelaysIfUnsupported.swift:2:8: error: no such module 'SwiftUI'
1 | import Foundation
2 | import SwiftUI
| `- error: no such module 'SwiftUI'
3 |
4 | /// The time it takes for a push or pop operation, during which time another push or pop operation would be problematic.
[31/34] Compiling NavigationBackport NonReactiveState.swift
/host/spi-builder-workspace/Sources/NavigationBackport/Binding+withDelaysIfUnsupported.swift:2:8: error: no such module 'SwiftUI'
1 | import Foundation
2 | import SwiftUI
| `- error: no such module 'SwiftUI'
3 |
4 | /// The time it takes for a push or pop operation, during which time another push or pop operation would be problematic.
[32/34] Compiling NavigationBackport ObservableObject+withDelaysIfUnsupported.swift
/host/spi-builder-workspace/Sources/NavigationBackport/Binding+withDelaysIfUnsupported.swift:2:8: error: no such module 'SwiftUI'
1 | import Foundation
2 | import SwiftUI
| `- error: no such module 'SwiftUI'
3 |
4 | /// The time it takes for a push or pop operation, during which time another push or pop operation would be problematic.
[33/34] Compiling NavigationBackport Router.swift
/host/spi-builder-workspace/Sources/NavigationBackport/Binding+withDelaysIfUnsupported.swift:2:8: error: no such module 'SwiftUI'
1 | import Foundation
2 | import SwiftUI
| `- error: no such module 'SwiftUI'
3 |
4 | /// The time it takes for a push or pop operation, during which time another push or pop operation would be problematic.
[34/34] Emitting module NavigationBackport
/host/spi-builder-workspace/Sources/NavigationBackport/Binding+withDelaysIfUnsupported.swift:2:8: error: no such module 'SwiftUI'
1 | import Foundation
2 | import SwiftUI
| `- error: no such module 'SwiftUI'
3 |
4 | /// The time it takes for a push or pop operation, during which time another push or pop operation would be problematic.
BUILD FAILURE 6.2 linux