The Swift Package Index logo.Swift Package Index

Build Information

Failed to build AgenticKit, reference main (630e15), with Swift 6.1 for Wasm on 11 Aug 2026 13:12:11 UTC.

Build Command

bash -c docker run --pull=always --rm -v "checkouts-54344847-0":/host -w "$PWD" -e JAVA_HOME="/root/.sdkman/candidates/java/current" -e SPI_BUILD="1" -e SPI_PROCESSING="1" registry.gitlab.com/saguaro1/spi-images:wasm-6.1-latest swift build --swift-sdk wasm32-unknown-wasi 2>&1

Build Log

<unknown>:0: warning: upcoming feature 'DisableOutwardActorInference' is already enabled as of Swift version 6
/host/spi-builder-workspace/Sources/AgenticKit/BuiltinTools/RegexWatchdog.swift:2:8: error: no such module 'Dispatch'
  1 | import Foundation
  2 | import Dispatch
    |        `- error: no such module 'Dispatch'
  3 |
  4 | /// Bounds a single regex evaluation (or any CPU-bound synchronous closure)
/root/.swiftpm/swift-sdks/swift-wasm-6.1-RELEASE-wasm32-unknown-wasi.artifactbundle/6.1-RELEASE-wasm32-unknown-wasi/wasm32-unknown-wasi/swift.xctoolchain/usr/lib/swift_static/CoreFoundation/CoreFoundation.h:28:10: note: while building module 'wasi_emulated_signal' imported from /root/.swiftpm/swift-sdks/swift-wasm-6.1-RELEASE-wasm32-unknown-wasi.artifactbundle/6.1-RELEASE-wasm32-unknown-wasi/wasm32-unknown-wasi/swift.xctoolchain/usr/lib/swift_static/CoreFoundation/CoreFoundation.h:28:
 26 | #include <setjmp.h>
 27 | #endif
 28 | #include <signal.h>
    |          `- note: while building module 'wasi_emulated_signal' imported from /root/.swiftpm/swift-sdks/swift-wasm-6.1-RELEASE-wasm32-unknown-wasi.artifactbundle/6.1-RELEASE-wasm32-unknown-wasi/wasm32-unknown-wasi/swift.xctoolchain/usr/lib/swift_static/CoreFoundation/CoreFoundation.h:28:
 29 | #include <stddef.h>
 30 | #include <stdio.h>
<module-includes>:1:10: note: in file included from <module-includes>:1:
1 | #include "signal.h"
  |          `- note: in file included from <module-includes>:1:
2 |
[5/66] Compiling AgenticKit SkillLoader.swift
<unknown>:0: warning: upcoming feature 'InferSendableFromCaptures' is already enabled as of Swift version 6
<unknown>:0: warning: upcoming feature 'GlobalActorIsolatedTypesUsability' is already enabled as of Swift version 6
<unknown>:0: warning: upcoming feature 'DisableOutwardActorInference' is already enabled as of Swift version 6
/host/spi-builder-workspace/Sources/AgenticKit/BuiltinTools/RegexWatchdog.swift:2:8: error: no such module 'Dispatch'
  1 | import Foundation
  2 | import Dispatch
    |        `- error: no such module 'Dispatch'
  3 |
  4 | /// Bounds a single regex evaluation (or any CPU-bound synchronous closure)
/root/.swiftpm/swift-sdks/swift-wasm-6.1-RELEASE-wasm32-unknown-wasi.artifactbundle/6.1-RELEASE-wasm32-unknown-wasi/wasm32-unknown-wasi/swift.xctoolchain/usr/lib/swift_static/CoreFoundation/CoreFoundation.h:28:10: note: while building module 'wasi_emulated_signal' imported from /root/.swiftpm/swift-sdks/swift-wasm-6.1-RELEASE-wasm32-unknown-wasi.artifactbundle/6.1-RELEASE-wasm32-unknown-wasi/wasm32-unknown-wasi/swift.xctoolchain/usr/lib/swift_static/CoreFoundation/CoreFoundation.h:28:
 26 | #include <setjmp.h>
 27 | #endif
 28 | #include <signal.h>
    |          `- note: while building module 'wasi_emulated_signal' imported from /root/.swiftpm/swift-sdks/swift-wasm-6.1-RELEASE-wasm32-unknown-wasi.artifactbundle/6.1-RELEASE-wasm32-unknown-wasi/wasm32-unknown-wasi/swift.xctoolchain/usr/lib/swift_static/CoreFoundation/CoreFoundation.h:28:
 29 | #include <stddef.h>
 30 | #include <stdio.h>
<module-includes>:1:10: note: in file included from <module-includes>:1:
1 | #include "signal.h"
  |          `- note: in file included from <module-includes>:1:
2 |
[6/66] Compiling AgenticKit AgentDefinition.swift
<unknown>:0: warning: upcoming feature 'InferSendableFromCaptures' is already enabled as of Swift version 6
<unknown>:0: warning: upcoming feature 'GlobalActorIsolatedTypesUsability' is already enabled as of Swift version 6
<unknown>:0: warning: upcoming feature 'DisableOutwardActorInference' is already enabled as of Swift version 6
/host/spi-builder-workspace/Sources/AgenticKit/BuiltinTools/RegexWatchdog.swift:2:8: error: no such module 'Dispatch'
  1 | import Foundation
  2 | import Dispatch
    |        `- error: no such module 'Dispatch'
  3 |
  4 | /// Bounds a single regex evaluation (or any CPU-bound synchronous closure)
/root/.swiftpm/swift-sdks/swift-wasm-6.1-RELEASE-wasm32-unknown-wasi.artifactbundle/6.1-RELEASE-wasm32-unknown-wasi/wasm32-unknown-wasi/swift.xctoolchain/usr/lib/swift_static/CoreFoundation/CoreFoundation.h:28:10: note: while building module 'wasi_emulated_signal' imported from /root/.swiftpm/swift-sdks/swift-wasm-6.1-RELEASE-wasm32-unknown-wasi.artifactbundle/6.1-RELEASE-wasm32-unknown-wasi/wasm32-unknown-wasi/swift.xctoolchain/usr/lib/swift_static/CoreFoundation/CoreFoundation.h:28:
 26 | #include <setjmp.h>
 27 | #endif
 28 | #include <signal.h>
    |          `- note: while building module 'wasi_emulated_signal' imported from /root/.swiftpm/swift-sdks/swift-wasm-6.1-RELEASE-wasm32-unknown-wasi.artifactbundle/6.1-RELEASE-wasm32-unknown-wasi/wasm32-unknown-wasi/swift.xctoolchain/usr/lib/swift_static/CoreFoundation/CoreFoundation.h:28:
 29 | #include <stddef.h>
 30 | #include <stdio.h>
<module-includes>:1:10: note: in file included from <module-includes>:1:
1 | #include "signal.h"
  |          `- note: in file included from <module-includes>:1:
2 |
[7/66] Compiling AgenticKit TaskTool.swift
<unknown>:0: warning: upcoming feature 'InferSendableFromCaptures' is already enabled as of Swift version 6
<unknown>:0: warning: upcoming feature 'GlobalActorIsolatedTypesUsability' is already enabled as of Swift version 6
<unknown>:0: warning: upcoming feature 'DisableOutwardActorInference' is already enabled as of Swift version 6
/host/spi-builder-workspace/Sources/AgenticKit/BuiltinTools/RegexWatchdog.swift:2:8: error: no such module 'Dispatch'
  1 | import Foundation
  2 | import Dispatch
    |        `- error: no such module 'Dispatch'
  3 |
  4 | /// Bounds a single regex evaluation (or any CPU-bound synchronous closure)
/root/.swiftpm/swift-sdks/swift-wasm-6.1-RELEASE-wasm32-unknown-wasi.artifactbundle/6.1-RELEASE-wasm32-unknown-wasi/wasm32-unknown-wasi/swift.xctoolchain/usr/lib/swift_static/CoreFoundation/CoreFoundation.h:28:10: note: while building module 'wasi_emulated_signal' imported from /root/.swiftpm/swift-sdks/swift-wasm-6.1-RELEASE-wasm32-unknown-wasi.artifactbundle/6.1-RELEASE-wasm32-unknown-wasi/wasm32-unknown-wasi/swift.xctoolchain/usr/lib/swift_static/CoreFoundation/CoreFoundation.h:28:
 26 | #include <setjmp.h>
 27 | #endif
 28 | #include <signal.h>
    |          `- note: while building module 'wasi_emulated_signal' imported from /root/.swiftpm/swift-sdks/swift-wasm-6.1-RELEASE-wasm32-unknown-wasi.artifactbundle/6.1-RELEASE-wasm32-unknown-wasi/wasm32-unknown-wasi/swift.xctoolchain/usr/lib/swift_static/CoreFoundation/CoreFoundation.h:28:
 29 | #include <stddef.h>
 30 | #include <stdio.h>
<module-includes>:1:10: note: in file included from <module-includes>:1:
1 | #include "signal.h"
  |          `- note: in file included from <module-includes>:1:
2 |
[8/66] Compiling AgenticKit Tool.swift
<unknown>:0: warning: upcoming feature 'InferSendableFromCaptures' is already enabled as of Swift version 6
<unknown>:0: warning: upcoming feature 'GlobalActorIsolatedTypesUsability' is already enabled as of Swift version 6
<unknown>:0: warning: upcoming feature 'DisableOutwardActorInference' is already enabled as of Swift version 6
/host/spi-builder-workspace/Sources/AgenticKit/BuiltinTools/RegexWatchdog.swift:2:8: error: no such module 'Dispatch'
  1 | import Foundation
  2 | import Dispatch
    |        `- error: no such module 'Dispatch'
  3 |
  4 | /// Bounds a single regex evaluation (or any CPU-bound synchronous closure)
/root/.swiftpm/swift-sdks/swift-wasm-6.1-RELEASE-wasm32-unknown-wasi.artifactbundle/6.1-RELEASE-wasm32-unknown-wasi/wasm32-unknown-wasi/swift.xctoolchain/usr/lib/swift_static/CoreFoundation/CoreFoundation.h:28:10: note: while building module 'wasi_emulated_signal' imported from /root/.swiftpm/swift-sdks/swift-wasm-6.1-RELEASE-wasm32-unknown-wasi.artifactbundle/6.1-RELEASE-wasm32-unknown-wasi/wasm32-unknown-wasi/swift.xctoolchain/usr/lib/swift_static/CoreFoundation/CoreFoundation.h:28:
 26 | #include <setjmp.h>
 27 | #endif
 28 | #include <signal.h>
    |          `- note: while building module 'wasi_emulated_signal' imported from /root/.swiftpm/swift-sdks/swift-wasm-6.1-RELEASE-wasm32-unknown-wasi.artifactbundle/6.1-RELEASE-wasm32-unknown-wasi/wasm32-unknown-wasi/swift.xctoolchain/usr/lib/swift_static/CoreFoundation/CoreFoundation.h:28:
 29 | #include <stddef.h>
 30 | #include <stdio.h>
<module-includes>:1:10: note: in file included from <module-includes>:1:
1 | #include "signal.h"
  |          `- note: in file included from <module-includes>:1:
2 |
[9/66] Compiling AgenticKit ToolRegistry.swift
<unknown>:0: warning: upcoming feature 'InferSendableFromCaptures' is already enabled as of Swift version 6
<unknown>:0: warning: upcoming feature 'GlobalActorIsolatedTypesUsability' is already enabled as of Swift version 6
<unknown>:0: warning: upcoming feature 'DisableOutwardActorInference' is already enabled as of Swift version 6
/host/spi-builder-workspace/Sources/AgenticKit/BuiltinTools/RegexWatchdog.swift:2:8: error: no such module 'Dispatch'
  1 | import Foundation
  2 | import Dispatch
    |        `- error: no such module 'Dispatch'
  3 |
  4 | /// Bounds a single regex evaluation (or any CPU-bound synchronous closure)
/root/.swiftpm/swift-sdks/swift-wasm-6.1-RELEASE-wasm32-unknown-wasi.artifactbundle/6.1-RELEASE-wasm32-unknown-wasi/wasm32-unknown-wasi/swift.xctoolchain/usr/lib/swift_static/CoreFoundation/CoreFoundation.h:28:10: note: while building module 'wasi_emulated_signal' imported from /root/.swiftpm/swift-sdks/swift-wasm-6.1-RELEASE-wasm32-unknown-wasi.artifactbundle/6.1-RELEASE-wasm32-unknown-wasi/wasm32-unknown-wasi/swift.xctoolchain/usr/lib/swift_static/CoreFoundation/CoreFoundation.h:28:
 26 | #include <setjmp.h>
 27 | #endif
 28 | #include <signal.h>
    |          `- note: while building module 'wasi_emulated_signal' imported from /root/.swiftpm/swift-sdks/swift-wasm-6.1-RELEASE-wasm32-unknown-wasi.artifactbundle/6.1-RELEASE-wasm32-unknown-wasi/wasm32-unknown-wasi/swift.xctoolchain/usr/lib/swift_static/CoreFoundation/CoreFoundation.h:28:
 29 | #include <stddef.h>
 30 | #include <stdio.h>
<module-includes>:1:10: note: in file included from <module-includes>:1:
1 | #include "signal.h"
  |          `- note: in file included from <module-includes>:1:
2 |
[10/66] Compiling AgenticKit ToolSearchTool.swift
<unknown>:0: warning: upcoming feature 'InferSendableFromCaptures' is already enabled as of Swift version 6
<unknown>:0: warning: upcoming feature 'GlobalActorIsolatedTypesUsability' is already enabled as of Swift version 6
<unknown>:0: warning: upcoming feature 'DisableOutwardActorInference' is already enabled as of Swift version 6
/host/spi-builder-workspace/Sources/AgenticKit/BuiltinTools/RegexWatchdog.swift:2:8: error: no such module 'Dispatch'
  1 | import Foundation
  2 | import Dispatch
    |        `- error: no such module 'Dispatch'
  3 |
  4 | /// Bounds a single regex evaluation (or any CPU-bound synchronous closure)
/root/.swiftpm/swift-sdks/swift-wasm-6.1-RELEASE-wasm32-unknown-wasi.artifactbundle/6.1-RELEASE-wasm32-unknown-wasi/wasm32-unknown-wasi/swift.xctoolchain/usr/lib/swift_static/CoreFoundation/CoreFoundation.h:28:10: note: while building module 'wasi_emulated_signal' imported from /root/.swiftpm/swift-sdks/swift-wasm-6.1-RELEASE-wasm32-unknown-wasi.artifactbundle/6.1-RELEASE-wasm32-unknown-wasi/wasm32-unknown-wasi/swift.xctoolchain/usr/lib/swift_static/CoreFoundation/CoreFoundation.h:28:
 26 | #include <setjmp.h>
 27 | #endif
 28 | #include <signal.h>
    |          `- note: while building module 'wasi_emulated_signal' imported from /root/.swiftpm/swift-sdks/swift-wasm-6.1-RELEASE-wasm32-unknown-wasi.artifactbundle/6.1-RELEASE-wasm32-unknown-wasi/wasm32-unknown-wasi/swift.xctoolchain/usr/lib/swift_static/CoreFoundation/CoreFoundation.h:28:
 29 | #include <stddef.h>
 30 | #include <stdio.h>
<module-includes>:1:10: note: in file included from <module-includes>:1:
1 | #include "signal.h"
  |          `- note: in file included from <module-includes>:1:
2 |
[11/66] Compiling AgenticKit resource_bundle_accessor.swift
<unknown>:0: warning: upcoming feature 'InferSendableFromCaptures' is already enabled as of Swift version 6
<unknown>:0: warning: upcoming feature 'GlobalActorIsolatedTypesUsability' is already enabled as of Swift version 6
<unknown>:0: warning: upcoming feature 'DisableOutwardActorInference' is already enabled as of Swift version 6
/host/spi-builder-workspace/Sources/AgenticKit/BuiltinTools/RegexWatchdog.swift:2:8: error: no such module 'Dispatch'
  1 | import Foundation
  2 | import Dispatch
    |        `- error: no such module 'Dispatch'
  3 |
  4 | /// Bounds a single regex evaluation (or any CPU-bound synchronous closure)
/root/.swiftpm/swift-sdks/swift-wasm-6.1-RELEASE-wasm32-unknown-wasi.artifactbundle/6.1-RELEASE-wasm32-unknown-wasi/wasm32-unknown-wasi/swift.xctoolchain/usr/lib/swift_static/CoreFoundation/CoreFoundation.h:28:10: note: while building module 'wasi_emulated_signal' imported from /root/.swiftpm/swift-sdks/swift-wasm-6.1-RELEASE-wasm32-unknown-wasi.artifactbundle/6.1-RELEASE-wasm32-unknown-wasi/wasm32-unknown-wasi/swift.xctoolchain/usr/lib/swift_static/CoreFoundation/CoreFoundation.h:28:
 26 | #include <setjmp.h>
 27 | #endif
 28 | #include <signal.h>
    |          `- note: while building module 'wasi_emulated_signal' imported from /root/.swiftpm/swift-sdks/swift-wasm-6.1-RELEASE-wasm32-unknown-wasi.artifactbundle/6.1-RELEASE-wasm32-unknown-wasi/wasm32-unknown-wasi/swift.xctoolchain/usr/lib/swift_static/CoreFoundation/CoreFoundation.h:28:
 29 | #include <stddef.h>
 30 | #include <stdio.h>
<module-includes>:1:10: note: in file included from <module-includes>:1:
1 | #include "signal.h"
  |          `- note: in file included from <module-includes>:1:
2 |
[12/66] Compiling AgenticKit Conversation.swift
<unknown>:0: warning: upcoming feature 'InferSendableFromCaptures' is already enabled as of Swift version 6
<unknown>:0: warning: upcoming feature 'GlobalActorIsolatedTypesUsability' is already enabled as of Swift version 6
<unknown>:0: warning: upcoming feature 'DisableOutwardActorInference' is already enabled as of Swift version 6
/host/spi-builder-workspace/Sources/AgenticKit/BuiltinTools/RegexWatchdog.swift:2:8: error: no such module 'Dispatch'
  1 | import Foundation
  2 | import Dispatch
    |        `- error: no such module 'Dispatch'
  3 |
  4 | /// Bounds a single regex evaluation (or any CPU-bound synchronous closure)
/root/.swiftpm/swift-sdks/swift-wasm-6.1-RELEASE-wasm32-unknown-wasi.artifactbundle/6.1-RELEASE-wasm32-unknown-wasi/wasm32-unknown-wasi/swift.xctoolchain/usr/lib/swift_static/CoreFoundation/CoreFoundation.h:28:10: note: while building module 'wasi_emulated_signal' imported from /root/.swiftpm/swift-sdks/swift-wasm-6.1-RELEASE-wasm32-unknown-wasi.artifactbundle/6.1-RELEASE-wasm32-unknown-wasi/wasm32-unknown-wasi/swift.xctoolchain/usr/lib/swift_static/CoreFoundation/CoreFoundation.h:28:
 26 | #include <setjmp.h>
 27 | #endif
 28 | #include <signal.h>
    |          `- note: while building module 'wasi_emulated_signal' imported from /root/.swiftpm/swift-sdks/swift-wasm-6.1-RELEASE-wasm32-unknown-wasi.artifactbundle/6.1-RELEASE-wasm32-unknown-wasi/wasm32-unknown-wasi/swift.xctoolchain/usr/lib/swift_static/CoreFoundation/CoreFoundation.h:28:
 29 | #include <stddef.h>
 30 | #include <stdio.h>
<module-includes>:1:10: note: in file included from <module-includes>:1:
1 | #include "signal.h"
  |          `- note: in file included from <module-includes>:1:
2 |
[13/66] Compiling AgenticKit Query.swift
<unknown>:0: warning: upcoming feature 'InferSendableFromCaptures' is already enabled as of Swift version 6
<unknown>:0: warning: upcoming feature 'GlobalActorIsolatedTypesUsability' is already enabled as of Swift version 6
<unknown>:0: warning: upcoming feature 'DisableOutwardActorInference' is already enabled as of Swift version 6
/host/spi-builder-workspace/Sources/AgenticKit/BuiltinTools/RegexWatchdog.swift:2:8: error: no such module 'Dispatch'
  1 | import Foundation
  2 | import Dispatch
    |        `- error: no such module 'Dispatch'
  3 |
  4 | /// Bounds a single regex evaluation (or any CPU-bound synchronous closure)
/root/.swiftpm/swift-sdks/swift-wasm-6.1-RELEASE-wasm32-unknown-wasi.artifactbundle/6.1-RELEASE-wasm32-unknown-wasi/wasm32-unknown-wasi/swift.xctoolchain/usr/lib/swift_static/CoreFoundation/CoreFoundation.h:28:10: note: while building module 'wasi_emulated_signal' imported from /root/.swiftpm/swift-sdks/swift-wasm-6.1-RELEASE-wasm32-unknown-wasi.artifactbundle/6.1-RELEASE-wasm32-unknown-wasi/wasm32-unknown-wasi/swift.xctoolchain/usr/lib/swift_static/CoreFoundation/CoreFoundation.h:28:
 26 | #include <setjmp.h>
 27 | #endif
 28 | #include <signal.h>
    |          `- note: while building module 'wasi_emulated_signal' imported from /root/.swiftpm/swift-sdks/swift-wasm-6.1-RELEASE-wasm32-unknown-wasi.artifactbundle/6.1-RELEASE-wasm32-unknown-wasi/wasm32-unknown-wasi/swift.xctoolchain/usr/lib/swift_static/CoreFoundation/CoreFoundation.h:28:
 29 | #include <stddef.h>
 30 | #include <stdio.h>
<module-includes>:1:10: note: in file included from <module-includes>:1:
1 | #include "signal.h"
  |          `- note: in file included from <module-includes>:1:
2 |
[14/66] Compiling AgenticKit ContextUsage.swift
<unknown>:0: warning: upcoming feature 'InferSendableFromCaptures' is already enabled as of Swift version 6
<unknown>:0: warning: upcoming feature 'GlobalActorIsolatedTypesUsability' is already enabled as of Swift version 6
<unknown>:0: warning: upcoming feature 'DisableOutwardActorInference' is already enabled as of Swift version 6
/host/spi-builder-workspace/Sources/AgenticKit/BuiltinTools/RegexWatchdog.swift:2:8: error: no such module 'Dispatch'
  1 | import Foundation
  2 | import Dispatch
    |        `- error: no such module 'Dispatch'
  3 |
  4 | /// Bounds a single regex evaluation (or any CPU-bound synchronous closure)
/root/.swiftpm/swift-sdks/swift-wasm-6.1-RELEASE-wasm32-unknown-wasi.artifactbundle/6.1-RELEASE-wasm32-unknown-wasi/wasm32-unknown-wasi/swift.xctoolchain/usr/lib/swift_static/CoreFoundation/CoreFoundation.h:28:10: note: while building module 'wasi_emulated_signal' imported from /root/.swiftpm/swift-sdks/swift-wasm-6.1-RELEASE-wasm32-unknown-wasi.artifactbundle/6.1-RELEASE-wasm32-unknown-wasi/wasm32-unknown-wasi/swift.xctoolchain/usr/lib/swift_static/CoreFoundation/CoreFoundation.h:28:
 26 | #include <setjmp.h>
 27 | #endif
 28 | #include <signal.h>
    |          `- note: while building module 'wasi_emulated_signal' imported from /root/.swiftpm/swift-sdks/swift-wasm-6.1-RELEASE-wasm32-unknown-wasi.artifactbundle/6.1-RELEASE-wasm32-unknown-wasi/wasm32-unknown-wasi/swift.xctoolchain/usr/lib/swift_static/CoreFoundation/CoreFoundation.h:28:
 29 | #include <stddef.h>
 30 | #include <stdio.h>
<module-includes>:1:10: note: in file included from <module-includes>:1:
1 | #include "signal.h"
  |          `- note: in file included from <module-includes>:1:
2 |
[15/66] Compiling AgenticKit Session.swift
<unknown>:0: warning: upcoming feature 'InferSendableFromCaptures' is already enabled as of Swift version 6
<unknown>:0: warning: upcoming feature 'GlobalActorIsolatedTypesUsability' is already enabled as of Swift version 6
<unknown>:0: warning: upcoming feature 'DisableOutwardActorInference' is already enabled as of Swift version 6
/host/spi-builder-workspace/Sources/AgenticKit/BuiltinTools/RegexWatchdog.swift:2:8: error: no such module 'Dispatch'
  1 | import Foundation
  2 | import Dispatch
    |        `- error: no such module 'Dispatch'
  3 |
  4 | /// Bounds a single regex evaluation (or any CPU-bound synchronous closure)
/root/.swiftpm/swift-sdks/swift-wasm-6.1-RELEASE-wasm32-unknown-wasi.artifactbundle/6.1-RELEASE-wasm32-unknown-wasi/wasm32-unknown-wasi/swift.xctoolchain/usr/lib/swift_static/CoreFoundation/CoreFoundation.h:28:10: note: while building module 'wasi_emulated_signal' imported from /root/.swiftpm/swift-sdks/swift-wasm-6.1-RELEASE-wasm32-unknown-wasi.artifactbundle/6.1-RELEASE-wasm32-unknown-wasi/wasm32-unknown-wasi/swift.xctoolchain/usr/lib/swift_static/CoreFoundation/CoreFoundation.h:28:
 26 | #include <setjmp.h>
 27 | #endif
 28 | #include <signal.h>
    |          `- note: while building module 'wasi_emulated_signal' imported from /root/.swiftpm/swift-sdks/swift-wasm-6.1-RELEASE-wasm32-unknown-wasi.artifactbundle/6.1-RELEASE-wasm32-unknown-wasi/wasm32-unknown-wasi/swift.xctoolchain/usr/lib/swift_static/CoreFoundation/CoreFoundation.h:28:
 29 | #include <stddef.h>
 30 | #include <stdio.h>
<module-includes>:1:10: note: in file included from <module-includes>:1:
1 | #include "signal.h"
  |          `- note: in file included from <module-includes>:1:
2 |
[16/66] Compiling AgenticKit SessionStore.swift
<unknown>:0: warning: upcoming feature 'InferSendableFromCaptures' is already enabled as of Swift version 6
<unknown>:0: warning: upcoming feature 'GlobalActorIsolatedTypesUsability' is already enabled as of Swift version 6
<unknown>:0: warning: upcoming feature 'DisableOutwardActorInference' is already enabled as of Swift version 6
/host/spi-builder-workspace/Sources/AgenticKit/BuiltinTools/RegexWatchdog.swift:2:8: error: no such module 'Dispatch'
  1 | import Foundation
  2 | import Dispatch
    |        `- error: no such module 'Dispatch'
  3 |
  4 | /// Bounds a single regex evaluation (or any CPU-bound synchronous closure)
/root/.swiftpm/swift-sdks/swift-wasm-6.1-RELEASE-wasm32-unknown-wasi.artifactbundle/6.1-RELEASE-wasm32-unknown-wasi/wasm32-unknown-wasi/swift.xctoolchain/usr/lib/swift_static/CoreFoundation/CoreFoundation.h:28:10: note: while building module 'wasi_emulated_signal' imported from /root/.swiftpm/swift-sdks/swift-wasm-6.1-RELEASE-wasm32-unknown-wasi.artifactbundle/6.1-RELEASE-wasm32-unknown-wasi/wasm32-unknown-wasi/swift.xctoolchain/usr/lib/swift_static/CoreFoundation/CoreFoundation.h:28:
 26 | #include <setjmp.h>
 27 | #endif
 28 | #include <signal.h>
    |          `- note: while building module 'wasi_emulated_signal' imported from /root/.swiftpm/swift-sdks/swift-wasm-6.1-RELEASE-wasm32-unknown-wasi.artifactbundle/6.1-RELEASE-wasm32-unknown-wasi/wasm32-unknown-wasi/swift.xctoolchain/usr/lib/swift_static/CoreFoundation/CoreFoundation.h:28:
 29 | #include <stddef.h>
 30 | #include <stdio.h>
<module-includes>:1:10: note: in file included from <module-includes>:1:
1 | #include "signal.h"
  |          `- note: in file included from <module-includes>:1:
2 |
[17/66] Compiling AgenticKit Plugin.swift
<unknown>:0: warning: upcoming feature 'InferSendableFromCaptures' is already enabled as of Swift version 6
<unknown>:0: warning: upcoming feature 'GlobalActorIsolatedTypesUsability' is already enabled as of Swift version 6
<unknown>:0: warning: upcoming feature 'DisableOutwardActorInference' is already enabled as of Swift version 6
/host/spi-builder-workspace/Sources/AgenticKit/BuiltinTools/RegexWatchdog.swift:2:8: error: no such module 'Dispatch'
  1 | import Foundation
  2 | import Dispatch
    |        `- error: no such module 'Dispatch'
  3 |
  4 | /// Bounds a single regex evaluation (or any CPU-bound synchronous closure)
/root/.swiftpm/swift-sdks/swift-wasm-6.1-RELEASE-wasm32-unknown-wasi.artifactbundle/6.1-RELEASE-wasm32-unknown-wasi/wasm32-unknown-wasi/swift.xctoolchain/usr/lib/swift_static/CoreFoundation/CoreFoundation.h:28:10: note: while building module 'wasi_emulated_signal' imported from /root/.swiftpm/swift-sdks/swift-wasm-6.1-RELEASE-wasm32-unknown-wasi.artifactbundle/6.1-RELEASE-wasm32-unknown-wasi/wasm32-unknown-wasi/swift.xctoolchain/usr/lib/swift_static/CoreFoundation/CoreFoundation.h:28:
 26 | #include <setjmp.h>
 27 | #endif
 28 | #include <signal.h>
    |          `- note: while building module 'wasi_emulated_signal' imported from /root/.swiftpm/swift-sdks/swift-wasm-6.1-RELEASE-wasm32-unknown-wasi.artifactbundle/6.1-RELEASE-wasm32-unknown-wasi/wasm32-unknown-wasi/swift.xctoolchain/usr/lib/swift_static/CoreFoundation/CoreFoundation.h:28:
 29 | #include <stddef.h>
 30 | #include <stdio.h>
<module-includes>:1:10: note: in file included from <module-includes>:1:
1 | #include "signal.h"
  |          `- note: in file included from <module-includes>:1:
2 |
[18/66] Compiling AgenticKit Skill.swift
<unknown>:0: warning: upcoming feature 'InferSendableFromCaptures' is already enabled as of Swift version 6
<unknown>:0: warning: upcoming feature 'GlobalActorIsolatedTypesUsability' is already enabled as of Swift version 6
<unknown>:0: warning: upcoming feature 'DisableOutwardActorInference' is already enabled as of Swift version 6
/host/spi-builder-workspace/Sources/AgenticKit/BuiltinTools/RegexWatchdog.swift:2:8: error: no such module 'Dispatch'
  1 | import Foundation
  2 | import Dispatch
    |        `- error: no such module 'Dispatch'
  3 |
  4 | /// Bounds a single regex evaluation (or any CPU-bound synchronous closure)
/root/.swiftpm/swift-sdks/swift-wasm-6.1-RELEASE-wasm32-unknown-wasi.artifactbundle/6.1-RELEASE-wasm32-unknown-wasi/wasm32-unknown-wasi/swift.xctoolchain/usr/lib/swift_static/CoreFoundation/CoreFoundation.h:28:10: note: while building module 'wasi_emulated_signal' imported from /root/.swiftpm/swift-sdks/swift-wasm-6.1-RELEASE-wasm32-unknown-wasi.artifactbundle/6.1-RELEASE-wasm32-unknown-wasi/wasm32-unknown-wasi/swift.xctoolchain/usr/lib/swift_static/CoreFoundation/CoreFoundation.h:28:
 26 | #include <setjmp.h>
 27 | #endif
 28 | #include <signal.h>
    |          `- note: while building module 'wasi_emulated_signal' imported from /root/.swiftpm/swift-sdks/swift-wasm-6.1-RELEASE-wasm32-unknown-wasi.artifactbundle/6.1-RELEASE-wasm32-unknown-wasi/wasm32-unknown-wasi/swift.xctoolchain/usr/lib/swift_static/CoreFoundation/CoreFoundation.h:28:
 29 | #include <stddef.h>
 30 | #include <stdio.h>
<module-includes>:1:10: note: in file included from <module-includes>:1:
1 | #include "signal.h"
  |          `- note: in file included from <module-includes>:1:
2 |
[19/66] Compiling AgenticKit OpenAIWire.swift
<unknown>:0: warning: upcoming feature 'InferSendableFromCaptures' is already enabled as of Swift version 6
<unknown>:0: warning: upcoming feature 'GlobalActorIsolatedTypesUsability' is already enabled as of Swift version 6
<unknown>:0: warning: upcoming feature 'DisableOutwardActorInference' is already enabled as of Swift version 6
/host/spi-builder-workspace/Sources/AgenticKit/BuiltinTools/RegexWatchdog.swift:2:8: error: no such module 'Dispatch'
  1 | import Foundation
  2 | import Dispatch
    |        `- error: no such module 'Dispatch'
  3 |
  4 | /// Bounds a single regex evaluation (or any CPU-bound synchronous closure)
/root/.swiftpm/swift-sdks/swift-wasm-6.1-RELEASE-wasm32-unknown-wasi.artifactbundle/6.1-RELEASE-wasm32-unknown-wasi/wasm32-unknown-wasi/swift.xctoolchain/usr/lib/swift_static/CoreFoundation/CoreFoundation.h:28:10: note: while building module 'wasi_emulated_signal' imported from /root/.swiftpm/swift-sdks/swift-wasm-6.1-RELEASE-wasm32-unknown-wasi.artifactbundle/6.1-RELEASE-wasm32-unknown-wasi/wasm32-unknown-wasi/swift.xctoolchain/usr/lib/swift_static/CoreFoundation/CoreFoundation.h:28:
 26 | #include <setjmp.h>
 27 | #endif
 28 | #include <signal.h>
    |          `- note: while building module 'wasi_emulated_signal' imported from /root/.swiftpm/swift-sdks/swift-wasm-6.1-RELEASE-wasm32-unknown-wasi.artifactbundle/6.1-RELEASE-wasm32-unknown-wasi/wasm32-unknown-wasi/swift.xctoolchain/usr/lib/swift_static/CoreFoundation/CoreFoundation.h:28:
 29 | #include <stddef.h>
 30 | #include <stdio.h>
<module-includes>:1:10: note: in file included from <module-includes>:1:
1 | #include "signal.h"
  |          `- note: in file included from <module-includes>:1:
2 |
[20/66] Compiling AgenticKit ProviderStreamSupport.swift
<unknown>:0: warning: upcoming feature 'InferSendableFromCaptures' is already enabled as of Swift version 6
<unknown>:0: warning: upcoming feature 'GlobalActorIsolatedTypesUsability' is already enabled as of Swift version 6
<unknown>:0: warning: upcoming feature 'DisableOutwardActorInference' is already enabled as of Swift version 6
/host/spi-builder-workspace/Sources/AgenticKit/BuiltinTools/RegexWatchdog.swift:2:8: error: no such module 'Dispatch'
  1 | import Foundation
  2 | import Dispatch
    |        `- error: no such module 'Dispatch'
  3 |
  4 | /// Bounds a single regex evaluation (or any CPU-bound synchronous closure)
/root/.swiftpm/swift-sdks/swift-wasm-6.1-RELEASE-wasm32-unknown-wasi.artifactbundle/6.1-RELEASE-wasm32-unknown-wasi/wasm32-unknown-wasi/swift.xctoolchain/usr/lib/swift_static/CoreFoundation/CoreFoundation.h:28:10: note: while building module 'wasi_emulated_signal' imported from /root/.swiftpm/swift-sdks/swift-wasm-6.1-RELEASE-wasm32-unknown-wasi.artifactbundle/6.1-RELEASE-wasm32-unknown-wasi/wasm32-unknown-wasi/swift.xctoolchain/usr/lib/swift_static/CoreFoundation/CoreFoundation.h:28:
 26 | #include <setjmp.h>
 27 | #endif
 28 | #include <signal.h>
    |          `- note: while building module 'wasi_emulated_signal' imported from /root/.swiftpm/swift-sdks/swift-wasm-6.1-RELEASE-wasm32-unknown-wasi.artifactbundle/6.1-RELEASE-wasm32-unknown-wasi/wasm32-unknown-wasi/swift.xctoolchain/usr/lib/swift_static/CoreFoundation/CoreFoundation.h:28:
 29 | #include <stddef.h>
 30 | #include <stdio.h>
<module-includes>:1:10: note: in file included from <module-includes>:1:
1 | #include "signal.h"
  |          `- note: in file included from <module-includes>:1:
2 |
[21/66] Compiling AgenticKit SSE.swift
<unknown>:0: warning: upcoming feature 'InferSendableFromCaptures' is already enabled as of Swift version 6
<unknown>:0: warning: upcoming feature 'GlobalActorIsolatedTypesUsability' is already enabled as of Swift version 6
<unknown>:0: warning: upcoming feature 'DisableOutwardActorInference' is already enabled as of Swift version 6
/host/spi-builder-workspace/Sources/AgenticKit/BuiltinTools/RegexWatchdog.swift:2:8: error: no such module 'Dispatch'
  1 | import Foundation
  2 | import Dispatch
    |        `- error: no such module 'Dispatch'
  3 |
  4 | /// Bounds a single regex evaluation (or any CPU-bound synchronous closure)
/root/.swiftpm/swift-sdks/swift-wasm-6.1-RELEASE-wasm32-unknown-wasi.artifactbundle/6.1-RELEASE-wasm32-unknown-wasi/wasm32-unknown-wasi/swift.xctoolchain/usr/lib/swift_static/CoreFoundation/CoreFoundation.h:28:10: note: while building module 'wasi_emulated_signal' imported from /root/.swiftpm/swift-sdks/swift-wasm-6.1-RELEASE-wasm32-unknown-wasi.artifactbundle/6.1-RELEASE-wasm32-unknown-wasi/wasm32-unknown-wasi/swift.xctoolchain/usr/lib/swift_static/CoreFoundation/CoreFoundation.h:28:
 26 | #include <setjmp.h>
 27 | #endif
 28 | #include <signal.h>
    |          `- note: while building module 'wasi_emulated_signal' imported from /root/.swiftpm/swift-sdks/swift-wasm-6.1-RELEASE-wasm32-unknown-wasi.artifactbundle/6.1-RELEASE-wasm32-unknown-wasi/wasm32-unknown-wasi/swift.xctoolchain/usr/lib/swift_static/CoreFoundation/CoreFoundation.h:28:
 29 | #include <stddef.h>
 30 | #include <stdio.h>
<module-includes>:1:10: note: in file included from <module-includes>:1:
1 | #include "signal.h"
  |          `- note: in file included from <module-includes>:1:
2 |
[22/66] Compiling AgenticKit WireEncoding.swift
<unknown>:0: warning: upcoming feature 'InferSendableFromCaptures' is already enabled as of Swift version 6
<unknown>:0: warning: upcoming feature 'GlobalActorIsolatedTypesUsability' is already enabled as of Swift version 6
<unknown>:0: warning: upcoming feature 'DisableOutwardActorInference' is already enabled as of Swift version 6
/host/spi-builder-workspace/Sources/AgenticKit/BuiltinTools/RegexWatchdog.swift:2:8: error: no such module 'Dispatch'
  1 | import Foundation
  2 | import Dispatch
    |        `- error: no such module 'Dispatch'
  3 |
  4 | /// Bounds a single regex evaluation (or any CPU-bound synchronous closure)
/root/.swiftpm/swift-sdks/swift-wasm-6.1-RELEASE-wasm32-unknown-wasi.artifactbundle/6.1-RELEASE-wasm32-unknown-wasi/wasm32-unknown-wasi/swift.xctoolchain/usr/lib/swift_static/CoreFoundation/CoreFoundation.h:28:10: note: while building module 'wasi_emulated_signal' imported from /root/.swiftpm/swift-sdks/swift-wasm-6.1-RELEASE-wasm32-unknown-wasi.artifactbundle/6.1-RELEASE-wasm32-unknown-wasi/wasm32-unknown-wasi/swift.xctoolchain/usr/lib/swift_static/CoreFoundation/CoreFoundation.h:28:
 26 | #include <setjmp.h>
 27 | #endif
 28 | #include <signal.h>
    |          `- note: while building module 'wasi_emulated_signal' imported from /root/.swiftpm/swift-sdks/swift-wasm-6.1-RELEASE-wasm32-unknown-wasi.artifactbundle/6.1-RELEASE-wasm32-unknown-wasi/wasm32-unknown-wasi/swift.xctoolchain/usr/lib/swift_static/CoreFoundation/CoreFoundation.h:28:
 29 | #include <stddef.h>
 30 | #include <stdio.h>
<module-includes>:1:10: note: in file included from <module-includes>:1:
1 | #include "signal.h"
  |          `- note: in file included from <module-includes>:1:
2 |
[23/66] Compiling AgenticKit WireMessageCache.swift
<unknown>:0: warning: upcoming feature 'InferSendableFromCaptures' is already enabled as of Swift version 6
<unknown>:0: warning: upcoming feature 'GlobalActorIsolatedTypesUsability' is already enabled as of Swift version 6
<unknown>:0: warning: upcoming feature 'DisableOutwardActorInference' is already enabled as of Swift version 6
/host/spi-builder-workspace/Sources/AgenticKit/BuiltinTools/RegexWatchdog.swift:2:8: error: no such module 'Dispatch'
  1 | import Foundation
  2 | import Dispatch
    |        `- error: no such module 'Dispatch'
  3 |
  4 | /// Bounds a single regex evaluation (or any CPU-bound synchronous closure)
/root/.swiftpm/swift-sdks/swift-wasm-6.1-RELEASE-wasm32-unknown-wasi.artifactbundle/6.1-RELEASE-wasm32-unknown-wasi/wasm32-unknown-wasi/swift.xctoolchain/usr/lib/swift_static/CoreFoundation/CoreFoundation.h:28:10: note: while building module 'wasi_emulated_signal' imported from /root/.swiftpm/swift-sdks/swift-wasm-6.1-RELEASE-wasm32-unknown-wasi.artifactbundle/6.1-RELEASE-wasm32-unknown-wasi/wasm32-unknown-wasi/swift.xctoolchain/usr/lib/swift_static/CoreFoundation/CoreFoundation.h:28:
 26 | #include <setjmp.h>
 27 | #endif
 28 | #include <signal.h>
    |          `- note: while building module 'wasi_emulated_signal' imported from /root/.swiftpm/swift-sdks/swift-wasm-6.1-RELEASE-wasm32-unknown-wasi.artifactbundle/6.1-RELEASE-wasm32-unknown-wasi/wasm32-unknown-wasi/swift.xctoolchain/usr/lib/swift_static/CoreFoundation/CoreFoundation.h:28:
 29 | #include <stddef.h>
 30 | #include <stdio.h>
<module-includes>:1:10: note: in file included from <module-includes>:1:
1 | #include "signal.h"
  |          `- note: in file included from <module-includes>:1:
2 |
[24/66] Compiling AgenticKit AgentEngine.swift
<unknown>:0: warning: upcoming feature 'InferSendableFromCaptures' is already enabled as of Swift version 6
<unknown>:0: warning: upcoming feature 'GlobalActorIsolatedTypesUsability' is already enabled as of Swift version 6
<unknown>:0: warning: upcoming feature 'DisableOutwardActorInference' is already enabled as of Swift version 6
/host/spi-builder-workspace/Sources/AgenticKit/BuiltinTools/RegexWatchdog.swift:2:8: error: no such module 'Dispatch'
  1 | import Foundation
  2 | import Dispatch
    |        `- error: no such module 'Dispatch'
  3 |
  4 | /// Bounds a single regex evaluation (or any CPU-bound synchronous closure)
/root/.swiftpm/swift-sdks/swift-wasm-6.1-RELEASE-wasm32-unknown-wasi.artifactbundle/6.1-RELEASE-wasm32-unknown-wasi/wasm32-unknown-wasi/swift.xctoolchain/usr/lib/swift_static/CoreFoundation/CoreFoundation.h:28:10: note: while building module 'wasi_emulated_signal' imported from /root/.swiftpm/swift-sdks/swift-wasm-6.1-RELEASE-wasm32-unknown-wasi.artifactbundle/6.1-RELEASE-wasm32-unknown-wasi/wasm32-unknown-wasi/swift.xctoolchain/usr/lib/swift_static/CoreFoundation/CoreFoundation.h:28:
 26 | #include <setjmp.h>
 27 | #endif
 28 | #include <signal.h>
    |          `- note: while building module 'wasi_emulated_signal' imported from /root/.swiftpm/swift-sdks/swift-wasm-6.1-RELEASE-wasm32-unknown-wasi.artifactbundle/6.1-RELEASE-wasm32-unknown-wasi/wasm32-unknown-wasi/swift.xctoolchain/usr/lib/swift_static/CoreFoundation/CoreFoundation.h:28:
 29 | #include <stddef.h>
 30 | #include <stdio.h>
<module-includes>:1:10: note: in file included from <module-includes>:1:
1 | #include "signal.h"
  |          `- note: in file included from <module-includes>:1:
2 |
[25/66] Compiling AgenticKit AgentQueryBuilder.swift
<unknown>:0: warning: upcoming feature 'InferSendableFromCaptures' is already enabled as of Swift version 6
<unknown>:0: warning: upcoming feature 'GlobalActorIsolatedTypesUsability' is already enabled as of Swift version 6
<unknown>:0: warning: upcoming feature 'DisableOutwardActorInference' is already enabled as of Swift version 6
/host/spi-builder-workspace/Sources/AgenticKit/BuiltinTools/RegexWatchdog.swift:2:8: error: no such module 'Dispatch'
  1 | import Foundation
  2 | import Dispatch
    |        `- error: no such module 'Dispatch'
  3 |
  4 | /// Bounds a single regex evaluation (or any CPU-bound synchronous closure)
/root/.swiftpm/swift-sdks/swift-wasm-6.1-RELEASE-wasm32-unknown-wasi.artifactbundle/6.1-RELEASE-wasm32-unknown-wasi/wasm32-unknown-wasi/swift.xctoolchain/usr/lib/swift_static/CoreFoundation/CoreFoundation.h:28:10: note: while building module 'wasi_emulated_signal' imported from /root/.swiftpm/swift-sdks/swift-wasm-6.1-RELEASE-wasm32-unknown-wasi.artifactbundle/6.1-RELEASE-wasm32-unknown-wasi/wasm32-unknown-wasi/swift.xctoolchain/usr/lib/swift_static/CoreFoundation/CoreFoundation.h:28:
 26 | #include <setjmp.h>
 27 | #endif
 28 | #include <signal.h>
    |          `- note: while building module 'wasi_emulated_signal' imported from /root/.swiftpm/swift-sdks/swift-wasm-6.1-RELEASE-wasm32-unknown-wasi.artifactbundle/6.1-RELEASE-wasm32-unknown-wasi/wasm32-unknown-wasi/swift.xctoolchain/usr/lib/swift_static/CoreFoundation/CoreFoundation.h:28:
 29 | #include <stddef.h>
 30 | #include <stdio.h>
<module-includes>:1:10: note: in file included from <module-includes>:1:
1 | #include "signal.h"
  |          `- note: in file included from <module-includes>:1:
2 |
[26/66] Compiling AgenticKit AgentSession.swift
<unknown>:0: warning: upcoming feature 'InferSendableFromCaptures' is already enabled as of Swift version 6
<unknown>:0: warning: upcoming feature 'GlobalActorIsolatedTypesUsability' is already enabled as of Swift version 6
<unknown>:0: warning: upcoming feature 'DisableOutwardActorInference' is already enabled as of Swift version 6
/host/spi-builder-workspace/Sources/AgenticKit/BuiltinTools/RegexWatchdog.swift:2:8: error: no such module 'Dispatch'
  1 | import Foundation
  2 | import Dispatch
    |        `- error: no such module 'Dispatch'
  3 |
  4 | /// Bounds a single regex evaluation (or any CPU-bound synchronous closure)
/root/.swiftpm/swift-sdks/swift-wasm-6.1-RELEASE-wasm32-unknown-wasi.artifactbundle/6.1-RELEASE-wasm32-unknown-wasi/wasm32-unknown-wasi/swift.xctoolchain/usr/lib/swift_static/CoreFoundation/CoreFoundation.h:28:10: note: while building module 'wasi_emulated_signal' imported from /root/.swiftpm/swift-sdks/swift-wasm-6.1-RELEASE-wasm32-unknown-wasi.artifactbundle/6.1-RELEASE-wasm32-unknown-wasi/wasm32-unknown-wasi/swift.xctoolchain/usr/lib/swift_static/CoreFoundation/CoreFoundation.h:28:
 26 | #include <setjmp.h>
 27 | #endif
 28 | #include <signal.h>
    |          `- note: while building module 'wasi_emulated_signal' imported from /root/.swiftpm/swift-sdks/swift-wasm-6.1-RELEASE-wasm32-unknown-wasi.artifactbundle/6.1-RELEASE-wasm32-unknown-wasi/wasm32-unknown-wasi/swift.xctoolchain/usr/lib/swift_static/CoreFoundation/CoreFoundation.h:28:
 29 | #include <stddef.h>
 30 | #include <stdio.h>
<module-includes>:1:10: note: in file included from <module-includes>:1:
1 | #include "signal.h"
  |          `- note: in file included from <module-includes>:1:
2 |
[27/66] Compiling AgenticKit CostEstimation.swift
<unknown>:0: warning: upcoming feature 'InferSendableFromCaptures' is already enabled as of Swift version 6
<unknown>:0: warning: upcoming feature 'GlobalActorIsolatedTypesUsability' is already enabled as of Swift version 6
<unknown>:0: warning: upcoming feature 'DisableOutwardActorInference' is already enabled as of Swift version 6
/host/spi-builder-workspace/Sources/AgenticKit/BuiltinTools/RegexWatchdog.swift:2:8: error: no such module 'Dispatch'
  1 | import Foundation
  2 | import Dispatch
    |        `- error: no such module 'Dispatch'
  3 |
  4 | /// Bounds a single regex evaluation (or any CPU-bound synchronous closure)
/root/.swiftpm/swift-sdks/swift-wasm-6.1-RELEASE-wasm32-unknown-wasi.artifactbundle/6.1-RELEASE-wasm32-unknown-wasi/wasm32-unknown-wasi/swift.xctoolchain/usr/lib/swift_static/CoreFoundation/CoreFoundation.h:28:10: note: while building module 'wasi_emulated_signal' imported from /root/.swiftpm/swift-sdks/swift-wasm-6.1-RELEASE-wasm32-unknown-wasi.artifactbundle/6.1-RELEASE-wasm32-unknown-wasi/wasm32-unknown-wasi/swift.xctoolchain/usr/lib/swift_static/CoreFoundation/CoreFoundation.h:28:
 26 | #include <setjmp.h>
 27 | #endif
 28 | #include <signal.h>
    |          `- note: while building module 'wasi_emulated_signal' imported from /root/.swiftpm/swift-sdks/swift-wasm-6.1-RELEASE-wasm32-unknown-wasi.artifactbundle/6.1-RELEASE-wasm32-unknown-wasi/wasm32-unknown-wasi/swift.xctoolchain/usr/lib/swift_static/CoreFoundation/CoreFoundation.h:28:
 29 | #include <stddef.h>
 30 | #include <stdio.h>
<module-includes>:1:10: note: in file included from <module-includes>:1:
1 | #include "signal.h"
  |          `- note: in file included from <module-includes>:1:
2 |
[28/66] Compiling AgenticKit Permissions.swift
<unknown>:0: warning: upcoming feature 'InferSendableFromCaptures' is already enabled as of Swift version 6
<unknown>:0: warning: upcoming feature 'GlobalActorIsolatedTypesUsability' is already enabled as of Swift version 6
<unknown>:0: warning: upcoming feature 'DisableOutwardActorInference' is already enabled as of Swift version 6
/host/spi-builder-workspace/Sources/AgenticKit/BuiltinTools/RegexWatchdog.swift:2:8: error: no such module 'Dispatch'
  1 | import Foundation
  2 | import Dispatch
    |        `- error: no such module 'Dispatch'
  3 |
  4 | /// Bounds a single regex evaluation (or any CPU-bound synchronous closure)
/root/.swiftpm/swift-sdks/swift-wasm-6.1-RELEASE-wasm32-unknown-wasi.artifactbundle/6.1-RELEASE-wasm32-unknown-wasi/wasm32-unknown-wasi/swift.xctoolchain/usr/lib/swift_static/CoreFoundation/CoreFoundation.h:28:10: note: while building module 'wasi_emulated_signal' imported from /root/.swiftpm/swift-sdks/swift-wasm-6.1-RELEASE-wasm32-unknown-wasi.artifactbundle/6.1-RELEASE-wasm32-unknown-wasi/wasm32-unknown-wasi/swift.xctoolchain/usr/lib/swift_static/CoreFoundation/CoreFoundation.h:28:
 26 | #include <setjmp.h>
 27 | #endif
 28 | #include <signal.h>
    |          `- note: while building module 'wasi_emulated_signal' imported from /root/.swiftpm/swift-sdks/swift-wasm-6.1-RELEASE-wasm32-unknown-wasi.artifactbundle/6.1-RELEASE-wasm32-unknown-wasi/wasm32-unknown-wasi/swift.xctoolchain/usr/lib/swift_static/CoreFoundation/CoreFoundation.h:28:
 29 | #include <stddef.h>
 30 | #include <stdio.h>
<module-includes>:1:10: note: in file included from <module-includes>:1:
1 | #include "signal.h"
  |          `- note: in file included from <module-includes>:1:
2 |
[29/66] Compiling AgenticKit AnthropicModelProvider.swift
<unknown>:0: warning: upcoming feature 'InferSendableFromCaptures' is already enabled as of Swift version 6
<unknown>:0: warning: upcoming feature 'GlobalActorIsolatedTypesUsability' is already enabled as of Swift version 6
<unknown>:0: warning: upcoming feature 'DisableOutwardActorInference' is already enabled as of Swift version 6
/host/spi-builder-workspace/Sources/AgenticKit/BuiltinTools/RegexWatchdog.swift:2:8: error: no such module 'Dispatch'
  1 | import Foundation
  2 | import Dispatch
    |        `- error: no such module 'Dispatch'
  3 |
  4 | /// Bounds a single regex evaluation (or any CPU-bound synchronous closure)
/root/.swiftpm/swift-sdks/swift-wasm-6.1-RELEASE-wasm32-unknown-wasi.artifactbundle/6.1-RELEASE-wasm32-unknown-wasi/wasm32-unknown-wasi/swift.xctoolchain/usr/lib/swift_static/CoreFoundation/CoreFoundation.h:28:10: note: while building module 'wasi_emulated_signal' imported from /root/.swiftpm/swift-sdks/swift-wasm-6.1-RELEASE-wasm32-unknown-wasi.artifactbundle/6.1-RELEASE-wasm32-unknown-wasi/wasm32-unknown-wasi/swift.xctoolchain/usr/lib/swift_static/CoreFoundation/CoreFoundation.h:28:
 26 | #include <setjmp.h>
 27 | #endif
 28 | #include <signal.h>
    |          `- note: while building module 'wasi_emulated_signal' imported from /root/.swiftpm/swift-sdks/swift-wasm-6.1-RELEASE-wasm32-unknown-wasi.artifactbundle/6.1-RELEASE-wasm32-unknown-wasi/wasm32-unknown-wasi/swift.xctoolchain/usr/lib/swift_static/CoreFoundation/CoreFoundation.h:28:
 29 | #include <stddef.h>
 30 | #include <stdio.h>
<module-includes>:1:10: note: in file included from <module-includes>:1:
1 | #include "signal.h"
  |          `- note: in file included from <module-includes>:1:
2 |
[30/66] Compiling AgenticKit AnthropicWire.swift
<unknown>:0: warning: upcoming feature 'InferSendableFromCaptures' is already enabled as of Swift version 6
<unknown>:0: warning: upcoming feature 'GlobalActorIsolatedTypesUsability' is already enabled as of Swift version 6
<unknown>:0: warning: upcoming feature 'DisableOutwardActorInference' is already enabled as of Swift version 6
/host/spi-builder-workspace/Sources/AgenticKit/BuiltinTools/RegexWatchdog.swift:2:8: error: no such module 'Dispatch'
  1 | import Foundation
  2 | import Dispatch
    |        `- error: no such module 'Dispatch'
  3 |
  4 | /// Bounds a single regex evaluation (or any CPU-bound synchronous closure)
/root/.swiftpm/swift-sdks/swift-wasm-6.1-RELEASE-wasm32-unknown-wasi.artifactbundle/6.1-RELEASE-wasm32-unknown-wasi/wasm32-unknown-wasi/swift.xctoolchain/usr/lib/swift_static/CoreFoundation/CoreFoundation.h:28:10: note: while building module 'wasi_emulated_signal' imported from /root/.swiftpm/swift-sdks/swift-wasm-6.1-RELEASE-wasm32-unknown-wasi.artifactbundle/6.1-RELEASE-wasm32-unknown-wasi/wasm32-unknown-wasi/swift.xctoolchain/usr/lib/swift_static/CoreFoundation/CoreFoundation.h:28:
 26 | #include <setjmp.h>
 27 | #endif
 28 | #include <signal.h>
    |          `- note: while building module 'wasi_emulated_signal' imported from /root/.swiftpm/swift-sdks/swift-wasm-6.1-RELEASE-wasm32-unknown-wasi.artifactbundle/6.1-RELEASE-wasm32-unknown-wasi/wasm32-unknown-wasi/swift.xctoolchain/usr/lib/swift_static/CoreFoundation/CoreFoundation.h:28:
 29 | #include <stddef.h>
 30 | #include <stdio.h>
<module-includes>:1:10: note: in file included from <module-includes>:1:
1 | #include "signal.h"
  |          `- note: in file included from <module-includes>:1:
2 |
[31/66] Compiling AgenticKit ChatCompletionsModelProvider.swift
<unknown>:0: warning: upcoming feature 'InferSendableFromCaptures' is already enabled as of Swift version 6
<unknown>:0: warning: upcoming feature 'GlobalActorIsolatedTypesUsability' is already enabled as of Swift version 6
<unknown>:0: warning: upcoming feature 'DisableOutwardActorInference' is already enabled as of Swift version 6
/host/spi-builder-workspace/Sources/AgenticKit/BuiltinTools/RegexWatchdog.swift:2:8: error: no such module 'Dispatch'
  1 | import Foundation
  2 | import Dispatch
    |        `- error: no such module 'Dispatch'
  3 |
  4 | /// Bounds a single regex evaluation (or any CPU-bound synchronous closure)
/root/.swiftpm/swift-sdks/swift-wasm-6.1-RELEASE-wasm32-unknown-wasi.artifactbundle/6.1-RELEASE-wasm32-unknown-wasi/wasm32-unknown-wasi/swift.xctoolchain/usr/lib/swift_static/CoreFoundation/CoreFoundation.h:28:10: note: while building module 'wasi_emulated_signal' imported from /root/.swiftpm/swift-sdks/swift-wasm-6.1-RELEASE-wasm32-unknown-wasi.artifactbundle/6.1-RELEASE-wasm32-unknown-wasi/wasm32-unknown-wasi/swift.xctoolchain/usr/lib/swift_static/CoreFoundation/CoreFoundation.h:28:
 26 | #include <setjmp.h>
 27 | #endif
 28 | #include <signal.h>
    |          `- note: while building module 'wasi_emulated_signal' imported from /root/.swiftpm/swift-sdks/swift-wasm-6.1-RELEASE-wasm32-unknown-wasi.artifactbundle/6.1-RELEASE-wasm32-unknown-wasi/wasm32-unknown-wasi/swift.xctoolchain/usr/lib/swift_static/CoreFoundation/CoreFoundation.h:28:
 29 | #include <stddef.h>
 30 | #include <stdio.h>
<module-includes>:1:10: note: in file included from <module-includes>:1:
1 | #include "signal.h"
  |          `- note: in file included from <module-includes>:1:
2 |
[32/66] Compiling AgenticKit ChatCompletionsWire.swift
<unknown>:0: warning: upcoming feature 'InferSendableFromCaptures' is already enabled as of Swift version 6
<unknown>:0: warning: upcoming feature 'GlobalActorIsolatedTypesUsability' is already enabled as of Swift version 6
<unknown>:0: warning: upcoming feature 'DisableOutwardActorInference' is already enabled as of Swift version 6
/host/spi-builder-workspace/Sources/AgenticKit/BuiltinTools/RegexWatchdog.swift:2:8: error: no such module 'Dispatch'
  1 | import Foundation
  2 | import Dispatch
    |        `- error: no such module 'Dispatch'
  3 |
  4 | /// Bounds a single regex evaluation (or any CPU-bound synchronous closure)
/root/.swiftpm/swift-sdks/swift-wasm-6.1-RELEASE-wasm32-unknown-wasi.artifactbundle/6.1-RELEASE-wasm32-unknown-wasi/wasm32-unknown-wasi/swift.xctoolchain/usr/lib/swift_static/CoreFoundation/CoreFoundation.h:28:10: note: while building module 'wasi_emulated_signal' imported from /root/.swiftpm/swift-sdks/swift-wasm-6.1-RELEASE-wasm32-unknown-wasi.artifactbundle/6.1-RELEASE-wasm32-unknown-wasi/wasm32-unknown-wasi/swift.xctoolchain/usr/lib/swift_static/CoreFoundation/CoreFoundation.h:28:
 26 | #include <setjmp.h>
 27 | #endif
 28 | #include <signal.h>
    |          `- note: while building module 'wasi_emulated_signal' imported from /root/.swiftpm/swift-sdks/swift-wasm-6.1-RELEASE-wasm32-unknown-wasi.artifactbundle/6.1-RELEASE-wasm32-unknown-wasi/wasm32-unknown-wasi/swift.xctoolchain/usr/lib/swift_static/CoreFoundation/CoreFoundation.h:28:
 29 | #include <stddef.h>
 30 | #include <stdio.h>
<module-includes>:1:10: note: in file included from <module-includes>:1:
1 | #include "signal.h"
  |          `- note: in file included from <module-includes>:1:
2 |
[33/66] Compiling AgenticKit ModelProvider.swift
<unknown>:0: warning: upcoming feature 'InferSendableFromCaptures' is already enabled as of Swift version 6
<unknown>:0: warning: upcoming feature 'GlobalActorIsolatedTypesUsability' is already enabled as of Swift version 6
<unknown>:0: warning: upcoming feature 'DisableOutwardActorInference' is already enabled as of Swift version 6
/host/spi-builder-workspace/Sources/AgenticKit/BuiltinTools/RegexWatchdog.swift:2:8: error: no such module 'Dispatch'
  1 | import Foundation
  2 | import Dispatch
    |        `- error: no such module 'Dispatch'
  3 |
  4 | /// Bounds a single regex evaluation (or any CPU-bound synchronous closure)
/root/.swiftpm/swift-sdks/swift-wasm-6.1-RELEASE-wasm32-unknown-wasi.artifactbundle/6.1-RELEASE-wasm32-unknown-wasi/wasm32-unknown-wasi/swift.xctoolchain/usr/lib/swift_static/CoreFoundation/CoreFoundation.h:28:10: note: while building module 'wasi_emulated_signal' imported from /root/.swiftpm/swift-sdks/swift-wasm-6.1-RELEASE-wasm32-unknown-wasi.artifactbundle/6.1-RELEASE-wasm32-unknown-wasi/wasm32-unknown-wasi/swift.xctoolchain/usr/lib/swift_static/CoreFoundation/CoreFoundation.h:28:
 26 | #include <setjmp.h>
 27 | #endif
 28 | #include <signal.h>
    |          `- note: while building module 'wasi_emulated_signal' imported from /root/.swiftpm/swift-sdks/swift-wasm-6.1-RELEASE-wasm32-unknown-wasi.artifactbundle/6.1-RELEASE-wasm32-unknown-wasi/wasm32-unknown-wasi/swift.xctoolchain/usr/lib/swift_static/CoreFoundation/CoreFoundation.h:28:
 29 | #include <stddef.h>
 30 | #include <stdio.h>
<module-includes>:1:10: note: in file included from <module-includes>:1:
1 | #include "signal.h"
  |          `- note: in file included from <module-includes>:1:
2 |
[34/66] Compiling AgenticKit OpenAIModelProvider.swift
<unknown>:0: warning: upcoming feature 'InferSendableFromCaptures' is already enabled as of Swift version 6
<unknown>:0: warning: upcoming feature 'GlobalActorIsolatedTypesUsability' is already enabled as of Swift version 6
<unknown>:0: warning: upcoming feature 'DisableOutwardActorInference' is already enabled as of Swift version 6
/host/spi-builder-workspace/Sources/AgenticKit/BuiltinTools/RegexWatchdog.swift:2:8: error: no such module 'Dispatch'
  1 | import Foundation
  2 | import Dispatch
    |        `- error: no such module 'Dispatch'
  3 |
  4 | /// Bounds a single regex evaluation (or any CPU-bound synchronous closure)
/root/.swiftpm/swift-sdks/swift-wasm-6.1-RELEASE-wasm32-unknown-wasi.artifactbundle/6.1-RELEASE-wasm32-unknown-wasi/wasm32-unknown-wasi/swift.xctoolchain/usr/lib/swift_static/CoreFoundation/CoreFoundation.h:28:10: note: while building module 'wasi_emulated_signal' imported from /root/.swiftpm/swift-sdks/swift-wasm-6.1-RELEASE-wasm32-unknown-wasi.artifactbundle/6.1-RELEASE-wasm32-unknown-wasi/wasm32-unknown-wasi/swift.xctoolchain/usr/lib/swift_static/CoreFoundation/CoreFoundation.h:28:
 26 | #include <setjmp.h>
 27 | #endif
 28 | #include <signal.h>
    |          `- note: while building module 'wasi_emulated_signal' imported from /root/.swiftpm/swift-sdks/swift-wasm-6.1-RELEASE-wasm32-unknown-wasi.artifactbundle/6.1-RELEASE-wasm32-unknown-wasi/wasm32-unknown-wasi/swift.xctoolchain/usr/lib/swift_static/CoreFoundation/CoreFoundation.h:28:
 29 | #include <stddef.h>
 30 | #include <stdio.h>
<module-includes>:1:10: note: in file included from <module-includes>:1:
1 | #include "signal.h"
  |          `- note: in file included from <module-includes>:1:
2 |
[35/66] Compiling AgenticKit SearchTools.swift
<unknown>:0: warning: upcoming feature 'InferSendableFromCaptures' is already enabled as of Swift version 6
<unknown>:0: warning: upcoming feature 'GlobalActorIsolatedTypesUsability' is already enabled as of Swift version 6
<unknown>:0: warning: upcoming feature 'DisableOutwardActorInference' is already enabled as of Swift version 6
/host/spi-builder-workspace/Sources/AgenticKit/BuiltinTools/RegexWatchdog.swift:2:8: error: no such module 'Dispatch'
  1 | import Foundation
  2 | import Dispatch
    |        `- error: no such module 'Dispatch'
  3 |
  4 | /// Bounds a single regex evaluation (or any CPU-bound synchronous closure)
/root/.swiftpm/swift-sdks/swift-wasm-6.1-RELEASE-wasm32-unknown-wasi.artifactbundle/6.1-RELEASE-wasm32-unknown-wasi/wasm32-unknown-wasi/swift.xctoolchain/usr/lib/swift_static/CoreFoundation/CoreFoundation.h:28:10: note: while building module 'wasi_emulated_signal' imported from /root/.swiftpm/swift-sdks/swift-wasm-6.1-RELEASE-wasm32-unknown-wasi.artifactbundle/6.1-RELEASE-wasm32-unknown-wasi/wasm32-unknown-wasi/swift.xctoolchain/usr/lib/swift_static/CoreFoundation/CoreFoundation.h:28:
 26 | #include <setjmp.h>
 27 | #endif
 28 | #include <signal.h>
    |          `- note: while building module 'wasi_emulated_signal' imported from /root/.swiftpm/swift-sdks/swift-wasm-6.1-RELEASE-wasm32-unknown-wasi.artifactbundle/6.1-RELEASE-wasm32-unknown-wasi/wasm32-unknown-wasi/swift.xctoolchain/usr/lib/swift_static/CoreFoundation/CoreFoundation.h:28:
 29 | #include <stddef.h>
 30 | #include <stdio.h>
<module-includes>:1:10: note: in file included from <module-includes>:1:
1 | #include "signal.h"
  |          `- note: in file included from <module-includes>:1:
2 |
[36/66] Compiling AgenticKit WebTools.swift
<unknown>:0: warning: upcoming feature 'InferSendableFromCaptures' is already enabled as of Swift version 6
<unknown>:0: warning: upcoming feature 'GlobalActorIsolatedTypesUsability' is already enabled as of Swift version 6
<unknown>:0: warning: upcoming feature 'DisableOutwardActorInference' is already enabled as of Swift version 6
/host/spi-builder-workspace/Sources/AgenticKit/BuiltinTools/RegexWatchdog.swift:2:8: error: no such module 'Dispatch'
  1 | import Foundation
  2 | import Dispatch
    |        `- error: no such module 'Dispatch'
  3 |
  4 | /// Bounds a single regex evaluation (or any CPU-bound synchronous closure)
/root/.swiftpm/swift-sdks/swift-wasm-6.1-RELEASE-wasm32-unknown-wasi.artifactbundle/6.1-RELEASE-wasm32-unknown-wasi/wasm32-unknown-wasi/swift.xctoolchain/usr/lib/swift_static/CoreFoundation/CoreFoundation.h:28:10: note: while building module 'wasi_emulated_signal' imported from /root/.swiftpm/swift-sdks/swift-wasm-6.1-RELEASE-wasm32-unknown-wasi.artifactbundle/6.1-RELEASE-wasm32-unknown-wasi/wasm32-unknown-wasi/swift.xctoolchain/usr/lib/swift_static/CoreFoundation/CoreFoundation.h:28:
 26 | #include <setjmp.h>
 27 | #endif
 28 | #include <signal.h>
    |          `- note: while building module 'wasi_emulated_signal' imported from /root/.swiftpm/swift-sdks/swift-wasm-6.1-RELEASE-wasm32-unknown-wasi.artifactbundle/6.1-RELEASE-wasm32-unknown-wasi/wasm32-unknown-wasi/swift.xctoolchain/usr/lib/swift_static/CoreFoundation/CoreFoundation.h:28:
 29 | #include <stddef.h>
 30 | #include <stdio.h>
<module-includes>:1:10: note: in file included from <module-includes>:1:
1 | #include "signal.h"
  |          `- note: in file included from <module-includes>:1:
2 |
[37/66] Compiling AgenticKit AgentError.swift
<unknown>:0: warning: upcoming feature 'InferSendableFromCaptures' is already enabled as of Swift version 6
<unknown>:0: warning: upcoming feature 'GlobalActorIsolatedTypesUsability' is already enabled as of Swift version 6
<unknown>:0: warning: upcoming feature 'DisableOutwardActorInference' is already enabled as of Swift version 6
/host/spi-builder-workspace/Sources/AgenticKit/BuiltinTools/RegexWatchdog.swift:2:8: error: no such module 'Dispatch'
  1 | import Foundation
  2 | import Dispatch
    |        `- error: no such module 'Dispatch'
  3 |
  4 | /// Bounds a single regex evaluation (or any CPU-bound synchronous closure)
/root/.swiftpm/swift-sdks/swift-wasm-6.1-RELEASE-wasm32-unknown-wasi.artifactbundle/6.1-RELEASE-wasm32-unknown-wasi/wasm32-unknown-wasi/swift.xctoolchain/usr/lib/swift_static/CoreFoundation/CoreFoundation.h:28:10: note: while building module 'wasi_emulated_signal' imported from /root/.swiftpm/swift-sdks/swift-wasm-6.1-RELEASE-wasm32-unknown-wasi.artifactbundle/6.1-RELEASE-wasm32-unknown-wasi/wasm32-unknown-wasi/swift.xctoolchain/usr/lib/swift_static/CoreFoundation/CoreFoundation.h:28:
 26 | #include <setjmp.h>
 27 | #endif
 28 | #include <signal.h>
    |          `- note: while building module 'wasi_emulated_signal' imported from /root/.swiftpm/swift-sdks/swift-wasm-6.1-RELEASE-wasm32-unknown-wasi.artifactbundle/6.1-RELEASE-wasm32-unknown-wasi/wasm32-unknown-wasi/swift.xctoolchain/usr/lib/swift_static/CoreFoundation/CoreFoundation.h:28:
 29 | #include <stddef.h>
 30 | #include <stdio.h>
<module-includes>:1:10: note: in file included from <module-includes>:1:
1 | #include "signal.h"
  |          `- note: in file included from <module-includes>:1:
2 |
[38/66] Compiling AgenticKit ContentBlock.swift
<unknown>:0: warning: upcoming feature 'InferSendableFromCaptures' is already enabled as of Swift version 6
<unknown>:0: warning: upcoming feature 'GlobalActorIsolatedTypesUsability' is already enabled as of Swift version 6
<unknown>:0: warning: upcoming feature 'DisableOutwardActorInference' is already enabled as of Swift version 6
/host/spi-builder-workspace/Sources/AgenticKit/BuiltinTools/RegexWatchdog.swift:2:8: error: no such module 'Dispatch'
  1 | import Foundation
  2 | import Dispatch
    |        `- error: no such module 'Dispatch'
  3 |
  4 | /// Bounds a single regex evaluation (or any CPU-bound synchronous closure)
/root/.swiftpm/swift-sdks/swift-wasm-6.1-RELEASE-wasm32-unknown-wasi.artifactbundle/6.1-RELEASE-wasm32-unknown-wasi/wasm32-unknown-wasi/swift.xctoolchain/usr/lib/swift_static/CoreFoundation/CoreFoundation.h:28:10: note: while building module 'wasi_emulated_signal' imported from /root/.swiftpm/swift-sdks/swift-wasm-6.1-RELEASE-wasm32-unknown-wasi.artifactbundle/6.1-RELEASE-wasm32-unknown-wasi/wasm32-unknown-wasi/swift.xctoolchain/usr/lib/swift_static/CoreFoundation/CoreFoundation.h:28:
 26 | #include <setjmp.h>
 27 | #endif
 28 | #include <signal.h>
    |          `- note: while building module 'wasi_emulated_signal' imported from /root/.swiftpm/swift-sdks/swift-wasm-6.1-RELEASE-wasm32-unknown-wasi.artifactbundle/6.1-RELEASE-wasm32-unknown-wasi/wasm32-unknown-wasi/swift.xctoolchain/usr/lib/swift_static/CoreFoundation/CoreFoundation.h:28:
 29 | #include <stddef.h>
 30 | #include <stdio.h>
<module-includes>:1:10: note: in file included from <module-includes>:1:
1 | #include "signal.h"
  |          `- note: in file included from <module-includes>:1:
2 |
[39/66] Compiling AgenticKit JSONValue.swift
<unknown>:0: warning: upcoming feature 'InferSendableFromCaptures' is already enabled as of Swift version 6
<unknown>:0: warning: upcoming feature 'GlobalActorIsolatedTypesUsability' is already enabled as of Swift version 6
<unknown>:0: warning: upcoming feature 'DisableOutwardActorInference' is already enabled as of Swift version 6
/host/spi-builder-workspace/Sources/AgenticKit/BuiltinTools/RegexWatchdog.swift:2:8: error: no such module 'Dispatch'
  1 | import Foundation
  2 | import Dispatch
    |        `- error: no such module 'Dispatch'
  3 |
  4 | /// Bounds a single regex evaluation (or any CPU-bound synchronous closure)
/root/.swiftpm/swift-sdks/swift-wasm-6.1-RELEASE-wasm32-unknown-wasi.artifactbundle/6.1-RELEASE-wasm32-unknown-wasi/wasm32-unknown-wasi/swift.xctoolchain/usr/lib/swift_static/CoreFoundation/CoreFoundation.h:28:10: note: while building module 'wasi_emulated_signal' imported from /root/.swiftpm/swift-sdks/swift-wasm-6.1-RELEASE-wasm32-unknown-wasi.artifactbundle/6.1-RELEASE-wasm32-unknown-wasi/wasm32-unknown-wasi/swift.xctoolchain/usr/lib/swift_static/CoreFoundation/CoreFoundation.h:28:
 26 | #include <setjmp.h>
 27 | #endif
 28 | #include <signal.h>
    |          `- note: while building module 'wasi_emulated_signal' imported from /root/.swiftpm/swift-sdks/swift-wasm-6.1-RELEASE-wasm32-unknown-wasi.artifactbundle/6.1-RELEASE-wasm32-unknown-wasi/wasm32-unknown-wasi/swift.xctoolchain/usr/lib/swift_static/CoreFoundation/CoreFoundation.h:28:
 29 | #include <stddef.h>
 30 | #include <stdio.h>
<module-includes>:1:10: note: in file included from <module-includes>:1:
1 | #include "signal.h"
  |          `- note: in file included from <module-includes>:1:
2 |
[40/66] Compiling AgenticKit Message.swift
<unknown>:0: warning: upcoming feature 'InferSendableFromCaptures' is already enabled as of Swift version 6
<unknown>:0: warning: upcoming feature 'GlobalActorIsolatedTypesUsability' is already enabled as of Swift version 6
<unknown>:0: warning: upcoming feature 'DisableOutwardActorInference' is already enabled as of Swift version 6
/host/spi-builder-workspace/Sources/AgenticKit/BuiltinTools/RegexWatchdog.swift:2:8: error: no such module 'Dispatch'
  1 | import Foundation
  2 | import Dispatch
    |        `- error: no such module 'Dispatch'
  3 |
  4 | /// Bounds a single regex evaluation (or any CPU-bound synchronous closure)
/root/.swiftpm/swift-sdks/swift-wasm-6.1-RELEASE-wasm32-unknown-wasi.artifactbundle/6.1-RELEASE-wasm32-unknown-wasi/wasm32-unknown-wasi/swift.xctoolchain/usr/lib/swift_static/CoreFoundation/CoreFoundation.h:28:10: note: while building module 'wasi_emulated_signal' imported from /root/.swiftpm/swift-sdks/swift-wasm-6.1-RELEASE-wasm32-unknown-wasi.artifactbundle/6.1-RELEASE-wasm32-unknown-wasi/wasm32-unknown-wasi/swift.xctoolchain/usr/lib/swift_static/CoreFoundation/CoreFoundation.h:28:
 26 | #include <setjmp.h>
 27 | #endif
 28 | #include <signal.h>
    |          `- note: while building module 'wasi_emulated_signal' imported from /root/.swiftpm/swift-sdks/swift-wasm-6.1-RELEASE-wasm32-unknown-wasi.artifactbundle/6.1-RELEASE-wasm32-unknown-wasi/wasm32-unknown-wasi/swift.xctoolchain/usr/lib/swift_static/CoreFoundation/CoreFoundation.h:28:
 29 | #include <stddef.h>
 30 | #include <stdio.h>
<module-includes>:1:10: note: in file included from <module-includes>:1:
1 | #include "signal.h"
  |          `- note: in file included from <module-includes>:1:
2 |
[41/66] Compiling AgenticKit ModelTypes.swift
<unknown>:0: warning: upcoming feature 'InferSendableFromCaptures' is already enabled as of Swift version 6
<unknown>:0: warning: upcoming feature 'GlobalActorIsolatedTypesUsability' is already enabled as of Swift version 6
<unknown>:0: warning: upcoming feature 'DisableOutwardActorInference' is already enabled as of Swift version 6
/host/spi-builder-workspace/Sources/AgenticKit/BuiltinTools/RegexWatchdog.swift:2:8: error: no such module 'Dispatch'
  1 | import Foundation
  2 | import Dispatch
    |        `- error: no such module 'Dispatch'
  3 |
  4 | /// Bounds a single regex evaluation (or any CPU-bound synchronous closure)
/root/.swiftpm/swift-sdks/swift-wasm-6.1-RELEASE-wasm32-unknown-wasi.artifactbundle/6.1-RELEASE-wasm32-unknown-wasi/wasm32-unknown-wasi/swift.xctoolchain/usr/lib/swift_static/CoreFoundation/CoreFoundation.h:28:10: note: while building module 'wasi_emulated_signal' imported from /root/.swiftpm/swift-sdks/swift-wasm-6.1-RELEASE-wasm32-unknown-wasi.artifactbundle/6.1-RELEASE-wasm32-unknown-wasi/wasm32-unknown-wasi/swift.xctoolchain/usr/lib/swift_static/CoreFoundation/CoreFoundation.h:28:
 26 | #include <setjmp.h>
 27 | #endif
 28 | #include <signal.h>
    |          `- note: while building module 'wasi_emulated_signal' imported from /root/.swiftpm/swift-sdks/swift-wasm-6.1-RELEASE-wasm32-unknown-wasi.artifactbundle/6.1-RELEASE-wasm32-unknown-wasi/wasm32-unknown-wasi/swift.xctoolchain/usr/lib/swift_static/CoreFoundation/CoreFoundation.h:28:
 29 | #include <stddef.h>
 30 | #include <stdio.h>
<module-includes>:1:10: note: in file included from <module-includes>:1:
1 | #include "signal.h"
  |          `- note: in file included from <module-includes>:1:
2 |
[42/66] Compiling AgenticKit NetworkBodyLimits.swift
<unknown>:0: warning: upcoming feature 'InferSendableFromCaptures' is already enabled as of Swift version 6
<unknown>:0: warning: upcoming feature 'GlobalActorIsolatedTypesUsability' is already enabled as of Swift version 6
<unknown>:0: warning: upcoming feature 'DisableOutwardActorInference' is already enabled as of Swift version 6
/host/spi-builder-workspace/Sources/AgenticKit/BuiltinTools/RegexWatchdog.swift:2:8: error: no such module 'Dispatch'
  1 | import Foundation
  2 | import Dispatch
    |        `- error: no such module 'Dispatch'
  3 |
  4 | /// Bounds a single regex evaluation (or any CPU-bound synchronous closure)
/root/.swiftpm/swift-sdks/swift-wasm-6.1-RELEASE-wasm32-unknown-wasi.artifactbundle/6.1-RELEASE-wasm32-unknown-wasi/wasm32-unknown-wasi/swift.xctoolchain/usr/lib/swift_static/CoreFoundation/CoreFoundation.h:28:10: note: while building module 'wasi_emulated_signal' imported from /root/.swiftpm/swift-sdks/swift-wasm-6.1-RELEASE-wasm32-unknown-wasi.artifactbundle/6.1-RELEASE-wasm32-unknown-wasi/wasm32-unknown-wasi/swift.xctoolchain/usr/lib/swift_static/CoreFoundation/CoreFoundation.h:28:
 26 | #include <setjmp.h>
 27 | #endif
 28 | #include <signal.h>
    |          `- note: while building module 'wasi_emulated_signal' imported from /root/.swiftpm/swift-sdks/swift-wasm-6.1-RELEASE-wasm32-unknown-wasi.artifactbundle/6.1-RELEASE-wasm32-unknown-wasi/wasm32-unknown-wasi/swift.xctoolchain/usr/lib/swift_static/CoreFoundation/CoreFoundation.h:28:
 29 | #include <stddef.h>
 30 | #include <stdio.h>
<module-includes>:1:10: note: in file included from <module-includes>:1:
1 | #include "signal.h"
  |          `- note: in file included from <module-includes>:1:
2 |
[43/66] Compiling AgenticKit MCPServer.swift
<unknown>:0: warning: upcoming feature 'InferSendableFromCaptures' is already enabled as of Swift version 6
<unknown>:0: warning: upcoming feature 'GlobalActorIsolatedTypesUsability' is already enabled as of Swift version 6
<unknown>:0: warning: upcoming feature 'DisableOutwardActorInference' is already enabled as of Swift version 6
/host/spi-builder-workspace/Sources/AgenticKit/BuiltinTools/RegexWatchdog.swift:2:8: error: no such module 'Dispatch'
  1 | import Foundation
  2 | import Dispatch
    |        `- error: no such module 'Dispatch'
  3 |
  4 | /// Bounds a single regex evaluation (or any CPU-bound synchronous closure)
/root/.swiftpm/swift-sdks/swift-wasm-6.1-RELEASE-wasm32-unknown-wasi.artifactbundle/6.1-RELEASE-wasm32-unknown-wasi/wasm32-unknown-wasi/swift.xctoolchain/usr/lib/swift_static/CoreFoundation/CoreFoundation.h:28:10: note: while building module 'wasi_emulated_signal' imported from /root/.swiftpm/swift-sdks/swift-wasm-6.1-RELEASE-wasm32-unknown-wasi.artifactbundle/6.1-RELEASE-wasm32-unknown-wasi/wasm32-unknown-wasi/swift.xctoolchain/usr/lib/swift_static/CoreFoundation/CoreFoundation.h:28:
 26 | #include <setjmp.h>
 27 | #endif
 28 | #include <signal.h>
    |          `- note: while building module 'wasi_emulated_signal' imported from /root/.swiftpm/swift-sdks/swift-wasm-6.1-RELEASE-wasm32-unknown-wasi.artifactbundle/6.1-RELEASE-wasm32-unknown-wasi/wasm32-unknown-wasi/swift.xctoolchain/usr/lib/swift_static/CoreFoundation/CoreFoundation.h:28:
 29 | #include <stddef.h>
 30 | #include <stdio.h>
<module-includes>:1:10: note: in file included from <module-includes>:1:
1 | #include "signal.h"
  |          `- note: in file included from <module-includes>:1:
2 |
[44/66] Compiling AgenticKit MCPServerProtocol.swift
<unknown>:0: warning: upcoming feature 'InferSendableFromCaptures' is already enabled as of Swift version 6
<unknown>:0: warning: upcoming feature 'GlobalActorIsolatedTypesUsability' is already enabled as of Swift version 6
<unknown>:0: warning: upcoming feature 'DisableOutwardActorInference' is already enabled as of Swift version 6
/host/spi-builder-workspace/Sources/AgenticKit/BuiltinTools/RegexWatchdog.swift:2:8: error: no such module 'Dispatch'
  1 | import Foundation
  2 | import Dispatch
    |        `- error: no such module 'Dispatch'
  3 |
  4 | /// Bounds a single regex evaluation (or any CPU-bound synchronous closure)
/root/.swiftpm/swift-sdks/swift-wasm-6.1-RELEASE-wasm32-unknown-wasi.artifactbundle/6.1-RELEASE-wasm32-unknown-wasi/wasm32-unknown-wasi/swift.xctoolchain/usr/lib/swift_static/CoreFoundation/CoreFoundation.h:28:10: note: while building module 'wasi_emulated_signal' imported from /root/.swiftpm/swift-sdks/swift-wasm-6.1-RELEASE-wasm32-unknown-wasi.artifactbundle/6.1-RELEASE-wasm32-unknown-wasi/wasm32-unknown-wasi/swift.xctoolchain/usr/lib/swift_static/CoreFoundation/CoreFoundation.h:28:
 26 | #include <setjmp.h>
 27 | #endif
 28 | #include <signal.h>
    |          `- note: while building module 'wasi_emulated_signal' imported from /root/.swiftpm/swift-sdks/swift-wasm-6.1-RELEASE-wasm32-unknown-wasi.artifactbundle/6.1-RELEASE-wasm32-unknown-wasi/wasm32-unknown-wasi/swift.xctoolchain/usr/lib/swift_static/CoreFoundation/CoreFoundation.h:28:
 29 | #include <stddef.h>
 30 | #include <stdio.h>
<module-includes>:1:10: note: in file included from <module-includes>:1:
1 | #include "signal.h"
  |          `- note: in file included from <module-includes>:1:
2 |
[45/66] Compiling AgenticKit MCPTransportSecurity.swift
<unknown>:0: warning: upcoming feature 'InferSendableFromCaptures' is already enabled as of Swift version 6
<unknown>:0: warning: upcoming feature 'GlobalActorIsolatedTypesUsability' is already enabled as of Swift version 6
<unknown>:0: warning: upcoming feature 'DisableOutwardActorInference' is already enabled as of Swift version 6
/host/spi-builder-workspace/Sources/AgenticKit/BuiltinTools/RegexWatchdog.swift:2:8: error: no such module 'Dispatch'
  1 | import Foundation
  2 | import Dispatch
    |        `- error: no such module 'Dispatch'
  3 |
  4 | /// Bounds a single regex evaluation (or any CPU-bound synchronous closure)
/root/.swiftpm/swift-sdks/swift-wasm-6.1-RELEASE-wasm32-unknown-wasi.artifactbundle/6.1-RELEASE-wasm32-unknown-wasi/wasm32-unknown-wasi/swift.xctoolchain/usr/lib/swift_static/CoreFoundation/CoreFoundation.h:28:10: note: while building module 'wasi_emulated_signal' imported from /root/.swiftpm/swift-sdks/swift-wasm-6.1-RELEASE-wasm32-unknown-wasi.artifactbundle/6.1-RELEASE-wasm32-unknown-wasi/wasm32-unknown-wasi/swift.xctoolchain/usr/lib/swift_static/CoreFoundation/CoreFoundation.h:28:
 26 | #include <setjmp.h>
 27 | #endif
 28 | #include <signal.h>
    |          `- note: while building module 'wasi_emulated_signal' imported from /root/.swiftpm/swift-sdks/swift-wasm-6.1-RELEASE-wasm32-unknown-wasi.artifactbundle/6.1-RELEASE-wasm32-unknown-wasi/wasm32-unknown-wasi/swift.xctoolchain/usr/lib/swift_static/CoreFoundation/CoreFoundation.h:28:
 29 | #include <stddef.h>
 30 | #include <stdio.h>
<module-includes>:1:10: note: in file included from <module-includes>:1:
1 | #include "signal.h"
  |          `- note: in file included from <module-includes>:1:
2 |
[46/66] Compiling AgenticKit RemoteMCPConfigDecoder.swift
<unknown>:0: warning: upcoming feature 'InferSendableFromCaptures' is already enabled as of Swift version 6
<unknown>:0: warning: upcoming feature 'GlobalActorIsolatedTypesUsability' is already enabled as of Swift version 6
<unknown>:0: warning: upcoming feature 'DisableOutwardActorInference' is already enabled as of Swift version 6
/host/spi-builder-workspace/Sources/AgenticKit/BuiltinTools/RegexWatchdog.swift:2:8: error: no such module 'Dispatch'
  1 | import Foundation
  2 | import Dispatch
    |        `- error: no such module 'Dispatch'
  3 |
  4 | /// Bounds a single regex evaluation (or any CPU-bound synchronous closure)
/root/.swiftpm/swift-sdks/swift-wasm-6.1-RELEASE-wasm32-unknown-wasi.artifactbundle/6.1-RELEASE-wasm32-unknown-wasi/wasm32-unknown-wasi/swift.xctoolchain/usr/lib/swift_static/CoreFoundation/CoreFoundation.h:28:10: note: while building module 'wasi_emulated_signal' imported from /root/.swiftpm/swift-sdks/swift-wasm-6.1-RELEASE-wasm32-unknown-wasi.artifactbundle/6.1-RELEASE-wasm32-unknown-wasi/wasm32-unknown-wasi/swift.xctoolchain/usr/lib/swift_static/CoreFoundation/CoreFoundation.h:28:
 26 | #include <setjmp.h>
 27 | #endif
 28 | #include <signal.h>
    |          `- note: while building module 'wasi_emulated_signal' imported from /root/.swiftpm/swift-sdks/swift-wasm-6.1-RELEASE-wasm32-unknown-wasi.artifactbundle/6.1-RELEASE-wasm32-unknown-wasi/wasm32-unknown-wasi/swift.xctoolchain/usr/lib/swift_static/CoreFoundation/CoreFoundation.h:28:
 29 | #include <stddef.h>
 30 | #include <stdio.h>
<module-includes>:1:10: note: in file included from <module-includes>:1:
1 | #include "signal.h"
  |          `- note: in file included from <module-includes>:1:
2 |
[47/66] Compiling AgenticKit RemoteMCPServer.swift
<unknown>:0: warning: upcoming feature 'InferSendableFromCaptures' is already enabled as of Swift version 6
<unknown>:0: warning: upcoming feature 'GlobalActorIsolatedTypesUsability' is already enabled as of Swift version 6
<unknown>:0: warning: upcoming feature 'DisableOutwardActorInference' is already enabled as of Swift version 6
/host/spi-builder-workspace/Sources/AgenticKit/BuiltinTools/RegexWatchdog.swift:2:8: error: no such module 'Dispatch'
  1 | import Foundation
  2 | import Dispatch
    |        `- error: no such module 'Dispatch'
  3 |
  4 | /// Bounds a single regex evaluation (or any CPU-bound synchronous closure)
/root/.swiftpm/swift-sdks/swift-wasm-6.1-RELEASE-wasm32-unknown-wasi.artifactbundle/6.1-RELEASE-wasm32-unknown-wasi/wasm32-unknown-wasi/swift.xctoolchain/usr/lib/swift_static/CoreFoundation/CoreFoundation.h:28:10: note: while building module 'wasi_emulated_signal' imported from /root/.swiftpm/swift-sdks/swift-wasm-6.1-RELEASE-wasm32-unknown-wasi.artifactbundle/6.1-RELEASE-wasm32-unknown-wasi/wasm32-unknown-wasi/swift.xctoolchain/usr/lib/swift_static/CoreFoundation/CoreFoundation.h:28:
 26 | #include <setjmp.h>
 27 | #endif
 28 | #include <signal.h>
    |          `- note: while building module 'wasi_emulated_signal' imported from /root/.swiftpm/swift-sdks/swift-wasm-6.1-RELEASE-wasm32-unknown-wasi.artifactbundle/6.1-RELEASE-wasm32-unknown-wasi/wasm32-unknown-wasi/swift.xctoolchain/usr/lib/swift_static/CoreFoundation/CoreFoundation.h:28:
 29 | #include <stddef.h>
 30 | #include <stdio.h>
<module-includes>:1:10: note: in file included from <module-includes>:1:
1 | #include "signal.h"
  |          `- note: in file included from <module-includes>:1:
2 |
[48/66] Compiling AgenticKit RemoteMCPServerConfig.swift
<unknown>:0: warning: upcoming feature 'InferSendableFromCaptures' is already enabled as of Swift version 6
<unknown>:0: warning: upcoming feature 'GlobalActorIsolatedTypesUsability' is already enabled as of Swift version 6
<unknown>:0: warning: upcoming feature 'DisableOutwardActorInference' is already enabled as of Swift version 6
/host/spi-builder-workspace/Sources/AgenticKit/BuiltinTools/RegexWatchdog.swift:2:8: error: no such module 'Dispatch'
  1 | import Foundation
  2 | import Dispatch
    |        `- error: no such module 'Dispatch'
  3 |
  4 | /// Bounds a single regex evaluation (or any CPU-bound synchronous closure)
/root/.swiftpm/swift-sdks/swift-wasm-6.1-RELEASE-wasm32-unknown-wasi.artifactbundle/6.1-RELEASE-wasm32-unknown-wasi/wasm32-unknown-wasi/swift.xctoolchain/usr/lib/swift_static/CoreFoundation/CoreFoundation.h:28:10: note: while building module 'wasi_emulated_signal' imported from /root/.swiftpm/swift-sdks/swift-wasm-6.1-RELEASE-wasm32-unknown-wasi.artifactbundle/6.1-RELEASE-wasm32-unknown-wasi/wasm32-unknown-wasi/swift.xctoolchain/usr/lib/swift_static/CoreFoundation/CoreFoundation.h:28:
 26 | #include <setjmp.h>
 27 | #endif
 28 | #include <signal.h>
    |          `- note: while building module 'wasi_emulated_signal' imported from /root/.swiftpm/swift-sdks/swift-wasm-6.1-RELEASE-wasm32-unknown-wasi.artifactbundle/6.1-RELEASE-wasm32-unknown-wasi/wasm32-unknown-wasi/swift.xctoolchain/usr/lib/swift_static/CoreFoundation/CoreFoundation.h:28:
 29 | #include <stddef.h>
 30 | #include <stdio.h>
<module-includes>:1:10: note: in file included from <module-includes>:1:
1 | #include "signal.h"
  |          `- note: in file included from <module-includes>:1:
2 |
[49/66] Compiling AgenticKit AgentOptions.swift
<unknown>:0: warning: upcoming feature 'InferSendableFromCaptures' is already enabled as of Swift version 6
<unknown>:0: warning: upcoming feature 'GlobalActorIsolatedTypesUsability' is already enabled as of Swift version 6
<unknown>:0: warning: upcoming feature 'DisableOutwardActorInference' is already enabled as of Swift version 6
/host/spi-builder-workspace/Sources/AgenticKit/BuiltinTools/RegexWatchdog.swift:2:8: error: no such module 'Dispatch'
  1 | import Foundation
  2 | import Dispatch
    |        `- error: no such module 'Dispatch'
  3 |
  4 | /// Bounds a single regex evaluation (or any CPU-bound synchronous closure)
/root/.swiftpm/swift-sdks/swift-wasm-6.1-RELEASE-wasm32-unknown-wasi.artifactbundle/6.1-RELEASE-wasm32-unknown-wasi/wasm32-unknown-wasi/swift.xctoolchain/usr/lib/swift_static/CoreFoundation/CoreFoundation.h:28:10: note: while building module 'wasi_emulated_signal' imported from /root/.swiftpm/swift-sdks/swift-wasm-6.1-RELEASE-wasm32-unknown-wasi.artifactbundle/6.1-RELEASE-wasm32-unknown-wasi/wasm32-unknown-wasi/swift.xctoolchain/usr/lib/swift_static/CoreFoundation/CoreFoundation.h:28:
 26 | #include <setjmp.h>
 27 | #endif
 28 | #include <signal.h>
    |          `- note: while building module 'wasi_emulated_signal' imported from /root/.swiftpm/swift-sdks/swift-wasm-6.1-RELEASE-wasm32-unknown-wasi.artifactbundle/6.1-RELEASE-wasm32-unknown-wasi/wasm32-unknown-wasi/swift.xctoolchain/usr/lib/swift_static/CoreFoundation/CoreFoundation.h:28:
 29 | #include <stddef.h>
 30 | #include <stdio.h>
<module-includes>:1:10: note: in file included from <module-includes>:1:
1 | #include "signal.h"
  |          `- note: in file included from <module-includes>:1:
2 |
[50/66] Compiling AgenticKit Compaction.swift
<unknown>:0: warning: upcoming feature 'InferSendableFromCaptures' is already enabled as of Swift version 6
<unknown>:0: warning: upcoming feature 'GlobalActorIsolatedTypesUsability' is already enabled as of Swift version 6
<unknown>:0: warning: upcoming feature 'DisableOutwardActorInference' is already enabled as of Swift version 6
/host/spi-builder-workspace/Sources/AgenticKit/BuiltinTools/RegexWatchdog.swift:2:8: error: no such module 'Dispatch'
  1 | import Foundation
  2 | import Dispatch
    |        `- error: no such module 'Dispatch'
  3 |
  4 | /// Bounds a single regex evaluation (or any CPU-bound synchronous closure)
/root/.swiftpm/swift-sdks/swift-wasm-6.1-RELEASE-wasm32-unknown-wasi.artifactbundle/6.1-RELEASE-wasm32-unknown-wasi/wasm32-unknown-wasi/swift.xctoolchain/usr/lib/swift_static/CoreFoundation/CoreFoundation.h:28:10: note: while building module 'wasi_emulated_signal' imported from /root/.swiftpm/swift-sdks/swift-wasm-6.1-RELEASE-wasm32-unknown-wasi.artifactbundle/6.1-RELEASE-wasm32-unknown-wasi/wasm32-unknown-wasi/swift.xctoolchain/usr/lib/swift_static/CoreFoundation/CoreFoundation.h:28:
 26 | #include <setjmp.h>
 27 | #endif
 28 | #include <signal.h>
    |          `- note: while building module 'wasi_emulated_signal' imported from /root/.swiftpm/swift-sdks/swift-wasm-6.1-RELEASE-wasm32-unknown-wasi.artifactbundle/6.1-RELEASE-wasm32-unknown-wasi/wasm32-unknown-wasi/swift.xctoolchain/usr/lib/swift_static/CoreFoundation/CoreFoundation.h:28:
 29 | #include <stddef.h>
 30 | #include <stdio.h>
<module-includes>:1:10: note: in file included from <module-includes>:1:
1 | #include "signal.h"
  |          `- note: in file included from <module-includes>:1:
2 |
[51/66] Compiling AgenticKit BashTools.swift
<unknown>:0: warning: upcoming feature 'InferSendableFromCaptures' is already enabled as of Swift version 6
<unknown>:0: warning: upcoming feature 'GlobalActorIsolatedTypesUsability' is already enabled as of Swift version 6
<unknown>:0: warning: upcoming feature 'DisableOutwardActorInference' is already enabled as of Swift version 6
/host/spi-builder-workspace/Sources/AgenticKit/BuiltinTools/RegexWatchdog.swift:2:8: error: no such module 'Dispatch'
  1 | import Foundation
  2 | import Dispatch
    |        `- error: no such module 'Dispatch'
  3 |
  4 | /// Bounds a single regex evaluation (or any CPU-bound synchronous closure)
/root/.swiftpm/swift-sdks/swift-wasm-6.1-RELEASE-wasm32-unknown-wasi.artifactbundle/6.1-RELEASE-wasm32-unknown-wasi/wasm32-unknown-wasi/swift.xctoolchain/usr/lib/swift_static/CoreFoundation/CoreFoundation.h:28:10: note: while building module 'wasi_emulated_signal' imported from /root/.swiftpm/swift-sdks/swift-wasm-6.1-RELEASE-wasm32-unknown-wasi.artifactbundle/6.1-RELEASE-wasm32-unknown-wasi/wasm32-unknown-wasi/swift.xctoolchain/usr/lib/swift_static/CoreFoundation/CoreFoundation.h:28:
 26 | #include <setjmp.h>
 27 | #endif
 28 | #include <signal.h>
    |          `- note: while building module 'wasi_emulated_signal' imported from /root/.swiftpm/swift-sdks/swift-wasm-6.1-RELEASE-wasm32-unknown-wasi.artifactbundle/6.1-RELEASE-wasm32-unknown-wasi/wasm32-unknown-wasi/swift.xctoolchain/usr/lib/swift_static/CoreFoundation/CoreFoundation.h:28:
 29 | #include <stddef.h>
 30 | #include <stdio.h>
<module-includes>:1:10: note: in file included from <module-includes>:1:
1 | #include "signal.h"
  |          `- note: in file included from <module-includes>:1:
2 |
[52/66] Compiling AgenticKit BuiltinToolClassification.swift
<unknown>:0: warning: upcoming feature 'InferSendableFromCaptures' is already enabled as of Swift version 6
<unknown>:0: warning: upcoming feature 'GlobalActorIsolatedTypesUsability' is already enabled as of Swift version 6
<unknown>:0: warning: upcoming feature 'DisableOutwardActorInference' is already enabled as of Swift version 6
/host/spi-builder-workspace/Sources/AgenticKit/BuiltinTools/RegexWatchdog.swift:2:8: error: no such module 'Dispatch'
  1 | import Foundation
  2 | import Dispatch
    |        `- error: no such module 'Dispatch'
  3 |
  4 | /// Bounds a single regex evaluation (or any CPU-bound synchronous closure)
/root/.swiftpm/swift-sdks/swift-wasm-6.1-RELEASE-wasm32-unknown-wasi.artifactbundle/6.1-RELEASE-wasm32-unknown-wasi/wasm32-unknown-wasi/swift.xctoolchain/usr/lib/swift_static/CoreFoundation/CoreFoundation.h:28:10: note: while building module 'wasi_emulated_signal' imported from /root/.swiftpm/swift-sdks/swift-wasm-6.1-RELEASE-wasm32-unknown-wasi.artifactbundle/6.1-RELEASE-wasm32-unknown-wasi/wasm32-unknown-wasi/swift.xctoolchain/usr/lib/swift_static/CoreFoundation/CoreFoundation.h:28:
 26 | #include <setjmp.h>
 27 | #endif
 28 | #include <signal.h>
    |          `- note: while building module 'wasi_emulated_signal' imported from /root/.swiftpm/swift-sdks/swift-wasm-6.1-RELEASE-wasm32-unknown-wasi.artifactbundle/6.1-RELEASE-wasm32-unknown-wasi/wasm32-unknown-wasi/swift.xctoolchain/usr/lib/swift_static/CoreFoundation/CoreFoundation.h:28:
 29 | #include <stddef.h>
 30 | #include <stdio.h>
<module-includes>:1:10: note: in file included from <module-includes>:1:
1 | #include "signal.h"
  |          `- note: in file included from <module-includes>:1:
2 |
[53/66] Compiling AgenticKit BuiltinToolLimits.swift
<unknown>:0: warning: upcoming feature 'InferSendableFromCaptures' is already enabled as of Swift version 6
<unknown>:0: warning: upcoming feature 'GlobalActorIsolatedTypesUsability' is already enabled as of Swift version 6
<unknown>:0: warning: upcoming feature 'DisableOutwardActorInference' is already enabled as of Swift version 6
/host/spi-builder-workspace/Sources/AgenticKit/BuiltinTools/RegexWatchdog.swift:2:8: error: no such module 'Dispatch'
  1 | import Foundation
  2 | import Dispatch
    |        `- error: no such module 'Dispatch'
  3 |
  4 | /// Bounds a single regex evaluation (or any CPU-bound synchronous closure)
/root/.swiftpm/swift-sdks/swift-wasm-6.1-RELEASE-wasm32-unknown-wasi.artifactbundle/6.1-RELEASE-wasm32-unknown-wasi/wasm32-unknown-wasi/swift.xctoolchain/usr/lib/swift_static/CoreFoundation/CoreFoundation.h:28:10: note: while building module 'wasi_emulated_signal' imported from /root/.swiftpm/swift-sdks/swift-wasm-6.1-RELEASE-wasm32-unknown-wasi.artifactbundle/6.1-RELEASE-wasm32-unknown-wasi/wasm32-unknown-wasi/swift.xctoolchain/usr/lib/swift_static/CoreFoundation/CoreFoundation.h:28:
 26 | #include <setjmp.h>
 27 | #endif
 28 | #include <signal.h>
    |          `- note: while building module 'wasi_emulated_signal' imported from /root/.swiftpm/swift-sdks/swift-wasm-6.1-RELEASE-wasm32-unknown-wasi.artifactbundle/6.1-RELEASE-wasm32-unknown-wasi/wasm32-unknown-wasi/swift.xctoolchain/usr/lib/swift_static/CoreFoundation/CoreFoundation.h:28:
 29 | #include <stddef.h>
 30 | #include <stdio.h>
<module-includes>:1:10: note: in file included from <module-includes>:1:
1 | #include "signal.h"
  |          `- note: in file included from <module-includes>:1:
2 |
[54/66] Compiling AgenticKit BuiltinTools.swift
<unknown>:0: warning: upcoming feature 'InferSendableFromCaptures' is already enabled as of Swift version 6
<unknown>:0: warning: upcoming feature 'GlobalActorIsolatedTypesUsability' is already enabled as of Swift version 6
<unknown>:0: warning: upcoming feature 'DisableOutwardActorInference' is already enabled as of Swift version 6
/host/spi-builder-workspace/Sources/AgenticKit/BuiltinTools/RegexWatchdog.swift:2:8: error: no such module 'Dispatch'
  1 | import Foundation
  2 | import Dispatch
    |        `- error: no such module 'Dispatch'
  3 |
  4 | /// Bounds a single regex evaluation (or any CPU-bound synchronous closure)
/root/.swiftpm/swift-sdks/swift-wasm-6.1-RELEASE-wasm32-unknown-wasi.artifactbundle/6.1-RELEASE-wasm32-unknown-wasi/wasm32-unknown-wasi/swift.xctoolchain/usr/lib/swift_static/CoreFoundation/CoreFoundation.h:28:10: note: while building module 'wasi_emulated_signal' imported from /root/.swiftpm/swift-sdks/swift-wasm-6.1-RELEASE-wasm32-unknown-wasi.artifactbundle/6.1-RELEASE-wasm32-unknown-wasi/wasm32-unknown-wasi/swift.xctoolchain/usr/lib/swift_static/CoreFoundation/CoreFoundation.h:28:
 26 | #include <setjmp.h>
 27 | #endif
 28 | #include <signal.h>
    |          `- note: while building module 'wasi_emulated_signal' imported from /root/.swiftpm/swift-sdks/swift-wasm-6.1-RELEASE-wasm32-unknown-wasi.artifactbundle/6.1-RELEASE-wasm32-unknown-wasi/wasm32-unknown-wasi/swift.xctoolchain/usr/lib/swift_static/CoreFoundation/CoreFoundation.h:28:
 29 | #include <stddef.h>
 30 | #include <stdio.h>
<module-includes>:1:10: note: in file included from <module-includes>:1:
1 | #include "signal.h"
  |          `- note: in file included from <module-includes>:1:
2 |
[55/66] Compiling AgenticKit FileSandbox.swift
<unknown>:0: warning: upcoming feature 'InferSendableFromCaptures' is already enabled as of Swift version 6
<unknown>:0: warning: upcoming feature 'GlobalActorIsolatedTypesUsability' is already enabled as of Swift version 6
<unknown>:0: warning: upcoming feature 'DisableOutwardActorInference' is already enabled as of Swift version 6
/host/spi-builder-workspace/Sources/AgenticKit/BuiltinTools/RegexWatchdog.swift:2:8: error: no such module 'Dispatch'
  1 | import Foundation
  2 | import Dispatch
    |        `- error: no such module 'Dispatch'
  3 |
  4 | /// Bounds a single regex evaluation (or any CPU-bound synchronous closure)
/root/.swiftpm/swift-sdks/swift-wasm-6.1-RELEASE-wasm32-unknown-wasi.artifactbundle/6.1-RELEASE-wasm32-unknown-wasi/wasm32-unknown-wasi/swift.xctoolchain/usr/lib/swift_static/CoreFoundation/CoreFoundation.h:28:10: note: while building module 'wasi_emulated_signal' imported from /root/.swiftpm/swift-sdks/swift-wasm-6.1-RELEASE-wasm32-unknown-wasi.artifactbundle/6.1-RELEASE-wasm32-unknown-wasi/wasm32-unknown-wasi/swift.xctoolchain/usr/lib/swift_static/CoreFoundation/CoreFoundation.h:28:
 26 | #include <setjmp.h>
 27 | #endif
 28 | #include <signal.h>
    |          `- note: while building module 'wasi_emulated_signal' imported from /root/.swiftpm/swift-sdks/swift-wasm-6.1-RELEASE-wasm32-unknown-wasi.artifactbundle/6.1-RELEASE-wasm32-unknown-wasi/wasm32-unknown-wasi/swift.xctoolchain/usr/lib/swift_static/CoreFoundation/CoreFoundation.h:28:
 29 | #include <stddef.h>
 30 | #include <stdio.h>
<module-includes>:1:10: note: in file included from <module-includes>:1:
1 | #include "signal.h"
  |          `- note: in file included from <module-includes>:1:
2 |
[56/66] Compiling AgenticKit FileTools.swift
<unknown>:0: warning: upcoming feature 'InferSendableFromCaptures' is already enabled as of Swift version 6
<unknown>:0: warning: upcoming feature 'GlobalActorIsolatedTypesUsability' is already enabled as of Swift version 6
<unknown>:0: warning: upcoming feature 'DisableOutwardActorInference' is already enabled as of Swift version 6
/host/spi-builder-workspace/Sources/AgenticKit/BuiltinTools/RegexWatchdog.swift:2:8: error: no such module 'Dispatch'
  1 | import Foundation
  2 | import Dispatch
    |        `- error: no such module 'Dispatch'
  3 |
  4 | /// Bounds a single regex evaluation (or any CPU-bound synchronous closure)
/root/.swiftpm/swift-sdks/swift-wasm-6.1-RELEASE-wasm32-unknown-wasi.artifactbundle/6.1-RELEASE-wasm32-unknown-wasi/wasm32-unknown-wasi/swift.xctoolchain/usr/lib/swift_static/CoreFoundation/CoreFoundation.h:28:10: note: while building module 'wasi_emulated_signal' imported from /root/.swiftpm/swift-sdks/swift-wasm-6.1-RELEASE-wasm32-unknown-wasi.artifactbundle/6.1-RELEASE-wasm32-unknown-wasi/wasm32-unknown-wasi/swift.xctoolchain/usr/lib/swift_static/CoreFoundation/CoreFoundation.h:28:
 26 | #include <setjmp.h>
 27 | #endif
 28 | #include <signal.h>
    |          `- note: while building module 'wasi_emulated_signal' imported from /root/.swiftpm/swift-sdks/swift-wasm-6.1-RELEASE-wasm32-unknown-wasi.artifactbundle/6.1-RELEASE-wasm32-unknown-wasi/wasm32-unknown-wasi/swift.xctoolchain/usr/lib/swift_static/CoreFoundation/CoreFoundation.h:28:
 29 | #include <stddef.h>
 30 | #include <stdio.h>
<module-includes>:1:10: note: in file included from <module-includes>:1:
1 | #include "signal.h"
  |          `- note: in file included from <module-includes>:1:
2 |
[57/66] Compiling AgenticKit InteractiveTools.swift
<unknown>:0: warning: upcoming feature 'InferSendableFromCaptures' is already enabled as of Swift version 6
<unknown>:0: warning: upcoming feature 'GlobalActorIsolatedTypesUsability' is already enabled as of Swift version 6
<unknown>:0: warning: upcoming feature 'DisableOutwardActorInference' is already enabled as of Swift version 6
/host/spi-builder-workspace/Sources/AgenticKit/BuiltinTools/RegexWatchdog.swift:2:8: error: no such module 'Dispatch'
  1 | import Foundation
  2 | import Dispatch
    |        `- error: no such module 'Dispatch'
  3 |
  4 | /// Bounds a single regex evaluation (or any CPU-bound synchronous closure)
/root/.swiftpm/swift-sdks/swift-wasm-6.1-RELEASE-wasm32-unknown-wasi.artifactbundle/6.1-RELEASE-wasm32-unknown-wasi/wasm32-unknown-wasi/swift.xctoolchain/usr/lib/swift_static/CoreFoundation/CoreFoundation.h:28:10: note: while building module 'wasi_emulated_signal' imported from /root/.swiftpm/swift-sdks/swift-wasm-6.1-RELEASE-wasm32-unknown-wasi.artifactbundle/6.1-RELEASE-wasm32-unknown-wasi/wasm32-unknown-wasi/swift.xctoolchain/usr/lib/swift_static/CoreFoundation/CoreFoundation.h:28:
 26 | #include <setjmp.h>
 27 | #endif
 28 | #include <signal.h>
    |          `- note: while building module 'wasi_emulated_signal' imported from /root/.swiftpm/swift-sdks/swift-wasm-6.1-RELEASE-wasm32-unknown-wasi.artifactbundle/6.1-RELEASE-wasm32-unknown-wasi/wasm32-unknown-wasi/swift.xctoolchain/usr/lib/swift_static/CoreFoundation/CoreFoundation.h:28:
 29 | #include <stddef.h>
 30 | #include <stdio.h>
<module-includes>:1:10: note: in file included from <module-includes>:1:
1 | #include "signal.h"
  |          `- note: in file included from <module-includes>:1:
2 |
[58/66] Compiling AgenticKit RegexWatchdog.swift
<unknown>:0: warning: upcoming feature 'InferSendableFromCaptures' is already enabled as of Swift version 6
<unknown>:0: warning: upcoming feature 'GlobalActorIsolatedTypesUsability' is already enabled as of Swift version 6
<unknown>:0: warning: upcoming feature 'DisableOutwardActorInference' is already enabled as of Swift version 6
/host/spi-builder-workspace/Sources/AgenticKit/BuiltinTools/RegexWatchdog.swift:2:8: error: no such module 'Dispatch'
  1 | import Foundation
  2 | import Dispatch
    |        `- error: no such module 'Dispatch'
  3 |
  4 | /// Bounds a single regex evaluation (or any CPU-bound synchronous closure)
/root/.swiftpm/swift-sdks/swift-wasm-6.1-RELEASE-wasm32-unknown-wasi.artifactbundle/6.1-RELEASE-wasm32-unknown-wasi/wasm32-unknown-wasi/swift.xctoolchain/usr/lib/swift_static/CoreFoundation/CoreFoundation.h:28:10: note: while building module 'wasi_emulated_signal' imported from /root/.swiftpm/swift-sdks/swift-wasm-6.1-RELEASE-wasm32-unknown-wasi.artifactbundle/6.1-RELEASE-wasm32-unknown-wasi/wasm32-unknown-wasi/swift.xctoolchain/usr/lib/swift_static/CoreFoundation/CoreFoundation.h:28:
 26 | #include <setjmp.h>
 27 | #endif
 28 | #include <signal.h>
    |          `- note: while building module 'wasi_emulated_signal' imported from /root/.swiftpm/swift-sdks/swift-wasm-6.1-RELEASE-wasm32-unknown-wasi.artifactbundle/6.1-RELEASE-wasm32-unknown-wasi/wasm32-unknown-wasi/swift.xctoolchain/usr/lib/swift_static/CoreFoundation/CoreFoundation.h:28:
 29 | #include <stddef.h>
 30 | #include <stdio.h>
<module-includes>:1:10: note: in file included from <module-includes>:1:
1 | #include "signal.h"
  |          `- note: in file included from <module-includes>:1:
2 |
[59/66] Compiling AgenticKit NetworkHostPolicy.swift
<unknown>:0: warning: upcoming feature 'InferSendableFromCaptures' is already enabled as of Swift version 6
<unknown>:0: warning: upcoming feature 'GlobalActorIsolatedTypesUsability' is already enabled as of Swift version 6
<unknown>:0: warning: upcoming feature 'DisableOutwardActorInference' is already enabled as of Swift version 6
/host/spi-builder-workspace/Sources/AgenticKit/BuiltinTools/RegexWatchdog.swift:2:8: error: no such module 'Dispatch'
  1 | import Foundation
  2 | import Dispatch
    |        `- error: no such module 'Dispatch'
  3 |
  4 | /// Bounds a single regex evaluation (or any CPU-bound synchronous closure)
/root/.swiftpm/swift-sdks/swift-wasm-6.1-RELEASE-wasm32-unknown-wasi.artifactbundle/6.1-RELEASE-wasm32-unknown-wasi/wasm32-unknown-wasi/swift.xctoolchain/usr/lib/swift_static/CoreFoundation/CoreFoundation.h:28:10: note: while building module 'wasi_emulated_signal' imported from /root/.swiftpm/swift-sdks/swift-wasm-6.1-RELEASE-wasm32-unknown-wasi.artifactbundle/6.1-RELEASE-wasm32-unknown-wasi/wasm32-unknown-wasi/swift.xctoolchain/usr/lib/swift_static/CoreFoundation/CoreFoundation.h:28:
 26 | #include <setjmp.h>
 27 | #endif
 28 | #include <signal.h>
    |          `- note: while building module 'wasi_emulated_signal' imported from /root/.swiftpm/swift-sdks/swift-wasm-6.1-RELEASE-wasm32-unknown-wasi.artifactbundle/6.1-RELEASE-wasm32-unknown-wasi/wasm32-unknown-wasi/swift.xctoolchain/usr/lib/swift_static/CoreFoundation/CoreFoundation.h:28:
 29 | #include <stddef.h>
 30 | #include <stdio.h>
<module-includes>:1:10: note: in file included from <module-includes>:1:
1 | #include "signal.h"
  |          `- note: in file included from <module-includes>:1:
2 |
[60/66] Compiling AgenticKit OutboundHTTPHeaders.swift
<unknown>:0: warning: upcoming feature 'InferSendableFromCaptures' is already enabled as of Swift version 6
<unknown>:0: warning: upcoming feature 'GlobalActorIsolatedTypesUsability' is already enabled as of Swift version 6
<unknown>:0: warning: upcoming feature 'DisableOutwardActorInference' is already enabled as of Swift version 6
/host/spi-builder-workspace/Sources/AgenticKit/BuiltinTools/RegexWatchdog.swift:2:8: error: no such module 'Dispatch'
  1 | import Foundation
  2 | import Dispatch
    |        `- error: no such module 'Dispatch'
  3 |
  4 | /// Bounds a single regex evaluation (or any CPU-bound synchronous closure)
/root/.swiftpm/swift-sdks/swift-wasm-6.1-RELEASE-wasm32-unknown-wasi.artifactbundle/6.1-RELEASE-wasm32-unknown-wasi/wasm32-unknown-wasi/swift.xctoolchain/usr/lib/swift_static/CoreFoundation/CoreFoundation.h:28:10: note: while building module 'wasi_emulated_signal' imported from /root/.swiftpm/swift-sdks/swift-wasm-6.1-RELEASE-wasm32-unknown-wasi.artifactbundle/6.1-RELEASE-wasm32-unknown-wasi/wasm32-unknown-wasi/swift.xctoolchain/usr/lib/swift_static/CoreFoundation/CoreFoundation.h:28:
 26 | #include <setjmp.h>
 27 | #endif
 28 | #include <signal.h>
    |          `- note: while building module 'wasi_emulated_signal' imported from /root/.swiftpm/swift-sdks/swift-wasm-6.1-RELEASE-wasm32-unknown-wasi.artifactbundle/6.1-RELEASE-wasm32-unknown-wasi/wasm32-unknown-wasi/swift.xctoolchain/usr/lib/swift_static/CoreFoundation/CoreFoundation.h:28:
 29 | #include <stddef.h>
 30 | #include <stdio.h>
<module-includes>:1:10: note: in file included from <module-includes>:1:
1 | #include "signal.h"
  |          `- note: in file included from <module-includes>:1:
2 |
[61/66] Compiling AgenticKit Hooks.swift
<unknown>:0: warning: upcoming feature 'InferSendableFromCaptures' is already enabled as of Swift version 6
<unknown>:0: warning: upcoming feature 'GlobalActorIsolatedTypesUsability' is already enabled as of Swift version 6
<unknown>:0: warning: upcoming feature 'DisableOutwardActorInference' is already enabled as of Swift version 6
/host/spi-builder-workspace/Sources/AgenticKit/BuiltinTools/RegexWatchdog.swift:2:8: error: no such module 'Dispatch'
  1 | import Foundation
  2 | import Dispatch
    |        `- error: no such module 'Dispatch'
  3 |
  4 | /// Bounds a single regex evaluation (or any CPU-bound synchronous closure)
/root/.swiftpm/swift-sdks/swift-wasm-6.1-RELEASE-wasm32-unknown-wasi.artifactbundle/6.1-RELEASE-wasm32-unknown-wasi/wasm32-unknown-wasi/swift.xctoolchain/usr/lib/swift_static/CoreFoundation/CoreFoundation.h:28:10: note: while building module 'wasi_emulated_signal' imported from /root/.swiftpm/swift-sdks/swift-wasm-6.1-RELEASE-wasm32-unknown-wasi.artifactbundle/6.1-RELEASE-wasm32-unknown-wasi/wasm32-unknown-wasi/swift.xctoolchain/usr/lib/swift_static/CoreFoundation/CoreFoundation.h:28:
 26 | #include <setjmp.h>
 27 | #endif
 28 | #include <signal.h>
    |          `- note: while building module 'wasi_emulated_signal' imported from /root/.swiftpm/swift-sdks/swift-wasm-6.1-RELEASE-wasm32-unknown-wasi.artifactbundle/6.1-RELEASE-wasm32-unknown-wasi/wasm32-unknown-wasi/swift.xctoolchain/usr/lib/swift_static/CoreFoundation/CoreFoundation.h:28:
 29 | #include <stddef.h>
 30 | #include <stdio.h>
<module-includes>:1:10: note: in file included from <module-includes>:1:
1 | #include "signal.h"
  |          `- note: in file included from <module-includes>:1:
2 |
[62/66] Compiling AgenticKit HTTPMCPServer.swift
<unknown>:0: warning: upcoming feature 'InferSendableFromCaptures' is already enabled as of Swift version 6
<unknown>:0: warning: upcoming feature 'GlobalActorIsolatedTypesUsability' is already enabled as of Swift version 6
<unknown>:0: warning: upcoming feature 'DisableOutwardActorInference' is already enabled as of Swift version 6
/host/spi-builder-workspace/Sources/AgenticKit/BuiltinTools/RegexWatchdog.swift:2:8: error: no such module 'Dispatch'
  1 | import Foundation
  2 | import Dispatch
    |        `- error: no such module 'Dispatch'
  3 |
  4 | /// Bounds a single regex evaluation (or any CPU-bound synchronous closure)
/root/.swiftpm/swift-sdks/swift-wasm-6.1-RELEASE-wasm32-unknown-wasi.artifactbundle/6.1-RELEASE-wasm32-unknown-wasi/wasm32-unknown-wasi/swift.xctoolchain/usr/lib/swift_static/CoreFoundation/CoreFoundation.h:28:10: note: while building module 'wasi_emulated_signal' imported from /root/.swiftpm/swift-sdks/swift-wasm-6.1-RELEASE-wasm32-unknown-wasi.artifactbundle/6.1-RELEASE-wasm32-unknown-wasi/wasm32-unknown-wasi/swift.xctoolchain/usr/lib/swift_static/CoreFoundation/CoreFoundation.h:28:
 26 | #include <setjmp.h>
 27 | #endif
 28 | #include <signal.h>
    |          `- note: while building module 'wasi_emulated_signal' imported from /root/.swiftpm/swift-sdks/swift-wasm-6.1-RELEASE-wasm32-unknown-wasi.artifactbundle/6.1-RELEASE-wasm32-unknown-wasi/wasm32-unknown-wasi/swift.xctoolchain/usr/lib/swift_static/CoreFoundation/CoreFoundation.h:28:
 29 | #include <stddef.h>
 30 | #include <stdio.h>
<module-includes>:1:10: note: in file included from <module-includes>:1:
1 | #include "signal.h"
  |          `- note: in file included from <module-includes>:1:
2 |
[63/66] Compiling AgenticKit MCPClientFeatures.swift
<unknown>:0: warning: upcoming feature 'InferSendableFromCaptures' is already enabled as of Swift version 6
<unknown>:0: warning: upcoming feature 'GlobalActorIsolatedTypesUsability' is already enabled as of Swift version 6
<unknown>:0: warning: upcoming feature 'DisableOutwardActorInference' is already enabled as of Swift version 6
/host/spi-builder-workspace/Sources/AgenticKit/BuiltinTools/RegexWatchdog.swift:2:8: error: no such module 'Dispatch'
  1 | import Foundation
  2 | import Dispatch
    |        `- error: no such module 'Dispatch'
  3 |
  4 | /// Bounds a single regex evaluation (or any CPU-bound synchronous closure)
/root/.swiftpm/swift-sdks/swift-wasm-6.1-RELEASE-wasm32-unknown-wasi.artifactbundle/6.1-RELEASE-wasm32-unknown-wasi/wasm32-unknown-wasi/swift.xctoolchain/usr/lib/swift_static/CoreFoundation/CoreFoundation.h:28:10: note: while building module 'wasi_emulated_signal' imported from /root/.swiftpm/swift-sdks/swift-wasm-6.1-RELEASE-wasm32-unknown-wasi.artifactbundle/6.1-RELEASE-wasm32-unknown-wasi/wasm32-unknown-wasi/swift.xctoolchain/usr/lib/swift_static/CoreFoundation/CoreFoundation.h:28:
 26 | #include <setjmp.h>
 27 | #endif
 28 | #include <signal.h>
    |          `- note: while building module 'wasi_emulated_signal' imported from /root/.swiftpm/swift-sdks/swift-wasm-6.1-RELEASE-wasm32-unknown-wasi.artifactbundle/6.1-RELEASE-wasm32-unknown-wasi/wasm32-unknown-wasi/swift.xctoolchain/usr/lib/swift_static/CoreFoundation/CoreFoundation.h:28:
 29 | #include <stddef.h>
 30 | #include <stdio.h>
<module-includes>:1:10: note: in file included from <module-includes>:1:
1 | #include "signal.h"
  |          `- note: in file included from <module-includes>:1:
2 |
[64/66] Compiling AgenticKit MCPDiscoveryTools.swift
<unknown>:0: warning: upcoming feature 'InferSendableFromCaptures' is already enabled as of Swift version 6
<unknown>:0: warning: upcoming feature 'GlobalActorIsolatedTypesUsability' is already enabled as of Swift version 6
<unknown>:0: warning: upcoming feature 'DisableOutwardActorInference' is already enabled as of Swift version 6
/host/spi-builder-workspace/Sources/AgenticKit/BuiltinTools/RegexWatchdog.swift:2:8: error: no such module 'Dispatch'
  1 | import Foundation
  2 | import Dispatch
    |        `- error: no such module 'Dispatch'
  3 |
  4 | /// Bounds a single regex evaluation (or any CPU-bound synchronous closure)
/root/.swiftpm/swift-sdks/swift-wasm-6.1-RELEASE-wasm32-unknown-wasi.artifactbundle/6.1-RELEASE-wasm32-unknown-wasi/wasm32-unknown-wasi/swift.xctoolchain/usr/lib/swift_static/CoreFoundation/CoreFoundation.h:28:10: note: while building module 'wasi_emulated_signal' imported from /root/.swiftpm/swift-sdks/swift-wasm-6.1-RELEASE-wasm32-unknown-wasi.artifactbundle/6.1-RELEASE-wasm32-unknown-wasi/wasm32-unknown-wasi/swift.xctoolchain/usr/lib/swift_static/CoreFoundation/CoreFoundation.h:28:
 26 | #include <setjmp.h>
 27 | #endif
 28 | #include <signal.h>
    |          `- note: while building module 'wasi_emulated_signal' imported from /root/.swiftpm/swift-sdks/swift-wasm-6.1-RELEASE-wasm32-unknown-wasi.artifactbundle/6.1-RELEASE-wasm32-unknown-wasi/wasm32-unknown-wasi/swift.xctoolchain/usr/lib/swift_static/CoreFoundation/CoreFoundation.h:28:
 29 | #include <stddef.h>
 30 | #include <stdio.h>
<module-includes>:1:10: note: in file included from <module-includes>:1:
1 | #include "signal.h"
  |          `- note: in file included from <module-includes>:1:
2 |
[65/66] Compiling AgenticKit MCPOAuth.swift
<unknown>:0: warning: upcoming feature 'InferSendableFromCaptures' is already enabled as of Swift version 6
<unknown>:0: warning: upcoming feature 'GlobalActorIsolatedTypesUsability' is already enabled as of Swift version 6
<unknown>:0: warning: upcoming feature 'DisableOutwardActorInference' is already enabled as of Swift version 6
/host/spi-builder-workspace/Sources/AgenticKit/BuiltinTools/RegexWatchdog.swift:2:8: error: no such module 'Dispatch'
  1 | import Foundation
  2 | import Dispatch
    |        `- error: no such module 'Dispatch'
  3 |
  4 | /// Bounds a single regex evaluation (or any CPU-bound synchronous closure)
/root/.swiftpm/swift-sdks/swift-wasm-6.1-RELEASE-wasm32-unknown-wasi.artifactbundle/6.1-RELEASE-wasm32-unknown-wasi/wasm32-unknown-wasi/swift.xctoolchain/usr/lib/swift_static/CoreFoundation/CoreFoundation.h:28:10: note: while building module 'wasi_emulated_signal' imported from /root/.swiftpm/swift-sdks/swift-wasm-6.1-RELEASE-wasm32-unknown-wasi.artifactbundle/6.1-RELEASE-wasm32-unknown-wasi/wasm32-unknown-wasi/swift.xctoolchain/usr/lib/swift_static/CoreFoundation/CoreFoundation.h:28:
 26 | #include <setjmp.h>
 27 | #endif
 28 | #include <signal.h>
    |          `- note: while building module 'wasi_emulated_signal' imported from /root/.swiftpm/swift-sdks/swift-wasm-6.1-RELEASE-wasm32-unknown-wasi.artifactbundle/6.1-RELEASE-wasm32-unknown-wasi/wasm32-unknown-wasi/swift.xctoolchain/usr/lib/swift_static/CoreFoundation/CoreFoundation.h:28:
 29 | #include <stddef.h>
 30 | #include <stdio.h>
<module-includes>:1:10: note: in file included from <module-includes>:1:
1 | #include "signal.h"
  |          `- note: in file included from <module-includes>:1:
2 |
[66/66] Compiling AgenticKit MCPOAuthClient.swift
<unknown>:0: warning: upcoming feature 'InferSendableFromCaptures' is already enabled as of Swift version 6
<unknown>:0: warning: upcoming feature 'GlobalActorIsolatedTypesUsability' is already enabled as of Swift version 6
<unknown>:0: warning: upcoming feature 'DisableOutwardActorInference' is already enabled as of Swift version 6
/host/spi-builder-workspace/Sources/AgenticKit/BuiltinTools/RegexWatchdog.swift:2:8: error: no such module 'Dispatch'
  1 | import Foundation
  2 | import Dispatch
    |        `- error: no such module 'Dispatch'
  3 |
  4 | /// Bounds a single regex evaluation (or any CPU-bound synchronous closure)
/root/.swiftpm/swift-sdks/swift-wasm-6.1-RELEASE-wasm32-unknown-wasi.artifactbundle/6.1-RELEASE-wasm32-unknown-wasi/wasm32-unknown-wasi/swift.xctoolchain/usr/lib/swift_static/CoreFoundation/CoreFoundation.h:28:10: note: while building module 'wasi_emulated_signal' imported from /root/.swiftpm/swift-sdks/swift-wasm-6.1-RELEASE-wasm32-unknown-wasi.artifactbundle/6.1-RELEASE-wasm32-unknown-wasi/wasm32-unknown-wasi/swift.xctoolchain/usr/lib/swift_static/CoreFoundation/CoreFoundation.h:28:
 26 | #include <setjmp.h>
 27 | #endif
 28 | #include <signal.h>
    |          `- note: while building module 'wasi_emulated_signal' imported from /root/.swiftpm/swift-sdks/swift-wasm-6.1-RELEASE-wasm32-unknown-wasi.artifactbundle/6.1-RELEASE-wasm32-unknown-wasi/wasm32-unknown-wasi/swift.xctoolchain/usr/lib/swift_static/CoreFoundation/CoreFoundation.h:28:
 29 | #include <stddef.h>
 30 | #include <stdio.h>
<module-includes>:1:10: note: in file included from <module-includes>:1:
1 | #include "signal.h"
  |          `- note: in file included from <module-includes>:1:
2 |
Running build ...
bash -c docker run --pull=always --rm -v "checkouts-54344847-0":/host -w "$PWD" -e JAVA_HOME="/root/.sdkman/candidates/java/current" -e SPI_BUILD="1" -e SPI_PROCESSING="1" registry.gitlab.com/saguaro1/spi-images:wasm-6.1-latest swift build --swift-sdk wasm32-unknown-wasi 2>&1
wasm-6.1-latest: Pulling from saguaro1/spi-images
Digest: sha256:290f441d1f5b7bf0dbbe61e8b7514208804cdcb507d57b3c762463ad036298f7
Status: Image is up to date for registry.gitlab.com/saguaro1/spi-images:wasm-6.1-latest
[0/1] Planning build
Building for debugging...
[0/1] Write swift-version-24593BA9C3E375BF.txt
error: emit-module command failed with exit code 1 (use -v to see invocation)
[2/57] Emitting module AgenticKit
/host/spi-builder-workspace/Sources/AgenticKit/BuiltinTools/RegexWatchdog.swift:2:8: error: no such module 'Dispatch'
  1 | import Foundation
  2 | import Dispatch
    |        `- error: no such module 'Dispatch'
  3 |
  4 | /// Bounds a single regex evaluation (or any CPU-bound synchronous closure)
/root/.swiftpm/swift-sdks/swift-wasm-6.1-RELEASE-wasm32-unknown-wasi.artifactbundle/6.1-RELEASE-wasm32-unknown-wasi/wasm32-unknown-wasi/swift.xctoolchain/usr/lib/swift_static/CoreFoundation/CoreFoundation.h:28:10: note: while building module 'wasi_emulated_signal' imported from /root/.swiftpm/swift-sdks/swift-wasm-6.1-RELEASE-wasm32-unknown-wasi.artifactbundle/6.1-RELEASE-wasm32-unknown-wasi/wasm32-unknown-wasi/swift.xctoolchain/usr/lib/swift_static/CoreFoundation/CoreFoundation.h:28:
 26 | #include <setjmp.h>
 27 | #endif
 28 | #include <signal.h>
    |          `- note: while building module 'wasi_emulated_signal' imported from /root/.swiftpm/swift-sdks/swift-wasm-6.1-RELEASE-wasm32-unknown-wasi.artifactbundle/6.1-RELEASE-wasm32-unknown-wasi/wasm32-unknown-wasi/swift.xctoolchain/usr/lib/swift_static/CoreFoundation/CoreFoundation.h:28:
 29 | #include <stddef.h>
 30 | #include <stdio.h>
<module-includes>:1:10: note: in file included from <module-includes>:1:
1 | #include "signal.h"
  |          `- note: in file included from <module-includes>:1:
2 |
[3/64] Compiling AgenticKit CostEstimation.swift
/host/spi-builder-workspace/Sources/AgenticKit/BuiltinTools/RegexWatchdog.swift:2:8: error: no such module 'Dispatch'
  1 | import Foundation
  2 | import Dispatch
    |        `- error: no such module 'Dispatch'
  3 |
  4 | /// Bounds a single regex evaluation (or any CPU-bound synchronous closure)
/root/.swiftpm/swift-sdks/swift-wasm-6.1-RELEASE-wasm32-unknown-wasi.artifactbundle/6.1-RELEASE-wasm32-unknown-wasi/wasm32-unknown-wasi/swift.xctoolchain/usr/lib/swift_static/CoreFoundation/CoreFoundation.h:28:10: note: while building module 'wasi_emulated_signal' imported from /root/.swiftpm/swift-sdks/swift-wasm-6.1-RELEASE-wasm32-unknown-wasi.artifactbundle/6.1-RELEASE-wasm32-unknown-wasi/wasm32-unknown-wasi/swift.xctoolchain/usr/lib/swift_static/CoreFoundation/CoreFoundation.h:28:
 26 | #include <setjmp.h>
 27 | #endif
 28 | #include <signal.h>
    |          `- note: while building module 'wasi_emulated_signal' imported from /root/.swiftpm/swift-sdks/swift-wasm-6.1-RELEASE-wasm32-unknown-wasi.artifactbundle/6.1-RELEASE-wasm32-unknown-wasi/wasm32-unknown-wasi/swift.xctoolchain/usr/lib/swift_static/CoreFoundation/CoreFoundation.h:28:
 29 | #include <stddef.h>
 30 | #include <stdio.h>
<module-includes>:1:10: note: in file included from <module-includes>:1:
1 | #include "signal.h"
  |          `- note: in file included from <module-includes>:1:
2 |
[4/64] Compiling AgenticKit Permissions.swift
/host/spi-builder-workspace/Sources/AgenticKit/BuiltinTools/RegexWatchdog.swift:2:8: error: no such module 'Dispatch'
  1 | import Foundation
  2 | import Dispatch
    |        `- error: no such module 'Dispatch'
  3 |
  4 | /// Bounds a single regex evaluation (or any CPU-bound synchronous closure)
/root/.swiftpm/swift-sdks/swift-wasm-6.1-RELEASE-wasm32-unknown-wasi.artifactbundle/6.1-RELEASE-wasm32-unknown-wasi/wasm32-unknown-wasi/swift.xctoolchain/usr/lib/swift_static/CoreFoundation/CoreFoundation.h:28:10: note: while building module 'wasi_emulated_signal' imported from /root/.swiftpm/swift-sdks/swift-wasm-6.1-RELEASE-wasm32-unknown-wasi.artifactbundle/6.1-RELEASE-wasm32-unknown-wasi/wasm32-unknown-wasi/swift.xctoolchain/usr/lib/swift_static/CoreFoundation/CoreFoundation.h:28:
 26 | #include <setjmp.h>
 27 | #endif
 28 | #include <signal.h>
    |          `- note: while building module 'wasi_emulated_signal' imported from /root/.swiftpm/swift-sdks/swift-wasm-6.1-RELEASE-wasm32-unknown-wasi.artifactbundle/6.1-RELEASE-wasm32-unknown-wasi/wasm32-unknown-wasi/swift.xctoolchain/usr/lib/swift_static/CoreFoundation/CoreFoundation.h:28:
 29 | #include <stddef.h>
 30 | #include <stdio.h>
<module-includes>:1:10: note: in file included from <module-includes>:1:
1 | #include "signal.h"
  |          `- note: in file included from <module-includes>:1:
2 |
[5/64] Compiling AgenticKit AnthropicModelProvider.swift
/host/spi-builder-workspace/Sources/AgenticKit/BuiltinTools/RegexWatchdog.swift:2:8: error: no such module 'Dispatch'
  1 | import Foundation
  2 | import Dispatch
    |        `- error: no such module 'Dispatch'
  3 |
  4 | /// Bounds a single regex evaluation (or any CPU-bound synchronous closure)
/root/.swiftpm/swift-sdks/swift-wasm-6.1-RELEASE-wasm32-unknown-wasi.artifactbundle/6.1-RELEASE-wasm32-unknown-wasi/wasm32-unknown-wasi/swift.xctoolchain/usr/lib/swift_static/CoreFoundation/CoreFoundation.h:28:10: note: while building module 'wasi_emulated_signal' imported from /root/.swiftpm/swift-sdks/swift-wasm-6.1-RELEASE-wasm32-unknown-wasi.artifactbundle/6.1-RELEASE-wasm32-unknown-wasi/wasm32-unknown-wasi/swift.xctoolchain/usr/lib/swift_static/CoreFoundation/CoreFoundation.h:28:
 26 | #include <setjmp.h>
 27 | #endif
 28 | #include <signal.h>
    |          `- note: while building module 'wasi_emulated_signal' imported from /root/.swiftpm/swift-sdks/swift-wasm-6.1-RELEASE-wasm32-unknown-wasi.artifactbundle/6.1-RELEASE-wasm32-unknown-wasi/wasm32-unknown-wasi/swift.xctoolchain/usr/lib/swift_static/CoreFoundation/CoreFoundation.h:28:
 29 | #include <stddef.h>
 30 | #include <stdio.h>
<module-includes>:1:10: note: in file included from <module-includes>:1:
1 | #include "signal.h"
  |          `- note: in file included from <module-includes>:1:
2 |
[6/64] Compiling AgenticKit AnthropicWire.swift
/host/spi-builder-workspace/Sources/AgenticKit/BuiltinTools/RegexWatchdog.swift:2:8: error: no such module 'Dispatch'
  1 | import Foundation
  2 | import Dispatch
    |        `- error: no such module 'Dispatch'
  3 |
  4 | /// Bounds a single regex evaluation (or any CPU-bound synchronous closure)
/root/.swiftpm/swift-sdks/swift-wasm-6.1-RELEASE-wasm32-unknown-wasi.artifactbundle/6.1-RELEASE-wasm32-unknown-wasi/wasm32-unknown-wasi/swift.xctoolchain/usr/lib/swift_static/CoreFoundation/CoreFoundation.h:28:10: note: while building module 'wasi_emulated_signal' imported from /root/.swiftpm/swift-sdks/swift-wasm-6.1-RELEASE-wasm32-unknown-wasi.artifactbundle/6.1-RELEASE-wasm32-unknown-wasi/wasm32-unknown-wasi/swift.xctoolchain/usr/lib/swift_static/CoreFoundation/CoreFoundation.h:28:
 26 | #include <setjmp.h>
 27 | #endif
 28 | #include <signal.h>
    |          `- note: while building module 'wasi_emulated_signal' imported from /root/.swiftpm/swift-sdks/swift-wasm-6.1-RELEASE-wasm32-unknown-wasi.artifactbundle/6.1-RELEASE-wasm32-unknown-wasi/wasm32-unknown-wasi/swift.xctoolchain/usr/lib/swift_static/CoreFoundation/CoreFoundation.h:28:
 29 | #include <stddef.h>
 30 | #include <stdio.h>
<module-includes>:1:10: note: in file included from <module-includes>:1:
1 | #include "signal.h"
  |          `- note: in file included from <module-includes>:1:
2 |
[7/64] Compiling AgenticKit ChatCompletionsModelProvider.swift
/host/spi-builder-workspace/Sources/AgenticKit/BuiltinTools/RegexWatchdog.swift:2:8: error: no such module 'Dispatch'
  1 | import Foundation
  2 | import Dispatch
    |        `- error: no such module 'Dispatch'
  3 |
  4 | /// Bounds a single regex evaluation (or any CPU-bound synchronous closure)
/root/.swiftpm/swift-sdks/swift-wasm-6.1-RELEASE-wasm32-unknown-wasi.artifactbundle/6.1-RELEASE-wasm32-unknown-wasi/wasm32-unknown-wasi/swift.xctoolchain/usr/lib/swift_static/CoreFoundation/CoreFoundation.h:28:10: note: while building module 'wasi_emulated_signal' imported from /root/.swiftpm/swift-sdks/swift-wasm-6.1-RELEASE-wasm32-unknown-wasi.artifactbundle/6.1-RELEASE-wasm32-unknown-wasi/wasm32-unknown-wasi/swift.xctoolchain/usr/lib/swift_static/CoreFoundation/CoreFoundation.h:28:
 26 | #include <setjmp.h>
 27 | #endif
 28 | #include <signal.h>
    |          `- note: while building module 'wasi_emulated_signal' imported from /root/.swiftpm/swift-sdks/swift-wasm-6.1-RELEASE-wasm32-unknown-wasi.artifactbundle/6.1-RELEASE-wasm32-unknown-wasi/wasm32-unknown-wasi/swift.xctoolchain/usr/lib/swift_static/CoreFoundation/CoreFoundation.h:28:
 29 | #include <stddef.h>
 30 | #include <stdio.h>
<module-includes>:1:10: note: in file included from <module-includes>:1:
1 | #include "signal.h"
  |          `- note: in file included from <module-includes>:1:
2 |
[8/64] Compiling AgenticKit ChatCompletionsWire.swift
/host/spi-builder-workspace/Sources/AgenticKit/BuiltinTools/RegexWatchdog.swift:2:8: error: no such module 'Dispatch'
  1 | import Foundation
  2 | import Dispatch
    |        `- error: no such module 'Dispatch'
  3 |
  4 | /// Bounds a single regex evaluation (or any CPU-bound synchronous closure)
/root/.swiftpm/swift-sdks/swift-wasm-6.1-RELEASE-wasm32-unknown-wasi.artifactbundle/6.1-RELEASE-wasm32-unknown-wasi/wasm32-unknown-wasi/swift.xctoolchain/usr/lib/swift_static/CoreFoundation/CoreFoundation.h:28:10: note: while building module 'wasi_emulated_signal' imported from /root/.swiftpm/swift-sdks/swift-wasm-6.1-RELEASE-wasm32-unknown-wasi.artifactbundle/6.1-RELEASE-wasm32-unknown-wasi/wasm32-unknown-wasi/swift.xctoolchain/usr/lib/swift_static/CoreFoundation/CoreFoundation.h:28:
 26 | #include <setjmp.h>
 27 | #endif
 28 | #include <signal.h>
    |          `- note: while building module 'wasi_emulated_signal' imported from /root/.swiftpm/swift-sdks/swift-wasm-6.1-RELEASE-wasm32-unknown-wasi.artifactbundle/6.1-RELEASE-wasm32-unknown-wasi/wasm32-unknown-wasi/swift.xctoolchain/usr/lib/swift_static/CoreFoundation/CoreFoundation.h:28:
 29 | #include <stddef.h>
 30 | #include <stdio.h>
<module-includes>:1:10: note: in file included from <module-includes>:1:
1 | #include "signal.h"
  |          `- note: in file included from <module-includes>:1:
2 |
[9/64] Compiling AgenticKit ModelProvider.swift
/host/spi-builder-workspace/Sources/AgenticKit/BuiltinTools/RegexWatchdog.swift:2:8: error: no such module 'Dispatch'
  1 | import Foundation
  2 | import Dispatch
    |        `- error: no such module 'Dispatch'
  3 |
  4 | /// Bounds a single regex evaluation (or any CPU-bound synchronous closure)
/root/.swiftpm/swift-sdks/swift-wasm-6.1-RELEASE-wasm32-unknown-wasi.artifactbundle/6.1-RELEASE-wasm32-unknown-wasi/wasm32-unknown-wasi/swift.xctoolchain/usr/lib/swift_static/CoreFoundation/CoreFoundation.h:28:10: note: while building module 'wasi_emulated_signal' imported from /root/.swiftpm/swift-sdks/swift-wasm-6.1-RELEASE-wasm32-unknown-wasi.artifactbundle/6.1-RELEASE-wasm32-unknown-wasi/wasm32-unknown-wasi/swift.xctoolchain/usr/lib/swift_static/CoreFoundation/CoreFoundation.h:28:
 26 | #include <setjmp.h>
 27 | #endif
 28 | #include <signal.h>
    |          `- note: while building module 'wasi_emulated_signal' imported from /root/.swiftpm/swift-sdks/swift-wasm-6.1-RELEASE-wasm32-unknown-wasi.artifactbundle/6.1-RELEASE-wasm32-unknown-wasi/wasm32-unknown-wasi/swift.xctoolchain/usr/lib/swift_static/CoreFoundation/CoreFoundation.h:28:
 29 | #include <stddef.h>
 30 | #include <stdio.h>
<module-includes>:1:10: note: in file included from <module-includes>:1:
1 | #include "signal.h"
  |          `- note: in file included from <module-includes>:1:
2 |
[10/64] Compiling AgenticKit OpenAIModelProvider.swift
/host/spi-builder-workspace/Sources/AgenticKit/BuiltinTools/RegexWatchdog.swift:2:8: error: no such module 'Dispatch'
  1 | import Foundation
  2 | import Dispatch
    |        `- error: no such module 'Dispatch'
  3 |
  4 | /// Bounds a single regex evaluation (or any CPU-bound synchronous closure)
/root/.swiftpm/swift-sdks/swift-wasm-6.1-RELEASE-wasm32-unknown-wasi.artifactbundle/6.1-RELEASE-wasm32-unknown-wasi/wasm32-unknown-wasi/swift.xctoolchain/usr/lib/swift_static/CoreFoundation/CoreFoundation.h:28:10: note: while building module 'wasi_emulated_signal' imported from /root/.swiftpm/swift-sdks/swift-wasm-6.1-RELEASE-wasm32-unknown-wasi.artifactbundle/6.1-RELEASE-wasm32-unknown-wasi/wasm32-unknown-wasi/swift.xctoolchain/usr/lib/swift_static/CoreFoundation/CoreFoundation.h:28:
 26 | #include <setjmp.h>
 27 | #endif
 28 | #include <signal.h>
    |          `- note: while building module 'wasi_emulated_signal' imported from /root/.swiftpm/swift-sdks/swift-wasm-6.1-RELEASE-wasm32-unknown-wasi.artifactbundle/6.1-RELEASE-wasm32-unknown-wasi/wasm32-unknown-wasi/swift.xctoolchain/usr/lib/swift_static/CoreFoundation/CoreFoundation.h:28:
 29 | #include <stddef.h>
 30 | #include <stdio.h>
<module-includes>:1:10: note: in file included from <module-includes>:1:
1 | #include "signal.h"
  |          `- note: in file included from <module-includes>:1:
2 |
[11/64] Compiling AgenticKit BashTools.swift
/host/spi-builder-workspace/Sources/AgenticKit/BuiltinTools/RegexWatchdog.swift:2:8: error: no such module 'Dispatch'
  1 | import Foundation
  2 | import Dispatch
    |        `- error: no such module 'Dispatch'
  3 |
  4 | /// Bounds a single regex evaluation (or any CPU-bound synchronous closure)
/root/.swiftpm/swift-sdks/swift-wasm-6.1-RELEASE-wasm32-unknown-wasi.artifactbundle/6.1-RELEASE-wasm32-unknown-wasi/wasm32-unknown-wasi/swift.xctoolchain/usr/lib/swift_static/CoreFoundation/CoreFoundation.h:28:10: note: while building module 'wasi_emulated_signal' imported from /root/.swiftpm/swift-sdks/swift-wasm-6.1-RELEASE-wasm32-unknown-wasi.artifactbundle/6.1-RELEASE-wasm32-unknown-wasi/wasm32-unknown-wasi/swift.xctoolchain/usr/lib/swift_static/CoreFoundation/CoreFoundation.h:28:
 26 | #include <setjmp.h>
 27 | #endif
 28 | #include <signal.h>
    |          `- note: while building module 'wasi_emulated_signal' imported from /root/.swiftpm/swift-sdks/swift-wasm-6.1-RELEASE-wasm32-unknown-wasi.artifactbundle/6.1-RELEASE-wasm32-unknown-wasi/wasm32-unknown-wasi/swift.xctoolchain/usr/lib/swift_static/CoreFoundation/CoreFoundation.h:28:
 29 | #include <stddef.h>
 30 | #include <stdio.h>
<module-includes>:1:10: note: in file included from <module-includes>:1:
1 | #include "signal.h"
  |          `- note: in file included from <module-includes>:1:
2 |
[12/64] Compiling AgenticKit BuiltinToolClassification.swift
/host/spi-builder-workspace/Sources/AgenticKit/BuiltinTools/RegexWatchdog.swift:2:8: error: no such module 'Dispatch'
  1 | import Foundation
  2 | import Dispatch
    |        `- error: no such module 'Dispatch'
  3 |
  4 | /// Bounds a single regex evaluation (or any CPU-bound synchronous closure)
/root/.swiftpm/swift-sdks/swift-wasm-6.1-RELEASE-wasm32-unknown-wasi.artifactbundle/6.1-RELEASE-wasm32-unknown-wasi/wasm32-unknown-wasi/swift.xctoolchain/usr/lib/swift_static/CoreFoundation/CoreFoundation.h:28:10: note: while building module 'wasi_emulated_signal' imported from /root/.swiftpm/swift-sdks/swift-wasm-6.1-RELEASE-wasm32-unknown-wasi.artifactbundle/6.1-RELEASE-wasm32-unknown-wasi/wasm32-unknown-wasi/swift.xctoolchain/usr/lib/swift_static/CoreFoundation/CoreFoundation.h:28:
 26 | #include <setjmp.h>
 27 | #endif
 28 | #include <signal.h>
    |          `- note: while building module 'wasi_emulated_signal' imported from /root/.swiftpm/swift-sdks/swift-wasm-6.1-RELEASE-wasm32-unknown-wasi.artifactbundle/6.1-RELEASE-wasm32-unknown-wasi/wasm32-unknown-wasi/swift.xctoolchain/usr/lib/swift_static/CoreFoundation/CoreFoundation.h:28:
 29 | #include <stddef.h>
 30 | #include <stdio.h>
<module-includes>:1:10: note: in file included from <module-includes>:1:
1 | #include "signal.h"
  |          `- note: in file included from <module-includes>:1:
2 |
[13/64] Compiling AgenticKit BuiltinToolLimits.swift
/host/spi-builder-workspace/Sources/AgenticKit/BuiltinTools/RegexWatchdog.swift:2:8: error: no such module 'Dispatch'
  1 | import Foundation
  2 | import Dispatch
    |        `- error: no such module 'Dispatch'
  3 |
  4 | /// Bounds a single regex evaluation (or any CPU-bound synchronous closure)
/root/.swiftpm/swift-sdks/swift-wasm-6.1-RELEASE-wasm32-unknown-wasi.artifactbundle/6.1-RELEASE-wasm32-unknown-wasi/wasm32-unknown-wasi/swift.xctoolchain/usr/lib/swift_static/CoreFoundation/CoreFoundation.h:28:10: note: while building module 'wasi_emulated_signal' imported from /root/.swiftpm/swift-sdks/swift-wasm-6.1-RELEASE-wasm32-unknown-wasi.artifactbundle/6.1-RELEASE-wasm32-unknown-wasi/wasm32-unknown-wasi/swift.xctoolchain/usr/lib/swift_static/CoreFoundation/CoreFoundation.h:28:
 26 | #include <setjmp.h>
 27 | #endif
 28 | #include <signal.h>
    |          `- note: while building module 'wasi_emulated_signal' imported from /root/.swiftpm/swift-sdks/swift-wasm-6.1-RELEASE-wasm32-unknown-wasi.artifactbundle/6.1-RELEASE-wasm32-unknown-wasi/wasm32-unknown-wasi/swift.xctoolchain/usr/lib/swift_static/CoreFoundation/CoreFoundation.h:28:
 29 | #include <stddef.h>
 30 | #include <stdio.h>
<module-includes>:1:10: note: in file included from <module-includes>:1:
1 | #include "signal.h"
  |          `- note: in file included from <module-includes>:1:
2 |
[14/64] Compiling AgenticKit BuiltinTools.swift
/host/spi-builder-workspace/Sources/AgenticKit/BuiltinTools/RegexWatchdog.swift:2:8: error: no such module 'Dispatch'
  1 | import Foundation
  2 | import Dispatch
    |        `- error: no such module 'Dispatch'
  3 |
  4 | /// Bounds a single regex evaluation (or any CPU-bound synchronous closure)
/root/.swiftpm/swift-sdks/swift-wasm-6.1-RELEASE-wasm32-unknown-wasi.artifactbundle/6.1-RELEASE-wasm32-unknown-wasi/wasm32-unknown-wasi/swift.xctoolchain/usr/lib/swift_static/CoreFoundation/CoreFoundation.h:28:10: note: while building module 'wasi_emulated_signal' imported from /root/.swiftpm/swift-sdks/swift-wasm-6.1-RELEASE-wasm32-unknown-wasi.artifactbundle/6.1-RELEASE-wasm32-unknown-wasi/wasm32-unknown-wasi/swift.xctoolchain/usr/lib/swift_static/CoreFoundation/CoreFoundation.h:28:
 26 | #include <setjmp.h>
 27 | #endif
 28 | #include <signal.h>
    |          `- note: while building module 'wasi_emulated_signal' imported from /root/.swiftpm/swift-sdks/swift-wasm-6.1-RELEASE-wasm32-unknown-wasi.artifactbundle/6.1-RELEASE-wasm32-unknown-wasi/wasm32-unknown-wasi/swift.xctoolchain/usr/lib/swift_static/CoreFoundation/CoreFoundation.h:28:
 29 | #include <stddef.h>
 30 | #include <stdio.h>
<module-includes>:1:10: note: in file included from <module-includes>:1:
1 | #include "signal.h"
  |          `- note: in file included from <module-includes>:1:
2 |
[15/64] Compiling AgenticKit FileSandbox.swift
/host/spi-builder-workspace/Sources/AgenticKit/BuiltinTools/RegexWatchdog.swift:2:8: error: no such module 'Dispatch'
  1 | import Foundation
  2 | import Dispatch
    |        `- error: no such module 'Dispatch'
  3 |
  4 | /// Bounds a single regex evaluation (or any CPU-bound synchronous closure)
/root/.swiftpm/swift-sdks/swift-wasm-6.1-RELEASE-wasm32-unknown-wasi.artifactbundle/6.1-RELEASE-wasm32-unknown-wasi/wasm32-unknown-wasi/swift.xctoolchain/usr/lib/swift_static/CoreFoundation/CoreFoundation.h:28:10: note: while building module 'wasi_emulated_signal' imported from /root/.swiftpm/swift-sdks/swift-wasm-6.1-RELEASE-wasm32-unknown-wasi.artifactbundle/6.1-RELEASE-wasm32-unknown-wasi/wasm32-unknown-wasi/swift.xctoolchain/usr/lib/swift_static/CoreFoundation/CoreFoundation.h:28:
 26 | #include <setjmp.h>
 27 | #endif
 28 | #include <signal.h>
    |          `- note: while building module 'wasi_emulated_signal' imported from /root/.swiftpm/swift-sdks/swift-wasm-6.1-RELEASE-wasm32-unknown-wasi.artifactbundle/6.1-RELEASE-wasm32-unknown-wasi/wasm32-unknown-wasi/swift.xctoolchain/usr/lib/swift_static/CoreFoundation/CoreFoundation.h:28:
 29 | #include <stddef.h>
 30 | #include <stdio.h>
<module-includes>:1:10: note: in file included from <module-includes>:1:
1 | #include "signal.h"
  |          `- note: in file included from <module-includes>:1:
2 |
[16/64] Compiling AgenticKit FileTools.swift
/host/spi-builder-workspace/Sources/AgenticKit/BuiltinTools/RegexWatchdog.swift:2:8: error: no such module 'Dispatch'
  1 | import Foundation
  2 | import Dispatch
    |        `- error: no such module 'Dispatch'
  3 |
  4 | /// Bounds a single regex evaluation (or any CPU-bound synchronous closure)
/root/.swiftpm/swift-sdks/swift-wasm-6.1-RELEASE-wasm32-unknown-wasi.artifactbundle/6.1-RELEASE-wasm32-unknown-wasi/wasm32-unknown-wasi/swift.xctoolchain/usr/lib/swift_static/CoreFoundation/CoreFoundation.h:28:10: note: while building module 'wasi_emulated_signal' imported from /root/.swiftpm/swift-sdks/swift-wasm-6.1-RELEASE-wasm32-unknown-wasi.artifactbundle/6.1-RELEASE-wasm32-unknown-wasi/wasm32-unknown-wasi/swift.xctoolchain/usr/lib/swift_static/CoreFoundation/CoreFoundation.h:28:
 26 | #include <setjmp.h>
 27 | #endif
 28 | #include <signal.h>
    |          `- note: while building module 'wasi_emulated_signal' imported from /root/.swiftpm/swift-sdks/swift-wasm-6.1-RELEASE-wasm32-unknown-wasi.artifactbundle/6.1-RELEASE-wasm32-unknown-wasi/wasm32-unknown-wasi/swift.xctoolchain/usr/lib/swift_static/CoreFoundation/CoreFoundation.h:28:
 29 | #include <stddef.h>
 30 | #include <stdio.h>
<module-includes>:1:10: note: in file included from <module-includes>:1:
1 | #include "signal.h"
  |          `- note: in file included from <module-includes>:1:
2 |
[17/64] Compiling AgenticKit InteractiveTools.swift
/host/spi-builder-workspace/Sources/AgenticKit/BuiltinTools/RegexWatchdog.swift:2:8: error: no such module 'Dispatch'
  1 | import Foundation
  2 | import Dispatch
    |        `- error: no such module 'Dispatch'
  3 |
  4 | /// Bounds a single regex evaluation (or any CPU-bound synchronous closure)
/root/.swiftpm/swift-sdks/swift-wasm-6.1-RELEASE-wasm32-unknown-wasi.artifactbundle/6.1-RELEASE-wasm32-unknown-wasi/wasm32-unknown-wasi/swift.xctoolchain/usr/lib/swift_static/CoreFoundation/CoreFoundation.h:28:10: note: while building module 'wasi_emulated_signal' imported from /root/.swiftpm/swift-sdks/swift-wasm-6.1-RELEASE-wasm32-unknown-wasi.artifactbundle/6.1-RELEASE-wasm32-unknown-wasi/wasm32-unknown-wasi/swift.xctoolchain/usr/lib/swift_static/CoreFoundation/CoreFoundation.h:28:
 26 | #include <setjmp.h>
 27 | #endif
 28 | #include <signal.h>
    |          `- note: while building module 'wasi_emulated_signal' imported from /root/.swiftpm/swift-sdks/swift-wasm-6.1-RELEASE-wasm32-unknown-wasi.artifactbundle/6.1-RELEASE-wasm32-unknown-wasi/wasm32-unknown-wasi/swift.xctoolchain/usr/lib/swift_static/CoreFoundation/CoreFoundation.h:28:
 29 | #include <stddef.h>
 30 | #include <stdio.h>
<module-includes>:1:10: note: in file included from <module-includes>:1:
1 | #include "signal.h"
  |          `- note: in file included from <module-includes>:1:
2 |
[18/64] Compiling AgenticKit RegexWatchdog.swift
/host/spi-builder-workspace/Sources/AgenticKit/BuiltinTools/RegexWatchdog.swift:2:8: error: no such module 'Dispatch'
  1 | import Foundation
  2 | import Dispatch
    |        `- error: no such module 'Dispatch'
  3 |
  4 | /// Bounds a single regex evaluation (or any CPU-bound synchronous closure)
/root/.swiftpm/swift-sdks/swift-wasm-6.1-RELEASE-wasm32-unknown-wasi.artifactbundle/6.1-RELEASE-wasm32-unknown-wasi/wasm32-unknown-wasi/swift.xctoolchain/usr/lib/swift_static/CoreFoundation/CoreFoundation.h:28:10: note: while building module 'wasi_emulated_signal' imported from /root/.swiftpm/swift-sdks/swift-wasm-6.1-RELEASE-wasm32-unknown-wasi.artifactbundle/6.1-RELEASE-wasm32-unknown-wasi/wasm32-unknown-wasi/swift.xctoolchain/usr/lib/swift_static/CoreFoundation/CoreFoundation.h:28:
 26 | #include <setjmp.h>
 27 | #endif
 28 | #include <signal.h>
    |          `- note: while building module 'wasi_emulated_signal' imported from /root/.swiftpm/swift-sdks/swift-wasm-6.1-RELEASE-wasm32-unknown-wasi.artifactbundle/6.1-RELEASE-wasm32-unknown-wasi/wasm32-unknown-wasi/swift.xctoolchain/usr/lib/swift_static/CoreFoundation/CoreFoundation.h:28:
 29 | #include <stddef.h>
 30 | #include <stdio.h>
<module-includes>:1:10: note: in file included from <module-includes>:1:
1 | #include "signal.h"
  |          `- note: in file included from <module-includes>:1:
2 |
[19/64] Compiling AgenticKit SkillLoader.swift
/host/spi-builder-workspace/Sources/AgenticKit/BuiltinTools/RegexWatchdog.swift:2:8: error: no such module 'Dispatch'
  1 | import Foundation
  2 | import Dispatch
    |        `- error: no such module 'Dispatch'
  3 |
  4 | /// Bounds a single regex evaluation (or any CPU-bound synchronous closure)
/root/.swiftpm/swift-sdks/swift-wasm-6.1-RELEASE-wasm32-unknown-wasi.artifactbundle/6.1-RELEASE-wasm32-unknown-wasi/wasm32-unknown-wasi/swift.xctoolchain/usr/lib/swift_static/CoreFoundation/CoreFoundation.h:28:10: note: while building module 'wasi_emulated_signal' imported from /root/.swiftpm/swift-sdks/swift-wasm-6.1-RELEASE-wasm32-unknown-wasi.artifactbundle/6.1-RELEASE-wasm32-unknown-wasi/wasm32-unknown-wasi/swift.xctoolchain/usr/lib/swift_static/CoreFoundation/CoreFoundation.h:28:
 26 | #include <setjmp.h>
 27 | #endif
 28 | #include <signal.h>
    |          `- note: while building module 'wasi_emulated_signal' imported from /root/.swiftpm/swift-sdks/swift-wasm-6.1-RELEASE-wasm32-unknown-wasi.artifactbundle/6.1-RELEASE-wasm32-unknown-wasi/wasm32-unknown-wasi/swift.xctoolchain/usr/lib/swift_static/CoreFoundation/CoreFoundation.h:28:
 29 | #include <stddef.h>
 30 | #include <stdio.h>
<module-includes>:1:10: note: in file included from <module-includes>:1:
1 | #include "signal.h"
  |          `- note: in file included from <module-includes>:1:
2 |
[20/64] Compiling AgenticKit AgentDefinition.swift
/host/spi-builder-workspace/Sources/AgenticKit/BuiltinTools/RegexWatchdog.swift:2:8: error: no such module 'Dispatch'
  1 | import Foundation
  2 | import Dispatch
    |        `- error: no such module 'Dispatch'
  3 |
  4 | /// Bounds a single regex evaluation (or any CPU-bound synchronous closure)
/root/.swiftpm/swift-sdks/swift-wasm-6.1-RELEASE-wasm32-unknown-wasi.artifactbundle/6.1-RELEASE-wasm32-unknown-wasi/wasm32-unknown-wasi/swift.xctoolchain/usr/lib/swift_static/CoreFoundation/CoreFoundation.h:28:10: note: while building module 'wasi_emulated_signal' imported from /root/.swiftpm/swift-sdks/swift-wasm-6.1-RELEASE-wasm32-unknown-wasi.artifactbundle/6.1-RELEASE-wasm32-unknown-wasi/wasm32-unknown-wasi/swift.xctoolchain/usr/lib/swift_static/CoreFoundation/CoreFoundation.h:28:
 26 | #include <setjmp.h>
 27 | #endif
 28 | #include <signal.h>
    |          `- note: while building module 'wasi_emulated_signal' imported from /root/.swiftpm/swift-sdks/swift-wasm-6.1-RELEASE-wasm32-unknown-wasi.artifactbundle/6.1-RELEASE-wasm32-unknown-wasi/wasm32-unknown-wasi/swift.xctoolchain/usr/lib/swift_static/CoreFoundation/CoreFoundation.h:28:
 29 | #include <stddef.h>
 30 | #include <stdio.h>
<module-includes>:1:10: note: in file included from <module-includes>:1:
1 | #include "signal.h"
  |          `- note: in file included from <module-includes>:1:
2 |
[21/64] Compiling AgenticKit TaskTool.swift
/host/spi-builder-workspace/Sources/AgenticKit/BuiltinTools/RegexWatchdog.swift:2:8: error: no such module 'Dispatch'
  1 | import Foundation
  2 | import Dispatch
    |        `- error: no such module 'Dispatch'
  3 |
  4 | /// Bounds a single regex evaluation (or any CPU-bound synchronous closure)
/root/.swiftpm/swift-sdks/swift-wasm-6.1-RELEASE-wasm32-unknown-wasi.artifactbundle/6.1-RELEASE-wasm32-unknown-wasi/wasm32-unknown-wasi/swift.xctoolchain/usr/lib/swift_static/CoreFoundation/CoreFoundation.h:28:10: note: while building module 'wasi_emulated_signal' imported from /root/.swiftpm/swift-sdks/swift-wasm-6.1-RELEASE-wasm32-unknown-wasi.artifactbundle/6.1-RELEASE-wasm32-unknown-wasi/wasm32-unknown-wasi/swift.xctoolchain/usr/lib/swift_static/CoreFoundation/CoreFoundation.h:28:
 26 | #include <setjmp.h>
 27 | #endif
 28 | #include <signal.h>
    |          `- note: while building module 'wasi_emulated_signal' imported from /root/.swiftpm/swift-sdks/swift-wasm-6.1-RELEASE-wasm32-unknown-wasi.artifactbundle/6.1-RELEASE-wasm32-unknown-wasi/wasm32-unknown-wasi/swift.xctoolchain/usr/lib/swift_static/CoreFoundation/CoreFoundation.h:28:
 29 | #include <stddef.h>
 30 | #include <stdio.h>
<module-includes>:1:10: note: in file included from <module-includes>:1:
1 | #include "signal.h"
  |          `- note: in file included from <module-includes>:1:
2 |
[22/64] Compiling AgenticKit Tool.swift
/host/spi-builder-workspace/Sources/AgenticKit/BuiltinTools/RegexWatchdog.swift:2:8: error: no such module 'Dispatch'
  1 | import Foundation
  2 | import Dispatch
    |        `- error: no such module 'Dispatch'
  3 |
  4 | /// Bounds a single regex evaluation (or any CPU-bound synchronous closure)
/root/.swiftpm/swift-sdks/swift-wasm-6.1-RELEASE-wasm32-unknown-wasi.artifactbundle/6.1-RELEASE-wasm32-unknown-wasi/wasm32-unknown-wasi/swift.xctoolchain/usr/lib/swift_static/CoreFoundation/CoreFoundation.h:28:10: note: while building module 'wasi_emulated_signal' imported from /root/.swiftpm/swift-sdks/swift-wasm-6.1-RELEASE-wasm32-unknown-wasi.artifactbundle/6.1-RELEASE-wasm32-unknown-wasi/wasm32-unknown-wasi/swift.xctoolchain/usr/lib/swift_static/CoreFoundation/CoreFoundation.h:28:
 26 | #include <setjmp.h>
 27 | #endif
 28 | #include <signal.h>
    |          `- note: while building module 'wasi_emulated_signal' imported from /root/.swiftpm/swift-sdks/swift-wasm-6.1-RELEASE-wasm32-unknown-wasi.artifactbundle/6.1-RELEASE-wasm32-unknown-wasi/wasm32-unknown-wasi/swift.xctoolchain/usr/lib/swift_static/CoreFoundation/CoreFoundation.h:28:
 29 | #include <stddef.h>
 30 | #include <stdio.h>
<module-includes>:1:10: note: in file included from <module-includes>:1:
1 | #include "signal.h"
  |          `- note: in file included from <module-includes>:1:
2 |
[23/64] Compiling AgenticKit ToolRegistry.swift
/host/spi-builder-workspace/Sources/AgenticKit/BuiltinTools/RegexWatchdog.swift:2:8: error: no such module 'Dispatch'
  1 | import Foundation
  2 | import Dispatch
    |        `- error: no such module 'Dispatch'
  3 |
  4 | /// Bounds a single regex evaluation (or any CPU-bound synchronous closure)
/root/.swiftpm/swift-sdks/swift-wasm-6.1-RELEASE-wasm32-unknown-wasi.artifactbundle/6.1-RELEASE-wasm32-unknown-wasi/wasm32-unknown-wasi/swift.xctoolchain/usr/lib/swift_static/CoreFoundation/CoreFoundation.h:28:10: note: while building module 'wasi_emulated_signal' imported from /root/.swiftpm/swift-sdks/swift-wasm-6.1-RELEASE-wasm32-unknown-wasi.artifactbundle/6.1-RELEASE-wasm32-unknown-wasi/wasm32-unknown-wasi/swift.xctoolchain/usr/lib/swift_static/CoreFoundation/CoreFoundation.h:28:
 26 | #include <setjmp.h>
 27 | #endif
 28 | #include <signal.h>
    |          `- note: while building module 'wasi_emulated_signal' imported from /root/.swiftpm/swift-sdks/swift-wasm-6.1-RELEASE-wasm32-unknown-wasi.artifactbundle/6.1-RELEASE-wasm32-unknown-wasi/wasm32-unknown-wasi/swift.xctoolchain/usr/lib/swift_static/CoreFoundation/CoreFoundation.h:28:
 29 | #include <stddef.h>
 30 | #include <stdio.h>
<module-includes>:1:10: note: in file included from <module-includes>:1:
1 | #include "signal.h"
  |          `- note: in file included from <module-includes>:1:
2 |
[24/64] Compiling AgenticKit ToolSearchTool.swift
/host/spi-builder-workspace/Sources/AgenticKit/BuiltinTools/RegexWatchdog.swift:2:8: error: no such module 'Dispatch'
  1 | import Foundation
  2 | import Dispatch
    |        `- error: no such module 'Dispatch'
  3 |
  4 | /// Bounds a single regex evaluation (or any CPU-bound synchronous closure)
/root/.swiftpm/swift-sdks/swift-wasm-6.1-RELEASE-wasm32-unknown-wasi.artifactbundle/6.1-RELEASE-wasm32-unknown-wasi/wasm32-unknown-wasi/swift.xctoolchain/usr/lib/swift_static/CoreFoundation/CoreFoundation.h:28:10: note: while building module 'wasi_emulated_signal' imported from /root/.swiftpm/swift-sdks/swift-wasm-6.1-RELEASE-wasm32-unknown-wasi.artifactbundle/6.1-RELEASE-wasm32-unknown-wasi/wasm32-unknown-wasi/swift.xctoolchain/usr/lib/swift_static/CoreFoundation/CoreFoundation.h:28:
 26 | #include <setjmp.h>
 27 | #endif
 28 | #include <signal.h>
    |          `- note: while building module 'wasi_emulated_signal' imported from /root/.swiftpm/swift-sdks/swift-wasm-6.1-RELEASE-wasm32-unknown-wasi.artifactbundle/6.1-RELEASE-wasm32-unknown-wasi/wasm32-unknown-wasi/swift.xctoolchain/usr/lib/swift_static/CoreFoundation/CoreFoundation.h:28:
 29 | #include <stddef.h>
 30 | #include <stdio.h>
<module-includes>:1:10: note: in file included from <module-includes>:1:
1 | #include "signal.h"
  |          `- note: in file included from <module-includes>:1:
2 |
[25/64] Compiling AgenticKit resource_bundle_accessor.swift
/host/spi-builder-workspace/Sources/AgenticKit/BuiltinTools/RegexWatchdog.swift:2:8: error: no such module 'Dispatch'
  1 | import Foundation
  2 | import Dispatch
    |        `- error: no such module 'Dispatch'
  3 |
  4 | /// Bounds a single regex evaluation (or any CPU-bound synchronous closure)
/root/.swiftpm/swift-sdks/swift-wasm-6.1-RELEASE-wasm32-unknown-wasi.artifactbundle/6.1-RELEASE-wasm32-unknown-wasi/wasm32-unknown-wasi/swift.xctoolchain/usr/lib/swift_static/CoreFoundation/CoreFoundation.h:28:10: note: while building module 'wasi_emulated_signal' imported from /root/.swiftpm/swift-sdks/swift-wasm-6.1-RELEASE-wasm32-unknown-wasi.artifactbundle/6.1-RELEASE-wasm32-unknown-wasi/wasm32-unknown-wasi/swift.xctoolchain/usr/lib/swift_static/CoreFoundation/CoreFoundation.h:28:
 26 | #include <setjmp.h>
 27 | #endif
 28 | #include <signal.h>
    |          `- note: while building module 'wasi_emulated_signal' imported from /root/.swiftpm/swift-sdks/swift-wasm-6.1-RELEASE-wasm32-unknown-wasi.artifactbundle/6.1-RELEASE-wasm32-unknown-wasi/wasm32-unknown-wasi/swift.xctoolchain/usr/lib/swift_static/CoreFoundation/CoreFoundation.h:28:
 29 | #include <stddef.h>
 30 | #include <stdio.h>
<module-includes>:1:10: note: in file included from <module-includes>:1:
1 | #include "signal.h"
  |          `- note: in file included from <module-includes>:1:
2 |
[26/64] Compiling AgenticKit SearchTools.swift
/host/spi-builder-workspace/Sources/AgenticKit/BuiltinTools/RegexWatchdog.swift:2:8: error: no such module 'Dispatch'
  1 | import Foundation
  2 | import Dispatch
    |        `- error: no such module 'Dispatch'
  3 |
  4 | /// Bounds a single regex evaluation (or any CPU-bound synchronous closure)
/root/.swiftpm/swift-sdks/swift-wasm-6.1-RELEASE-wasm32-unknown-wasi.artifactbundle/6.1-RELEASE-wasm32-unknown-wasi/wasm32-unknown-wasi/swift.xctoolchain/usr/lib/swift_static/CoreFoundation/CoreFoundation.h:28:10: note: while building module 'wasi_emulated_signal' imported from /root/.swiftpm/swift-sdks/swift-wasm-6.1-RELEASE-wasm32-unknown-wasi.artifactbundle/6.1-RELEASE-wasm32-unknown-wasi/wasm32-unknown-wasi/swift.xctoolchain/usr/lib/swift_static/CoreFoundation/CoreFoundation.h:28:
 26 | #include <setjmp.h>
 27 | #endif
 28 | #include <signal.h>
    |          `- note: while building module 'wasi_emulated_signal' imported from /root/.swiftpm/swift-sdks/swift-wasm-6.1-RELEASE-wasm32-unknown-wasi.artifactbundle/6.1-RELEASE-wasm32-unknown-wasi/wasm32-unknown-wasi/swift.xctoolchain/usr/lib/swift_static/CoreFoundation/CoreFoundation.h:28:
 29 | #include <stddef.h>
 30 | #include <stdio.h>
<module-includes>:1:10: note: in file included from <module-includes>:1:
1 | #include "signal.h"
  |          `- note: in file included from <module-includes>:1:
2 |
[27/64] Compiling AgenticKit WebTools.swift
/host/spi-builder-workspace/Sources/AgenticKit/BuiltinTools/RegexWatchdog.swift:2:8: error: no such module 'Dispatch'
  1 | import Foundation
  2 | import Dispatch
    |        `- error: no such module 'Dispatch'
  3 |
  4 | /// Bounds a single regex evaluation (or any CPU-bound synchronous closure)
/root/.swiftpm/swift-sdks/swift-wasm-6.1-RELEASE-wasm32-unknown-wasi.artifactbundle/6.1-RELEASE-wasm32-unknown-wasi/wasm32-unknown-wasi/swift.xctoolchain/usr/lib/swift_static/CoreFoundation/CoreFoundation.h:28:10: note: while building module 'wasi_emulated_signal' imported from /root/.swiftpm/swift-sdks/swift-wasm-6.1-RELEASE-wasm32-unknown-wasi.artifactbundle/6.1-RELEASE-wasm32-unknown-wasi/wasm32-unknown-wasi/swift.xctoolchain/usr/lib/swift_static/CoreFoundation/CoreFoundation.h:28:
 26 | #include <setjmp.h>
 27 | #endif
 28 | #include <signal.h>
    |          `- note: while building module 'wasi_emulated_signal' imported from /root/.swiftpm/swift-sdks/swift-wasm-6.1-RELEASE-wasm32-unknown-wasi.artifactbundle/6.1-RELEASE-wasm32-unknown-wasi/wasm32-unknown-wasi/swift.xctoolchain/usr/lib/swift_static/CoreFoundation/CoreFoundation.h:28:
 29 | #include <stddef.h>
 30 | #include <stdio.h>
<module-includes>:1:10: note: in file included from <module-includes>:1:
1 | #include "signal.h"
  |          `- note: in file included from <module-includes>:1:
2 |
[28/64] Compiling AgenticKit AgentError.swift
/host/spi-builder-workspace/Sources/AgenticKit/BuiltinTools/RegexWatchdog.swift:2:8: error: no such module 'Dispatch'
  1 | import Foundation
  2 | import Dispatch
    |        `- error: no such module 'Dispatch'
  3 |
  4 | /// Bounds a single regex evaluation (or any CPU-bound synchronous closure)
/root/.swiftpm/swift-sdks/swift-wasm-6.1-RELEASE-wasm32-unknown-wasi.artifactbundle/6.1-RELEASE-wasm32-unknown-wasi/wasm32-unknown-wasi/swift.xctoolchain/usr/lib/swift_static/CoreFoundation/CoreFoundation.h:28:10: note: while building module 'wasi_emulated_signal' imported from /root/.swiftpm/swift-sdks/swift-wasm-6.1-RELEASE-wasm32-unknown-wasi.artifactbundle/6.1-RELEASE-wasm32-unknown-wasi/wasm32-unknown-wasi/swift.xctoolchain/usr/lib/swift_static/CoreFoundation/CoreFoundation.h:28:
 26 | #include <setjmp.h>
 27 | #endif
 28 | #include <signal.h>
    |          `- note: while building module 'wasi_emulated_signal' imported from /root/.swiftpm/swift-sdks/swift-wasm-6.1-RELEASE-wasm32-unknown-wasi.artifactbundle/6.1-RELEASE-wasm32-unknown-wasi/wasm32-unknown-wasi/swift.xctoolchain/usr/lib/swift_static/CoreFoundation/CoreFoundation.h:28:
 29 | #include <stddef.h>
 30 | #include <stdio.h>
<module-includes>:1:10: note: in file included from <module-includes>:1:
1 | #include "signal.h"
  |          `- note: in file included from <module-includes>:1:
2 |
[29/64] Compiling AgenticKit ContentBlock.swift
/host/spi-builder-workspace/Sources/AgenticKit/BuiltinTools/RegexWatchdog.swift:2:8: error: no such module 'Dispatch'
  1 | import Foundation
  2 | import Dispatch
    |        `- error: no such module 'Dispatch'
  3 |
  4 | /// Bounds a single regex evaluation (or any CPU-bound synchronous closure)
/root/.swiftpm/swift-sdks/swift-wasm-6.1-RELEASE-wasm32-unknown-wasi.artifactbundle/6.1-RELEASE-wasm32-unknown-wasi/wasm32-unknown-wasi/swift.xctoolchain/usr/lib/swift_static/CoreFoundation/CoreFoundation.h:28:10: note: while building module 'wasi_emulated_signal' imported from /root/.swiftpm/swift-sdks/swift-wasm-6.1-RELEASE-wasm32-unknown-wasi.artifactbundle/6.1-RELEASE-wasm32-unknown-wasi/wasm32-unknown-wasi/swift.xctoolchain/usr/lib/swift_static/CoreFoundation/CoreFoundation.h:28:
 26 | #include <setjmp.h>
 27 | #endif
 28 | #include <signal.h>
    |          `- note: while building module 'wasi_emulated_signal' imported from /root/.swiftpm/swift-sdks/swift-wasm-6.1-RELEASE-wasm32-unknown-wasi.artifactbundle/6.1-RELEASE-wasm32-unknown-wasi/wasm32-unknown-wasi/swift.xctoolchain/usr/lib/swift_static/CoreFoundation/CoreFoundation.h:28:
 29 | #include <stddef.h>
 30 | #include <stdio.h>
<module-includes>:1:10: note: in file included from <module-includes>:1:
1 | #include "signal.h"
  |          `- note: in file included from <module-includes>:1:
2 |
[30/64] Compiling AgenticKit JSONValue.swift
/host/spi-builder-workspace/Sources/AgenticKit/BuiltinTools/RegexWatchdog.swift:2:8: error: no such module 'Dispatch'
  1 | import Foundation
  2 | import Dispatch
    |        `- error: no such module 'Dispatch'
  3 |
  4 | /// Bounds a single regex evaluation (or any CPU-bound synchronous closure)
/root/.swiftpm/swift-sdks/swift-wasm-6.1-RELEASE-wasm32-unknown-wasi.artifactbundle/6.1-RELEASE-wasm32-unknown-wasi/wasm32-unknown-wasi/swift.xctoolchain/usr/lib/swift_static/CoreFoundation/CoreFoundation.h:28:10: note: while building module 'wasi_emulated_signal' imported from /root/.swiftpm/swift-sdks/swift-wasm-6.1-RELEASE-wasm32-unknown-wasi.artifactbundle/6.1-RELEASE-wasm32-unknown-wasi/wasm32-unknown-wasi/swift.xctoolchain/usr/lib/swift_static/CoreFoundation/CoreFoundation.h:28:
 26 | #include <setjmp.h>
 27 | #endif
 28 | #include <signal.h>
    |          `- note: while building module 'wasi_emulated_signal' imported from /root/.swiftpm/swift-sdks/swift-wasm-6.1-RELEASE-wasm32-unknown-wasi.artifactbundle/6.1-RELEASE-wasm32-unknown-wasi/wasm32-unknown-wasi/swift.xctoolchain/usr/lib/swift_static/CoreFoundation/CoreFoundation.h:28:
 29 | #include <stddef.h>
 30 | #include <stdio.h>
<module-includes>:1:10: note: in file included from <module-includes>:1:
1 | #include "signal.h"
  |          `- note: in file included from <module-includes>:1:
2 |
[31/64] Compiling AgenticKit Message.swift
/host/spi-builder-workspace/Sources/AgenticKit/BuiltinTools/RegexWatchdog.swift:2:8: error: no such module 'Dispatch'
  1 | import Foundation
  2 | import Dispatch
    |        `- error: no such module 'Dispatch'
  3 |
  4 | /// Bounds a single regex evaluation (or any CPU-bound synchronous closure)
/root/.swiftpm/swift-sdks/swift-wasm-6.1-RELEASE-wasm32-unknown-wasi.artifactbundle/6.1-RELEASE-wasm32-unknown-wasi/wasm32-unknown-wasi/swift.xctoolchain/usr/lib/swift_static/CoreFoundation/CoreFoundation.h:28:10: note: while building module 'wasi_emulated_signal' imported from /root/.swiftpm/swift-sdks/swift-wasm-6.1-RELEASE-wasm32-unknown-wasi.artifactbundle/6.1-RELEASE-wasm32-unknown-wasi/wasm32-unknown-wasi/swift.xctoolchain/usr/lib/swift_static/CoreFoundation/CoreFoundation.h:28:
 26 | #include <setjmp.h>
 27 | #endif
 28 | #include <signal.h>
    |          `- note: while building module 'wasi_emulated_signal' imported from /root/.swiftpm/swift-sdks/swift-wasm-6.1-RELEASE-wasm32-unknown-wasi.artifactbundle/6.1-RELEASE-wasm32-unknown-wasi/wasm32-unknown-wasi/swift.xctoolchain/usr/lib/swift_static/CoreFoundation/CoreFoundation.h:28:
 29 | #include <stddef.h>
 30 | #include <stdio.h>
<module-includes>:1:10: note: in file included from <module-includes>:1:
1 | #include "signal.h"
  |          `- note: in file included from <module-includes>:1:
2 |
[32/64] Compiling AgenticKit ModelTypes.swift
/host/spi-builder-workspace/Sources/AgenticKit/BuiltinTools/RegexWatchdog.swift:2:8: error: no such module 'Dispatch'
  1 | import Foundation
  2 | import Dispatch
    |        `- error: no such module 'Dispatch'
  3 |
  4 | /// Bounds a single regex evaluation (or any CPU-bound synchronous closure)
/root/.swiftpm/swift-sdks/swift-wasm-6.1-RELEASE-wasm32-unknown-wasi.artifactbundle/6.1-RELEASE-wasm32-unknown-wasi/wasm32-unknown-wasi/swift.xctoolchain/usr/lib/swift_static/CoreFoundation/CoreFoundation.h:28:10: note: while building module 'wasi_emulated_signal' imported from /root/.swiftpm/swift-sdks/swift-wasm-6.1-RELEASE-wasm32-unknown-wasi.artifactbundle/6.1-RELEASE-wasm32-unknown-wasi/wasm32-unknown-wasi/swift.xctoolchain/usr/lib/swift_static/CoreFoundation/CoreFoundation.h:28:
 26 | #include <setjmp.h>
 27 | #endif
 28 | #include <signal.h>
    |          `- note: while building module 'wasi_emulated_signal' imported from /root/.swiftpm/swift-sdks/swift-wasm-6.1-RELEASE-wasm32-unknown-wasi.artifactbundle/6.1-RELEASE-wasm32-unknown-wasi/wasm32-unknown-wasi/swift.xctoolchain/usr/lib/swift_static/CoreFoundation/CoreFoundation.h:28:
 29 | #include <stddef.h>
 30 | #include <stdio.h>
<module-includes>:1:10: note: in file included from <module-includes>:1:
1 | #include "signal.h"
  |          `- note: in file included from <module-includes>:1:
2 |
[33/64] Compiling AgenticKit NetworkBodyLimits.swift
/host/spi-builder-workspace/Sources/AgenticKit/BuiltinTools/RegexWatchdog.swift:2:8: error: no such module 'Dispatch'
  1 | import Foundation
  2 | import Dispatch
    |        `- error: no such module 'Dispatch'
  3 |
  4 | /// Bounds a single regex evaluation (or any CPU-bound synchronous closure)
/root/.swiftpm/swift-sdks/swift-wasm-6.1-RELEASE-wasm32-unknown-wasi.artifactbundle/6.1-RELEASE-wasm32-unknown-wasi/wasm32-unknown-wasi/swift.xctoolchain/usr/lib/swift_static/CoreFoundation/CoreFoundation.h:28:10: note: while building module 'wasi_emulated_signal' imported from /root/.swiftpm/swift-sdks/swift-wasm-6.1-RELEASE-wasm32-unknown-wasi.artifactbundle/6.1-RELEASE-wasm32-unknown-wasi/wasm32-unknown-wasi/swift.xctoolchain/usr/lib/swift_static/CoreFoundation/CoreFoundation.h:28:
 26 | #include <setjmp.h>
 27 | #endif
 28 | #include <signal.h>
    |          `- note: while building module 'wasi_emulated_signal' imported from /root/.swiftpm/swift-sdks/swift-wasm-6.1-RELEASE-wasm32-unknown-wasi.artifactbundle/6.1-RELEASE-wasm32-unknown-wasi/wasm32-unknown-wasi/swift.xctoolchain/usr/lib/swift_static/CoreFoundation/CoreFoundation.h:28:
 29 | #include <stddef.h>
 30 | #include <stdio.h>
<module-includes>:1:10: note: in file included from <module-includes>:1:
1 | #include "signal.h"
  |          `- note: in file included from <module-includes>:1:
2 |
[34/64] Compiling AgenticKit Conversation.swift
/host/spi-builder-workspace/Sources/AgenticKit/BuiltinTools/RegexWatchdog.swift:2:8: error: no such module 'Dispatch'
  1 | import Foundation
  2 | import Dispatch
    |        `- error: no such module 'Dispatch'
  3 |
  4 | /// Bounds a single regex evaluation (or any CPU-bound synchronous closure)
/root/.swiftpm/swift-sdks/swift-wasm-6.1-RELEASE-wasm32-unknown-wasi.artifactbundle/6.1-RELEASE-wasm32-unknown-wasi/wasm32-unknown-wasi/swift.xctoolchain/usr/lib/swift_static/CoreFoundation/CoreFoundation.h:28:10: note: while building module 'wasi_emulated_signal' imported from /root/.swiftpm/swift-sdks/swift-wasm-6.1-RELEASE-wasm32-unknown-wasi.artifactbundle/6.1-RELEASE-wasm32-unknown-wasi/wasm32-unknown-wasi/swift.xctoolchain/usr/lib/swift_static/CoreFoundation/CoreFoundation.h:28:
 26 | #include <setjmp.h>
 27 | #endif
 28 | #include <signal.h>
    |          `- note: while building module 'wasi_emulated_signal' imported from /root/.swiftpm/swift-sdks/swift-wasm-6.1-RELEASE-wasm32-unknown-wasi.artifactbundle/6.1-RELEASE-wasm32-unknown-wasi/wasm32-unknown-wasi/swift.xctoolchain/usr/lib/swift_static/CoreFoundation/CoreFoundation.h:28:
 29 | #include <stddef.h>
 30 | #include <stdio.h>
<module-includes>:1:10: note: in file included from <module-includes>:1:
1 | #include "signal.h"
  |          `- note: in file included from <module-includes>:1:
2 |
[35/64] Compiling AgenticKit Query.swift
/host/spi-builder-workspace/Sources/AgenticKit/BuiltinTools/RegexWatchdog.swift:2:8: error: no such module 'Dispatch'
  1 | import Foundation
  2 | import Dispatch
    |        `- error: no such module 'Dispatch'
  3 |
  4 | /// Bounds a single regex evaluation (or any CPU-bound synchronous closure)
/root/.swiftpm/swift-sdks/swift-wasm-6.1-RELEASE-wasm32-unknown-wasi.artifactbundle/6.1-RELEASE-wasm32-unknown-wasi/wasm32-unknown-wasi/swift.xctoolchain/usr/lib/swift_static/CoreFoundation/CoreFoundation.h:28:10: note: while building module 'wasi_emulated_signal' imported from /root/.swiftpm/swift-sdks/swift-wasm-6.1-RELEASE-wasm32-unknown-wasi.artifactbundle/6.1-RELEASE-wasm32-unknown-wasi/wasm32-unknown-wasi/swift.xctoolchain/usr/lib/swift_static/CoreFoundation/CoreFoundation.h:28:
 26 | #include <setjmp.h>
 27 | #endif
 28 | #include <signal.h>
    |          `- note: while building module 'wasi_emulated_signal' imported from /root/.swiftpm/swift-sdks/swift-wasm-6.1-RELEASE-wasm32-unknown-wasi.artifactbundle/6.1-RELEASE-wasm32-unknown-wasi/wasm32-unknown-wasi/swift.xctoolchain/usr/lib/swift_static/CoreFoundation/CoreFoundation.h:28:
 29 | #include <stddef.h>
 30 | #include <stdio.h>
<module-includes>:1:10: note: in file included from <module-includes>:1:
1 | #include "signal.h"
  |          `- note: in file included from <module-includes>:1:
2 |
[36/64] Compiling AgenticKit ContextUsage.swift
/host/spi-builder-workspace/Sources/AgenticKit/BuiltinTools/RegexWatchdog.swift:2:8: error: no such module 'Dispatch'
  1 | import Foundation
  2 | import Dispatch
    |        `- error: no such module 'Dispatch'
  3 |
  4 | /// Bounds a single regex evaluation (or any CPU-bound synchronous closure)
/root/.swiftpm/swift-sdks/swift-wasm-6.1-RELEASE-wasm32-unknown-wasi.artifactbundle/6.1-RELEASE-wasm32-unknown-wasi/wasm32-unknown-wasi/swift.xctoolchain/usr/lib/swift_static/CoreFoundation/CoreFoundation.h:28:10: note: while building module 'wasi_emulated_signal' imported from /root/.swiftpm/swift-sdks/swift-wasm-6.1-RELEASE-wasm32-unknown-wasi.artifactbundle/6.1-RELEASE-wasm32-unknown-wasi/wasm32-unknown-wasi/swift.xctoolchain/usr/lib/swift_static/CoreFoundation/CoreFoundation.h:28:
 26 | #include <setjmp.h>
 27 | #endif
 28 | #include <signal.h>
    |          `- note: while building module 'wasi_emulated_signal' imported from /root/.swiftpm/swift-sdks/swift-wasm-6.1-RELEASE-wasm32-unknown-wasi.artifactbundle/6.1-RELEASE-wasm32-unknown-wasi/wasm32-unknown-wasi/swift.xctoolchain/usr/lib/swift_static/CoreFoundation/CoreFoundation.h:28:
 29 | #include <stddef.h>
 30 | #include <stdio.h>
<module-includes>:1:10: note: in file included from <module-includes>:1:
1 | #include "signal.h"
  |          `- note: in file included from <module-includes>:1:
2 |
[37/64] Compiling AgenticKit Session.swift
/host/spi-builder-workspace/Sources/AgenticKit/BuiltinTools/RegexWatchdog.swift:2:8: error: no such module 'Dispatch'
  1 | import Foundation
  2 | import Dispatch
    |        `- error: no such module 'Dispatch'
  3 |
  4 | /// Bounds a single regex evaluation (or any CPU-bound synchronous closure)
/root/.swiftpm/swift-sdks/swift-wasm-6.1-RELEASE-wasm32-unknown-wasi.artifactbundle/6.1-RELEASE-wasm32-unknown-wasi/wasm32-unknown-wasi/swift.xctoolchain/usr/lib/swift_static/CoreFoundation/CoreFoundation.h:28:10: note: while building module 'wasi_emulated_signal' imported from /root/.swiftpm/swift-sdks/swift-wasm-6.1-RELEASE-wasm32-unknown-wasi.artifactbundle/6.1-RELEASE-wasm32-unknown-wasi/wasm32-unknown-wasi/swift.xctoolchain/usr/lib/swift_static/CoreFoundation/CoreFoundation.h:28:
 26 | #include <setjmp.h>
 27 | #endif
 28 | #include <signal.h>
    |          `- note: while building module 'wasi_emulated_signal' imported from /root/.swiftpm/swift-sdks/swift-wasm-6.1-RELEASE-wasm32-unknown-wasi.artifactbundle/6.1-RELEASE-wasm32-unknown-wasi/wasm32-unknown-wasi/swift.xctoolchain/usr/lib/swift_static/CoreFoundation/CoreFoundation.h:28:
 29 | #include <stddef.h>
 30 | #include <stdio.h>
<module-includes>:1:10: note: in file included from <module-includes>:1:
1 | #include "signal.h"
  |          `- note: in file included from <module-includes>:1:
2 |
[38/64] Compiling AgenticKit SessionStore.swift
/host/spi-builder-workspace/Sources/AgenticKit/BuiltinTools/RegexWatchdog.swift:2:8: error: no such module 'Dispatch'
  1 | import Foundation
  2 | import Dispatch
    |        `- error: no such module 'Dispatch'
  3 |
  4 | /// Bounds a single regex evaluation (or any CPU-bound synchronous closure)
/root/.swiftpm/swift-sdks/swift-wasm-6.1-RELEASE-wasm32-unknown-wasi.artifactbundle/6.1-RELEASE-wasm32-unknown-wasi/wasm32-unknown-wasi/swift.xctoolchain/usr/lib/swift_static/CoreFoundation/CoreFoundation.h:28:10: note: while building module 'wasi_emulated_signal' imported from /root/.swiftpm/swift-sdks/swift-wasm-6.1-RELEASE-wasm32-unknown-wasi.artifactbundle/6.1-RELEASE-wasm32-unknown-wasi/wasm32-unknown-wasi/swift.xctoolchain/usr/lib/swift_static/CoreFoundation/CoreFoundation.h:28:
 26 | #include <setjmp.h>
 27 | #endif
 28 | #include <signal.h>
    |          `- note: while building module 'wasi_emulated_signal' imported from /root/.swiftpm/swift-sdks/swift-wasm-6.1-RELEASE-wasm32-unknown-wasi.artifactbundle/6.1-RELEASE-wasm32-unknown-wasi/wasm32-unknown-wasi/swift.xctoolchain/usr/lib/swift_static/CoreFoundation/CoreFoundation.h:28:
 29 | #include <stddef.h>
 30 | #include <stdio.h>
<module-includes>:1:10: note: in file included from <module-includes>:1:
1 | #include "signal.h"
  |          `- note: in file included from <module-includes>:1:
2 |
[39/64] Compiling AgenticKit Plugin.swift
/host/spi-builder-workspace/Sources/AgenticKit/BuiltinTools/RegexWatchdog.swift:2:8: error: no such module 'Dispatch'
  1 | import Foundation
  2 | import Dispatch
    |        `- error: no such module 'Dispatch'
  3 |
  4 | /// Bounds a single regex evaluation (or any CPU-bound synchronous closure)
/root/.swiftpm/swift-sdks/swift-wasm-6.1-RELEASE-wasm32-unknown-wasi.artifactbundle/6.1-RELEASE-wasm32-unknown-wasi/wasm32-unknown-wasi/swift.xctoolchain/usr/lib/swift_static/CoreFoundation/CoreFoundation.h:28:10: note: while building module 'wasi_emulated_signal' imported from /root/.swiftpm/swift-sdks/swift-wasm-6.1-RELEASE-wasm32-unknown-wasi.artifactbundle/6.1-RELEASE-wasm32-unknown-wasi/wasm32-unknown-wasi/swift.xctoolchain/usr/lib/swift_static/CoreFoundation/CoreFoundation.h:28:
 26 | #include <setjmp.h>
 27 | #endif
 28 | #include <signal.h>
    |          `- note: while building module 'wasi_emulated_signal' imported from /root/.swiftpm/swift-sdks/swift-wasm-6.1-RELEASE-wasm32-unknown-wasi.artifactbundle/6.1-RELEASE-wasm32-unknown-wasi/wasm32-unknown-wasi/swift.xctoolchain/usr/lib/swift_static/CoreFoundation/CoreFoundation.h:28:
 29 | #include <stddef.h>
 30 | #include <stdio.h>
<module-includes>:1:10: note: in file included from <module-includes>:1:
1 | #include "signal.h"
  |          `- note: in file included from <module-includes>:1:
2 |
[40/64] Compiling AgenticKit Skill.swift
/host/spi-builder-workspace/Sources/AgenticKit/BuiltinTools/RegexWatchdog.swift:2:8: error: no such module 'Dispatch'
  1 | import Foundation
  2 | import Dispatch
    |        `- error: no such module 'Dispatch'
  3 |
  4 | /// Bounds a single regex evaluation (or any CPU-bound synchronous closure)
/root/.swiftpm/swift-sdks/swift-wasm-6.1-RELEASE-wasm32-unknown-wasi.artifactbundle/6.1-RELEASE-wasm32-unknown-wasi/wasm32-unknown-wasi/swift.xctoolchain/usr/lib/swift_static/CoreFoundation/CoreFoundation.h:28:10: note: while building module 'wasi_emulated_signal' imported from /root/.swiftpm/swift-sdks/swift-wasm-6.1-RELEASE-wasm32-unknown-wasi.artifactbundle/6.1-RELEASE-wasm32-unknown-wasi/wasm32-unknown-wasi/swift.xctoolchain/usr/lib/swift_static/CoreFoundation/CoreFoundation.h:28:
 26 | #include <setjmp.h>
 27 | #endif
 28 | #include <signal.h>
    |          `- note: while building module 'wasi_emulated_signal' imported from /root/.swiftpm/swift-sdks/swift-wasm-6.1-RELEASE-wasm32-unknown-wasi.artifactbundle/6.1-RELEASE-wasm32-unknown-wasi/wasm32-unknown-wasi/swift.xctoolchain/usr/lib/swift_static/CoreFoundation/CoreFoundation.h:28:
 29 | #include <stddef.h>
 30 | #include <stdio.h>
<module-includes>:1:10: note: in file included from <module-includes>:1:
1 | #include "signal.h"
  |          `- note: in file included from <module-includes>:1:
2 |
[41/64] Compiling AgenticKit OpenAIWire.swift
/host/spi-builder-workspace/Sources/AgenticKit/BuiltinTools/RegexWatchdog.swift:2:8: error: no such module 'Dispatch'
  1 | import Foundation
  2 | import Dispatch
    |        `- error: no such module 'Dispatch'
  3 |
  4 | /// Bounds a single regex evaluation (or any CPU-bound synchronous closure)
/root/.swiftpm/swift-sdks/swift-wasm-6.1-RELEASE-wasm32-unknown-wasi.artifactbundle/6.1-RELEASE-wasm32-unknown-wasi/wasm32-unknown-wasi/swift.xctoolchain/usr/lib/swift_static/CoreFoundation/CoreFoundation.h:28:10: note: while building module 'wasi_emulated_signal' imported from /root/.swiftpm/swift-sdks/swift-wasm-6.1-RELEASE-wasm32-unknown-wasi.artifactbundle/6.1-RELEASE-wasm32-unknown-wasi/wasm32-unknown-wasi/swift.xctoolchain/usr/lib/swift_static/CoreFoundation/CoreFoundation.h:28:
 26 | #include <setjmp.h>
 27 | #endif
 28 | #include <signal.h>
    |          `- note: while building module 'wasi_emulated_signal' imported from /root/.swiftpm/swift-sdks/swift-wasm-6.1-RELEASE-wasm32-unknown-wasi.artifactbundle/6.1-RELEASE-wasm32-unknown-wasi/wasm32-unknown-wasi/swift.xctoolchain/usr/lib/swift_static/CoreFoundation/CoreFoundation.h:28:
 29 | #include <stddef.h>
 30 | #include <stdio.h>
<module-includes>:1:10: note: in file included from <module-includes>:1:
1 | #include "signal.h"
  |          `- note: in file included from <module-includes>:1:
2 |
[42/64] Compiling AgenticKit ProviderStreamSupport.swift
/host/spi-builder-workspace/Sources/AgenticKit/BuiltinTools/RegexWatchdog.swift:2:8: error: no such module 'Dispatch'
  1 | import Foundation
  2 | import Dispatch
    |        `- error: no such module 'Dispatch'
  3 |
  4 | /// Bounds a single regex evaluation (or any CPU-bound synchronous closure)
/root/.swiftpm/swift-sdks/swift-wasm-6.1-RELEASE-wasm32-unknown-wasi.artifactbundle/6.1-RELEASE-wasm32-unknown-wasi/wasm32-unknown-wasi/swift.xctoolchain/usr/lib/swift_static/CoreFoundation/CoreFoundation.h:28:10: note: while building module 'wasi_emulated_signal' imported from /root/.swiftpm/swift-sdks/swift-wasm-6.1-RELEASE-wasm32-unknown-wasi.artifactbundle/6.1-RELEASE-wasm32-unknown-wasi/wasm32-unknown-wasi/swift.xctoolchain/usr/lib/swift_static/CoreFoundation/CoreFoundation.h:28:
 26 | #include <setjmp.h>
 27 | #endif
 28 | #include <signal.h>
    |          `- note: while building module 'wasi_emulated_signal' imported from /root/.swiftpm/swift-sdks/swift-wasm-6.1-RELEASE-wasm32-unknown-wasi.artifactbundle/6.1-RELEASE-wasm32-unknown-wasi/wasm32-unknown-wasi/swift.xctoolchain/usr/lib/swift_static/CoreFoundation/CoreFoundation.h:28:
 29 | #include <stddef.h>
 30 | #include <stdio.h>
<module-includes>:1:10: note: in file included from <module-includes>:1:
1 | #include "signal.h"
  |          `- note: in file included from <module-includes>:1:
2 |
[43/64] Compiling AgenticKit SSE.swift
/host/spi-builder-workspace/Sources/AgenticKit/BuiltinTools/RegexWatchdog.swift:2:8: error: no such module 'Dispatch'
  1 | import Foundation
  2 | import Dispatch
    |        `- error: no such module 'Dispatch'
  3 |
  4 | /// Bounds a single regex evaluation (or any CPU-bound synchronous closure)
/root/.swiftpm/swift-sdks/swift-wasm-6.1-RELEASE-wasm32-unknown-wasi.artifactbundle/6.1-RELEASE-wasm32-unknown-wasi/wasm32-unknown-wasi/swift.xctoolchain/usr/lib/swift_static/CoreFoundation/CoreFoundation.h:28:10: note: while building module 'wasi_emulated_signal' imported from /root/.swiftpm/swift-sdks/swift-wasm-6.1-RELEASE-wasm32-unknown-wasi.artifactbundle/6.1-RELEASE-wasm32-unknown-wasi/wasm32-unknown-wasi/swift.xctoolchain/usr/lib/swift_static/CoreFoundation/CoreFoundation.h:28:
 26 | #include <setjmp.h>
 27 | #endif
 28 | #include <signal.h>
    |          `- note: while building module 'wasi_emulated_signal' imported from /root/.swiftpm/swift-sdks/swift-wasm-6.1-RELEASE-wasm32-unknown-wasi.artifactbundle/6.1-RELEASE-wasm32-unknown-wasi/wasm32-unknown-wasi/swift.xctoolchain/usr/lib/swift_static/CoreFoundation/CoreFoundation.h:28:
 29 | #include <stddef.h>
 30 | #include <stdio.h>
<module-includes>:1:10: note: in file included from <module-includes>:1:
1 | #include "signal.h"
  |          `- note: in file included from <module-includes>:1:
2 |
[44/64] Compiling AgenticKit WireEncoding.swift
/host/spi-builder-workspace/Sources/AgenticKit/BuiltinTools/RegexWatchdog.swift:2:8: error: no such module 'Dispatch'
  1 | import Foundation
  2 | import Dispatch
    |        `- error: no such module 'Dispatch'
  3 |
  4 | /// Bounds a single regex evaluation (or any CPU-bound synchronous closure)
/root/.swiftpm/swift-sdks/swift-wasm-6.1-RELEASE-wasm32-unknown-wasi.artifactbundle/6.1-RELEASE-wasm32-unknown-wasi/wasm32-unknown-wasi/swift.xctoolchain/usr/lib/swift_static/CoreFoundation/CoreFoundation.h:28:10: note: while building module 'wasi_emulated_signal' imported from /root/.swiftpm/swift-sdks/swift-wasm-6.1-RELEASE-wasm32-unknown-wasi.artifactbundle/6.1-RELEASE-wasm32-unknown-wasi/wasm32-unknown-wasi/swift.xctoolchain/usr/lib/swift_static/CoreFoundation/CoreFoundation.h:28:
 26 | #include <setjmp.h>
 27 | #endif
 28 | #include <signal.h>
    |          `- note: while building module 'wasi_emulated_signal' imported from /root/.swiftpm/swift-sdks/swift-wasm-6.1-RELEASE-wasm32-unknown-wasi.artifactbundle/6.1-RELEASE-wasm32-unknown-wasi/wasm32-unknown-wasi/swift.xctoolchain/usr/lib/swift_static/CoreFoundation/CoreFoundation.h:28:
 29 | #include <stddef.h>
 30 | #include <stdio.h>
<module-includes>:1:10: note: in file included from <module-includes>:1:
1 | #include "signal.h"
  |          `- note: in file included from <module-includes>:1:
2 |
[45/64] Compiling AgenticKit WireMessageCache.swift
/host/spi-builder-workspace/Sources/AgenticKit/BuiltinTools/RegexWatchdog.swift:2:8: error: no such module 'Dispatch'
  1 | import Foundation
  2 | import Dispatch
    |        `- error: no such module 'Dispatch'
  3 |
  4 | /// Bounds a single regex evaluation (or any CPU-bound synchronous closure)
/root/.swiftpm/swift-sdks/swift-wasm-6.1-RELEASE-wasm32-unknown-wasi.artifactbundle/6.1-RELEASE-wasm32-unknown-wasi/wasm32-unknown-wasi/swift.xctoolchain/usr/lib/swift_static/CoreFoundation/CoreFoundation.h:28:10: note: while building module 'wasi_emulated_signal' imported from /root/.swiftpm/swift-sdks/swift-wasm-6.1-RELEASE-wasm32-unknown-wasi.artifactbundle/6.1-RELEASE-wasm32-unknown-wasi/wasm32-unknown-wasi/swift.xctoolchain/usr/lib/swift_static/CoreFoundation/CoreFoundation.h:28:
 26 | #include <setjmp.h>
 27 | #endif
 28 | #include <signal.h>
    |          `- note: while building module 'wasi_emulated_signal' imported from /root/.swiftpm/swift-sdks/swift-wasm-6.1-RELEASE-wasm32-unknown-wasi.artifactbundle/6.1-RELEASE-wasm32-unknown-wasi/wasm32-unknown-wasi/swift.xctoolchain/usr/lib/swift_static/CoreFoundation/CoreFoundation.h:28:
 29 | #include <stddef.h>
 30 | #include <stdio.h>
<module-includes>:1:10: note: in file included from <module-includes>:1:
1 | #include "signal.h"
  |          `- note: in file included from <module-includes>:1:
2 |
[46/64] Compiling AgenticKit AgentEngine.swift
/host/spi-builder-workspace/Sources/AgenticKit/BuiltinTools/RegexWatchdog.swift:2:8: error: no such module 'Dispatch'
  1 | import Foundation
  2 | import Dispatch
    |        `- error: no such module 'Dispatch'
  3 |
  4 | /// Bounds a single regex evaluation (or any CPU-bound synchronous closure)
/root/.swiftpm/swift-sdks/swift-wasm-6.1-RELEASE-wasm32-unknown-wasi.artifactbundle/6.1-RELEASE-wasm32-unknown-wasi/wasm32-unknown-wasi/swift.xctoolchain/usr/lib/swift_static/CoreFoundation/CoreFoundation.h:28:10: note: while building module 'wasi_emulated_signal' imported from /root/.swiftpm/swift-sdks/swift-wasm-6.1-RELEASE-wasm32-unknown-wasi.artifactbundle/6.1-RELEASE-wasm32-unknown-wasi/wasm32-unknown-wasi/swift.xctoolchain/usr/lib/swift_static/CoreFoundation/CoreFoundation.h:28:
 26 | #include <setjmp.h>
 27 | #endif
 28 | #include <signal.h>
    |          `- note: while building module 'wasi_emulated_signal' imported from /root/.swiftpm/swift-sdks/swift-wasm-6.1-RELEASE-wasm32-unknown-wasi.artifactbundle/6.1-RELEASE-wasm32-unknown-wasi/wasm32-unknown-wasi/swift.xctoolchain/usr/lib/swift_static/CoreFoundation/CoreFoundation.h:28:
 29 | #include <stddef.h>
 30 | #include <stdio.h>
<module-includes>:1:10: note: in file included from <module-includes>:1:
1 | #include "signal.h"
  |          `- note: in file included from <module-includes>:1:
2 |
[47/64] Compiling AgenticKit AgentQueryBuilder.swift
/host/spi-builder-workspace/Sources/AgenticKit/BuiltinTools/RegexWatchdog.swift:2:8: error: no such module 'Dispatch'
  1 | import Foundation
  2 | import Dispatch
    |        `- error: no such module 'Dispatch'
  3 |
  4 | /// Bounds a single regex evaluation (or any CPU-bound synchronous closure)
/root/.swiftpm/swift-sdks/swift-wasm-6.1-RELEASE-wasm32-unknown-wasi.artifactbundle/6.1-RELEASE-wasm32-unknown-wasi/wasm32-unknown-wasi/swift.xctoolchain/usr/lib/swift_static/CoreFoundation/CoreFoundation.h:28:10: note: while building module 'wasi_emulated_signal' imported from /root/.swiftpm/swift-sdks/swift-wasm-6.1-RELEASE-wasm32-unknown-wasi.artifactbundle/6.1-RELEASE-wasm32-unknown-wasi/wasm32-unknown-wasi/swift.xctoolchain/usr/lib/swift_static/CoreFoundation/CoreFoundation.h:28:
 26 | #include <setjmp.h>
 27 | #endif
 28 | #include <signal.h>
    |          `- note: while building module 'wasi_emulated_signal' imported from /root/.swiftpm/swift-sdks/swift-wasm-6.1-RELEASE-wasm32-unknown-wasi.artifactbundle/6.1-RELEASE-wasm32-unknown-wasi/wasm32-unknown-wasi/swift.xctoolchain/usr/lib/swift_static/CoreFoundation/CoreFoundation.h:28:
 29 | #include <stddef.h>
 30 | #include <stdio.h>
<module-includes>:1:10: note: in file included from <module-includes>:1:
1 | #include "signal.h"
  |          `- note: in file included from <module-includes>:1:
2 |
[48/64] Compiling AgenticKit AgentSession.swift
/host/spi-builder-workspace/Sources/AgenticKit/BuiltinTools/RegexWatchdog.swift:2:8: error: no such module 'Dispatch'
  1 | import Foundation
  2 | import Dispatch
    |        `- error: no such module 'Dispatch'
  3 |
  4 | /// Bounds a single regex evaluation (or any CPU-bound synchronous closure)
/root/.swiftpm/swift-sdks/swift-wasm-6.1-RELEASE-wasm32-unknown-wasi.artifactbundle/6.1-RELEASE-wasm32-unknown-wasi/wasm32-unknown-wasi/swift.xctoolchain/usr/lib/swift_static/CoreFoundation/CoreFoundation.h:28:10: note: while building module 'wasi_emulated_signal' imported from /root/.swiftpm/swift-sdks/swift-wasm-6.1-RELEASE-wasm32-unknown-wasi.artifactbundle/6.1-RELEASE-wasm32-unknown-wasi/wasm32-unknown-wasi/swift.xctoolchain/usr/lib/swift_static/CoreFoundation/CoreFoundation.h:28:
 26 | #include <setjmp.h>
 27 | #endif
 28 | #include <signal.h>
    |          `- note: while building module 'wasi_emulated_signal' imported from /root/.swiftpm/swift-sdks/swift-wasm-6.1-RELEASE-wasm32-unknown-wasi.artifactbundle/6.1-RELEASE-wasm32-unknown-wasi/wasm32-unknown-wasi/swift.xctoolchain/usr/lib/swift_static/CoreFoundation/CoreFoundation.h:28:
 29 | #include <stddef.h>
 30 | #include <stdio.h>
<module-includes>:1:10: note: in file included from <module-includes>:1:
1 | #include "signal.h"
  |          `- note: in file included from <module-includes>:1:
2 |
[49/64] Compiling AgenticKit NetworkHostPolicy.swift
/host/spi-builder-workspace/Sources/AgenticKit/BuiltinTools/RegexWatchdog.swift:2:8: error: no such module 'Dispatch'
  1 | import Foundation
  2 | import Dispatch
    |        `- error: no such module 'Dispatch'
  3 |
  4 | /// Bounds a single regex evaluation (or any CPU-bound synchronous closure)
/root/.swiftpm/swift-sdks/swift-wasm-6.1-RELEASE-wasm32-unknown-wasi.artifactbundle/6.1-RELEASE-wasm32-unknown-wasi/wasm32-unknown-wasi/swift.xctoolchain/usr/lib/swift_static/CoreFoundation/CoreFoundation.h:28:10: note: while building module 'wasi_emulated_signal' imported from /root/.swiftpm/swift-sdks/swift-wasm-6.1-RELEASE-wasm32-unknown-wasi.artifactbundle/6.1-RELEASE-wasm32-unknown-wasi/wasm32-unknown-wasi/swift.xctoolchain/usr/lib/swift_static/CoreFoundation/CoreFoundation.h:28:
 26 | #include <setjmp.h>
 27 | #endif
 28 | #include <signal.h>
    |          `- note: while building module 'wasi_emulated_signal' imported from /root/.swiftpm/swift-sdks/swift-wasm-6.1-RELEASE-wasm32-unknown-wasi.artifactbundle/6.1-RELEASE-wasm32-unknown-wasi/wasm32-unknown-wasi/swift.xctoolchain/usr/lib/swift_static/CoreFoundation/CoreFoundation.h:28:
 29 | #include <stddef.h>
 30 | #include <stdio.h>
<module-includes>:1:10: note: in file included from <module-includes>:1:
1 | #include "signal.h"
  |          `- note: in file included from <module-includes>:1:
2 |
[50/64] Compiling AgenticKit OutboundHTTPHeaders.swift
/host/spi-builder-workspace/Sources/AgenticKit/BuiltinTools/RegexWatchdog.swift:2:8: error: no such module 'Dispatch'
  1 | import Foundation
  2 | import Dispatch
    |        `- error: no such module 'Dispatch'
  3 |
  4 | /// Bounds a single regex evaluation (or any CPU-bound synchronous closure)
/root/.swiftpm/swift-sdks/swift-wasm-6.1-RELEASE-wasm32-unknown-wasi.artifactbundle/6.1-RELEASE-wasm32-unknown-wasi/wasm32-unknown-wasi/swift.xctoolchain/usr/lib/swift_static/CoreFoundation/CoreFoundation.h:28:10: note: while building module 'wasi_emulated_signal' imported from /root/.swiftpm/swift-sdks/swift-wasm-6.1-RELEASE-wasm32-unknown-wasi.artifactbundle/6.1-RELEASE-wasm32-unknown-wasi/wasm32-unknown-wasi/swift.xctoolchain/usr/lib/swift_static/CoreFoundation/CoreFoundation.h:28:
 26 | #include <setjmp.h>
 27 | #endif
 28 | #include <signal.h>
    |          `- note: while building module 'wasi_emulated_signal' imported from /root/.swiftpm/swift-sdks/swift-wasm-6.1-RELEASE-wasm32-unknown-wasi.artifactbundle/6.1-RELEASE-wasm32-unknown-wasi/wasm32-unknown-wasi/swift.xctoolchain/usr/lib/swift_static/CoreFoundation/CoreFoundation.h:28:
 29 | #include <stddef.h>
 30 | #include <stdio.h>
<module-includes>:1:10: note: in file included from <module-includes>:1:
1 | #include "signal.h"
  |          `- note: in file included from <module-includes>:1:
2 |
[51/64] Compiling AgenticKit Hooks.swift
/host/spi-builder-workspace/Sources/AgenticKit/BuiltinTools/RegexWatchdog.swift:2:8: error: no such module 'Dispatch'
  1 | import Foundation
  2 | import Dispatch
    |        `- error: no such module 'Dispatch'
  3 |
  4 | /// Bounds a single regex evaluation (or any CPU-bound synchronous closure)
/root/.swiftpm/swift-sdks/swift-wasm-6.1-RELEASE-wasm32-unknown-wasi.artifactbundle/6.1-RELEASE-wasm32-unknown-wasi/wasm32-unknown-wasi/swift.xctoolchain/usr/lib/swift_static/CoreFoundation/CoreFoundation.h:28:10: note: while building module 'wasi_emulated_signal' imported from /root/.swiftpm/swift-sdks/swift-wasm-6.1-RELEASE-wasm32-unknown-wasi.artifactbundle/6.1-RELEASE-wasm32-unknown-wasi/wasm32-unknown-wasi/swift.xctoolchain/usr/lib/swift_static/CoreFoundation/CoreFoundation.h:28:
 26 | #include <setjmp.h>
 27 | #endif
 28 | #include <signal.h>
    |          `- note: while building module 'wasi_emulated_signal' imported from /root/.swiftpm/swift-sdks/swift-wasm-6.1-RELEASE-wasm32-unknown-wasi.artifactbundle/6.1-RELEASE-wasm32-unknown-wasi/wasm32-unknown-wasi/swift.xctoolchain/usr/lib/swift_static/CoreFoundation/CoreFoundation.h:28:
 29 | #include <stddef.h>
 30 | #include <stdio.h>
<module-includes>:1:10: note: in file included from <module-includes>:1:
1 | #include "signal.h"
  |          `- note: in file included from <module-includes>:1:
2 |
[52/64] Compiling AgenticKit HTTPMCPServer.swift
/host/spi-builder-workspace/Sources/AgenticKit/BuiltinTools/RegexWatchdog.swift:2:8: error: no such module 'Dispatch'
  1 | import Foundation
  2 | import Dispatch
    |        `- error: no such module 'Dispatch'
  3 |
  4 | /// Bounds a single regex evaluation (or any CPU-bound synchronous closure)
/root/.swiftpm/swift-sdks/swift-wasm-6.1-RELEASE-wasm32-unknown-wasi.artifactbundle/6.1-RELEASE-wasm32-unknown-wasi/wasm32-unknown-wasi/swift.xctoolchain/usr/lib/swift_static/CoreFoundation/CoreFoundation.h:28:10: note: while building module 'wasi_emulated_signal' imported from /root/.swiftpm/swift-sdks/swift-wasm-6.1-RELEASE-wasm32-unknown-wasi.artifactbundle/6.1-RELEASE-wasm32-unknown-wasi/wasm32-unknown-wasi/swift.xctoolchain/usr/lib/swift_static/CoreFoundation/CoreFoundation.h:28:
 26 | #include <setjmp.h>
 27 | #endif
 28 | #include <signal.h>
    |          `- note: while building module 'wasi_emulated_signal' imported from /root/.swiftpm/swift-sdks/swift-wasm-6.1-RELEASE-wasm32-unknown-wasi.artifactbundle/6.1-RELEASE-wasm32-unknown-wasi/wasm32-unknown-wasi/swift.xctoolchain/usr/lib/swift_static/CoreFoundation/CoreFoundation.h:28:
 29 | #include <stddef.h>
 30 | #include <stdio.h>
<module-includes>:1:10: note: in file included from <module-includes>:1:
1 | #include "signal.h"
  |          `- note: in file included from <module-includes>:1:
2 |
[53/64] Compiling AgenticKit MCPClientFeatures.swift
/host/spi-builder-workspace/Sources/AgenticKit/BuiltinTools/RegexWatchdog.swift:2:8: error: no such module 'Dispatch'
  1 | import Foundation
  2 | import Dispatch
    |        `- error: no such module 'Dispatch'
  3 |
  4 | /// Bounds a single regex evaluation (or any CPU-bound synchronous closure)
/root/.swiftpm/swift-sdks/swift-wasm-6.1-RELEASE-wasm32-unknown-wasi.artifactbundle/6.1-RELEASE-wasm32-unknown-wasi/wasm32-unknown-wasi/swift.xctoolchain/usr/lib/swift_static/CoreFoundation/CoreFoundation.h:28:10: note: while building module 'wasi_emulated_signal' imported from /root/.swiftpm/swift-sdks/swift-wasm-6.1-RELEASE-wasm32-unknown-wasi.artifactbundle/6.1-RELEASE-wasm32-unknown-wasi/wasm32-unknown-wasi/swift.xctoolchain/usr/lib/swift_static/CoreFoundation/CoreFoundation.h:28:
 26 | #include <setjmp.h>
 27 | #endif
 28 | #include <signal.h>
    |          `- note: while building module 'wasi_emulated_signal' imported from /root/.swiftpm/swift-sdks/swift-wasm-6.1-RELEASE-wasm32-unknown-wasi.artifactbundle/6.1-RELEASE-wasm32-unknown-wasi/wasm32-unknown-wasi/swift.xctoolchain/usr/lib/swift_static/CoreFoundation/CoreFoundation.h:28:
 29 | #include <stddef.h>
 30 | #include <stdio.h>
<module-includes>:1:10: note: in file included from <module-includes>:1:
1 | #include "signal.h"
  |          `- note: in file included from <module-includes>:1:
2 |
[54/64] Compiling AgenticKit MCPDiscoveryTools.swift
/host/spi-builder-workspace/Sources/AgenticKit/BuiltinTools/RegexWatchdog.swift:2:8: error: no such module 'Dispatch'
  1 | import Foundation
  2 | import Dispatch
    |        `- error: no such module 'Dispatch'
  3 |
  4 | /// Bounds a single regex evaluation (or any CPU-bound synchronous closure)
/root/.swiftpm/swift-sdks/swift-wasm-6.1-RELEASE-wasm32-unknown-wasi.artifactbundle/6.1-RELEASE-wasm32-unknown-wasi/wasm32-unknown-wasi/swift.xctoolchain/usr/lib/swift_static/CoreFoundation/CoreFoundation.h:28:10: note: while building module 'wasi_emulated_signal' imported from /root/.swiftpm/swift-sdks/swift-wasm-6.1-RELEASE-wasm32-unknown-wasi.artifactbundle/6.1-RELEASE-wasm32-unknown-wasi/wasm32-unknown-wasi/swift.xctoolchain/usr/lib/swift_static/CoreFoundation/CoreFoundation.h:28:
 26 | #include <setjmp.h>
 27 | #endif
 28 | #include <signal.h>
    |          `- note: while building module 'wasi_emulated_signal' imported from /root/.swiftpm/swift-sdks/swift-wasm-6.1-RELEASE-wasm32-unknown-wasi.artifactbundle/6.1-RELEASE-wasm32-unknown-wasi/wasm32-unknown-wasi/swift.xctoolchain/usr/lib/swift_static/CoreFoundation/CoreFoundation.h:28:
 29 | #include <stddef.h>
 30 | #include <stdio.h>
<module-includes>:1:10: note: in file included from <module-includes>:1:
1 | #include "signal.h"
  |          `- note: in file included from <module-includes>:1:
2 |
[55/64] Compiling AgenticKit MCPOAuth.swift
/host/spi-builder-workspace/Sources/AgenticKit/BuiltinTools/RegexWatchdog.swift:2:8: error: no such module 'Dispatch'
  1 | import Foundation
  2 | import Dispatch
    |        `- error: no such module 'Dispatch'
  3 |
  4 | /// Bounds a single regex evaluation (or any CPU-bound synchronous closure)
/root/.swiftpm/swift-sdks/swift-wasm-6.1-RELEASE-wasm32-unknown-wasi.artifactbundle/6.1-RELEASE-wasm32-unknown-wasi/wasm32-unknown-wasi/swift.xctoolchain/usr/lib/swift_static/CoreFoundation/CoreFoundation.h:28:10: note: while building module 'wasi_emulated_signal' imported from /root/.swiftpm/swift-sdks/swift-wasm-6.1-RELEASE-wasm32-unknown-wasi.artifactbundle/6.1-RELEASE-wasm32-unknown-wasi/wasm32-unknown-wasi/swift.xctoolchain/usr/lib/swift_static/CoreFoundation/CoreFoundation.h:28:
 26 | #include <setjmp.h>
 27 | #endif
 28 | #include <signal.h>
    |          `- note: while building module 'wasi_emulated_signal' imported from /root/.swiftpm/swift-sdks/swift-wasm-6.1-RELEASE-wasm32-unknown-wasi.artifactbundle/6.1-RELEASE-wasm32-unknown-wasi/wasm32-unknown-wasi/swift.xctoolchain/usr/lib/swift_static/CoreFoundation/CoreFoundation.h:28:
 29 | #include <stddef.h>
 30 | #include <stdio.h>
<module-includes>:1:10: note: in file included from <module-includes>:1:
1 | #include "signal.h"
  |          `- note: in file included from <module-includes>:1:
2 |
[56/64] Compiling AgenticKit MCPOAuthClient.swift
/host/spi-builder-workspace/Sources/AgenticKit/BuiltinTools/RegexWatchdog.swift:2:8: error: no such module 'Dispatch'
  1 | import Foundation
  2 | import Dispatch
    |        `- error: no such module 'Dispatch'
  3 |
  4 | /// Bounds a single regex evaluation (or any CPU-bound synchronous closure)
/root/.swiftpm/swift-sdks/swift-wasm-6.1-RELEASE-wasm32-unknown-wasi.artifactbundle/6.1-RELEASE-wasm32-unknown-wasi/wasm32-unknown-wasi/swift.xctoolchain/usr/lib/swift_static/CoreFoundation/CoreFoundation.h:28:10: note: while building module 'wasi_emulated_signal' imported from /root/.swiftpm/swift-sdks/swift-wasm-6.1-RELEASE-wasm32-unknown-wasi.artifactbundle/6.1-RELEASE-wasm32-unknown-wasi/wasm32-unknown-wasi/swift.xctoolchain/usr/lib/swift_static/CoreFoundation/CoreFoundation.h:28:
 26 | #include <setjmp.h>
 27 | #endif
 28 | #include <signal.h>
    |          `- note: while building module 'wasi_emulated_signal' imported from /root/.swiftpm/swift-sdks/swift-wasm-6.1-RELEASE-wasm32-unknown-wasi.artifactbundle/6.1-RELEASE-wasm32-unknown-wasi/wasm32-unknown-wasi/swift.xctoolchain/usr/lib/swift_static/CoreFoundation/CoreFoundation.h:28:
 29 | #include <stddef.h>
 30 | #include <stdio.h>
<module-includes>:1:10: note: in file included from <module-includes>:1:
1 | #include "signal.h"
  |          `- note: in file included from <module-includes>:1:
2 |
[57/64] Compiling AgenticKit MCPServer.swift
/host/spi-builder-workspace/Sources/AgenticKit/BuiltinTools/RegexWatchdog.swift:2:8: error: no such module 'Dispatch'
  1 | import Foundation
  2 | import Dispatch
    |        `- error: no such module 'Dispatch'
  3 |
  4 | /// Bounds a single regex evaluation (or any CPU-bound synchronous closure)
/root/.swiftpm/swift-sdks/swift-wasm-6.1-RELEASE-wasm32-unknown-wasi.artifactbundle/6.1-RELEASE-wasm32-unknown-wasi/wasm32-unknown-wasi/swift.xctoolchain/usr/lib/swift_static/CoreFoundation/CoreFoundation.h:28:10: note: while building module 'wasi_emulated_signal' imported from /root/.swiftpm/swift-sdks/swift-wasm-6.1-RELEASE-wasm32-unknown-wasi.artifactbundle/6.1-RELEASE-wasm32-unknown-wasi/wasm32-unknown-wasi/swift.xctoolchain/usr/lib/swift_static/CoreFoundation/CoreFoundation.h:28:
 26 | #include <setjmp.h>
 27 | #endif
 28 | #include <signal.h>
    |          `- note: while building module 'wasi_emulated_signal' imported from /root/.swiftpm/swift-sdks/swift-wasm-6.1-RELEASE-wasm32-unknown-wasi.artifactbundle/6.1-RELEASE-wasm32-unknown-wasi/wasm32-unknown-wasi/swift.xctoolchain/usr/lib/swift_static/CoreFoundation/CoreFoundation.h:28:
 29 | #include <stddef.h>
 30 | #include <stdio.h>
<module-includes>:1:10: note: in file included from <module-includes>:1:
1 | #include "signal.h"
  |          `- note: in file included from <module-includes>:1:
2 |
[58/64] Compiling AgenticKit MCPServerProtocol.swift
/host/spi-builder-workspace/Sources/AgenticKit/BuiltinTools/RegexWatchdog.swift:2:8: error: no such module 'Dispatch'
  1 | import Foundation
  2 | import Dispatch
    |        `- error: no such module 'Dispatch'
  3 |
  4 | /// Bounds a single regex evaluation (or any CPU-bound synchronous closure)
/root/.swiftpm/swift-sdks/swift-wasm-6.1-RELEASE-wasm32-unknown-wasi.artifactbundle/6.1-RELEASE-wasm32-unknown-wasi/wasm32-unknown-wasi/swift.xctoolchain/usr/lib/swift_static/CoreFoundation/CoreFoundation.h:28:10: note: while building module 'wasi_emulated_signal' imported from /root/.swiftpm/swift-sdks/swift-wasm-6.1-RELEASE-wasm32-unknown-wasi.artifactbundle/6.1-RELEASE-wasm32-unknown-wasi/wasm32-unknown-wasi/swift.xctoolchain/usr/lib/swift_static/CoreFoundation/CoreFoundation.h:28:
 26 | #include <setjmp.h>
 27 | #endif
 28 | #include <signal.h>
    |          `- note: while building module 'wasi_emulated_signal' imported from /root/.swiftpm/swift-sdks/swift-wasm-6.1-RELEASE-wasm32-unknown-wasi.artifactbundle/6.1-RELEASE-wasm32-unknown-wasi/wasm32-unknown-wasi/swift.xctoolchain/usr/lib/swift_static/CoreFoundation/CoreFoundation.h:28:
 29 | #include <stddef.h>
 30 | #include <stdio.h>
<module-includes>:1:10: note: in file included from <module-includes>:1:
1 | #include "signal.h"
  |          `- note: in file included from <module-includes>:1:
2 |
[59/64] Compiling AgenticKit MCPTransportSecurity.swift
/host/spi-builder-workspace/Sources/AgenticKit/BuiltinTools/RegexWatchdog.swift:2:8: error: no such module 'Dispatch'
  1 | import Foundation
  2 | import Dispatch
    |        `- error: no such module 'Dispatch'
  3 |
  4 | /// Bounds a single regex evaluation (or any CPU-bound synchronous closure)
/root/.swiftpm/swift-sdks/swift-wasm-6.1-RELEASE-wasm32-unknown-wasi.artifactbundle/6.1-RELEASE-wasm32-unknown-wasi/wasm32-unknown-wasi/swift.xctoolchain/usr/lib/swift_static/CoreFoundation/CoreFoundation.h:28:10: note: while building module 'wasi_emulated_signal' imported from /root/.swiftpm/swift-sdks/swift-wasm-6.1-RELEASE-wasm32-unknown-wasi.artifactbundle/6.1-RELEASE-wasm32-unknown-wasi/wasm32-unknown-wasi/swift.xctoolchain/usr/lib/swift_static/CoreFoundation/CoreFoundation.h:28:
 26 | #include <setjmp.h>
 27 | #endif
 28 | #include <signal.h>
    |          `- note: while building module 'wasi_emulated_signal' imported from /root/.swiftpm/swift-sdks/swift-wasm-6.1-RELEASE-wasm32-unknown-wasi.artifactbundle/6.1-RELEASE-wasm32-unknown-wasi/wasm32-unknown-wasi/swift.xctoolchain/usr/lib/swift_static/CoreFoundation/CoreFoundation.h:28:
 29 | #include <stddef.h>
 30 | #include <stdio.h>
<module-includes>:1:10: note: in file included from <module-includes>:1:
1 | #include "signal.h"
  |          `- note: in file included from <module-includes>:1:
2 |
[60/64] Compiling AgenticKit RemoteMCPConfigDecoder.swift
/host/spi-builder-workspace/Sources/AgenticKit/BuiltinTools/RegexWatchdog.swift:2:8: error: no such module 'Dispatch'
  1 | import Foundation
  2 | import Dispatch
    |        `- error: no such module 'Dispatch'
  3 |
  4 | /// Bounds a single regex evaluation (or any CPU-bound synchronous closure)
/root/.swiftpm/swift-sdks/swift-wasm-6.1-RELEASE-wasm32-unknown-wasi.artifactbundle/6.1-RELEASE-wasm32-unknown-wasi/wasm32-unknown-wasi/swift.xctoolchain/usr/lib/swift_static/CoreFoundation/CoreFoundation.h:28:10: note: while building module 'wasi_emulated_signal' imported from /root/.swiftpm/swift-sdks/swift-wasm-6.1-RELEASE-wasm32-unknown-wasi.artifactbundle/6.1-RELEASE-wasm32-unknown-wasi/wasm32-unknown-wasi/swift.xctoolchain/usr/lib/swift_static/CoreFoundation/CoreFoundation.h:28:
 26 | #include <setjmp.h>
 27 | #endif
 28 | #include <signal.h>
    |          `- note: while building module 'wasi_emulated_signal' imported from /root/.swiftpm/swift-sdks/swift-wasm-6.1-RELEASE-wasm32-unknown-wasi.artifactbundle/6.1-RELEASE-wasm32-unknown-wasi/wasm32-unknown-wasi/swift.xctoolchain/usr/lib/swift_static/CoreFoundation/CoreFoundation.h:28:
 29 | #include <stddef.h>
 30 | #include <stdio.h>
<module-includes>:1:10: note: in file included from <module-includes>:1:
1 | #include "signal.h"
  |          `- note: in file included from <module-includes>:1:
2 |
[61/64] Compiling AgenticKit RemoteMCPServer.swift
/host/spi-builder-workspace/Sources/AgenticKit/BuiltinTools/RegexWatchdog.swift:2:8: error: no such module 'Dispatch'
  1 | import Foundation
  2 | import Dispatch
    |        `- error: no such module 'Dispatch'
  3 |
  4 | /// Bounds a single regex evaluation (or any CPU-bound synchronous closure)
/root/.swiftpm/swift-sdks/swift-wasm-6.1-RELEASE-wasm32-unknown-wasi.artifactbundle/6.1-RELEASE-wasm32-unknown-wasi/wasm32-unknown-wasi/swift.xctoolchain/usr/lib/swift_static/CoreFoundation/CoreFoundation.h:28:10: note: while building module 'wasi_emulated_signal' imported from /root/.swiftpm/swift-sdks/swift-wasm-6.1-RELEASE-wasm32-unknown-wasi.artifactbundle/6.1-RELEASE-wasm32-unknown-wasi/wasm32-unknown-wasi/swift.xctoolchain/usr/lib/swift_static/CoreFoundation/CoreFoundation.h:28:
 26 | #include <setjmp.h>
 27 | #endif
 28 | #include <signal.h>
    |          `- note: while building module 'wasi_emulated_signal' imported from /root/.swiftpm/swift-sdks/swift-wasm-6.1-RELEASE-wasm32-unknown-wasi.artifactbundle/6.1-RELEASE-wasm32-unknown-wasi/wasm32-unknown-wasi/swift.xctoolchain/usr/lib/swift_static/CoreFoundation/CoreFoundation.h:28:
 29 | #include <stddef.h>
 30 | #include <stdio.h>
<module-includes>:1:10: note: in file included from <module-includes>:1:
1 | #include "signal.h"
  |          `- note: in file included from <module-includes>:1:
2 |
[62/64] Compiling AgenticKit RemoteMCPServerConfig.swift
/host/spi-builder-workspace/Sources/AgenticKit/BuiltinTools/RegexWatchdog.swift:2:8: error: no such module 'Dispatch'
  1 | import Foundation
  2 | import Dispatch
    |        `- error: no such module 'Dispatch'
  3 |
  4 | /// Bounds a single regex evaluation (or any CPU-bound synchronous closure)
/root/.swiftpm/swift-sdks/swift-wasm-6.1-RELEASE-wasm32-unknown-wasi.artifactbundle/6.1-RELEASE-wasm32-unknown-wasi/wasm32-unknown-wasi/swift.xctoolchain/usr/lib/swift_static/CoreFoundation/CoreFoundation.h:28:10: note: while building module 'wasi_emulated_signal' imported from /root/.swiftpm/swift-sdks/swift-wasm-6.1-RELEASE-wasm32-unknown-wasi.artifactbundle/6.1-RELEASE-wasm32-unknown-wasi/wasm32-unknown-wasi/swift.xctoolchain/usr/lib/swift_static/CoreFoundation/CoreFoundation.h:28:
 26 | #include <setjmp.h>
 27 | #endif
 28 | #include <signal.h>
    |          `- note: while building module 'wasi_emulated_signal' imported from /root/.swiftpm/swift-sdks/swift-wasm-6.1-RELEASE-wasm32-unknown-wasi.artifactbundle/6.1-RELEASE-wasm32-unknown-wasi/wasm32-unknown-wasi/swift.xctoolchain/usr/lib/swift_static/CoreFoundation/CoreFoundation.h:28:
 29 | #include <stddef.h>
 30 | #include <stdio.h>
<module-includes>:1:10: note: in file included from <module-includes>:1:
1 | #include "signal.h"
  |          `- note: in file included from <module-includes>:1:
2 |
[63/64] Compiling AgenticKit AgentOptions.swift
/host/spi-builder-workspace/Sources/AgenticKit/BuiltinTools/RegexWatchdog.swift:2:8: error: no such module 'Dispatch'
  1 | import Foundation
  2 | import Dispatch
    |        `- error: no such module 'Dispatch'
  3 |
  4 | /// Bounds a single regex evaluation (or any CPU-bound synchronous closure)
/root/.swiftpm/swift-sdks/swift-wasm-6.1-RELEASE-wasm32-unknown-wasi.artifactbundle/6.1-RELEASE-wasm32-unknown-wasi/wasm32-unknown-wasi/swift.xctoolchain/usr/lib/swift_static/CoreFoundation/CoreFoundation.h:28:10: note: while building module 'wasi_emulated_signal' imported from /root/.swiftpm/swift-sdks/swift-wasm-6.1-RELEASE-wasm32-unknown-wasi.artifactbundle/6.1-RELEASE-wasm32-unknown-wasi/wasm32-unknown-wasi/swift.xctoolchain/usr/lib/swift_static/CoreFoundation/CoreFoundation.h:28:
 26 | #include <setjmp.h>
 27 | #endif
 28 | #include <signal.h>
    |          `- note: while building module 'wasi_emulated_signal' imported from /root/.swiftpm/swift-sdks/swift-wasm-6.1-RELEASE-wasm32-unknown-wasi.artifactbundle/6.1-RELEASE-wasm32-unknown-wasi/wasm32-unknown-wasi/swift.xctoolchain/usr/lib/swift_static/CoreFoundation/CoreFoundation.h:28:
 29 | #include <stddef.h>
 30 | #include <stdio.h>
<module-includes>:1:10: note: in file included from <module-includes>:1:
1 | #include "signal.h"
  |          `- note: in file included from <module-includes>:1:
2 |
[64/64] Compiling AgenticKit Compaction.swift
/host/spi-builder-workspace/Sources/AgenticKit/BuiltinTools/RegexWatchdog.swift:2:8: error: no such module 'Dispatch'
  1 | import Foundation
  2 | import Dispatch
    |        `- error: no such module 'Dispatch'
  3 |
  4 | /// Bounds a single regex evaluation (or any CPU-bound synchronous closure)
/root/.swiftpm/swift-sdks/swift-wasm-6.1-RELEASE-wasm32-unknown-wasi.artifactbundle/6.1-RELEASE-wasm32-unknown-wasi/wasm32-unknown-wasi/swift.xctoolchain/usr/lib/swift_static/CoreFoundation/CoreFoundation.h:28:10: note: while building module 'wasi_emulated_signal' imported from /root/.swiftpm/swift-sdks/swift-wasm-6.1-RELEASE-wasm32-unknown-wasi.artifactbundle/6.1-RELEASE-wasm32-unknown-wasi/wasm32-unknown-wasi/swift.xctoolchain/usr/lib/swift_static/CoreFoundation/CoreFoundation.h:28:
 26 | #include <setjmp.h>
 27 | #endif
 28 | #include <signal.h>
    |          `- note: while building module 'wasi_emulated_signal' imported from /root/.swiftpm/swift-sdks/swift-wasm-6.1-RELEASE-wasm32-unknown-wasi.artifactbundle/6.1-RELEASE-wasm32-unknown-wasi/wasm32-unknown-wasi/swift.xctoolchain/usr/lib/swift_static/CoreFoundation/CoreFoundation.h:28:
 29 | #include <stddef.h>
 30 | #include <stdio.h>
<module-includes>:1:10: note: in file included from <module-includes>:1:
1 | #include "signal.h"
  |          `- note: in file included from <module-includes>:1:
2 |
BUILD FAILURE 6.1 wasm