Build Information
Failed to build XPtr, reference 1.0.1 (f7f0b2), with Swift 6.4 for watchOS using Xcode 27.0 on 21 Sep 2026 21:15:26 UTC.
Build Command
env DEVELOPER_DIR=/Applications/Xcode-27.0.0-Release.Candidate.app xcrun xcodebuild -IDEClonedSourcePackagesDirPathOverride=$PWD/.dependencies -skipMacroValidation -skipPackagePluginValidation -derivedDataPath $PWD/.derivedData build -scheme XPtr -destination generic/platform=watchOSBuild Log
========================================
RunAll
========================================
Builder version: 5.1.0
Interrupt handler set up.
========================================
Checkout
========================================
Clone URL: https://github.com/wuyu2015/XPtrSwift.git
Reference: 1.0.1
Initialized empty Git repository in /Users/admin/builder/spi-builder-workspace/.git/
From https://github.com/wuyu2015/XPtrSwift
* tag 1.0.1 -> FETCH_HEAD
HEAD is now at f7f0b29 Modify: .gitignore
Cloned https://github.com/wuyu2015/XPtrSwift.git
Revision (git rev-parse @):
f7f0b29c7992f304f0fbc9ef46f175900bbb653b
SUCCESS checkout https://github.com/wuyu2015/XPtrSwift.git at 1.0.1
========================================
Build
========================================
Selected platform: watchOS
Swift version: 6.4
Building package at path: $PWD
https://github.com/wuyu2015/XPtrSwift.git
Command line invocation:
/Applications/Xcode-27.0.0-Release.Candidate.app/Contents/Developer/usr/bin/xcodebuild -IDEClonedSourcePackagesDirPathOverride=/Users/admin/builder/spi-builder-workspace/.dependencies -resolvePackageDependencies
Resolve Package Graph
Fetching from https://github.com/wuyu2015/XCTestDelayPrinter
Creating working copy of package ‘XCTestDelayPrinter’
Checking out 1.0.2 of package ‘XCTestDelayPrinter’
Resolve Package Graph
Resolved source packages:
XPtr: /Users/admin/builder/spi-builder-workspace
XCTestDelayPrinter: https://github.com/wuyu2015/XCTestDelayPrinter @ 1.0.2
resolved source packages: XPtr, XCTestDelayPrinter
2026-09-21 17:14:36.993 xcodebuild[528:3010] [MT] IDERunDestination: Supported platforms for the buildables in the current scheme is empty.
{
"dependencies" : [
{
"identity" : "xctestdelayprinter",
"requirement" : {
"range" : [
{
"lower_bound" : "1.0.0",
"upper_bound" : "2.0.0"
}
]
},
"type" : "sourceControl",
"url" : "https://github.com/wuyu2015/XCTestDelayPrinter"
}
],
"manifest_display_name" : "XPtr",
"name" : "XPtr",
"path" : "/Users/admin/builder/spi-builder-workspace",
"platforms" : [
],
"products" : [
{
"name" : "XPtr",
"targets" : [
"XPtr"
],
"type" : {
"library" : [
"automatic"
]
}
}
],
"targets" : [
{
"c99name" : "XPtrTests",
"module_type" : "SwiftTarget",
"name" : "XPtrTests",
"path" : "Tests/XPtrTests",
"product_dependencies" : [
"XCTestDelayPrinter"
],
"sources" : [
"CountTypeTests.swift",
"PtrTests.swift",
"SecretKeyTests.swift",
"XCTestManifests.swift"
],
"target_dependencies" : [
"XPtr"
],
"type" : "test"
},
{
"c99name" : "XPtr",
"module_type" : "SwiftTarget",
"name" : "XPtr",
"path" : "Sources/XPtr",
"product_memberships" : [
"XPtr"
],
"sources" : [
"CountType.swift",
"Ptr.swift",
"SecretKey.swift",
"XPtr.swift"
],
"type" : "library"
}
],
"tools_version" : "5.1"
}
{
"workspace" : {
"name" : "XPtr",
"schemes" : [
"XPtr"
]
}
}
2026-09-21 17:15:18.313 xcodebuild[683:4311] [MT] IDERunDestination: Supported platforms for the buildables in the current scheme is empty.
Running build ...
env DEVELOPER_DIR=/Applications/Xcode-27.0.0-Release.Candidate.app xcrun xcodebuild -IDEClonedSourcePackagesDirPathOverride=$PWD/.dependencies -skipMacroValidation -skipPackagePluginValidation -derivedDataPath $PWD/.derivedData build -scheme XPtr -destination generic/platform=watchOS
Command line invocation:
/Applications/Xcode-27.0.0-Release.Candidate.app/Contents/Developer/usr/bin/xcodebuild -IDEClonedSourcePackagesDirPathOverride=/Users/admin/builder/spi-builder-workspace/.dependencies -skipMacroValidation -skipPackagePluginValidation -derivedDataPath /Users/admin/builder/spi-builder-workspace/.derivedData build -scheme XPtr -destination generic/platform=watchOS
Resolve Package Graph
Resolve Package Graph
Resolved source packages:
XPtr: /Users/admin/builder/spi-builder-workspace
XCTestDelayPrinter: https://github.com/wuyu2015/XCTestDelayPrinter @ 1.0.2
ComputePackagePrebuildTargetDependencyGraph
Prepare packages
CreateBuildRequest
SendProjectDescription
CreateBuildOperation
ComputeTargetDependencyGraph
note: Building targets in dependency order
note: Target dependency graph (2 targets)
Target 'XPtr-product' in project 'XPtr'
➜ Explicit dependency on target 'XPtr' in project 'XPtr'
Target 'XPtr' in project 'XPtr' (no dependencies)
GatherProvisioningInputs
CreateBuildDescription
ExecuteExternalTool /Applications/Xcode-27.0.0-Release.Candidate.app/Contents/Developer/Toolchains/XcodeDefault.xctoolchain/usr/bin/clang -v -E -dM -isysroot /Applications/Xcode-27.0.0-Release.Candidate.app/Contents/Developer/Platforms/WatchOS.platform/Developer/SDKs/WatchOS27.0.sdk -x c -c /dev/null
ExecuteExternalTool /Applications/Xcode-27.0.0-Release.Candidate.app/Contents/Developer/Toolchains/XcodeDefault.xctoolchain/usr/bin/swiftc --version
ExecuteExternalTool /Applications/Xcode-27.0.0-Release.Candidate.app/Contents/Developer/Toolchains/XcodeDefault.xctoolchain/usr/bin/ld -version_details
Build description signature: 74211e195be737db196a210a64ced667
Build description path: /Users/admin/builder/spi-builder-workspace/.derivedData/Build/Intermediates.noindex/XCBuildData/74211e195be737db196a210a64ced667.xcbuilddata
CreateBuildDirectory /Users/admin/builder/spi-builder-workspace/.derivedData/SDKExplicitPrecompiledModules
cd /Users/admin/builder/spi-builder-workspace/.swiftpm/xcode
builtin-create-build-directory /Users/admin/builder/spi-builder-workspace/.derivedData/SDKExplicitPrecompiledModules
CreateBuildDirectory /Users/admin/builder/spi-builder-workspace/.derivedData/ModuleCache.noindex
cd /Users/admin/builder/spi-builder-workspace/.swiftpm/xcode
builtin-create-build-directory /Users/admin/builder/spi-builder-workspace/.derivedData/ModuleCache.noindex
CreateBuildDirectory /Users/admin/builder/spi-builder-workspace/.derivedData/CompilationCache.noindex
cd /Users/admin/builder/spi-builder-workspace/.swiftpm/xcode
builtin-create-build-directory /Users/admin/builder/spi-builder-workspace/.derivedData/CompilationCache.noindex
CreateBuildDirectory /Users/admin/builder/spi-builder-workspace/.derivedData/Build/Products
cd /Users/admin/builder/spi-builder-workspace/.swiftpm/xcode
builtin-create-build-directory /Users/admin/builder/spi-builder-workspace/.derivedData/Build/Products
CreateBuildDirectory /Users/admin/builder/spi-builder-workspace/.derivedData/Build/Intermediates.noindex
cd /Users/admin/builder/spi-builder-workspace/.swiftpm/xcode
builtin-create-build-directory /Users/admin/builder/spi-builder-workspace/.derivedData/Build/Intermediates.noindex
ClangStatCache /Applications/Xcode-27.0.0-Release.Candidate.app/Contents/Developer/Toolchains/XcodeDefault.xctoolchain/usr/bin/clang-stat-cache /Applications/Xcode-27.0.0-Release.Candidate.app/Contents/Developer/Platforms/WatchOS.platform/Developer/SDKs/WatchOS27.0.sdk /Users/admin/builder/spi-builder-workspace/.derivedData/SDKStatCaches.noindex/watchos27.0-24R360-e829b21a6f8c9b70876ba0858053c04477534ef55a1706bf4c1112bbb242f0a2.sdkstatcache
cd /Users/admin/builder/spi-builder-workspace/.swiftpm/xcode
/Applications/Xcode-27.0.0-Release.Candidate.app/Contents/Developer/Toolchains/XcodeDefault.xctoolchain/usr/bin/clang-stat-cache /Applications/Xcode-27.0.0-Release.Candidate.app/Contents/Developer/Platforms/WatchOS.platform/Developer/SDKs/WatchOS27.0.sdk -o /Users/admin/builder/spi-builder-workspace/.derivedData/SDKStatCaches.noindex/watchos27.0-24R360-e829b21a6f8c9b70876ba0858053c04477534ef55a1706bf4c1112bbb242f0a2.sdkstatcache
CreateBuildDirectory /Users/admin/builder/spi-builder-workspace/.derivedData/Build/Intermediates.noindex/SwiftExplicitPrecompiledModules
cd /Users/admin/builder/spi-builder-workspace/.swiftpm/xcode
builtin-create-build-directory /Users/admin/builder/spi-builder-workspace/.derivedData/Build/Intermediates.noindex/SwiftExplicitPrecompiledModules
CreateBuildDirectory /Users/admin/builder/spi-builder-workspace/.derivedData/Build/Intermediates.noindex/PrecompiledHeaders
cd /Users/admin/builder/spi-builder-workspace/.swiftpm/xcode
builtin-create-build-directory /Users/admin/builder/spi-builder-workspace/.derivedData/Build/Intermediates.noindex/PrecompiledHeaders
CreateBuildDirectory /Users/admin/builder/spi-builder-workspace/.derivedData/Build/Intermediates.noindex/ExplicitPrecompiledModules
cd /Users/admin/builder/spi-builder-workspace/.swiftpm/xcode
builtin-create-build-directory /Users/admin/builder/spi-builder-workspace/.derivedData/Build/Intermediates.noindex/ExplicitPrecompiledModules
CreateBuildDirectory /Users/admin/builder/spi-builder-workspace/.derivedData/Build/Products/Debug-watchos
cd /Users/admin/builder/spi-builder-workspace/.swiftpm/xcode
builtin-create-build-directory /Users/admin/builder/spi-builder-workspace/.derivedData/Build/Products/Debug-watchos
CreateBuildDirectory /Users/admin/builder/spi-builder-workspace/.derivedData/Build/Intermediates.noindex/EagerLinkingTBDs/Debug-watchos
cd /Users/admin/builder/spi-builder-workspace/.swiftpm/xcode
builtin-create-build-directory /Users/admin/builder/spi-builder-workspace/.derivedData/Build/Intermediates.noindex/EagerLinkingTBDs/Debug-watchos
CreateBuildDirectory /Users/admin/builder/spi-builder-workspace/.derivedData/Build/Products/Debug-watchos/PackageFrameworks
cd /Users/admin/builder/spi-builder-workspace/.swiftpm/xcode
builtin-create-build-directory /Users/admin/builder/spi-builder-workspace/.derivedData/Build/Products/Debug-watchos/PackageFrameworks
WriteAuxiliaryFile /Users/admin/builder/spi-builder-workspace/.derivedData/Build/Intermediates.noindex/XPtr.build/Debug-watchos/XPtr-t.build/XPtr.modulemap (in target 'XPtr' from project 'XPtr')
cd /Users/admin/builder/spi-builder-workspace
write-file /Users/admin/builder/spi-builder-workspace/.derivedData/Build/Intermediates.noindex/XPtr.build/Debug-watchos/XPtr-t.build/XPtr.modulemap
WriteAuxiliaryFile /Users/admin/builder/spi-builder-workspace/.derivedData/Build/Intermediates.noindex/XPtr.build/Debug-watchos/XPtr-t.build/XPtr.DependencyStaticMetadataFileList (in target 'XPtr' from project 'XPtr')
cd /Users/admin/builder/spi-builder-workspace
write-file /Users/admin/builder/spi-builder-workspace/.derivedData/Build/Intermediates.noindex/XPtr.build/Debug-watchos/XPtr-t.build/XPtr.DependencyStaticMetadataFileList
WriteAuxiliaryFile /Users/admin/builder/spi-builder-workspace/.derivedData/Build/Intermediates.noindex/XPtr.build/Debug-watchos/XPtr-t.build/XPtr.DependencyMetadataFileList (in target 'XPtr' from project 'XPtr')
cd /Users/admin/builder/spi-builder-workspace
write-file /Users/admin/builder/spi-builder-workspace/.derivedData/Build/Intermediates.noindex/XPtr.build/Debug-watchos/XPtr-t.build/XPtr.DependencyMetadataFileList
WriteAuxiliaryFile /Users/admin/builder/spi-builder-workspace/.derivedData/Build/Intermediates.noindex/XPtr.build/Debug-watchos/XPtr-t.build/Objects-normal/arm64_32/XPtr.SwiftConstValuesFileList (in target 'XPtr' from project 'XPtr')
cd /Users/admin/builder/spi-builder-workspace
write-file /Users/admin/builder/spi-builder-workspace/.derivedData/Build/Intermediates.noindex/XPtr.build/Debug-watchos/XPtr-t.build/Objects-normal/arm64_32/XPtr.SwiftConstValuesFileList
WriteAuxiliaryFile /Users/admin/builder/spi-builder-workspace/.derivedData/Build/Intermediates.noindex/XPtr.build/Debug-watchos/XPtr-t.build/Objects-normal/arm64_32/XPtr-OutputFileMap.json (in target 'XPtr' from project 'XPtr')
cd /Users/admin/builder/spi-builder-workspace
write-file /Users/admin/builder/spi-builder-workspace/.derivedData/Build/Intermediates.noindex/XPtr.build/Debug-watchos/XPtr-t.build/Objects-normal/arm64_32/XPtr-OutputFileMap.json
WriteAuxiliaryFile /Users/admin/builder/spi-builder-workspace/.derivedData/Build/Intermediates.noindex/XPtr.build/Debug-watchos/XPtr-t.build/Objects-normal/arm64_32/XPtr_const_extract_protocols.json (in target 'XPtr' from project 'XPtr')
cd /Users/admin/builder/spi-builder-workspace
write-file /Users/admin/builder/spi-builder-workspace/.derivedData/Build/Intermediates.noindex/XPtr.build/Debug-watchos/XPtr-t.build/Objects-normal/arm64_32/XPtr_const_extract_protocols.json
WriteAuxiliaryFile /Users/admin/builder/spi-builder-workspace/.derivedData/Build/Intermediates.noindex/XPtr.build/Debug-watchos/XPtr-t.build/Objects-normal/arm64_32/XPtr.LinkFileList (in target 'XPtr' from project 'XPtr')
cd /Users/admin/builder/spi-builder-workspace
write-file /Users/admin/builder/spi-builder-workspace/.derivedData/Build/Intermediates.noindex/XPtr.build/Debug-watchos/XPtr-t.build/Objects-normal/arm64_32/XPtr.LinkFileList
WriteAuxiliaryFile /Users/admin/builder/spi-builder-workspace/.derivedData/Build/Intermediates.noindex/XPtr.build/Debug-watchos/XPtr-t.build/Objects-normal/arm64_32/XPtr.SwiftFileList (in target 'XPtr' from project 'XPtr')
cd /Users/admin/builder/spi-builder-workspace
write-file /Users/admin/builder/spi-builder-workspace/.derivedData/Build/Intermediates.noindex/XPtr.build/Debug-watchos/XPtr-t.build/Objects-normal/arm64_32/XPtr.SwiftFileList
WriteAuxiliaryFile /Users/admin/builder/spi-builder-workspace/.derivedData/Build/Intermediates.noindex/XPtr.build/Debug-watchos/XPtr-t.build/Objects-normal/arm64/XPtr_const_extract_protocols.json (in target 'XPtr' from project 'XPtr')
cd /Users/admin/builder/spi-builder-workspace
write-file /Users/admin/builder/spi-builder-workspace/.derivedData/Build/Intermediates.noindex/XPtr.build/Debug-watchos/XPtr-t.build/Objects-normal/arm64/XPtr_const_extract_protocols.json
WriteAuxiliaryFile /Users/admin/builder/spi-builder-workspace/.derivedData/Build/Intermediates.noindex/XPtr.build/Debug-watchos/XPtr-t.build/Objects-normal/arm64/XPtr.SwiftConstValuesFileList (in target 'XPtr' from project 'XPtr')
cd /Users/admin/builder/spi-builder-workspace
write-file /Users/admin/builder/spi-builder-workspace/.derivedData/Build/Intermediates.noindex/XPtr.build/Debug-watchos/XPtr-t.build/Objects-normal/arm64/XPtr.SwiftConstValuesFileList
WriteAuxiliaryFile /Users/admin/builder/spi-builder-workspace/.derivedData/Build/Intermediates.noindex/XPtr.build/Debug-watchos/XPtr-t.build/Objects-normal/arm64/XPtr.SwiftFileList (in target 'XPtr' from project 'XPtr')
cd /Users/admin/builder/spi-builder-workspace
write-file /Users/admin/builder/spi-builder-workspace/.derivedData/Build/Intermediates.noindex/XPtr.build/Debug-watchos/XPtr-t.build/Objects-normal/arm64/XPtr.SwiftFileList
WriteAuxiliaryFile /Users/admin/builder/spi-builder-workspace/.derivedData/Build/Intermediates.noindex/XPtr.build/Debug-watchos/XPtr-t.build/Objects-normal/arm64/XPtr.LinkFileList (in target 'XPtr' from project 'XPtr')
cd /Users/admin/builder/spi-builder-workspace
write-file /Users/admin/builder/spi-builder-workspace/.derivedData/Build/Intermediates.noindex/XPtr.build/Debug-watchos/XPtr-t.build/Objects-normal/arm64/XPtr.LinkFileList
WriteAuxiliaryFile /Users/admin/builder/spi-builder-workspace/.derivedData/Build/Intermediates.noindex/XPtr.build/Debug-watchos/XPtr-t.build/Objects-normal/arm64/XPtr-OutputFileMap.json (in target 'XPtr' from project 'XPtr')
cd /Users/admin/builder/spi-builder-workspace
write-file /Users/admin/builder/spi-builder-workspace/.derivedData/Build/Intermediates.noindex/XPtr.build/Debug-watchos/XPtr-t.build/Objects-normal/arm64/XPtr-OutputFileMap.json
Copy /Users/admin/builder/spi-builder-workspace/.derivedData/Build/Intermediates.noindex/GeneratedModuleMaps-watchos/XPtr.modulemap /Users/admin/builder/spi-builder-workspace/.derivedData/Build/Intermediates.noindex/XPtr.build/Debug-watchos/XPtr-t.build/XPtr.modulemap (in target 'XPtr' from project 'XPtr')
cd /Users/admin/builder/spi-builder-workspace
builtin-copy -exclude .DS_Store -exclude CVS -exclude .svn -exclude .git -exclude .hg -resolve-src-symlinks /Users/admin/builder/spi-builder-workspace/.derivedData/Build/Intermediates.noindex/XPtr.build/Debug-watchos/XPtr-t.build/XPtr.modulemap /Users/admin/builder/spi-builder-workspace/.derivedData/Build/Intermediates.noindex/GeneratedModuleMaps-watchos
SwiftDriver XPtr normal arm64_32 com.apple.xcode.tools.swift.compiler (in target 'XPtr' from project 'XPtr')
cd /Users/admin/builder/spi-builder-workspace/.swiftpm/xcode
builtin-SwiftDriver -- /Applications/Xcode-27.0.0-Release.Candidate.app/Contents/Developer/Toolchains/XcodeDefault.xctoolchain/usr/bin/swiftc -parse-as-library -module-name XPtr -Onone @/Users/admin/builder/spi-builder-workspace/.derivedData/Build/Intermediates.noindex/XPtr.build/Debug-watchos/XPtr-t.build/Objects-normal/arm64_32/XPtr.SwiftFileList -DSWIFT_PACKAGE -DDEBUG -DSWIFT_MODULE_RESOURCE_BUNDLE_UNAVAILABLE -DXcode -plugin-path /Applications/Xcode-27.0.0-Release.Candidate.app/Contents/Developer/Toolchains/XcodeDefault.xctoolchain/usr/lib/swift/host/plugins/testing -enable-experimental-feature DebugDescriptionMacro -sdk /Applications/Xcode-27.0.0-Release.Candidate.app/Contents/Developer/Platforms/WatchOS.platform/Developer/SDKs/WatchOS27.0.sdk -target arm64_32-apple-watchos9.0 -g -module-cache-path /Users/admin/builder/spi-builder-workspace/.derivedData/ModuleCache.noindex -Xfrontend -serialize-debugging-options -profile-coverage-mapping -profile-generate -enable-testing -index-store-path /Users/admin/builder/spi-builder-workspace/.derivedData/Index.noindex/DataStore -Xcc -D_LIBCPP_HARDENING_MODE\=_LIBCPP_HARDENING_MODE_DEBUG -swift-version 5 -I /Users/admin/builder/spi-builder-workspace/.derivedData/Build/Products/Debug-watchos -Isystem /Applications/Xcode-27.0.0-Release.Candidate.app/Contents/Developer/Platforms/WatchOS.platform/Developer/usr/lib -F /Users/admin/builder/spi-builder-workspace/.derivedData/Build/Products/Debug-watchos -F /Applications/Xcode-27.0.0-Release.Candidate.app/Contents/Developer/Platforms/WatchOS.platform/Developer/Library/Frameworks -F /Applications/Xcode-27.0.0-Release.Candidate.app/Contents/Developer/Platforms/WatchOS.platform/Developer/SDKs/WatchOS27.0.sdk/Developer/Library/Frameworks -c -j10 -enable-batch-mode -incremental -Xcc -ivfsstatcache -Xcc /Users/admin/builder/spi-builder-workspace/.derivedData/SDKStatCaches.noindex/watchos27.0-24R360-e829b21a6f8c9b70876ba0858053c04477534ef55a1706bf4c1112bbb242f0a2.sdkstatcache -output-file-map /Users/admin/builder/spi-builder-workspace/.derivedData/Build/Intermediates.noindex/XPtr.build/Debug-watchos/XPtr-t.build/Objects-normal/arm64_32/XPtr-OutputFileMap.json -save-temps -no-color-diagnostics -explicit-module-build -module-cache-path /Users/admin/builder/spi-builder-workspace/.derivedData/Build/Intermediates.noindex/SwiftExplicitPrecompiledModules -clang-scanner-module-cache-path /Users/admin/builder/spi-builder-workspace/.derivedData/ModuleCache.noindex -sdk-module-cache-path /Users/admin/builder/spi-builder-workspace/.derivedData/SDKExplicitPrecompiledModules -emit-dependencies -emit-module -emit-module-path /Users/admin/builder/spi-builder-workspace/.derivedData/Build/Intermediates.noindex/XPtr.build/Debug-watchos/XPtr-t.build/Objects-normal/arm64_32/XPtr.swiftmodule -serialize-diagnostics -dependency-scan-serialize-diagnostics-path /Users/admin/builder/spi-builder-workspace/.derivedData/Build/Intermediates.noindex/XPtr.build/Debug-watchos/XPtr-t.build/Objects-normal/arm64_32/XPtr-dependency-scan.dia -validate-clang-modules-once -clang-build-session-file /Users/admin/builder/spi-builder-workspace/.derivedData/ModuleCache.noindex/Session.modulevalidation -Xcc -fmodules-prune-interval\=86400 -Xcc -fmodules-prune-after\=345600 -emit-const-values -const-gather-protocols-list /Users/admin/builder/spi-builder-workspace/.derivedData/Build/Intermediates.noindex/XPtr.build/Debug-watchos/XPtr-t.build/Objects-normal/arm64_32/XPtr_const_extract_protocols.json -Xcc -I/Users/admin/builder/spi-builder-workspace/.derivedData/Build/Products/Debug-watchos/include -Xcc -I/Users/admin/builder/spi-builder-workspace/.derivedData/Build/Intermediates.noindex/XPtr.build/Debug-watchos/XPtr-t.build/DerivedSources-normal/arm64_32 -Xcc -I/Users/admin/builder/spi-builder-workspace/.derivedData/Build/Intermediates.noindex/XPtr.build/Debug-watchos/XPtr-t.build/DerivedSources/arm64_32 -Xcc -I/Users/admin/builder/spi-builder-workspace/.derivedData/Build/Intermediates.noindex/XPtr.build/Debug-watchos/XPtr-t.build/DerivedSources -Xcc -DSWIFT_PACKAGE -Xcc -DDEBUG\=1 -emit-objc-header -emit-objc-header-path /Users/admin/builder/spi-builder-workspace/.derivedData/Build/Intermediates.noindex/XPtr.build/Debug-watchos/XPtr-t.build/Objects-normal/arm64_32/XPtr-Swift.h -working-directory /Users/admin/builder/spi-builder-workspace/.swiftpm/xcode -experimental-emit-module-separately -disable-cmo
SwiftDriver XPtr normal arm64 com.apple.xcode.tools.swift.compiler (in target 'XPtr' from project 'XPtr')
cd /Users/admin/builder/spi-builder-workspace/.swiftpm/xcode
builtin-SwiftDriver -- /Applications/Xcode-27.0.0-Release.Candidate.app/Contents/Developer/Toolchains/XcodeDefault.xctoolchain/usr/bin/swiftc -parse-as-library -module-name XPtr -Onone @/Users/admin/builder/spi-builder-workspace/.derivedData/Build/Intermediates.noindex/XPtr.build/Debug-watchos/XPtr-t.build/Objects-normal/arm64/XPtr.SwiftFileList -DSWIFT_PACKAGE -DDEBUG -DSWIFT_MODULE_RESOURCE_BUNDLE_UNAVAILABLE -DXcode -plugin-path /Applications/Xcode-27.0.0-Release.Candidate.app/Contents/Developer/Toolchains/XcodeDefault.xctoolchain/usr/lib/swift/host/plugins/testing -enable-experimental-feature DebugDescriptionMacro -sdk /Applications/Xcode-27.0.0-Release.Candidate.app/Contents/Developer/Platforms/WatchOS.platform/Developer/SDKs/WatchOS27.0.sdk -target arm64-apple-watchos9.0 -g -module-cache-path /Users/admin/builder/spi-builder-workspace/.derivedData/ModuleCache.noindex -Xfrontend -serialize-debugging-options -profile-coverage-mapping -profile-generate -enable-testing -index-store-path /Users/admin/builder/spi-builder-workspace/.derivedData/Index.noindex/DataStore -Xcc -D_LIBCPP_HARDENING_MODE\=_LIBCPP_HARDENING_MODE_DEBUG -swift-version 5 -I /Users/admin/builder/spi-builder-workspace/.derivedData/Build/Products/Debug-watchos -Isystem /Applications/Xcode-27.0.0-Release.Candidate.app/Contents/Developer/Platforms/WatchOS.platform/Developer/usr/lib -F /Users/admin/builder/spi-builder-workspace/.derivedData/Build/Products/Debug-watchos -F /Applications/Xcode-27.0.0-Release.Candidate.app/Contents/Developer/Platforms/WatchOS.platform/Developer/Library/Frameworks -F /Applications/Xcode-27.0.0-Release.Candidate.app/Contents/Developer/Platforms/WatchOS.platform/Developer/SDKs/WatchOS27.0.sdk/Developer/Library/Frameworks -c -j10 -enable-batch-mode -incremental -Xcc -ivfsstatcache -Xcc /Users/admin/builder/spi-builder-workspace/.derivedData/SDKStatCaches.noindex/watchos27.0-24R360-e829b21a6f8c9b70876ba0858053c04477534ef55a1706bf4c1112bbb242f0a2.sdkstatcache -output-file-map /Users/admin/builder/spi-builder-workspace/.derivedData/Build/Intermediates.noindex/XPtr.build/Debug-watchos/XPtr-t.build/Objects-normal/arm64/XPtr-OutputFileMap.json -save-temps -no-color-diagnostics -explicit-module-build -module-cache-path /Users/admin/builder/spi-builder-workspace/.derivedData/Build/Intermediates.noindex/SwiftExplicitPrecompiledModules -clang-scanner-module-cache-path /Users/admin/builder/spi-builder-workspace/.derivedData/ModuleCache.noindex -sdk-module-cache-path /Users/admin/builder/spi-builder-workspace/.derivedData/SDKExplicitPrecompiledModules -emit-dependencies -emit-module -emit-module-path /Users/admin/builder/spi-builder-workspace/.derivedData/Build/Intermediates.noindex/XPtr.build/Debug-watchos/XPtr-t.build/Objects-normal/arm64/XPtr.swiftmodule -serialize-diagnostics -dependency-scan-serialize-diagnostics-path /Users/admin/builder/spi-builder-workspace/.derivedData/Build/Intermediates.noindex/XPtr.build/Debug-watchos/XPtr-t.build/Objects-normal/arm64/XPtr-dependency-scan.dia -validate-clang-modules-once -clang-build-session-file /Users/admin/builder/spi-builder-workspace/.derivedData/ModuleCache.noindex/Session.modulevalidation -Xcc -fmodules-prune-interval\=86400 -Xcc -fmodules-prune-after\=345600 -emit-const-values -const-gather-protocols-list /Users/admin/builder/spi-builder-workspace/.derivedData/Build/Intermediates.noindex/XPtr.build/Debug-watchos/XPtr-t.build/Objects-normal/arm64/XPtr_const_extract_protocols.json -Xcc -I/Users/admin/builder/spi-builder-workspace/.derivedData/Build/Products/Debug-watchos/include -Xcc -I/Users/admin/builder/spi-builder-workspace/.derivedData/Build/Intermediates.noindex/XPtr.build/Debug-watchos/XPtr-t.build/DerivedSources-normal/arm64 -Xcc -I/Users/admin/builder/spi-builder-workspace/.derivedData/Build/Intermediates.noindex/XPtr.build/Debug-watchos/XPtr-t.build/DerivedSources/arm64 -Xcc -I/Users/admin/builder/spi-builder-workspace/.derivedData/Build/Intermediates.noindex/XPtr.build/Debug-watchos/XPtr-t.build/DerivedSources -Xcc -DSWIFT_PACKAGE -Xcc -DDEBUG\=1 -emit-objc-header -emit-objc-header-path /Users/admin/builder/spi-builder-workspace/.derivedData/Build/Intermediates.noindex/XPtr.build/Debug-watchos/XPtr-t.build/Objects-normal/arm64/XPtr-Swift.h -working-directory /Users/admin/builder/spi-builder-workspace/.swiftpm/xcode -experimental-emit-module-separately -disable-cmo
SwiftExplicitDependencyGeneratePcm arm64 /Users/admin/builder/spi-builder-workspace/.derivedData/SDKExplicitPrecompiledModules/_SwiftConcurrencyShims-659N52XSKR5F0QSB880BH2FJR.pcm
SwiftExplicitDependencyGeneratePcm arm64_32 /Users/admin/builder/spi-builder-workspace/.derivedData/SDKExplicitPrecompiledModules/_SwiftConcurrencyShims-6RTBPQ03V7BM9SPRK8SUE055H.pcm
SwiftExplicitDependencyGeneratePcm arm64 /Users/admin/builder/spi-builder-workspace/.derivedData/SDKExplicitPrecompiledModules/SwiftShims-4MXFZPV6FEB0XBYXCGPWAMQGL.pcm
SwiftExplicitDependencyGeneratePcm arm64_32 /Users/admin/builder/spi-builder-workspace/.derivedData/SDKExplicitPrecompiledModules/SwiftShims-9CQQGWTSNTN9EB5NSHDWUJICH.pcm
SwiftEmitModule normal arm64_32 Emitting\ module\ for\ XPtr (in target 'XPtr' from project 'XPtr')
SwiftCompile normal arm64_32 (in target 'XPtr' from project 'XPtr')
cd /Users/admin/builder/spi-builder-workspace/.swiftpm/xcode
SwiftCompile normal arm64_32 Compiling\ XPtr.swift /Users/admin/builder/spi-builder-workspace/Sources/XPtr/XPtr.swift (in target 'XPtr' from project 'XPtr')
SwiftCompile normal arm64_32 /Users/admin/builder/spi-builder-workspace/Sources/XPtr/XPtr.swift (in target 'XPtr' from project 'XPtr')
cd /Users/admin/builder/spi-builder-workspace/.swiftpm/xcode
builtin-SwiftPerFileCompile XPtr.swift
SwiftCompile normal arm64_32 Compiling\ SecretKey.swift /Users/admin/builder/spi-builder-workspace/Sources/XPtr/SecretKey.swift (in target 'XPtr' from project 'XPtr')
SwiftCompile normal arm64_32 /Users/admin/builder/spi-builder-workspace/Sources/XPtr/SecretKey.swift (in target 'XPtr' from project 'XPtr')
cd /Users/admin/builder/spi-builder-workspace/.swiftpm/xcode
builtin-SwiftPerFileCompile SecretKey.swift
/Users/admin/builder/spi-builder-workspace/Sources/XPtr/SecretKey.swift:157:28: error: integer literal '9223372036854775744' overflows when stored into 'Int'
155 | @inline(__always)
156 | static func alignment64(count: Int) -> Int {
157 | return count & 0x7FFFFFFFFFFFFFC0 // 0x7FFFFFFFFFFFFFC0 <-> 0b111_1111_1111_1111_1111_1111_1111_1111_1111_1111_1111_1111_1111_1100_0000
| `- error: integer literal '9223372036854775744' overflows when stored into 'Int'
158 | }
159 |
/Users/admin/builder/spi-builder-workspace/Sources/XPtr/SecretKey.swift:162:28: error: integer literal '9223372036854774784' overflows when stored into 'Int'
160 | @inline(__always)
161 | static func alignment1k(count: Int) -> Int {
162 | return count & 0x7FFFFFFFFFFFFC00 // 0x7FFFFFFFFFFFFC00 <-> 0b111_1111_1111_1111_1111_1111_1111_1111_1111_1111_1111_1111_1100_0000_0000
| `- error: integer literal '9223372036854774784' overflows when stored into 'Int'
163 | }
164 | }
Failed frontend command:
/Applications/Xcode-27.0.0-Release.Candidate.app/Contents/Developer/Toolchains/XcodeDefault.xctoolchain/usr/bin/swift-frontend -frontend -c /Users/admin/builder/spi-builder-workspace/Sources/XPtr/CountType.swift /Users/admin/builder/spi-builder-workspace/Sources/XPtr/Ptr.swift -primary-file /Users/admin/builder/spi-builder-workspace/Sources/XPtr/SecretKey.swift /Users/admin/builder/spi-builder-workspace/Sources/XPtr/XPtr.swift -emit-dependencies-path /Users/admin/builder/spi-builder-workspace/.derivedData/Build/Intermediates.noindex/XPtr.build/Debug-watchos/XPtr-t.build/Objects-normal/arm64_32/SecretKey.d -emit-const-values-path /Users/admin/builder/spi-builder-workspace/.derivedData/Build/Intermediates.noindex/XPtr.build/Debug-watchos/XPtr-t.build/Objects-normal/arm64_32/SecretKey.swiftconstvalues -emit-reference-dependencies-path /Users/admin/builder/spi-builder-workspace/.derivedData/Build/Intermediates.noindex/XPtr.build/Debug-watchos/XPtr-t.build/Objects-normal/arm64_32/SecretKey.swiftdeps -serialize-diagnostics-path /Users/admin/builder/spi-builder-workspace/.derivedData/Build/Intermediates.noindex/XPtr.build/Debug-watchos/XPtr-t.build/Objects-normal/arm64_32/SecretKey.dia -target arm64_32-apple-watchos9.0 -disable-cross-import-overlay-search -load-resolved-plugin /Applications/Xcode-27.0.0-Release.Candidate.app/Contents/Developer/Platforms/WatchOS.platform/Developer/usr/lib/swift/host/plugins/libSwiftMacros.dylib\#/Applications/Xcode-27.0.0-Release.Candidate.app/Contents/Developer/Platforms/WatchOS.platform/Developer/usr/bin/swift-plugin-server\#SwiftMacros -disable-implicit-swift-modules -Xcc -fno-implicit-modules -Xcc -fno-implicit-module-maps -explicit-swift-module-map-file /Users/admin/builder/spi-builder-workspace/.derivedData/Build/Intermediates.noindex/XPtr.build/Debug-watchos/XPtr-t.build/Objects-normal/arm64_32/XPtr-dependencies-1.json -enable-objc-interop -sdk /Applications/Xcode-27.0.0-Release.Candidate.app/Contents/Developer/Platforms/WatchOS.platform/Developer/SDKs/WatchOS27.0.sdk -I /Users/admin/builder/spi-builder-workspace/.derivedData/Build/Products/Debug-watchos -Isystem /Applications/Xcode-27.0.0-Release.Candidate.app/Contents/Developer/Platforms/WatchOS.platform/Developer/usr/lib -F /Users/admin/builder/spi-builder-workspace/.derivedData/Build/Products/Debug-watchos -F /Applications/Xcode-27.0.0-Release.Candidate.app/Contents/Developer/Platforms/WatchOS.platform/Developer/Library/Frameworks -F /Applications/Xcode-27.0.0-Release.Candidate.app/Contents/Developer/Platforms/WatchOS.platform/Developer/SDKs/WatchOS27.0.sdk/Developer/Library/Frameworks -module-cache-path /Users/admin/builder/spi-builder-workspace/.derivedData/Build/Intermediates.noindex/SwiftExplicitPrecompiledModules -no-color-diagnostics -Xcc -fno-color-diagnostics -enable-testing -g -debug-info-format\=dwarf -dwarf-version\=4 -profile-generate -profile-coverage-mapping -swift-version 5 -Onone -D SWIFT_PACKAGE -D DEBUG -D SWIFT_MODULE_RESOURCE_BUNDLE_UNAVAILABLE -D Xcode -serialize-debugging-options -enable-experimental-feature DebugDescriptionMacro -empty-abi-descriptor -validate-clang-modules-once -clang-build-session-file /Users/admin/builder/spi-builder-workspace/.derivedData/ModuleCache.noindex/Session.modulevalidation -Xcc -working-directory -Xcc /Users/admin/builder/spi-builder-workspace/.swiftpm/xcode -enable-anonymous-context-mangled-names -file-compilation-dir /Users/admin/builder/spi-builder-workspace/.swiftpm/xcode -Xcc -D_LIBCPP_HARDENING_MODE\=_LIBCPP_HARDENING_MODE_DEBUG -Xcc -ivfsstatcache -Xcc /Users/admin/builder/spi-builder-workspace/.derivedData/SDKStatCaches.noindex/watchos27.0-24R360-e829b21a6f8c9b70876ba0858053c04477534ef55a1706bf4c1112bbb242f0a2.sdkstatcache -Xcc -fmodules-prune-interval\=86400 -Xcc -fmodules-prune-after\=345600 -Xcc -I/Users/admin/builder/spi-builder-workspace/.derivedData/Build/Products/Debug-watchos/include -Xcc -I/Users/admin/builder/spi-builder-workspace/.derivedData/Build/Intermediates.noindex/XPtr.build/Debug-watchos/XPtr-t.build/DerivedSources-normal/arm64_32 -Xcc -I/Users/admin/builder/spi-builder-workspace/.derivedData/Build/Intermediates.noindex/XPtr.build/Debug-watchos/XPtr-t.build/DerivedSources/arm64_32 -Xcc -I/Users/admin/builder/spi-builder-workspace/.derivedData/Build/Intermediates.noindex/XPtr.build/Debug-watchos/XPtr-t.build/DerivedSources -Xcc -DSWIFT_PACKAGE -Xcc -DDEBUG\=1 -no-auto-bridging-header-chaining -module-name XPtr -const-gather-protocols-file /Users/admin/builder/spi-builder-workspace/.derivedData/Build/Intermediates.noindex/XPtr.build/Debug-watchos/XPtr-t.build/Objects-normal/arm64_32/XPtr_const_extract_protocols.json -disable-clang-spi -clang-target arm64_32-apple-watchos27.0 -target-sdk-version 27.0 -target-sdk-name watchos27.0 -in-process-plugin-server-path /Applications/Xcode-27.0.0-Release.Candidate.app/Contents/Developer/Toolchains/XcodeDefault.xctoolchain/usr/lib/swift/host/libSwiftInProcPluginServer.dylib -parse-as-library -o /Users/admin/builder/spi-builder-workspace/.derivedData/Build/Intermediates.noindex/XPtr.build/Debug-watchos/XPtr-t.build/Objects-normal/arm64_32/SecretKey.o -debug-module-path /Users/admin/builder/spi-builder-workspace/.derivedData/Build/Intermediates.noindex/XPtr.build/Debug-watchos/XPtr-t.build/Objects-normal/arm64_32/XPtr.swiftmodule -index-unit-output-path /XPtr.build/Debug-watchos/XPtr-t.build/Objects-normal/arm64_32/SecretKey.o -index-store-path /Users/admin/builder/spi-builder-workspace/.derivedData/Index.noindex/DataStore -index-system-modules
SwiftCompile normal arm64_32 Compiling\ CountType.swift /Users/admin/builder/spi-builder-workspace/Sources/XPtr/CountType.swift (in target 'XPtr' from project 'XPtr')
SwiftCompile normal arm64_32 /Users/admin/builder/spi-builder-workspace/Sources/XPtr/CountType.swift (in target 'XPtr' from project 'XPtr')
cd /Users/admin/builder/spi-builder-workspace/.swiftpm/xcode
builtin-SwiftPerFileCompile CountType.swift
SwiftCompile normal arm64_32 Compiling\ Ptr.swift /Users/admin/builder/spi-builder-workspace/Sources/XPtr/Ptr.swift (in target 'XPtr' from project 'XPtr')
SwiftCompile normal arm64_32 /Users/admin/builder/spi-builder-workspace/Sources/XPtr/Ptr.swift (in target 'XPtr' from project 'XPtr')
cd /Users/admin/builder/spi-builder-workspace/.swiftpm/xcode
builtin-SwiftPerFileCompile Ptr.swift
/Users/admin/builder/spi-builder-workspace/Sources/XPtr/Ptr.swift:144:42: error: integer literal '9223372036854774784' overflows when stored into 'Int'
142 | if index < alignment1k {
143 | let i = index & 1023
144 | return p[index & 0x7FFFFFFFFFFFFC00 + Int(k.X1K[i])] ^ k.H1K[i]
| `- error: integer literal '9223372036854774784' overflows when stored into 'Int'
145 | } else if index < alignment64 {
146 | let i64 = offset64 + (index & 1023)
/Users/admin/builder/spi-builder-workspace/Sources/XPtr/Ptr.swift:136:42: error: integer literal '9223372036854774784' overflows when stored into 'Int'
134 | if index < alignment1k {
135 | let i = index & 1023
136 | return p[index & 0x7FFFFFFFFFFFFC00 + Int(k.X1K[i])] ^ k.H1K[i]
| `- error: integer literal '9223372036854774784' overflows when stored into 'Int'
137 | } else {
138 | let i64 = offset64 + (index & 1023)
/Users/admin/builder/spi-builder-workspace/Sources/XPtr/Ptr.swift:128:42: error: integer literal '9223372036854774784' overflows when stored into 'Int'
126 | if index < alignment1k {
127 | let i = index & 1023
128 | return p[index & 0x7FFFFFFFFFFFFC00 + Int(k.X1K[i])] ^ k.H1K[i]
| `- error: integer literal '9223372036854774784' overflows when stored into 'Int'
129 | } else {
130 | let i8 = offset8 + (index & 63)
/Users/admin/builder/spi-builder-workspace/Sources/XPtr/Ptr.swift:124:38: error: integer literal '9223372036854774784' overflows when stored into 'Int'
122 | case .x1kPlus:
123 | let i = index & 1023
124 | return p[index & 0x7FFFFFFFFFFFFC00 + Int(k.X1K[i])] ^ k.H1K[i]
| `- error: integer literal '9223372036854774784' overflows when stored into 'Int'
125 | case .x1kPlusX8:
126 | if index < alignment1k {
/Users/admin/builder/spi-builder-workspace/Sources/XPtr/Ptr.swift:218:35: error: integer literal '9223372036854774784' overflows when stored into 'Int'
216 | if index < alignment1k {
217 | let i = index & 1023
218 | p[index & 0x7FFFFFFFFFFFFC00 + Int(k.X1K[i])] = newValue ^ k.H1K[i]
| `- error: integer literal '9223372036854774784' overflows when stored into 'Int'
219 | } else if index < alignment64 {
220 | let i64 = offset64 + (index & 1023)
/Users/admin/builder/spi-builder-workspace/Sources/XPtr/Ptr.swift:210:35: error: integer literal '9223372036854774784' overflows when stored into 'Int'
208 | let i = index & 1023
209 | if index < alignment1k {
210 | p[index & 0x7FFFFFFFFFFFFC00 + Int(k.X1K[i])] = newValue ^ k.H1K[i]
| `- error: integer literal '9223372036854774784' overflows when stored into 'Int'
211 | } else {
212 | let i64 = offset64 + (index & 1023)
/Users/admin/builder/spi-builder-workspace/Sources/XPtr/Ptr.swift:202:35: error: integer literal '9223372036854774784' overflows when stored into 'Int'
200 | let i = index & 1023
201 | if index < alignment1k {
202 | p[index & 0x7FFFFFFFFFFFFC00 + Int(k.X1K[i])] = newValue ^ k.H1K[i]
| `- error: integer literal '9223372036854774784' overflows when stored into 'Int'
203 | } else {
204 | let i8 = offset8 + (index & 63)
SwiftEmitModule normal arm64 Emitting\ module\ for\ XPtr (in target 'XPtr' from project 'XPtr')
SwiftCompile normal arm64 (in target 'XPtr' from project 'XPtr')
cd /Users/admin/builder/spi-builder-workspace/.swiftpm/xcode
SwiftCompile normal arm64 Compiling\ SecretKey.swift /Users/admin/builder/spi-builder-workspace/Sources/XPtr/SecretKey.swift (in target 'XPtr' from project 'XPtr')
SwiftCompile normal arm64 /Users/admin/builder/spi-builder-workspace/Sources/XPtr/SecretKey.swift (in target 'XPtr' from project 'XPtr')
cd /Users/admin/builder/spi-builder-workspace/.swiftpm/xcode
builtin-SwiftPerFileCompile SecretKey.swift
SwiftCompile normal arm64 Compiling\ XPtr.swift /Users/admin/builder/spi-builder-workspace/Sources/XPtr/XPtr.swift (in target 'XPtr' from project 'XPtr')
SwiftCompile normal arm64 /Users/admin/builder/spi-builder-workspace/Sources/XPtr/XPtr.swift (in target 'XPtr' from project 'XPtr')
cd /Users/admin/builder/spi-builder-workspace/.swiftpm/xcode
builtin-SwiftPerFileCompile XPtr.swift
SwiftCompile normal arm64 Compiling\ Ptr.swift /Users/admin/builder/spi-builder-workspace/Sources/XPtr/Ptr.swift (in target 'XPtr' from project 'XPtr')
SwiftCompile normal arm64 /Users/admin/builder/spi-builder-workspace/Sources/XPtr/Ptr.swift (in target 'XPtr' from project 'XPtr')
cd /Users/admin/builder/spi-builder-workspace/.swiftpm/xcode
builtin-SwiftPerFileCompile Ptr.swift
SwiftCompile normal arm64 Compiling\ CountType.swift /Users/admin/builder/spi-builder-workspace/Sources/XPtr/CountType.swift (in target 'XPtr' from project 'XPtr')
SwiftCompile normal arm64 /Users/admin/builder/spi-builder-workspace/Sources/XPtr/CountType.swift (in target 'XPtr' from project 'XPtr')
cd /Users/admin/builder/spi-builder-workspace/.swiftpm/xcode
builtin-SwiftPerFileCompile CountType.swift
SwiftDriverJobDiscovery normal arm64_32 Emitting module for XPtr (in target 'XPtr' from project 'XPtr')
SwiftDriverJobDiscovery normal arm64 Emitting module for XPtr (in target 'XPtr' from project 'XPtr')
SwiftDriver\ Compilation\ Requirements XPtr normal arm64_32 com.apple.xcode.tools.swift.compiler (in target 'XPtr' from project 'XPtr')
cd /Users/admin/builder/spi-builder-workspace/.swiftpm/xcode
builtin-Swift-Compilation-Requirements -- /Applications/Xcode-27.0.0-Release.Candidate.app/Contents/Developer/Toolchains/XcodeDefault.xctoolchain/usr/bin/swiftc -parse-as-library -module-name XPtr -Onone @/Users/admin/builder/spi-builder-workspace/.derivedData/Build/Intermediates.noindex/XPtr.build/Debug-watchos/XPtr-t.build/Objects-normal/arm64_32/XPtr.SwiftFileList -DSWIFT_PACKAGE -DDEBUG -DSWIFT_MODULE_RESOURCE_BUNDLE_UNAVAILABLE -DXcode -plugin-path /Applications/Xcode-27.0.0-Release.Candidate.app/Contents/Developer/Toolchains/XcodeDefault.xctoolchain/usr/lib/swift/host/plugins/testing -enable-experimental-feature DebugDescriptionMacro -sdk /Applications/Xcode-27.0.0-Release.Candidate.app/Contents/Developer/Platforms/WatchOS.platform/Developer/SDKs/WatchOS27.0.sdk -target arm64_32-apple-watchos9.0 -g -module-cache-path /Users/admin/builder/spi-builder-workspace/.derivedData/ModuleCache.noindex -Xfrontend -serialize-debugging-options -profile-coverage-mapping -profile-generate -enable-testing -index-store-path /Users/admin/builder/spi-builder-workspace/.derivedData/Index.noindex/DataStore -Xcc -D_LIBCPP_HARDENING_MODE\=_LIBCPP_HARDENING_MODE_DEBUG -swift-version 5 -I /Users/admin/builder/spi-builder-workspace/.derivedData/Build/Products/Debug-watchos -Isystem /Applications/Xcode-27.0.0-Release.Candidate.app/Contents/Developer/Platforms/WatchOS.platform/Developer/usr/lib -F /Users/admin/builder/spi-builder-workspace/.derivedData/Build/Products/Debug-watchos -F /Applications/Xcode-27.0.0-Release.Candidate.app/Contents/Developer/Platforms/WatchOS.platform/Developer/Library/Frameworks -F /Applications/Xcode-27.0.0-Release.Candidate.app/Contents/Developer/Platforms/WatchOS.platform/Developer/SDKs/WatchOS27.0.sdk/Developer/Library/Frameworks -c -j10 -enable-batch-mode -incremental -Xcc -ivfsstatcache -Xcc /Users/admin/builder/spi-builder-workspace/.derivedData/SDKStatCaches.noindex/watchos27.0-24R360-e829b21a6f8c9b70876ba0858053c04477534ef55a1706bf4c1112bbb242f0a2.sdkstatcache -output-file-map /Users/admin/builder/spi-builder-workspace/.derivedData/Build/Intermediates.noindex/XPtr.build/Debug-watchos/XPtr-t.build/Objects-normal/arm64_32/XPtr-OutputFileMap.json -save-temps -no-color-diagnostics -explicit-module-build -module-cache-path /Users/admin/builder/spi-builder-workspace/.derivedData/Build/Intermediates.noindex/SwiftExplicitPrecompiledModules -clang-scanner-module-cache-path /Users/admin/builder/spi-builder-workspace/.derivedData/ModuleCache.noindex -sdk-module-cache-path /Users/admin/builder/spi-builder-workspace/.derivedData/SDKExplicitPrecompiledModules -emit-dependencies -emit-module -emit-module-path /Users/admin/builder/spi-builder-workspace/.derivedData/Build/Intermediates.noindex/XPtr.build/Debug-watchos/XPtr-t.build/Objects-normal/arm64_32/XPtr.swiftmodule -serialize-diagnostics -dependency-scan-serialize-diagnostics-path /Users/admin/builder/spi-builder-workspace/.derivedData/Build/Intermediates.noindex/XPtr.build/Debug-watchos/XPtr-t.build/Objects-normal/arm64_32/XPtr-dependency-scan.dia -validate-clang-modules-once -clang-build-session-file /Users/admin/builder/spi-builder-workspace/.derivedData/ModuleCache.noindex/Session.modulevalidation -Xcc -fmodules-prune-interval\=86400 -Xcc -fmodules-prune-after\=345600 -emit-const-values -const-gather-protocols-list /Users/admin/builder/spi-builder-workspace/.derivedData/Build/Intermediates.noindex/XPtr.build/Debug-watchos/XPtr-t.build/Objects-normal/arm64_32/XPtr_const_extract_protocols.json -Xcc -I/Users/admin/builder/spi-builder-workspace/.derivedData/Build/Products/Debug-watchos/include -Xcc -I/Users/admin/builder/spi-builder-workspace/.derivedData/Build/Intermediates.noindex/XPtr.build/Debug-watchos/XPtr-t.build/DerivedSources-normal/arm64_32 -Xcc -I/Users/admin/builder/spi-builder-workspace/.derivedData/Build/Intermediates.noindex/XPtr.build/Debug-watchos/XPtr-t.build/DerivedSources/arm64_32 -Xcc -I/Users/admin/builder/spi-builder-workspace/.derivedData/Build/Intermediates.noindex/XPtr.build/Debug-watchos/XPtr-t.build/DerivedSources -Xcc -DSWIFT_PACKAGE -Xcc -DDEBUG\=1 -emit-objc-header -emit-objc-header-path /Users/admin/builder/spi-builder-workspace/.derivedData/Build/Intermediates.noindex/XPtr.build/Debug-watchos/XPtr-t.build/Objects-normal/arm64_32/XPtr-Swift.h -working-directory /Users/admin/builder/spi-builder-workspace/.swiftpm/xcode -experimental-emit-module-separately -disable-cmo
SwiftDriver\ Compilation\ Requirements XPtr normal arm64 com.apple.xcode.tools.swift.compiler (in target 'XPtr' from project 'XPtr')
cd /Users/admin/builder/spi-builder-workspace/.swiftpm/xcode
builtin-Swift-Compilation-Requirements -- /Applications/Xcode-27.0.0-Release.Candidate.app/Contents/Developer/Toolchains/XcodeDefault.xctoolchain/usr/bin/swiftc -parse-as-library -module-name XPtr -Onone @/Users/admin/builder/spi-builder-workspace/.derivedData/Build/Intermediates.noindex/XPtr.build/Debug-watchos/XPtr-t.build/Objects-normal/arm64/XPtr.SwiftFileList -DSWIFT_PACKAGE -DDEBUG -DSWIFT_MODULE_RESOURCE_BUNDLE_UNAVAILABLE -DXcode -plugin-path /Applications/Xcode-27.0.0-Release.Candidate.app/Contents/Developer/Toolchains/XcodeDefault.xctoolchain/usr/lib/swift/host/plugins/testing -enable-experimental-feature DebugDescriptionMacro -sdk /Applications/Xcode-27.0.0-Release.Candidate.app/Contents/Developer/Platforms/WatchOS.platform/Developer/SDKs/WatchOS27.0.sdk -target arm64-apple-watchos9.0 -g -module-cache-path /Users/admin/builder/spi-builder-workspace/.derivedData/ModuleCache.noindex -Xfrontend -serialize-debugging-options -profile-coverage-mapping -profile-generate -enable-testing -index-store-path /Users/admin/builder/spi-builder-workspace/.derivedData/Index.noindex/DataStore -Xcc -D_LIBCPP_HARDENING_MODE\=_LIBCPP_HARDENING_MODE_DEBUG -swift-version 5 -I /Users/admin/builder/spi-builder-workspace/.derivedData/Build/Products/Debug-watchos -Isystem /Applications/Xcode-27.0.0-Release.Candidate.app/Contents/Developer/Platforms/WatchOS.platform/Developer/usr/lib -F /Users/admin/builder/spi-builder-workspace/.derivedData/Build/Products/Debug-watchos -F /Applications/Xcode-27.0.0-Release.Candidate.app/Contents/Developer/Platforms/WatchOS.platform/Developer/Library/Frameworks -F /Applications/Xcode-27.0.0-Release.Candidate.app/Contents/Developer/Platforms/WatchOS.platform/Developer/SDKs/WatchOS27.0.sdk/Developer/Library/Frameworks -c -j10 -enable-batch-mode -incremental -Xcc -ivfsstatcache -Xcc /Users/admin/builder/spi-builder-workspace/.derivedData/SDKStatCaches.noindex/watchos27.0-24R360-e829b21a6f8c9b70876ba0858053c04477534ef55a1706bf4c1112bbb242f0a2.sdkstatcache -output-file-map /Users/admin/builder/spi-builder-workspace/.derivedData/Build/Intermediates.noindex/XPtr.build/Debug-watchos/XPtr-t.build/Objects-normal/arm64/XPtr-OutputFileMap.json -save-temps -no-color-diagnostics -explicit-module-build -module-cache-path /Users/admin/builder/spi-builder-workspace/.derivedData/Build/Intermediates.noindex/SwiftExplicitPrecompiledModules -clang-scanner-module-cache-path /Users/admin/builder/spi-builder-workspace/.derivedData/ModuleCache.noindex -sdk-module-cache-path /Users/admin/builder/spi-builder-workspace/.derivedData/SDKExplicitPrecompiledModules -emit-dependencies -emit-module -emit-module-path /Users/admin/builder/spi-builder-workspace/.derivedData/Build/Intermediates.noindex/XPtr.build/Debug-watchos/XPtr-t.build/Objects-normal/arm64/XPtr.swiftmodule -serialize-diagnostics -dependency-scan-serialize-diagnostics-path /Users/admin/builder/spi-builder-workspace/.derivedData/Build/Intermediates.noindex/XPtr.build/Debug-watchos/XPtr-t.build/Objects-normal/arm64/XPtr-dependency-scan.dia -validate-clang-modules-once -clang-build-session-file /Users/admin/builder/spi-builder-workspace/.derivedData/ModuleCache.noindex/Session.modulevalidation -Xcc -fmodules-prune-interval\=86400 -Xcc -fmodules-prune-after\=345600 -emit-const-values -const-gather-protocols-list /Users/admin/builder/spi-builder-workspace/.derivedData/Build/Intermediates.noindex/XPtr.build/Debug-watchos/XPtr-t.build/Objects-normal/arm64/XPtr_const_extract_protocols.json -Xcc -I/Users/admin/builder/spi-builder-workspace/.derivedData/Build/Products/Debug-watchos/include -Xcc -I/Users/admin/builder/spi-builder-workspace/.derivedData/Build/Intermediates.noindex/XPtr.build/Debug-watchos/XPtr-t.build/DerivedSources-normal/arm64 -Xcc -I/Users/admin/builder/spi-builder-workspace/.derivedData/Build/Intermediates.noindex/XPtr.build/Debug-watchos/XPtr-t.build/DerivedSources/arm64 -Xcc -I/Users/admin/builder/spi-builder-workspace/.derivedData/Build/Intermediates.noindex/XPtr.build/Debug-watchos/XPtr-t.build/DerivedSources -Xcc -DSWIFT_PACKAGE -Xcc -DDEBUG\=1 -emit-objc-header -emit-objc-header-path /Users/admin/builder/spi-builder-workspace/.derivedData/Build/Intermediates.noindex/XPtr.build/Debug-watchos/XPtr-t.build/Objects-normal/arm64/XPtr-Swift.h -working-directory /Users/admin/builder/spi-builder-workspace/.swiftpm/xcode -experimental-emit-module-separately -disable-cmo
Copy /Users/admin/builder/spi-builder-workspace/.derivedData/Build/Products/Debug-watchos/XPtr.swiftmodule/arm64_32-apple-watchos.swiftmodule /Users/admin/builder/spi-builder-workspace/.derivedData/Build/Intermediates.noindex/XPtr.build/Debug-watchos/XPtr-t.build/Objects-normal/arm64_32/XPtr.swiftmodule (in target 'XPtr' from project 'XPtr')
cd /Users/admin/builder/spi-builder-workspace
builtin-copy -exclude .DS_Store -exclude CVS -exclude .svn -exclude .git -exclude .hg -resolve-src-symlinks -rename /Users/admin/builder/spi-builder-workspace/.derivedData/Build/Intermediates.noindex/XPtr.build/Debug-watchos/XPtr-t.build/Objects-normal/arm64_32/XPtr.swiftmodule /Users/admin/builder/spi-builder-workspace/.derivedData/Build/Products/Debug-watchos/XPtr.swiftmodule/arm64_32-apple-watchos.swiftmodule
Copy /Users/admin/builder/spi-builder-workspace/.derivedData/Build/Products/Debug-watchos/XPtr.swiftmodule/arm64_32-apple-watchos.swiftdoc /Users/admin/builder/spi-builder-workspace/.derivedData/Build/Intermediates.noindex/XPtr.build/Debug-watchos/XPtr-t.build/Objects-normal/arm64_32/XPtr.swiftdoc (in target 'XPtr' from project 'XPtr')
cd /Users/admin/builder/spi-builder-workspace
builtin-copy -exclude .DS_Store -exclude CVS -exclude .svn -exclude .git -exclude .hg -resolve-src-symlinks -rename /Users/admin/builder/spi-builder-workspace/.derivedData/Build/Intermediates.noindex/XPtr.build/Debug-watchos/XPtr-t.build/Objects-normal/arm64_32/XPtr.swiftdoc /Users/admin/builder/spi-builder-workspace/.derivedData/Build/Products/Debug-watchos/XPtr.swiftmodule/arm64_32-apple-watchos.swiftdoc
SwiftMergeGeneratedHeaders /Users/admin/builder/spi-builder-workspace/.derivedData/Build/Intermediates.noindex/GeneratedModuleMaps-watchos/XPtr-Swift.h /Users/admin/builder/spi-builder-workspace/.derivedData/Build/Intermediates.noindex/XPtr.build/Debug-watchos/XPtr-t.build/Objects-normal/arm64/XPtr-Swift.h /Users/admin/builder/spi-builder-workspace/.derivedData/Build/Intermediates.noindex/XPtr.build/Debug-watchos/XPtr-t.build/Objects-normal/arm64_32/XPtr-Swift.h (in target 'XPtr' from project 'XPtr')
cd /Users/admin/builder/spi-builder-workspace
builtin-swiftHeaderTool -arch arm64 /Users/admin/builder/spi-builder-workspace/.derivedData/Build/Intermediates.noindex/XPtr.build/Debug-watchos/XPtr-t.build/Objects-normal/arm64/XPtr-Swift.h -arch arm64_32 /Users/admin/builder/spi-builder-workspace/.derivedData/Build/Intermediates.noindex/XPtr.build/Debug-watchos/XPtr-t.build/Objects-normal/arm64_32/XPtr-Swift.h -o /Users/admin/builder/spi-builder-workspace/.derivedData/Build/Intermediates.noindex/GeneratedModuleMaps-watchos/XPtr-Swift.h
Copy /Users/admin/builder/spi-builder-workspace/.derivedData/Build/Products/Debug-watchos/XPtr.swiftmodule/arm64_32-apple-watchos.abi.json /Users/admin/builder/spi-builder-workspace/.derivedData/Build/Intermediates.noindex/XPtr.build/Debug-watchos/XPtr-t.build/Objects-normal/arm64_32/XPtr.abi.json (in target 'XPtr' from project 'XPtr')
cd /Users/admin/builder/spi-builder-workspace
builtin-copy -exclude .DS_Store -exclude CVS -exclude .svn -exclude .git -exclude .hg -resolve-src-symlinks -rename /Users/admin/builder/spi-builder-workspace/.derivedData/Build/Intermediates.noindex/XPtr.build/Debug-watchos/XPtr-t.build/Objects-normal/arm64_32/XPtr.abi.json /Users/admin/builder/spi-builder-workspace/.derivedData/Build/Products/Debug-watchos/XPtr.swiftmodule/arm64_32-apple-watchos.abi.json
Copy /Users/admin/builder/spi-builder-workspace/.derivedData/Build/Products/Debug-watchos/XPtr.swiftmodule/arm64-apple-watchos.swiftmodule /Users/admin/builder/spi-builder-workspace/.derivedData/Build/Intermediates.noindex/XPtr.build/Debug-watchos/XPtr-t.build/Objects-normal/arm64/XPtr.swiftmodule (in target 'XPtr' from project 'XPtr')
cd /Users/admin/builder/spi-builder-workspace
builtin-copy -exclude .DS_Store -exclude CVS -exclude .svn -exclude .git -exclude .hg -resolve-src-symlinks -rename /Users/admin/builder/spi-builder-workspace/.derivedData/Build/Intermediates.noindex/XPtr.build/Debug-watchos/XPtr-t.build/Objects-normal/arm64/XPtr.swiftmodule /Users/admin/builder/spi-builder-workspace/.derivedData/Build/Products/Debug-watchos/XPtr.swiftmodule/arm64-apple-watchos.swiftmodule
Copy /Users/admin/builder/spi-builder-workspace/.derivedData/Build/Products/Debug-watchos/XPtr.swiftmodule/arm64-apple-watchos.swiftdoc /Users/admin/builder/spi-builder-workspace/.derivedData/Build/Intermediates.noindex/XPtr.build/Debug-watchos/XPtr-t.build/Objects-normal/arm64/XPtr.swiftdoc (in target 'XPtr' from project 'XPtr')
cd /Users/admin/builder/spi-builder-workspace
builtin-copy -exclude .DS_Store -exclude CVS -exclude .svn -exclude .git -exclude .hg -resolve-src-symlinks -rename /Users/admin/builder/spi-builder-workspace/.derivedData/Build/Intermediates.noindex/XPtr.build/Debug-watchos/XPtr-t.build/Objects-normal/arm64/XPtr.swiftdoc /Users/admin/builder/spi-builder-workspace/.derivedData/Build/Products/Debug-watchos/XPtr.swiftmodule/arm64-apple-watchos.swiftdoc
Copy /Users/admin/builder/spi-builder-workspace/.derivedData/Build/Products/Debug-watchos/XPtr.swiftmodule/arm64-apple-watchos.abi.json /Users/admin/builder/spi-builder-workspace/.derivedData/Build/Intermediates.noindex/XPtr.build/Debug-watchos/XPtr-t.build/Objects-normal/arm64/XPtr.abi.json (in target 'XPtr' from project 'XPtr')
cd /Users/admin/builder/spi-builder-workspace
builtin-copy -exclude .DS_Store -exclude CVS -exclude .svn -exclude .git -exclude .hg -resolve-src-symlinks -rename /Users/admin/builder/spi-builder-workspace/.derivedData/Build/Intermediates.noindex/XPtr.build/Debug-watchos/XPtr-t.build/Objects-normal/arm64/XPtr.abi.json /Users/admin/builder/spi-builder-workspace/.derivedData/Build/Products/Debug-watchos/XPtr.swiftmodule/arm64-apple-watchos.abi.json
Copy /Users/admin/builder/spi-builder-workspace/.derivedData/Build/Products/Debug-watchos/XPtr.swiftmodule/Project/arm64_32-apple-watchos.swiftsourceinfo /Users/admin/builder/spi-builder-workspace/.derivedData/Build/Intermediates.noindex/XPtr.build/Debug-watchos/XPtr-t.build/Objects-normal/arm64_32/XPtr.swiftsourceinfo (in target 'XPtr' from project 'XPtr')
cd /Users/admin/builder/spi-builder-workspace
builtin-copy -exclude .DS_Store -exclude CVS -exclude .svn -exclude .git -exclude .hg -resolve-src-symlinks -rename /Users/admin/builder/spi-builder-workspace/.derivedData/Build/Intermediates.noindex/XPtr.build/Debug-watchos/XPtr-t.build/Objects-normal/arm64_32/XPtr.swiftsourceinfo /Users/admin/builder/spi-builder-workspace/.derivedData/Build/Products/Debug-watchos/XPtr.swiftmodule/Project/arm64_32-apple-watchos.swiftsourceinfo
Copy /Users/admin/builder/spi-builder-workspace/.derivedData/Build/Products/Debug-watchos/XPtr.swiftmodule/Project/arm64-apple-watchos.swiftsourceinfo /Users/admin/builder/spi-builder-workspace/.derivedData/Build/Intermediates.noindex/XPtr.build/Debug-watchos/XPtr-t.build/Objects-normal/arm64/XPtr.swiftsourceinfo (in target 'XPtr' from project 'XPtr')
cd /Users/admin/builder/spi-builder-workspace
builtin-copy -exclude .DS_Store -exclude CVS -exclude .svn -exclude .git -exclude .hg -resolve-src-symlinks -rename /Users/admin/builder/spi-builder-workspace/.derivedData/Build/Intermediates.noindex/XPtr.build/Debug-watchos/XPtr-t.build/Objects-normal/arm64/XPtr.swiftsourceinfo /Users/admin/builder/spi-builder-workspace/.derivedData/Build/Products/Debug-watchos/XPtr.swiftmodule/Project/arm64-apple-watchos.swiftsourceinfo
SwiftDriverJobDiscovery normal arm64 Compiling XPtr.swift (in target 'XPtr' from project 'XPtr')
SwiftDriverJobDiscovery normal arm64_32 Compiling XPtr.swift (in target 'XPtr' from project 'XPtr')
SwiftDriverJobDiscovery normal arm64 Compiling CountType.swift (in target 'XPtr' from project 'XPtr')
SwiftDriverJobDiscovery normal arm64_32 Compiling CountType.swift (in target 'XPtr' from project 'XPtr')
PruneExplicitPrecompiledModules /Users/admin/builder/spi-builder-workspace/.derivedData/SDKExplicitPrecompiledModules
PruneExplicitPrecompiledModules /Users/admin/builder/spi-builder-workspace/.derivedData/Build/Intermediates.noindex/ExplicitPrecompiledModules
PruneExplicitPrecompiledModules /Users/admin/builder/spi-builder-workspace/.derivedData/Build/Intermediates.noindex/SwiftExplicitPrecompiledModules
2026-09-21 17:15:20.515 xcodebuild[684:4357] [MT] IDERunDestination: Supported platforms for the buildables in the current scheme is empty.
** BUILD FAILED **
The following build commands failed:
SwiftCompile normal arm64_32 /Users/admin/builder/spi-builder-workspace/Sources/XPtr/SecretKey.swift (in target 'XPtr' from project 'XPtr')
SwiftCompile normal arm64_32 Compiling\ SecretKey.swift /Users/admin/builder/spi-builder-workspace/Sources/XPtr/SecretKey.swift (in target 'XPtr' from project 'XPtr')
Building workspace XPtr with scheme XPtr
(3 failures)
Command line invocation:
/Applications/Xcode-27.0.0-Release.Candidate.app/Contents/Developer/usr/bin/xcodebuild -IDEClonedSourcePackagesDirPathOverride=/Users/admin/builder/spi-builder-workspace/.dependencies -resolvePackageDependencies
Resolve Package Graph
Resolved source packages:
XCTestDelayPrinter: https://github.com/wuyu2015/XCTestDelayPrinter @ 1.0.2
XPtr: /Users/admin/builder/spi-builder-workspace
resolved source packages: XCTestDelayPrinter, XPtr
2026-09-21 17:15:23.633 xcodebuild[721:4569] [MT] IDERunDestination: Supported platforms for the buildables in the current scheme is empty.
{
"dependencies" : [
{
"identity" : "xctestdelayprinter",
"requirement" : {
"range" : [
{
"lower_bound" : "1.0.0",
"upper_bound" : "2.0.0"
}
]
},
"type" : "sourceControl",
"url" : "https://github.com/wuyu2015/XCTestDelayPrinter"
}
],
"manifest_display_name" : "XPtr",
"name" : "XPtr",
"path" : "/Users/admin/builder/spi-builder-workspace",
"platforms" : [
],
"products" : [
{
"name" : "XPtr",
"targets" : [
"XPtr"
],
"type" : {
"library" : [
"automatic"
]
}
}
],
"targets" : [
{
"c99name" : "XPtrTests",
"module_type" : "SwiftTarget",
"name" : "XPtrTests",
"path" : "Tests/XPtrTests",
"product_dependencies" : [
"XCTestDelayPrinter"
],
"sources" : [
"CountTypeTests.swift",
"PtrTests.swift",
"SecretKeyTests.swift",
"XCTestManifests.swift"
],
"target_dependencies" : [
"XPtr"
],
"type" : "test"
},
{
"c99name" : "XPtr",
"module_type" : "SwiftTarget",
"name" : "XPtr",
"path" : "Sources/XPtr",
"product_memberships" : [
"XPtr"
],
"sources" : [
"CountType.swift",
"Ptr.swift",
"SecretKey.swift",
"XPtr.swift"
],
"type" : "library"
}
],
"tools_version" : "5.1"
}
{
"workspace" : {
"name" : "XPtr",
"schemes" : [
"XPtr"
]
}
}
2026-09-21 17:15:24.869 xcodebuild[729:4629] [MT] IDERunDestination: Supported platforms for the buildables in the current scheme is empty.
Running build ...
env DEVELOPER_DIR=/Applications/Xcode-27.0.0-Release.Candidate.app xcrun xcodebuild -IDEClonedSourcePackagesDirPathOverride=$PWD/.dependencies -skipMacroValidation -skipPackagePluginValidation -derivedDataPath $PWD/.derivedData build -scheme XPtr -destination generic/platform=watchOS
Command line invocation:
/Applications/Xcode-27.0.0-Release.Candidate.app/Contents/Developer/usr/bin/xcodebuild -IDEClonedSourcePackagesDirPathOverride=/Users/admin/builder/spi-builder-workspace/.dependencies -skipMacroValidation -skipPackagePluginValidation -derivedDataPath /Users/admin/builder/spi-builder-workspace/.derivedData build -scheme XPtr -destination generic/platform=watchOS
Resolve Package Graph
Resolved source packages:
XPtr: /Users/admin/builder/spi-builder-workspace
XCTestDelayPrinter: https://github.com/wuyu2015/XCTestDelayPrinter @ 1.0.2
ComputePackagePrebuildTargetDependencyGraph
Prepare packages
CreateBuildRequest
SendProjectDescription
CreateBuildOperation
ComputeTargetDependencyGraph
note: Building targets in dependency order
note: Target dependency graph (2 targets)
Target 'XPtr-product' in project 'XPtr'
➜ Explicit dependency on target 'XPtr' in project 'XPtr'
Target 'XPtr' in project 'XPtr' (no dependencies)
GatherProvisioningInputs
CreateBuildDescription
ClangStatCache /Applications/Xcode-27.0.0-Release.Candidate.app/Contents/Developer/Toolchains/XcodeDefault.xctoolchain/usr/bin/clang-stat-cache /Applications/Xcode-27.0.0-Release.Candidate.app/Contents/Developer/Platforms/WatchOS.platform/Developer/SDKs/WatchOS27.0.sdk /Users/admin/builder/spi-builder-workspace/.derivedData/SDKStatCaches.noindex/watchos27.0-24R360-e829b21a6f8c9b70876ba0858053c04477534ef55a1706bf4c1112bbb242f0a2.sdkstatcache
cd /Users/admin/builder/spi-builder-workspace/.swiftpm/xcode
/Applications/Xcode-27.0.0-Release.Candidate.app/Contents/Developer/Toolchains/XcodeDefault.xctoolchain/usr/bin/clang-stat-cache /Applications/Xcode-27.0.0-Release.Candidate.app/Contents/Developer/Platforms/WatchOS.platform/Developer/SDKs/WatchOS27.0.sdk -o /Users/admin/builder/spi-builder-workspace/.derivedData/SDKStatCaches.noindex/watchos27.0-24R360-e829b21a6f8c9b70876ba0858053c04477534ef55a1706bf4c1112bbb242f0a2.sdkstatcache
SwiftDriver XPtr normal arm64 com.apple.xcode.tools.swift.compiler (in target 'XPtr' from project 'XPtr')
cd /Users/admin/builder/spi-builder-workspace/.swiftpm/xcode
builtin-SwiftDriver -- /Applications/Xcode-27.0.0-Release.Candidate.app/Contents/Developer/Toolchains/XcodeDefault.xctoolchain/usr/bin/swiftc -parse-as-library -module-name XPtr -Onone @/Users/admin/builder/spi-builder-workspace/.derivedData/Build/Intermediates.noindex/XPtr.build/Debug-watchos/XPtr-t.build/Objects-normal/arm64/XPtr.SwiftFileList -DSWIFT_PACKAGE -DDEBUG -DSWIFT_MODULE_RESOURCE_BUNDLE_UNAVAILABLE -DXcode -plugin-path /Applications/Xcode-27.0.0-Release.Candidate.app/Contents/Developer/Toolchains/XcodeDefault.xctoolchain/usr/lib/swift/host/plugins/testing -enable-experimental-feature DebugDescriptionMacro -sdk /Applications/Xcode-27.0.0-Release.Candidate.app/Contents/Developer/Platforms/WatchOS.platform/Developer/SDKs/WatchOS27.0.sdk -target arm64-apple-watchos9.0 -g -module-cache-path /Users/admin/builder/spi-builder-workspace/.derivedData/ModuleCache.noindex -Xfrontend -serialize-debugging-options -profile-coverage-mapping -profile-generate -enable-testing -index-store-path /Users/admin/builder/spi-builder-workspace/.derivedData/Index.noindex/DataStore -Xcc -D_LIBCPP_HARDENING_MODE\=_LIBCPP_HARDENING_MODE_DEBUG -swift-version 5 -I /Users/admin/builder/spi-builder-workspace/.derivedData/Build/Products/Debug-watchos -Isystem /Applications/Xcode-27.0.0-Release.Candidate.app/Contents/Developer/Platforms/WatchOS.platform/Developer/usr/lib -F /Users/admin/builder/spi-builder-workspace/.derivedData/Build/Products/Debug-watchos -F /Applications/Xcode-27.0.0-Release.Candidate.app/Contents/Developer/Platforms/WatchOS.platform/Developer/Library/Frameworks -F /Applications/Xcode-27.0.0-Release.Candidate.app/Contents/Developer/Platforms/WatchOS.platform/Developer/SDKs/WatchOS27.0.sdk/Developer/Library/Frameworks -c -j10 -enable-batch-mode -incremental -Xcc -ivfsstatcache -Xcc /Users/admin/builder/spi-builder-workspace/.derivedData/SDKStatCaches.noindex/watchos27.0-24R360-e829b21a6f8c9b70876ba0858053c04477534ef55a1706bf4c1112bbb242f0a2.sdkstatcache -output-file-map /Users/admin/builder/spi-builder-workspace/.derivedData/Build/Intermediates.noindex/XPtr.build/Debug-watchos/XPtr-t.build/Objects-normal/arm64/XPtr-OutputFileMap.json -save-temps -no-color-diagnostics -explicit-module-build -module-cache-path /Users/admin/builder/spi-builder-workspace/.derivedData/Build/Intermediates.noindex/SwiftExplicitPrecompiledModules -clang-scanner-module-cache-path /Users/admin/builder/spi-builder-workspace/.derivedData/ModuleCache.noindex -sdk-module-cache-path /Users/admin/builder/spi-builder-workspace/.derivedData/SDKExplicitPrecompiledModules -emit-dependencies -emit-module -emit-module-path /Users/admin/builder/spi-builder-workspace/.derivedData/Build/Intermediates.noindex/XPtr.build/Debug-watchos/XPtr-t.build/Objects-normal/arm64/XPtr.swiftmodule -serialize-diagnostics -dependency-scan-serialize-diagnostics-path /Users/admin/builder/spi-builder-workspace/.derivedData/Build/Intermediates.noindex/XPtr.build/Debug-watchos/XPtr-t.build/Objects-normal/arm64/XPtr-dependency-scan.dia -validate-clang-modules-once -clang-build-session-file /Users/admin/builder/spi-builder-workspace/.derivedData/ModuleCache.noindex/Session.modulevalidation -Xcc -fmodules-prune-interval\=86400 -Xcc -fmodules-prune-after\=345600 -emit-const-values -const-gather-protocols-list /Users/admin/builder/spi-builder-workspace/.derivedData/Build/Intermediates.noindex/XPtr.build/Debug-watchos/XPtr-t.build/Objects-normal/arm64/XPtr_const_extract_protocols.json -Xcc -I/Users/admin/builder/spi-builder-workspace/.derivedData/Build/Products/Debug-watchos/include -Xcc -I/Users/admin/builder/spi-builder-workspace/.derivedData/Build/Intermediates.noindex/XPtr.build/Debug-watchos/XPtr-t.build/DerivedSources-normal/arm64 -Xcc -I/Users/admin/builder/spi-builder-workspace/.derivedData/Build/Intermediates.noindex/XPtr.build/Debug-watchos/XPtr-t.build/DerivedSources/arm64 -Xcc -I/Users/admin/builder/spi-builder-workspace/.derivedData/Build/Intermediates.noindex/XPtr.build/Debug-watchos/XPtr-t.build/DerivedSources -Xcc -DSWIFT_PACKAGE -Xcc -DDEBUG\=1 -emit-objc-header -emit-objc-header-path /Users/admin/builder/spi-builder-workspace/.derivedData/Build/Intermediates.noindex/XPtr.build/Debug-watchos/XPtr-t.build/Objects-normal/arm64/XPtr-Swift.h -working-directory /Users/admin/builder/spi-builder-workspace/.swiftpm/xcode -experimental-emit-module-separately -disable-cmo
SwiftDriver XPtr normal arm64_32 com.apple.xcode.tools.swift.compiler (in target 'XPtr' from project 'XPtr')
cd /Users/admin/builder/spi-builder-workspace/.swiftpm/xcode
builtin-SwiftDriver -- /Applications/Xcode-27.0.0-Release.Candidate.app/Contents/Developer/Toolchains/XcodeDefault.xctoolchain/usr/bin/swiftc -parse-as-library -module-name XPtr -Onone @/Users/admin/builder/spi-builder-workspace/.derivedData/Build/Intermediates.noindex/XPtr.build/Debug-watchos/XPtr-t.build/Objects-normal/arm64_32/XPtr.SwiftFileList -DSWIFT_PACKAGE -DDEBUG -DSWIFT_MODULE_RESOURCE_BUNDLE_UNAVAILABLE -DXcode -plugin-path /Applications/Xcode-27.0.0-Release.Candidate.app/Contents/Developer/Toolchains/XcodeDefault.xctoolchain/usr/lib/swift/host/plugins/testing -enable-experimental-feature DebugDescriptionMacro -sdk /Applications/Xcode-27.0.0-Release.Candidate.app/Contents/Developer/Platforms/WatchOS.platform/Developer/SDKs/WatchOS27.0.sdk -target arm64_32-apple-watchos9.0 -g -module-cache-path /Users/admin/builder/spi-builder-workspace/.derivedData/ModuleCache.noindex -Xfrontend -serialize-debugging-options -profile-coverage-mapping -profile-generate -enable-testing -index-store-path /Users/admin/builder/spi-builder-workspace/.derivedData/Index.noindex/DataStore -Xcc -D_LIBCPP_HARDENING_MODE\=_LIBCPP_HARDENING_MODE_DEBUG -swift-version 5 -I /Users/admin/builder/spi-builder-workspace/.derivedData/Build/Products/Debug-watchos -Isystem /Applications/Xcode-27.0.0-Release.Candidate.app/Contents/Developer/Platforms/WatchOS.platform/Developer/usr/lib -F /Users/admin/builder/spi-builder-workspace/.derivedData/Build/Products/Debug-watchos -F /Applications/Xcode-27.0.0-Release.Candidate.app/Contents/Developer/Platforms/WatchOS.platform/Developer/Library/Frameworks -F /Applications/Xcode-27.0.0-Release.Candidate.app/Contents/Developer/Platforms/WatchOS.platform/Developer/SDKs/WatchOS27.0.sdk/Developer/Library/Frameworks -c -j10 -enable-batch-mode -incremental -Xcc -ivfsstatcache -Xcc /Users/admin/builder/spi-builder-workspace/.derivedData/SDKStatCaches.noindex/watchos27.0-24R360-e829b21a6f8c9b70876ba0858053c04477534ef55a1706bf4c1112bbb242f0a2.sdkstatcache -output-file-map /Users/admin/builder/spi-builder-workspace/.derivedData/Build/Intermediates.noindex/XPtr.build/Debug-watchos/XPtr-t.build/Objects-normal/arm64_32/XPtr-OutputFileMap.json -save-temps -no-color-diagnostics -explicit-module-build -module-cache-path /Users/admin/builder/spi-builder-workspace/.derivedData/Build/Intermediates.noindex/SwiftExplicitPrecompiledModules -clang-scanner-module-cache-path /Users/admin/builder/spi-builder-workspace/.derivedData/ModuleCache.noindex -sdk-module-cache-path /Users/admin/builder/spi-builder-workspace/.derivedData/SDKExplicitPrecompiledModules -emit-dependencies -emit-module -emit-module-path /Users/admin/builder/spi-builder-workspace/.derivedData/Build/Intermediates.noindex/XPtr.build/Debug-watchos/XPtr-t.build/Objects-normal/arm64_32/XPtr.swiftmodule -serialize-diagnostics -dependency-scan-serialize-diagnostics-path /Users/admin/builder/spi-builder-workspace/.derivedData/Build/Intermediates.noindex/XPtr.build/Debug-watchos/XPtr-t.build/Objects-normal/arm64_32/XPtr-dependency-scan.dia -validate-clang-modules-once -clang-build-session-file /Users/admin/builder/spi-builder-workspace/.derivedData/ModuleCache.noindex/Session.modulevalidation -Xcc -fmodules-prune-interval\=86400 -Xcc -fmodules-prune-after\=345600 -emit-const-values -const-gather-protocols-list /Users/admin/builder/spi-builder-workspace/.derivedData/Build/Intermediates.noindex/XPtr.build/Debug-watchos/XPtr-t.build/Objects-normal/arm64_32/XPtr_const_extract_protocols.json -Xcc -I/Users/admin/builder/spi-builder-workspace/.derivedData/Build/Products/Debug-watchos/include -Xcc -I/Users/admin/builder/spi-builder-workspace/.derivedData/Build/Intermediates.noindex/XPtr.build/Debug-watchos/XPtr-t.build/DerivedSources-normal/arm64_32 -Xcc -I/Users/admin/builder/spi-builder-workspace/.derivedData/Build/Intermediates.noindex/XPtr.build/Debug-watchos/XPtr-t.build/DerivedSources/arm64_32 -Xcc -I/Users/admin/builder/spi-builder-workspace/.derivedData/Build/Intermediates.noindex/XPtr.build/Debug-watchos/XPtr-t.build/DerivedSources -Xcc -DSWIFT_PACKAGE -Xcc -DDEBUG\=1 -emit-objc-header -emit-objc-header-path /Users/admin/builder/spi-builder-workspace/.derivedData/Build/Intermediates.noindex/XPtr.build/Debug-watchos/XPtr-t.build/Objects-normal/arm64_32/XPtr-Swift.h -working-directory /Users/admin/builder/spi-builder-workspace/.swiftpm/xcode -experimental-emit-module-separately -disable-cmo
SwiftEmitModule normal arm64 Emitting\ module\ for\ XPtr (in target 'XPtr' from project 'XPtr')
SwiftCompile normal arm64 (in target 'XPtr' from project 'XPtr')
cd /Users/admin/builder/spi-builder-workspace/.swiftpm/xcode
SwiftEmitModule normal arm64_32 Emitting\ module\ for\ XPtr (in target 'XPtr' from project 'XPtr')
SwiftCompile normal arm64_32 (in target 'XPtr' from project 'XPtr')
cd /Users/admin/builder/spi-builder-workspace/.swiftpm/xcode
SwiftCompile normal arm64_32 Compiling\ Ptr.swift /Users/admin/builder/spi-builder-workspace/Sources/XPtr/Ptr.swift (in target 'XPtr' from project 'XPtr')
SwiftCompile normal arm64_32 /Users/admin/builder/spi-builder-workspace/Sources/XPtr/Ptr.swift (in target 'XPtr' from project 'XPtr')
cd /Users/admin/builder/spi-builder-workspace/.swiftpm/xcode
builtin-SwiftPerFileCompile Ptr.swift
SwiftCompile normal arm64_32 Compiling\ SecretKey.swift /Users/admin/builder/spi-builder-workspace/Sources/XPtr/SecretKey.swift (in target 'XPtr' from project 'XPtr')
/Users/admin/builder/spi-builder-workspace/Sources/XPtr/SecretKey.swift:157:28: error: integer literal '9223372036854775744' overflows when stored into 'Int'
155 | @inline(__always)
156 | static func alignment64(count: Int) -> Int {
157 | return count & 0x7FFFFFFFFFFFFFC0 // 0x7FFFFFFFFFFFFFC0 <-> 0b111_1111_1111_1111_1111_1111_1111_1111_1111_1111_1111_1111_1111_1100_0000
| `- error: integer literal '9223372036854775744' overflows when stored into 'Int'
158 | }
159 |
/Users/admin/builder/spi-builder-workspace/Sources/XPtr/SecretKey.swift:162:28: error: integer literal '9223372036854774784' overflows when stored into 'Int'
160 | @inline(__always)
161 | static func alignment1k(count: Int) -> Int {
162 | return count & 0x7FFFFFFFFFFFFC00 // 0x7FFFFFFFFFFFFC00 <-> 0b111_1111_1111_1111_1111_1111_1111_1111_1111_1111_1111_1111_1100_0000_0000
| `- error: integer literal '9223372036854774784' overflows when stored into 'Int'
163 | }
164 | }
Failed frontend command:
/Applications/Xcode-27.0.0-Release.Candidate.app/Contents/Developer/Toolchains/XcodeDefault.xctoolchain/usr/bin/swift-frontend -frontend -c /Users/admin/builder/spi-builder-workspace/Sources/XPtr/CountType.swift /Users/admin/builder/spi-builder-workspace/Sources/XPtr/Ptr.swift -primary-file /Users/admin/builder/spi-builder-workspace/Sources/XPtr/SecretKey.swift /Users/admin/builder/spi-builder-workspace/Sources/XPtr/XPtr.swift -emit-dependencies-path /Users/admin/builder/spi-builder-workspace/.derivedData/Build/Intermediates.noindex/XPtr.build/Debug-watchos/XPtr-t.build/Objects-normal/arm64_32/SecretKey.d -emit-const-values-path /Users/admin/builder/spi-builder-workspace/.derivedData/Build/Intermediates.noindex/XPtr.build/Debug-watchos/XPtr-t.build/Objects-normal/arm64_32/SecretKey.swiftconstvalues -emit-reference-dependencies-path /Users/admin/builder/spi-builder-workspace/.derivedData/Build/Intermediates.noindex/XPtr.build/Debug-watchos/XPtr-t.build/Objects-normal/arm64_32/SecretKey.swiftdeps -serialize-diagnostics-path /Users/admin/builder/spi-builder-workspace/.derivedData/Build/Intermediates.noindex/XPtr.build/Debug-watchos/XPtr-t.build/Objects-normal/arm64_32/SecretKey.dia -target arm64_32-apple-watchos9.0 -disable-cross-import-overlay-search -load-resolved-plugin /Applications/Xcode-27.0.0-Release.Candidate.app/Contents/Developer/Platforms/WatchOS.platform/Developer/usr/lib/swift/host/plugins/libSwiftMacros.dylib\#/Applications/Xcode-27.0.0-Release.Candidate.app/Contents/Developer/Platforms/WatchOS.platform/Developer/usr/bin/swift-plugin-server\#SwiftMacros -disable-implicit-swift-modules -Xcc -fno-implicit-modules -Xcc -fno-implicit-module-maps -explicit-swift-module-map-file /Users/admin/builder/spi-builder-workspace/.derivedData/Build/Intermediates.noindex/XPtr.build/Debug-watchos/XPtr-t.build/Objects-normal/arm64_32/XPtr-dependencies-2.json -enable-objc-interop -sdk /Applications/Xcode-27.0.0-Release.Candidate.app/Contents/Developer/Platforms/WatchOS.platform/Developer/SDKs/WatchOS27.0.sdk -I /Users/admin/builder/spi-builder-workspace/.derivedData/Build/Products/Debug-watchos -Isystem /Applications/Xcode-27.0.0-Release.Candidate.app/Contents/Developer/Platforms/WatchOS.platform/Developer/usr/lib -F /Users/admin/builder/spi-builder-workspace/.derivedData/Build/Products/Debug-watchos -F /Applications/Xcode-27.0.0-Release.Candidate.app/Contents/Developer/Platforms/WatchOS.platform/Developer/Library/Frameworks -F /Applications/Xcode-27.0.0-Release.Candidate.app/Contents/Developer/Platforms/WatchOS.platform/Developer/SDKs/WatchOS27.0.sdk/Developer/Library/Frameworks -module-cache-path /Users/admin/builder/spi-builder-workspace/.derivedData/Build/Intermediates.noindex/SwiftExplicitPrecompiledModules -no-color-diagnostics -Xcc -fno-color-diagnostics -enable-testing -g -debug-info-format\=dwarf -dwarf-version\=4 -profile-generate -profile-coverage-mapping -swift-version 5 -Onone -D SWIFT_PACKAGE -D DEBUG -D SWIFT_MODULE_RESOURCE_BUNDLE_UNAVAILABLE -D Xcode -serialize-debugging-options -enable-experimental-feature DebugDescriptionMacro -empty-abi-descriptor -validate-clang-modules-once -clang-build-session-file /Users/admin/builder/spi-builder-workspace/.derivedData/ModuleCache.noindex/Session.modulevalidation -Xcc -working-directory -Xcc /Users/admin/builder/spi-builder-workspace/.swiftpm/xcode -enable-anonymous-context-mangled-names -file-compilation-dir /Users/admin/builder/spi-builder-workspace/.swiftpm/xcode -Xcc -D_LIBCPP_HARDENING_MODE\=_LIBCPP_HARDENING_MODE_DEBUG -Xcc -ivfsstatcache -Xcc /Users/admin/builder/spi-builder-workspace/.derivedData/SDKStatCaches.noindex/watchos27.0-24R360-e829b21a6f8c9b70876ba0858053c04477534ef55a1706bf4c1112bbb242f0a2.sdkstatcache -Xcc -fmodules-prune-interval\=86400 -Xcc -fmodules-prune-after\=345600 -Xcc -I/Users/admin/builder/spi-builder-workspace/.derivedData/Build/Products/Debug-watchos/include -Xcc -I/Users/admin/builder/spi-builder-workspace/.derivedData/Build/Intermediates.noindex/XPtr.build/Debug-watchos/XPtr-t.build/DerivedSources-normal/arm64_32 -Xcc -I/Users/admin/builder/spi-builder-workspace/.derivedData/Build/Intermediates.noindex/XPtr.build/Debug-watchos/XPtr-t.build/DerivedSources/arm64_32 -Xcc -I/Users/admin/builder/spi-builder-workspace/.derivedData/Build/Intermediates.noindex/XPtr.build/Debug-watchos/XPtr-t.build/DerivedSources -Xcc -DSWIFT_PACKAGE -Xcc -DDEBUG\=1 -no-auto-bridging-header-chaining -module-name XPtr -const-gather-protocols-file /Users/admin/builder/spi-builder-workspace/.derivedData/Build/Intermediates.noindex/XPtr.build/Debug-watchos/XPtr-t.build/Objects-normal/arm64_32/XPtr_const_extract_protocols.json -disable-clang-spi -clang-target arm64_32-apple-watchos27.0 -target-sdk-version 27.0 -target-sdk-name watchos27.0 -in-process-plugin-server-path /Applications/Xcode-27.0.0-Release.Candidate.app/Contents/Developer/Toolchains/XcodeDefault.xctoolchain/usr/lib/swift/host/libSwiftInProcPluginServer.dylib -parse-as-library -o /Users/admin/builder/spi-builder-workspace/.derivedData/Build/Intermediates.noindex/XPtr.build/Debug-watchos/XPtr-t.build/Objects-normal/arm64_32/SecretKey.o -debug-module-path /Users/admin/builder/spi-builder-workspace/.derivedData/Build/Intermediates.noindex/XPtr.build/Debug-watchos/XPtr-t.build/Objects-normal/arm64_32/XPtr.swiftmodule -index-unit-output-path /XPtr.build/Debug-watchos/XPtr-t.build/Objects-normal/arm64_32/SecretKey.o -index-store-path /Users/admin/builder/spi-builder-workspace/.derivedData/Index.noindex/DataStore -index-system-modules
SwiftCompile normal arm64_32 /Users/admin/builder/spi-builder-workspace/Sources/XPtr/SecretKey.swift (in target 'XPtr' from project 'XPtr')
cd /Users/admin/builder/spi-builder-workspace/.swiftpm/xcode
builtin-SwiftPerFileCompile SecretKey.swift
SwiftCompile normal arm64 Compiling\ Ptr.swift /Users/admin/builder/spi-builder-workspace/Sources/XPtr/Ptr.swift (in target 'XPtr' from project 'XPtr')
SwiftCompile normal arm64 /Users/admin/builder/spi-builder-workspace/Sources/XPtr/Ptr.swift (in target 'XPtr' from project 'XPtr')
cd /Users/admin/builder/spi-builder-workspace/.swiftpm/xcode
builtin-SwiftPerFileCompile Ptr.swift
SwiftCompile normal arm64 Compiling\ SecretKey.swift /Users/admin/builder/spi-builder-workspace/Sources/XPtr/SecretKey.swift (in target 'XPtr' from project 'XPtr')
SwiftCompile normal arm64 /Users/admin/builder/spi-builder-workspace/Sources/XPtr/SecretKey.swift (in target 'XPtr' from project 'XPtr')
cd /Users/admin/builder/spi-builder-workspace/.swiftpm/xcode
builtin-SwiftPerFileCompile SecretKey.swift
PruneExplicitPrecompiledModules /Users/admin/builder/spi-builder-workspace/.derivedData/Build/Intermediates.noindex/SwiftExplicitPrecompiledModules
PruneExplicitPrecompiledModules /Users/admin/builder/spi-builder-workspace/.derivedData/SDKExplicitPrecompiledModules
PruneExplicitPrecompiledModules /Users/admin/builder/spi-builder-workspace/.derivedData/Build/Intermediates.noindex/ExplicitPrecompiledModules
2026-09-21 17:15:25.853 xcodebuild[730:4655] [MT] IDERunDestination: Supported platforms for the buildables in the current scheme is empty.
** BUILD FAILED **
The following build commands failed:
SwiftCompile normal arm64_32 Compiling\ SecretKey.swift /Users/admin/builder/spi-builder-workspace/Sources/XPtr/SecretKey.swift (in target 'XPtr' from project 'XPtr')
SwiftCompile normal arm64_32 /Users/admin/builder/spi-builder-workspace/Sources/XPtr/SecretKey.swift (in target 'XPtr' from project 'XPtr')
Building workspace XPtr with scheme XPtr
(3 failures)
BUILD FAILURE 6.4 watchOS