The Swift Package Index logo.Swift Package Index

Build Information

Failed to build Kronos, reference main (543cae), with Swift 6.4 for Android on 20 Sep 2026 19:15:59 UTC.

Build Command

bash -c docker run --pull=always --rm -v "checkouts-53886770-0":/host -w "$PWD" -e JAVA_HOME="/root/.sdkman/candidates/java/current" -e SPI_BUILD="1" -e SPI_PROCESSING="1" registry.gitlab.com/saguaro1/spi-images:android-6.4-latest swift build --swift-sdk aarch64-unknown-linux-android28 2>&1

Build Log

========================================
RunAll
========================================
Builder version: 5.1.0
Interrupt handler set up.
========================================
Checkout
========================================
Clone URL: https://github.com/MobileNativeFoundation/Kronos.git
Reference: main
Initialized empty Git repository in /host/spi-builder-workspace/.git/
hint: Using 'master' as the name for the initial branch. This default branch name
hint: is subject to change. To configure the initial branch name to use in all
hint: of your new repositories, which will suppress this warning, call:
hint:
hint: 	git config --global init.defaultBranch <name>
hint:
hint: Names commonly chosen instead of 'master' are 'main', 'trunk' and
hint: 'development'. The just-created branch can be renamed via this command:
hint:
hint: 	git branch -m <name>
From https://github.com/MobileNativeFoundation/Kronos
 * branch            main       -> FETCH_HEAD
 * [new branch]      main       -> origin/main
HEAD is now at 543cae0 Fix Package.swift typo (#120)
Cloned https://github.com/MobileNativeFoundation/Kronos.git
Revision (git rev-parse @):
543cae037bfc13a7d722e233a92a212b42d9e750
SUCCESS checkout https://github.com/MobileNativeFoundation/Kronos.git at main
========================================
Build
========================================
Selected platform:         android
Swift version:             6.4
Building package at path:  $PWD
https://github.com/MobileNativeFoundation/Kronos.git
Running build ...
bash -c docker run --pull=always --rm -v "checkouts-53886770-0":/host -w "$PWD" -e JAVA_HOME="/root/.sdkman/candidates/java/current" -e SPI_BUILD="1" -e SPI_PROCESSING="1" registry.gitlab.com/saguaro1/spi-images:android-6.4-latest swift build --swift-sdk aarch64-unknown-linux-android28 2>&1
android-6.4-latest: Pulling from saguaro1/spi-images
Digest: sha256:abadcff584c273feba50641b454858d377ba30b35ea7287a94f45ebd8afd0ea0
Status: Image is up to date for registry.gitlab.com/saguaro1/spi-images:android-6.4-latest
Building for debugging...
[Planning deferred tasks]
error: SwiftCompile normal aarch64 failed with a nonzero exit code. Command line:     cd /host

/host/spi-builder-workspace/Sources/DNSResolver.swift:3:53: error: cannot find 'CFAllocatorCopyDescriptionCallBack' in scope
 1 | import Foundation
 2 |
 3 | private let kCopyNoOperation = unsafeBitCast(0, to: CFAllocatorCopyDescriptionCallBack.self)
   |                                                     `- error: cannot find 'CFAllocatorCopyDescriptionCallBack' in scope
 4 | private let kDefaultTimeout = 8.0
 5 |
/host/spi-builder-workspace/Sources/DNSResolver.swift:3:32: error: generic parameter 'U' could not be inferred
 1 | import Foundation
 2 |
 3 | private let kCopyNoOperation = unsafeBitCast(0, to: CFAllocatorCopyDescriptionCallBack.self)
   |                                `- error: generic parameter 'U' could not be inferred
 4 | private let kDefaultTimeout = 8.0
 5 |
Swift.unsafeBitCast:1:24: note: in call to function 'unsafeBitCast(_:to:)'
1 | @inlinable public func unsafeBitCast<T, U>(_ x: T, to type: U.Type) -> U
  |                        `- note: in call to function 'unsafeBitCast(_:to:)'
/host/spi-builder-workspace/Sources/DNSResolver.swift:63:6: error: Objective-C interoperability is disabled
61 |     }
62 |
63 |     @objc
   |      `- error: Objective-C interoperability is disabled
64 |     private func onTimeout() {
65 |         defer {
/host/spi-builder-workspace/Sources/InternetAddress.swift:8:15: error: cannot find type 'sockaddr_in6' in scope
  6 | /// - IPv4: An Internet Address of type IPv4 (e.g.: '127.0.0.1').
  7 | enum InternetAddress: Hashable {
  8 |     case ipv6(sockaddr_in6)
    |               `- error: cannot find type 'sockaddr_in6' in scope
  9 |     case ipv4(sockaddr_in)
 10 |
/host/spi-builder-workspace/Sources/InternetAddress.swift:9:15: error: cannot find type 'sockaddr_in' in scope
  7 | enum InternetAddress: Hashable {
  8 |     case ipv6(sockaddr_in6)
  9 |     case ipv4(sockaddr_in)
    |               `- error: cannot find type 'sockaddr_in' in scope
 10 |
 11 |     /// Human readable host represetnation (e.g. '192.168.1.1' or 'ab:ab:ab:ab:ab:ab:ab:ab').
/host/spi-builder-workspace/Sources/InternetAddress.swift:60:45: error: cannot find type 'CFData' in scope
 58 |     ///
 59 |     /// - returns: An address struct wrapped into a CFData type.
 60 |     func addressData(withPort port: Int) -> CFData {
    |                                             `- error: cannot find type 'CFData' in scope
 61 |         switch self {
 62 |         case .ipv6(var address):
/host/spi-builder-workspace/Sources/InternetAddress.swift:80:11: error: cannot find type 'sockaddr_storage' in scope
 78 | // MARK: - sockaddr_storage helpers
 79 |
 80 | extension sockaddr_storage {
    |           `- error: cannot find type 'sockaddr_storage' in scope
 81 |     /// Creates a new storage value from a data type that contains the memory layout of a sockaddr_t. This
 82 |     /// is used to create sockaddr_storage(s) from some of the CF C functions such as `CFHostGetAddressing`.
/host/spi-builder-workspace/Sources/NSTimer+ClosureKit.swift:34:6: error: Objective-C interoperability is disabled
32 |     // MARK: Private methods
33 |
34 |     @objc
   |      `- error: Objective-C interoperability is disabled
35 |     class private func invokeFrom(timer: Timer) {
36 |         if let closureWrapper = timer.userInfo as? TimerClosureWrapper {
/host/spi-builder-workspace/Sources/NTPClient.swift:29:25: error: cannot find type 'CFTimeInterval' in scope
 27 |     func query(pool: String = "time.apple.com", version: Int8 = 3, port: Int = 123,
 28 |                numberOfSamples: Int = kDefaultSamples, maximumServers: Int = kMaximumNTPServers,
 29 |                timeout: CFTimeInterval = kDefaultTimeout,
    |                         `- error: cannot find type 'CFTimeInterval' in scope
 30 |                progress: @escaping (TimeInterval?, Int, Int) -> Void)
 31 |     {
/host/spi-builder-workspace/Sources/NTPClient.swift:79:25: error: cannot find type 'CFTimeInterval' in scope
 77 |     /// - parameter completion:      A closure that will be response PDU on success or nil on error.
 78 |     func query(ip: InternetAddress, port: Int = 123, version: Int8 = 3,
 79 |                timeout: CFTimeInterval = kDefaultTimeout, numberOfSamples: Int = kDefaultSamples,
    |                         `- error: cannot find type 'CFTimeInterval' in scope
 80 |                completion: @escaping (NTPPacket?) -> Void)
 81 |     {
/host/spi-builder-workspace/Sources/NTPClient.swift:148:77: error: cannot find type 'CFRunLoopSource' in scope
146 |
147 |     private func sendAsyncUDPQuery(to ip: InternetAddress, port: Int, timeout: TimeInterval,
148 |                                    completion: UnsafeMutableRawPointer) -> (CFRunLoopSource, CFSocket)?
    |                                                                             `- error: cannot find type 'CFRunLoopSource' in scope
149 |     {
150 |         signal(SIGPIPE, SIG_IGN)
/host/spi-builder-workspace/Sources/NTPClient.swift:148:94: error: cannot find type 'CFSocket' in scope
146 |
147 |     private func sendAsyncUDPQuery(to ip: InternetAddress, port: Int, timeout: TimeInterval,
148 |                                    completion: UnsafeMutableRawPointer) -> (CFRunLoopSource, CFSocket)?
    |                                                                                              `- error: cannot find type 'CFSocket' in scope
149 |     {
150 |         signal(SIGPIPE, SIG_IGN)
Failed frontend command:
/root/.local/share/swiftly/toolchains/6.4.x-snapshot-2026-09-04/usr/bin/swift-frontend -frontend -emit-module -experimental-skip-non-inlinable-function-bodies-without-types /host/spi-builder-workspace/.build/out/Intermediates.noindex/Kronos.build/Debug-android-aarch64/Kronos-t.build/DerivedSources/resource_bundle_accessor.swift /host/spi-builder-workspace/Sources/Clock.swift /host/spi-builder-workspace/Sources/DNSResolver.swift /host/spi-builder-workspace/Sources/Data+Bytes.swift /host/spi-builder-workspace/Sources/InternetAddress.swift /host/spi-builder-workspace/Sources/NSTimer+ClosureKit.swift /host/spi-builder-workspace/Sources/NTPClient.swift /host/spi-builder-workspace/Sources/NTPPacket.swift /host/spi-builder-workspace/Sources/NTPProtocol.swift /host/spi-builder-workspace/Sources/TimeFreeze.swift /host/spi-builder-workspace/Sources/TimeStorage.swift -target aarch64-unknown-linux-android28 -Xllvm -aarch64-use-tbi -disable-objc-interop -sdk /android-ndk/android-ndk-r27d/toolchains/llvm/prebuilt/linux-x86_64/sysroot -sysroot /android-ndk/android-ndk-r27d/toolchains/llvm/prebuilt/linux-x86_64/sysroot -I /host/spi-builder-workspace/.build/out/Products/Debug-android-aarch64 -module-cache-path /host/spi-builder-workspace/.build/out/ModuleCache.noindex -color-diagnostics -Xcc -fcolor-diagnostics -enable-testing -g -debug-info-format\=dwarf -dwarf-version\=4 -swift-version 5 -Onone -D SWIFT_PACKAGE -D DEBUG -D SWIFT_MODULE_RESOURCE_BUNDLE_AVAILABLE -D Xcode -serialize-debugging-options -enable-experimental-feature DebugDescriptionMacro -empty-abi-descriptor -external-plugin-path /root/.local/share/swiftly/toolchains/6.4.x-snapshot-2026-09-04/usr/lib/swift/host/plugins/testing\#/root/.local/share/swiftly/toolchains/6.4.x-snapshot-2026-09-04/usr/bin/swift-plugin-server -validate-clang-modules-once -clang-build-session-file /host/spi-builder-workspace/.build/out/ModuleCache.noindex/Session.modulevalidation -Xcc -working-directory -Xcc /host -resource-dir /root/.swiftpm/swift-sdks/swift-6.4.x-DEVELOPMENT-SNAPSHOT-2026-09-04-a_android.artifactbundle/swift-android/swift-resources/usr/lib/swift-aarch64 -enable-anonymous-context-mangled-names -file-compilation-dir /host -Xcc -resource-dir -Xcc /android-ndk/android-ndk-r27d/toolchains/llvm/prebuilt/linux-x86_64/lib/clang/18 -Xcc -fno-omit-frame-pointer -Xcc -D_LIBCPP_HARDENING_MODE\=_LIBCPP_HARDENING_MODE_DEBUG -Xcc -fmodules-prune-interval\=86400 -Xcc -fmodules-prune-after\=345600 -Xcc -I/host/spi-builder-workspace/.build/out/Products/Debug-android-aarch64/include -Xcc -I/host/spi-builder-workspace/.build/out/Intermediates.noindex/Kronos.build/Debug-android-aarch64/Kronos-t.build/DerivedSources-normal/aarch64 -Xcc -I/host/spi-builder-workspace/.build/out/Intermediates.noindex/Kronos.build/Debug-android-aarch64/Kronos-t.build/DerivedSources/aarch64 -Xcc -I/host/spi-builder-workspace/.build/out/Intermediates.noindex/Kronos.build/Debug-android-aarch64/Kronos-t.build/DerivedSources -Xcc -DSWIFT_PACKAGE -Xcc -DDEBUG\=1 -no-auto-bridging-header-chaining -module-name Kronos -const-gather-protocols-file /host/spi-builder-workspace/.build/out/Intermediates.noindex/Kronos.build/Debug-android-aarch64/Kronos-t.build/Objects-normal/aarch64/Kronos_const_extract_protocols.json -in-process-plugin-server-path /root/.local/share/swiftly/toolchains/6.4.x-snapshot-2026-09-04/usr/lib/swift/host/libSwiftInProcPluginServer.so -plugin-path /root/.local/share/swiftly/toolchains/6.4.x-snapshot-2026-09-04/usr/lib/swift/host/plugins -plugin-path /root/.local/share/swiftly/toolchains/6.4.x-snapshot-2026-09-04/usr/local/lib/swift/host/plugins -emit-module-doc-path /host/spi-builder-workspace/.build/out/Intermediates.noindex/Kronos.build/Debug-android-aarch64/Kronos-t.build/Objects-normal/aarch64/Modules/Kronos.swiftdoc -emit-module-source-info-path /host/spi-builder-workspace/.build/out/Intermediates.noindex/Kronos.build/Debug-android-aarch64/Kronos-t.build/Objects-normal/aarch64/Modules/Kronos.swiftsourceinfo -emit-objc-header-path /host/spi-builder-workspace/.build/out/Intermediates.noindex/Kronos.build/Debug-android-aarch64/Kronos-t.build/Objects-normal/aarch64/Kronos-Swift.h -serialize-diagnostics-path /host/spi-builder-workspace/.build/out/Intermediates.noindex/Kronos.build/Debug-android-aarch64/Kronos-t.build/Objects-normal/aarch64/Kronos-primary-emit-module.dia -emit-dependencies-path /host/spi-builder-workspace/.build/out/Intermediates.noindex/Kronos.build/Debug-android-aarch64/Kronos-t.build/Objects-normal/aarch64/Kronos-primary-emit-module.d -parse-as-library -o /host/spi-builder-workspace/.build/out/Intermediates.noindex/Kronos.build/Debug-android-aarch64/Kronos-t.build/Objects-normal/aarch64/Modules/Kronos.swiftmodule
error: Build failed
BUILD FAILURE 6.4 android