Build Information
Failed to build aws-sdk-swift, reference main (35037c), with Swift 6.2 for Wasm on 16 Oct 2026 20:27:29 UTC.
Build Command
bash -c docker run --pull=always --rm -v "checkouts-54344846-1":/host -w "$PWD" -e JAVA_HOME="/root/.sdkman/candidates/java/current" -e SPI_BUILD="1" -e SPI_PROCESSING="1" registry.gitlab.com/saguaro1/spi-images:wasm-6.2-latest swift build --swift-sdk swift-6.2-RELEASE_wasm --target AWSSTS 2>&1Build Log
========================================
RunAll
========================================
Builder version: 5.1.3
Interrupt handler set up.
========================================
Checkout
========================================
Clone URL: https://github.com/awslabs/aws-sdk-swift.git
Reference: main
Initialized empty Git repository in /host/spi-builder-workspace/.git/
hint: Using 'master' as the name for the initial branch. This default branch name
hint: is subject to change. To configure the initial branch name to use in all
hint: of your new repositories, which will suppress this warning, call:
hint:
hint: git config --global init.defaultBranch <name>
hint:
hint: Names commonly chosen instead of 'master' are 'main', 'trunk' and
hint: 'development'. The just-created branch can be renamed via this command:
hint:
hint: git branch -m <name>
From https://github.com/awslabs/aws-sdk-swift
* branch main -> FETCH_HEAD
* [new branch] main -> origin/main
HEAD is now at 35037cd chore: Updates version to 1.8.10
Updating files: 95% (3978/4186)
Updating files: 96% (4019/4186)
Updating files: 97% (4061/4186)
Updating files: 98% (4103/4186)
Updating files: 99% (4145/4186)
Updating files: 100% (4186/4186)
Updating files: 100% (4186/4186), done.
Cloned https://github.com/awslabs/aws-sdk-swift.git
Revision (git rev-parse @):
35037cdcf90d07ce94aa1d87395b9be849b86d2c
SPI manifest file found: $PWD/.spi.yml
SUCCESS checkout https://github.com/awslabs/aws-sdk-swift.git at main
========================================
Build
========================================
Selected platform: wasm
Swift version: 6.2
Building package at path: $PWD
https://github.com/awslabs/aws-sdk-swift.git
Running build ...
bash -c docker run --pull=always --rm -v "checkouts-54344846-1":/host -w "$PWD" -e JAVA_HOME="/root/.sdkman/candidates/java/current" -e SPI_BUILD="1" -e SPI_PROCESSING="1" registry.gitlab.com/saguaro1/spi-images:wasm-6.2-latest swift build --swift-sdk swift-6.2-RELEASE_wasm --target AWSSTS 2>&1
wasm-6.2-latest: Pulling from saguaro1/spi-images
Digest: sha256:0563b842faffea9ddc6fe15fbd2051d02dff3ef29dc4b5bfe0a0910a084eee81
Status: Image is up to date for registry.gitlab.com/saguaro1/spi-images:wasm-6.2-latest
Fetching https://github.com/smithy-lang/smithy-swift
Fetching https://github.com/awslabs/aws-crt-swift
[1/33942] Fetching aws-crt-swift
[24440/119322] Fetching aws-crt-swift, smithy-swift
Fetched https://github.com/awslabs/aws-crt-swift from cache (1.46s)
Fetched https://github.com/smithy-lang/smithy-swift from cache (1.46s)
Computing version for https://github.com/smithy-lang/smithy-swift
Computed https://github.com/smithy-lang/smithy-swift at 0.258.0 (1.72s)
Fetching https://github.com/apple/swift-log.git
Fetching https://github.com/swift-server/async-http-client.git
Fetching https://github.com/apple/swift-argument-parser.git
[1/19126] Fetching swift-argument-parser
[575/27431] Fetching swift-argument-parser, swift-log
[6651/43904] Fetching swift-argument-parser, swift-log, async-http-client
Fetched https://github.com/apple/swift-log.git from cache (1.08s)
Fetched https://github.com/swift-server/async-http-client.git from cache (1.08s)
Fetched https://github.com/apple/swift-argument-parser.git from cache (1.08s)
Computing version for https://github.com/awslabs/aws-crt-swift
Computed https://github.com/awslabs/aws-crt-swift at 0.64.1 (1.29s)
Computing version for https://github.com/apple/swift-argument-parser.git
Computed https://github.com/apple/swift-argument-parser.git at 1.8.2 (0.15s)
Computing version for https://github.com/swift-server/async-http-client.git
Computed https://github.com/swift-server/async-http-client.git at 1.36.2 (0.17s)
Fetching https://github.com/apple/swift-algorithms.git
Fetching https://github.com/apple/swift-nio-extras.git
Fetching https://github.com/apple/swift-configuration.git
Fetching https://github.com/apple/swift-nio.git
Fetching https://github.com/apple/swift-atomics.git
Fetching https://github.com/apple/swift-service-context.git
[1/1536] Fetching swift-service-context
[570/3425] Fetching swift-service-context, swift-atomics
[1494/10130] Fetching swift-service-context, swift-atomics, swift-nio-extras
[2335/14214] Fetching swift-service-context, swift-atomics, swift-nio-extras, swift-configuration
Fetched https://github.com/apple/swift-service-context.git from cache (0.41s)
[818/12678] Fetching swift-atomics, swift-nio-extras, swift-configuration
[857/18837] Fetching swift-atomics, swift-nio-extras, swift-configuration, swift-algorithms
Fetching https://github.com/apple/swift-nio-http2.git
Fetched https://github.com/apple/swift-atomics.git from cache (0.59s)
Fetched https://github.com/apple/swift-nio-extras.git from cache (0.59s)
Fetching https://github.com/apple/swift-nio-transport-services.git
Fetching https://github.com/apple/swift-distributed-tracing.git
Fetched https://github.com/apple/swift-configuration.git from cache (0.63s)
Fetched https://github.com/apple/swift-algorithms.git from cache (0.63s)
Fetching https://github.com/apple/swift-nio-ssl.git
[1/12294] Fetching swift-nio-http2
[985/18950] Fetching swift-nio-http2, swift-distributed-tracing
[3782/105507] Fetching swift-nio-http2, swift-distributed-tracing, swift-nio
[4914/122396] Fetching swift-nio-http2, swift-distributed-tracing, swift-nio, swift-nio-ssl
Fetched https://github.com/apple/swift-distributed-tracing.git from cache (0.53s)
[10999/115740] Fetching swift-nio-http2, swift-nio, swift-nio-ssl
Fetched https://github.com/apple/swift-nio-http2.git from cache (1.02s)
[38065/103446] Fetching swift-nio, swift-nio-ssl
[74821/106313] Fetching swift-nio, swift-nio-ssl, swift-nio-transport-services
Fetched https://github.com/apple/swift-nio-transport-services.git from cache (1.57s)
[98655/103446] Fetching swift-nio, swift-nio-ssl
Fetched https://github.com/apple/swift-nio-ssl.git from cache (2.43s)
Fetched https://github.com/apple/swift-nio.git from cache (4.18s)
Computing version for https://github.com/apple/swift-algorithms.git
Computed https://github.com/apple/swift-algorithms.git at 1.2.1 (5.05s)
Fetching https://github.com/apple/swift-numerics.git
[1/6756] Fetching swift-numerics
Fetched https://github.com/apple/swift-numerics.git from cache (0.52s)
Computing version for https://github.com/apple/swift-atomics.git
Computed https://github.com/apple/swift-atomics.git at 1.3.1 (0.67s)
Computing version for https://github.com/apple/swift-numerics.git
Computed https://github.com/apple/swift-numerics.git at 1.1.1 (0.14s)
Computing version for https://github.com/apple/swift-configuration.git
Computed https://github.com/apple/swift-configuration.git at 1.2.2 (0.20s)
Fetching https://github.com/apple/swift-system
Fetching https://github.com/swift-server/swift-service-lifecycle
Fetching https://github.com/apple/swift-collections
[1/2874] Fetching swift-service-lifecycle
[2875/10162] Fetching swift-service-lifecycle, swift-system
[6009/39021] Fetching swift-service-lifecycle, swift-system, swift-collections
Fetched https://github.com/swift-server/swift-service-lifecycle from cache (1.44s)
Fetched https://github.com/apple/swift-system from cache (1.44s)
Fetched https://github.com/apple/swift-collections from cache (1.45s)
Computing version for https://github.com/apple/swift-nio-transport-services.git
Computed https://github.com/apple/swift-nio-transport-services.git at 1.28.0 (1.62s)
Computing version for https://github.com/apple/swift-service-context.git
Computed https://github.com/apple/swift-service-context.git at 1.5.1 (0.16s)
Computing version for https://github.com/apple/swift-distributed-tracing.git
Computed https://github.com/apple/swift-distributed-tracing.git at 1.7.2 (0.15s)
Computing version for https://github.com/apple/swift-nio.git
Computed https://github.com/apple/swift-nio.git at 2.104.0 (0.34s)
Computing version for https://github.com/swift-server/swift-service-lifecycle
Computed https://github.com/swift-server/swift-service-lifecycle at 2.13.0 (0.14s)
Fetching https://github.com/apple/swift-async-algorithms.git
[1/6821] Fetching swift-async-algorithms
Fetched https://github.com/apple/swift-async-algorithms.git from cache (0.73s)
Computing version for https://github.com/apple/swift-log.git
Computed https://github.com/apple/swift-log.git at 1.16.1 (0.89s)
Computing version for https://github.com/apple/swift-async-algorithms.git
Computed https://github.com/apple/swift-async-algorithms.git at 1.1.7 (0.21s)
Computing version for https://github.com/apple/swift-collections
Computed https://github.com/apple/swift-collections at 1.7.3 (0.25s)
Computing version for https://github.com/apple/swift-nio-http2.git
Computed https://github.com/apple/swift-nio-http2.git at 1.46.0 (0.16s)
Computing version for https://github.com/apple/swift-nio-ssl.git
Computed https://github.com/apple/swift-nio-ssl.git at 2.37.5 (0.18s)
Computing version for https://github.com/apple/swift-system
Computed https://github.com/apple/swift-system at 1.8.1 (0.18s)
Computing version for https://github.com/apple/swift-nio-extras.git
Computed https://github.com/apple/swift-nio-extras.git at 1.35.1 (0.26s)
Fetching https://github.com/apple/swift-http-structured-headers.git
Fetching https://github.com/apple/swift-http-types.git
Fetching https://github.com/apple/swift-certificates.git
Fetching https://github.com/apple/swift-asn1.git
[1/2051] Fetching swift-asn1
[84/3990] Fetching swift-asn1, swift-http-types
[3991/5274] Fetching swift-asn1, swift-http-types, swift-http-structured-headers
[5275/12875] Fetching swift-asn1, swift-http-types, swift-http-structured-headers, swift-certificates
Fetched https://github.com/apple/swift-http-types.git from cache (1.09s)
Fetched https://github.com/apple/swift-http-structured-headers.git from cache (1.09s)
Fetched https://github.com/apple/swift-asn1.git from cache (1.09s)
Fetched https://github.com/apple/swift-certificates.git from cache (1.09s)
Computing version for https://github.com/apple/swift-http-structured-headers.git
Computed https://github.com/apple/swift-http-structured-headers.git at 1.7.0 (1.24s)
Computing version for https://github.com/apple/swift-http-types.git
Computed https://github.com/apple/swift-http-types.git at 1.8.0 (0.17s)
Computing version for https://github.com/apple/swift-asn1.git
Computed https://github.com/apple/swift-asn1.git at 1.7.3 (0.18s)
Computing version for https://github.com/apple/swift-certificates.git
Computed https://github.com/apple/swift-certificates.git at 1.21.0 (0.21s)
Fetching https://github.com/apple/swift-crypto.git
[1/18682] Fetching swift-crypto
Fetched https://github.com/apple/swift-crypto.git from cache (2.60s)
Computing version for https://github.com/apple/swift-crypto.git
Computed https://github.com/apple/swift-crypto.git at 5.0.1 (3.09s)
Creating working copy for https://github.com/apple/swift-log.git
Working copy of https://github.com/apple/swift-log.git resolved at 1.16.1
Creating working copy for https://github.com/apple/swift-nio-extras.git
Working copy of https://github.com/apple/swift-nio-extras.git resolved at 1.35.1
Creating working copy for https://github.com/apple/swift-http-types.git
Working copy of https://github.com/apple/swift-http-types.git resolved at 1.8.0
Creating working copy for https://github.com/apple/swift-nio.git
Working copy of https://github.com/apple/swift-nio.git resolved at 2.104.0
Creating working copy for https://github.com/apple/swift-distributed-tracing.git
Working copy of https://github.com/apple/swift-distributed-tracing.git resolved at 1.7.2
Creating working copy for https://github.com/apple/swift-argument-parser.git
Working copy of https://github.com/apple/swift-argument-parser.git resolved at 1.8.2
Creating working copy for https://github.com/apple/swift-http-structured-headers.git
Working copy of https://github.com/apple/swift-http-structured-headers.git resolved at 1.7.0
Creating working copy for https://github.com/apple/swift-certificates.git
Working copy of https://github.com/apple/swift-certificates.git resolved at 1.21.0
Creating working copy for https://github.com/apple/swift-numerics.git
Working copy of https://github.com/apple/swift-numerics.git resolved at 1.1.1
Creating working copy for https://github.com/apple/swift-service-context.git
Working copy of https://github.com/apple/swift-service-context.git resolved at 1.5.1
Creating working copy for https://github.com/apple/swift-collections
Working copy of https://github.com/apple/swift-collections resolved at 1.7.3
Creating working copy for https://github.com/apple/swift-configuration.git
Working copy of https://github.com/apple/swift-configuration.git resolved at 1.2.2
Creating working copy for https://github.com/apple/swift-nio-ssl.git
Working copy of https://github.com/apple/swift-nio-ssl.git resolved at 2.37.5
Creating working copy for https://github.com/apple/swift-nio-http2.git
Working copy of https://github.com/apple/swift-nio-http2.git resolved at 1.46.0
Creating working copy for https://github.com/apple/swift-algorithms.git
Working copy of https://github.com/apple/swift-algorithms.git resolved at 1.2.1
Creating working copy for https://github.com/apple/swift-async-algorithms.git
Working copy of https://github.com/apple/swift-async-algorithms.git resolved at 1.1.7
Creating working copy for https://github.com/swift-server/async-http-client.git
Working copy of https://github.com/swift-server/async-http-client.git resolved at 1.36.2
Creating working copy for https://github.com/awslabs/aws-crt-swift
Working copy of https://github.com/awslabs/aws-crt-swift resolved at 0.64.1
Creating working copy for https://github.com/smithy-lang/smithy-swift
Working copy of https://github.com/smithy-lang/smithy-swift resolved at 0.258.0
Creating working copy for https://github.com/swift-server/swift-service-lifecycle
Working copy of https://github.com/swift-server/swift-service-lifecycle resolved at 2.13.0
Creating working copy for https://github.com/apple/swift-system
Working copy of https://github.com/apple/swift-system resolved at 1.8.1
Creating working copy for https://github.com/apple/swift-asn1.git
Working copy of https://github.com/apple/swift-asn1.git resolved at 1.7.3
Creating working copy for https://github.com/apple/swift-crypto.git
Working copy of https://github.com/apple/swift-crypto.git resolved at 5.0.1
Creating working copy for https://github.com/apple/swift-nio-transport-services.git
Working copy of https://github.com/apple/swift-nio-transport-services.git resolved at 1.28.0
Creating working copy for https://github.com/apple/swift-atomics.git
Working copy of https://github.com/apple/swift-atomics.git resolved at 1.3.1
[0/18] Write sources
[0/18] Copying DefaultSwiftHeader.txt
[0/18] Write sources
[8/18] Write swift-version-24593BA9C3E375BF.txt
[10/31] Compiling Logging LoggingSystem.swift
[11/32] Compiling Logging Logger+Attributes.swift
[12/32] Compiling ArgumentParserToolInfo ToolInfo.swift
[13/32] Emitting module ArgumentParserToolInfo
[14/33] Wrapping AST for ArgumentParserToolInfo for debugging
[16/80] Compiling Logging Logger.swift
[17/80] Compiling Logging Logger+With.swift
[18/80] Compiling ArgumentParser FishCompletionsGenerator.swift
[19/80] Compiling ArgumentParser ZshCompletionsGenerator.swift
[20/80] Compiling ArgumentParser BashCompletionsGenerator.swift
[21/80] Compiling ArgumentParser CompletionsGenerator.swift
[22/80] Compiling Logging MetadataProvider.swift
[23/80] Emitting module Logging
[24/80] Compiling ArgumentParser Argument.swift
[25/80] Compiling ArgumentParser ArgumentDiscussion.swift
[26/81] Wrapping AST for Logging for debugging
[28/151] Emitting module Smithy
[29/160] Compiling Smithy EventPayloadTrait.swift
[30/160] Compiling Smithy HTTPHeaderTrait.swift
[31/160] Compiling Smithy HTTPLabelTrait.swift
[32/160] Compiling Smithy HTTPPayloadTrait.swift
[33/160] Compiling Smithy HTTPPrefixHeadersTrait.swift
[34/160] Compiling Smithy HTTPQueryParamsTrait.swift
[35/160] Compiling Smithy HTTPQueryTrait.swift
[36/160] Compiling Smithy HTTPResponseCodeTrait.swift
[37/160] Compiling Smithy HTTPTrait.swift
[38/160] Compiling Smithy InputTrait.swift
[39/160] Emitting module ArgumentParser
[40/166] Compiling ArgumentParser PositionalArgumentsValidator.swift
[41/166] Compiling ArgumentParser UniqueNamesValidator.swift
[42/166] Compiling Smithy OutputTrait.swift
[43/166] Compiling Smithy RequiredTrait.swift
[44/166] Compiling Smithy SensitiveTrait.swift
[45/166] Compiling Smithy ServiceTrait.swift
[46/166] Compiling Smithy SparseTrait.swift
[47/166] Compiling Smithy StreamingTrait.swift
[48/166] Compiling Smithy TargetsUnitTrait.swift
[49/166] Compiling Smithy ResponseMessageDeserializer.swift
[50/166] Compiling Smithy Prelude.swift
[51/166] Compiling Smithy Schema.swift
[52/166] Compiling Smithy SchemaExtension.swift
[53/166] Compiling Smithy ShapeID.swift
[54/166] Compiling Smithy ShapeType.swift
[55/166] Compiling Smithy Stream.swift
[56/166] Compiling Smithy TimestampFormat.swift
[57/166] Compiling Smithy Trait.swift
[58/166] Compiling Smithy TraitCollection.swift
[59/166] Compiling Smithy TraitError.swift
[60/166] Compiling Smithy AWSQueryCompatibleTrait.swift
[61/166] Compiling Smithy AWSQueryErrorTrait.swift
[62/166] Compiling Smithy AddedDefaultTrait.swift
[63/166] Compiling Smithy AllRuntimeTraits.swift
[64/166] Compiling Smithy ClientOptionalTrait.swift
[65/166] Compiling Smithy DefaultTrait.swift
[66/166] Compiling Smithy EnumValueTrait.swift
[67/166] Compiling Smithy ErrorTrait.swift
[68/166] Compiling Smithy EventHeaderTrait.swift
[69/166] Compiling Smithy TimestampDocument.swift
[70/166] Compiling Smithy SmithyDocument.swift
[71/166] Compiling Smithy LogAgent.swift
[72/166] Compiling Smithy LogAgentLevel.swift
[73/166] Compiling Smithy SwiftLog+LogAgent.swift
[74/166] Compiling Smithy Node.swift
[75/166] Compiling Smithy RequestMessage.swift
[76/166] Compiling Smithy RequestMessageBuilder.swift
[77/166] Compiling Smithy RequestMessageSerializer.swift
[78/166] Compiling Smithy ResponseMessage.swift
[79/166] Compiling Smithy TimestampFormatTrait.swift
[80/166] Compiling Smithy UnitTypeTrait.swift
[81/166] Compiling Smithy URI.swift
[82/166] Compiling Smithy URIQueryItem.swift
[83/166] Compiling Smithy URIScheme.swift
[84/166] Compiling Smithy UniqueIndexCounter.swift
[85/166] Compiling Smithy UniquelyIndexedByType.swift
[86/166] Compiling Smithy UniquelyIndexedCollection.swift
[87/166] Compiling Smithy UniquelyIndexedMutableCollection.swift
[88/166] Compiling Smithy Attribute.swift
[89/166] Compiling Smithy ByteStream.swift
[90/166] Compiling Smithy ClientError.swift
[91/166] Compiling Smithy Context.swift
[92/166] Compiling Smithy DocumentError.swift
[93/166] Compiling Smithy BigDecimalDocument.swift
[94/166] Compiling Smithy BigIntegerDocument.swift
[95/166] Compiling Smithy BlobDocument.swift
[96/166] Compiling Smithy BooleanDocument.swift
[97/166] Compiling Smithy ByteDocument.swift
[98/166] Compiling Smithy Document.swift
[99/166] Compiling Smithy DoubleDocument.swift
[100/166] Compiling Smithy FloatDocument.swift
[101/166] Compiling Smithy IntegerDocument.swift
[102/166] Compiling Smithy ListDocument.swift
[103/166] Compiling Smithy LongDocument.swift
[104/166] Compiling Smithy NullDocument.swift
[105/166] Compiling Smithy ShortDocument.swift
[106/166] Compiling Smithy StringDocument.swift
[107/166] Compiling Smithy StringMapDocument.swift
[109/167] Compiling ArgumentParser AsyncCompletionsValidator.swift
[110/167] Compiling ArgumentParser CodingKeyValidator.swift
[111/167] Compiling ArgumentParser NonsenseFlagsValidator.swift
[112/167] Compiling ArgumentParser ParsableArgumentsValidation.swift
[114/167] Wrapping AST for Smithy for debugging
[116/191] Compiling SmithySerialization DeserializableShape.swift
[117/191] Compiling SmithySerialization DeserializableStruct.swift
[118/191] Compiling SmithySerialization ReadValueConsumer.swift
[119/191] Compiling SmithySerialization ClientProtocol.swift
[120/191] Compiling SmithySerialization Operation.swift
[121/191] Compiling SmithySerialization OperationProperties.swift
[122/191] Compiling SmithySerialization NoOpByDefaultShapeSerializer.swift
[123/191] Compiling SmithySerialization NoOpSerializer.swift
[124/191] Compiling SmithySerialization SerializableShape.swift
[125/194] Emitting module SmithySerialization
[126/194] Compiling SmithySerialization SerdeUtils.swift
[127/194] Compiling SmithySerialization DataStreamSerializer.swift
[128/194] Compiling SmithySerialization InterceptingSerializer.swift
[129/194] Compiling SmithySerialization Context+Operation.swift
[130/194] Compiling SmithySerialization DecodedNull.swift
[131/194] Compiling SmithySerialization DataStreamDeserializer.swift
[132/194] Compiling SmithySerialization DefaultValueDeserializer.swift
[133/194] Compiling SmithySerialization ShapeDeserializer.swift
[134/194] Compiling SmithySerialization ThrowByDefaultShapeDeserializer.swift
[135/194] Compiling SmithySerialization ResponseDecodingError.swift
[136/194] Compiling SmithySerialization SerializableStruct.swift
[137/194] Compiling SmithySerialization ShapeSerializer.swift
[138/194] Compiling SmithySerialization WriteValueConsumer.swift
[145/194] Compiling SmithySerialization Codec.swift
[153/194] Compiling SmithySerialization SerializerError.swift
[154/194] Compiling SmithySerialization StringSerializer.swift
[155/194] Compiling SmithySerialization TypeRegistry.swift
[156/195] Wrapping AST for SmithySerialization for debugging
[158/250] Compiling SmithyCodegenCore ASTError.swift
[159/250] Compiling SmithyCodegenCore ASTMember.swift
[160/250] Compiling SmithyCodegenCore ASTModel.swift
[161/250] Compiling SmithyCodegenCore ASTReference.swift
[162/250] Compiling SmithyCodegenCore ASTShape.swift
[163/250] Compiling SmithyCodegenCore ASTType.swift
[164/250] Compiling SmithyCodegenCore Node+AST.swift
[165/250] Compiling SmithyCodegenCore MapShape.swift
[166/250] Compiling SmithyCodegenCore MemberShape.swift
[167/250] Compiling SmithyCodegenCore OperationShape.swift
[168/250] Compiling SmithyCodegenCore Model+Union.swift
[169/250] Compiling SmithyCodegenCore NullableIndex.swift
[170/250] Compiling SmithyCodegenCore OperationsCodegen.swift
[171/250] Compiling SmithyCodegenCore SchemasCodegen.swift
[172/250] Compiling SmithyCodegenCore String+Utils.swift
[173/250] Compiling SmithyCodegenCore SwiftWriter.swift
[174/250] Compiling SmithyCodegenCore SwiftSettings.swift
[175/250] Compiling SmithyCodegenCore String+ReservedWords.swift
[176/250] Compiling SmithyCodegenCore SymbolProvider.swift
[177/250] Compiling SmithyCodegenCore SymbolProviderError.swift
[178/250] Compiling SmithyCodegenCore Shape+DeserializeMethodName.swift
[179/250] Compiling SmithyCodegenCore GenerationContext.swift
[180/250] Compiling SmithyCodegenCore HasShapeID.swift
[181/250] Compiling SmithyCodegenCore Model+AST.swift
[182/250] Compiling SmithyCodegenCore Model.swift
[183/250] Compiling SmithyCodegenCore ModelError.swift
[184/250] Compiling SmithyCodegenCore Node+Rendered.swift
[185/250] Compiling SmithyCodegenCore Shape+Schema.swift
[186/250] Compiling SmithyCodegenCore SerializeCodegen.swift
[187/250] Compiling SmithyCodegenCore Shape+SerializeMethodName.swift
[188/250] Compiling SmithyCodegenCore DocumentShape.swift
[189/250] Compiling SmithyCodegenCore CodegenError.swift
[190/250] Compiling SmithyCodegenCore DeserializeCodegen.swift
[191/250] Emitting module SmithyCodegenCore
[200/258] Compiling SmithyCodegenCore ResourceShape.swift
[201/258] Compiling SmithyCodegenCore ServiceShape.swift
[202/258] Compiling SmithyCodegenCore Shape+Prelude.swift
[203/258] Compiling SmithyCodegenCore Shape.swift
[204/258] Compiling SmithyCodegenCore StringShape.swift
[205/258] Compiling SmithyCodegenCore StructureShape.swift
[206/258] Compiling SmithyCodegenCore UnionShape.swift
[206/258] Wrapping AST for ArgumentParser for debugging
[208/258] Compiling SmithyCodegenCore EnumShape.swift
[209/258] Compiling SmithyCodegenCore HasMembers.swift
[210/258] Compiling SmithyCodegenCore IntEnumShape.swift
[211/258] Compiling SmithyCodegenCore IntegerShape.swift
[212/258] Compiling SmithyCodegenCore ListShape.swift
[224/258] Compiling SmithyCodegenCore ShapeID+AST.swift
[225/258] Compiling SmithyCodegenCore ShapeType+AST.swift
[226/258] Compiling SmithyCodegenCore Model+Box.swift
[227/258] Compiling SmithyCodegenCore Model+Deprecated.swift
[228/258] Compiling SmithyCodegenCore Model+InputOutput.swift
[229/258] Compiling SmithyCodegenCore Model+Operations.swift
[230/258] Compiling SmithyCodegenCore Model+PruneToService.swift
[231/258] Compiling SmithyCodegenCore Model+TrimReferences.swift
[239/258] Compiling SmithyCodegenCore CodeGenerator.swift
[248/258] Compiling SmithyCodegenCore AllCodegenTraits.swift
[249/258] Compiling SmithyCodegenCore DeprecatedTrait.swift
[250/258] Compiling SmithyCodegenCore EnumTrait.swift
[251/258] Compiling SmithyCodegenCore UsedAsInputTrait.swift
[252/258] Compiling SmithyCodegenCore UsedAsOutputTrait.swift
[253/258] Compiling SmithyCodegenCore TypeRegistryCodegen.swift
[254/258] Compiling SmithyCodegenCore resource_bundle_accessor.swift
[255/259] Wrapping AST for SmithyCodegenCore for debugging
[257/261] Emitting module SmithyCodegenCLI
[258/261] Compiling SmithyCodegenCLI SmithyCodegenCLI.swift
[259/262] Wrapping AST for SmithyCodegenCLI for debugging
[260/262] Write Objects.LinkFileList
[261/262] Linking SmithyCodegenCLI-tool
Building for debugging...
[0/298] Write sources
[0/298] Copying PrivacyInfo.xcprivacy
[0/298] Write sources
[43/298] Compiling retry_strategy.c
[44/298] Copying DefaultSwiftHeader.txt
[44/298] Write sources
[48/298] Copying PrivacyInfo.xcprivacy
[48/298] Write sources
[52/298] Compiling shared_library.c
In file included from /host/spi-builder-workspace/.build/checkouts/aws-crt-swift/aws-common-runtime/aws-c-io/source/socket.c:9:
In file included from /host/spi-builder-workspace/.build/checkouts/aws-crt-swift/aws-common-runtime/aws-c-io/include/aws/io/private/socket_impl.h:10:
/host/spi-builder-workspace/.build/checkouts/aws-crt-swift/aws-common-runtime/aws-c-io/include/aws/io/socket.h:169:18: error: no member named 'sun_path' in 'struct sockaddr_un'
169 | char address[AWS_ADDRESS_MAX_LEN];
| ^~~~~~~~~~~~~~~~~~~
/host/spi-builder-workspace/.build/checkouts/aws-crt-swift/aws-common-runtime/aws-c-io/include/aws/io/socket.h:166:67: note: expanded from macro 'AWS_ADDRESS_MAX_LEN'
166 | # define AWS_ADDRESS_MAX_LEN sizeof(((struct sockaddr_un *)0)->sun_path)
| ~~~~~~~~~~~~~~~~~~~~~~~~~ ^
1 error generated.
[53/298] Compiling socket.c
[53/298] Compiling s2n_apple_keychain.c
[53/298] Compiling tracing.c
[53/298] Compiling mqtt5_utils.c
[53/298] Compiling s2n_tls_channel_handler.c
[53/298] Compiling rate_limiters.c
In file included from /host/spi-builder-workspace/.build/checkouts/aws-crt-swift/aws-common-runtime/aws-c-io/source/posix/socket.c:6:
/host/spi-builder-workspace/.build/checkouts/aws-crt-swift/aws-common-runtime/aws-c-io/include/aws/io/socket.h:169:18: error: no member named 'sun_path' in 'struct sockaddr_un'
169 | char address[AWS_ADDRESS_MAX_LEN];
| ^~~~~~~~~~~~~~~~~~~
/host/spi-builder-workspace/.build/checkouts/aws-crt-swift/aws-common-runtime/aws-c-io/include/aws/io/socket.h:166:67: note: expanded from macro 'AWS_ADDRESS_MAX_LEN'
166 | # define AWS_ADDRESS_MAX_LEN sizeof(((struct sockaddr_un *)0)->sun_path)
| ~~~~~~~~~~~~~~~~~~~~~~~~~ ^
/host/spi-builder-workspace/.build/checkouts/aws-crt-swift/aws-common-runtime/aws-c-io/source/posix/socket.c:24:10: fatal error: 'net/if.h' file not found
24 | #include <net/if.h>
| ^~~~~~~~~~
[53/298] Compiling socket.c
[53/298] Write swift-version-24593BA9C3E375BF.txt
BUILD FAILURE 6.2 wasm