The Swift Package Index logo.Swift Package Index

Build Information

Failed to build Repeat, reference develop (76ebc7), with Swift 6.4 for Wasm on 15 Sep 2026 20:03:04 UTC.

Build Command

bash -c docker run --pull=always --rm -v "checkouts-53886770-1":/host -w "$PWD" -e JAVA_HOME="/root/.sdkman/candidates/java/current" -e SPI_BUILD="1" -e SPI_PROCESSING="1" registry.gitlab.com/saguaro1/spi-images:wasm-6.4-latest swift build --swift-sdk swift-6.4.x-DEVELOPMENT-SNAPSHOT-2026-09-04-a_wasm 2>&1

Build Log

========================================
RunAll
========================================
Builder version: 5.1.0
Interrupt handler set up.
========================================
Checkout
========================================
Clone URL: https://github.com/malcommac/Repeat.git
Reference: develop
Initialized empty Git repository in /host/spi-builder-workspace/.git/
hint: Using 'master' as the name for the initial branch. This default branch name
hint: is subject to change. To configure the initial branch name to use in all
hint: of your new repositories, which will suppress this warning, call:
hint:
hint: 	git config --global init.defaultBranch <name>
hint:
hint: Names commonly chosen instead of 'master' are 'main', 'trunk' and
hint: 'development'. The just-created branch can be renamed via this command:
hint:
hint: 	git branch -m <name>
From https://github.com/malcommac/Repeat
 * branch            develop    -> FETCH_HEAD
 * [new branch]      develop    -> origin/develop
HEAD is now at 76ebc72 Merge tag '0.6.0' into develop
Cloned https://github.com/malcommac/Repeat.git
Revision (git rev-parse @):
76ebc7216a7909032b7eb0badcb59c57c5315275
SUCCESS checkout https://github.com/malcommac/Repeat.git at develop
========================================
Build
========================================
Selected platform:         wasm
Swift version:             6.4
Building package at path:  $PWD
https://github.com/malcommac/Repeat.git
Running build ...
bash -c docker run --pull=always --rm -v "checkouts-53886770-1":/host -w "$PWD" -e JAVA_HOME="/root/.sdkman/candidates/java/current" -e SPI_BUILD="1" -e SPI_PROCESSING="1" registry.gitlab.com/saguaro1/spi-images:wasm-6.4-latest swift build --swift-sdk swift-6.4.x-DEVELOPMENT-SNAPSHOT-2026-09-04-a_wasm 2>&1
wasm-6.4-latest: Pulling from saguaro1/spi-images
Digest: sha256:4328fdb43c680d205c1d6761b1e3267aa38277eefdda9ddfb17b6a0f1a77857a
Status: Image is up to date for registry.gitlab.com/saguaro1/spi-images:wasm-6.4-latest
Building for debugging...
[Planning deferred tasks]
error: SwiftCompile normal wasm32 failed with a nonzero exit code. Command line:     cd /host

[22 / 30] Repeat
/host/spi-builder-workspace/Sources/Repeat/Debouncer.swift:40:9: warning: extraneous whitespace between attribute name and '('; this is an error in the Swift 6 language mode
38 |
39 | 	/// Delay interval
40 | 	private (set) public var delay: Repeater.Interval
   |         `- warning: extraneous whitespace between attribute name and '('; this is an error in the Swift 6 language mode
41 |
42 | 	/// Callback to activate
/host/spi-builder-workspace/Sources/Repeat/Repeater.swift:101:23: error: cannot find type 'DispatchTimeInterval' in scope
 99 | 		case days(_: Int)
100 |
101 | 		internal var value: DispatchTimeInterval {
    |                       `- error: cannot find type 'DispatchTimeInterval' in scope
102 | 			switch self {
103 | 			case .nanoseconds(let value):		return .nanoseconds(value)
/host/spi-builder-workspace/Sources/Repeat/Repeater.swift:173:21: error: cannot find type 'DispatchSourceTimer' in scope
171 |
172 | 	/// Internal GCD Timer
173 | 	private var timer: DispatchSourceTimer?
    |                     `- error: cannot find type 'DispatchSourceTimer' in scope
174 |
175 | 	/// Is timer a repeat timer
/host/spi-builder-workspace/Sources/Repeat/Repeater.swift:185:25: error: cannot find type 'DispatchTimeInterval' in scope
183 |
184 | 	/// Accuracy of the timer
185 | 	private var tolerance: DispatchTimeInterval
    |                         `- error: cannot find type 'DispatchTimeInterval' in scope
186 |
187 | 	/// Dispatch queue parent of the timer
/host/spi-builder-workspace/Sources/Repeat/Repeater.swift:188:21: error: cannot find type 'DispatchQueue' in scope
186 |
187 | 	/// Dispatch queue parent of the timer
188 | 	private var queue: DispatchQueue?
    |                     `- error: cannot find type 'DispatchQueue' in scope
189 |
190 | 	/// Initialize a new timer.
/host/spi-builder-workspace/Sources/Repeat/Repeater.swift:198:69: error: cannot find type 'DispatchTimeInterval' in scope
196 | 	///   - queue: queue in which the timer should be executed; if `nil` a new queue is created automatically.
197 | 	///   - observer: observer
198 | 	public init(interval: Interval, mode: Mode = .infinite, tolerance: DispatchTimeInterval = .nanoseconds(0), queue: DispatchQueue? = nil, observer: @escaping Observer) {
    |                                                                     `- error: cannot find type 'DispatchTimeInterval' in scope
199 | 		self.mode = mode
200 | 		self.interval = interval
/host/spi-builder-workspace/Sources/Repeat/Repeater.swift:198:116: error: cannot find type 'DispatchQueue' in scope
196 | 	///   - queue: queue in which the timer should be executed; if `nil` a new queue is created automatically.
197 | 	///   - observer: observer
198 | 	public init(interval: Interval, mode: Mode = .infinite, tolerance: DispatchTimeInterval = .nanoseconds(0), queue: DispatchQueue? = nil, observer: @escaping Observer) {
    |                                                                                                                    `- error: cannot find type 'DispatchQueue' in scope
199 | 		self.mode = mode
200 | 		self.interval = interval
/host/spi-builder-workspace/Sources/Repeat/Repeater.swift:245:35: error: cannot find type 'DispatchSourceTimer' in scope
243 | 	///
244 | 	/// - Returns: dispatch timer
245 | 	private func configureTimer() -> DispatchSourceTimer {
    |                                   `- error: cannot find type 'DispatchSourceTimer' in scope
246 | 		let associatedQueue = (queue ?? DispatchQueue(label: "com.repeat.\(NSUUID().uuidString)"))
247 | 		let timer = DispatchSource.makeTimerSource(queue: associatedQueue)
/host/spi-builder-workspace/Sources/Repeat/Repeater.swift:282:62: error: cannot find type 'DispatchTimeInterval' in scope
280 | 	/// - Returns: timer instance
281 | 	@discardableResult
282 | 	public class func once(after interval: Interval, tolerance: DispatchTimeInterval = .nanoseconds(0), queue: DispatchQueue? = nil, _ observer: @escaping Observer) -> Repeater {
    |                                                              `- error: cannot find type 'DispatchTimeInterval' in scope
283 |         let timer = Repeater(interval: interval, mode: .once, tolerance: tolerance, queue: queue, observer: observer)
284 | 		timer.start()
/host/spi-builder-workspace/Sources/Repeat/Repeater.swift:282:109: error: cannot find type 'DispatchQueue' in scope
280 | 	/// - Returns: timer instance
281 | 	@discardableResult
282 | 	public class func once(after interval: Interval, tolerance: DispatchTimeInterval = .nanoseconds(0), queue: DispatchQueue? = nil, _ observer: @escaping Observer) -> Repeater {
    |                                                                                                             `- error: cannot find type 'DispatchQueue' in scope
283 |         let timer = Repeater(interval: interval, mode: .once, tolerance: tolerance, queue: queue, observer: observer)
284 | 		timer.start()
/host/spi-builder-workspace/Sources/Repeat/Repeater.swift:297:78: error: cannot find type 'DispatchTimeInterval' in scope
295 | 	/// - Returns: timer
296 | 	@discardableResult
297 | 	public class func every(_ interval: Interval, count: Int? = nil, tolerance: DispatchTimeInterval = .nanoseconds(0), queue: DispatchQueue? = nil, _ handler: @escaping Observer) -> Repeater {
    |                                                                              `- error: cannot find type 'DispatchTimeInterval' in scope
298 | 		let mode: Mode = (count != nil ? .finite(count!) : .infinite)
299 |         let timer = Repeater(interval: interval, mode: mode, tolerance: tolerance, queue: queue, observer: handler)
/host/spi-builder-workspace/Sources/Repeat/Repeater.swift:297:125: error: cannot find type 'DispatchQueue' in scope
295 | 	/// - Returns: timer
296 | 	@discardableResult
297 | 	public class func every(_ interval: Interval, count: Int? = nil, tolerance: DispatchTimeInterval = .nanoseconds(0), queue: DispatchQueue? = nil, _ handler: @escaping Observer) -> Repeater {
    |                                                                                                                             `- error: cannot find type 'DispatchQueue' in scope
298 | 		let mode: Mode = (count != nil ? .finite(count!) : .infinite)
299 |         let timer = Repeater(interval: interval, mode: mode, tolerance: tolerance, queue: queue, observer: handler)
/host/spi-builder-workspace/Sources/Repeat/Throttler.swift:53:21: error: cannot find type 'DispatchQueue' in scope
 51 |
 52 | 	/// Queue in which the throotle will work.
 53 | 	private var queue: DispatchQueue
    |                     `- error: cannot find type 'DispatchQueue' in scope
 54 |
 55 | 	/// Callback to call
/host/spi-builder-workspace/Sources/Repeat/Throttler.swift:59:28: error: cannot find 'DispatchWorkItem' in scope
 57 |
 58 | 	/// Last scheduled callback job
 59 | 	private var callbackJob = DispatchWorkItem(block: {})
    |                            `- error: cannot find 'DispatchWorkItem' in scope
 60 |
 61 | 	/// Previous scheduled time
/host/spi-builder-workspace/Sources/Repeat/Throttler.swift:62:33: error: cannot find type 'DispatchTime' in scope
 60 |
 61 | 	/// Previous scheduled time
 62 | 	private var previousScheduled: DispatchTime?
    |                                 `- error: cannot find type 'DispatchTime' in scope
 63 |
 64 | 	/// Last executed time
/host/spi-builder-workspace/Sources/Repeat/Throttler.swift:65:33: error: cannot find type 'DispatchTime' in scope
 63 |
 64 | 	/// Last executed time
 65 | 	private var lastExecutionTime: DispatchTime?
    |                                 `- error: cannot find type 'DispatchTime' in scope
 66 |
 67 | 	/// Need to delay before perform
/host/spi-builder-workspace/Sources/Repeat/Throttler.swift:71:36: error: cannot find type 'DispatchTimeInterval' in scope
 69 |
 70 | 	/// Throotle interval
 71 | 	public private(set) var throttle: DispatchTimeInterval
    |                                    `- error: cannot find type 'DispatchTimeInterval' in scope
 72 |
 73 | 	/// Initialize a new throttler with given time interval.
/host/spi-builder-workspace/Sources/Repeat/Throttler.swift:81:46: error: cannot find type 'DispatchQueue' in scope
 79 | 	///   - fireNow: immediate fire first execution of the throttle.
 80 | 	///   - callback: callback to throttle.
 81 | 	public init(time: Repeater.Interval, queue: DispatchQueue? = nil, mode: Mode = .fixed, immediateFire: Bool = false, _ callback: Callback? = nil) {
    |                                              `- error: cannot find type 'DispatchQueue' in scope
 82 | 		self.throttle = time.value
 83 | 		self.queue = (queue ?? DispatchQueue.global(qos: .background))
/host/spi-builder-workspace/Sources/Repeat/Throttler.swift:110:47: error: cannot find type 'DispatchTime' in scope
108 | 	///
109 | 	/// - Returns: a tuple with now interval and evaluated interval based upon the current mode.
110 | 	private func evaluateDispatchTime() -> (now: DispatchTime, evaluated: DispatchTime) {
    |                                               `- error: cannot find type 'DispatchTime' in scope
111 | 		let now: DispatchTime = .now()
112 |
/host/spi-builder-workspace/Sources/Repeat/Throttler.swift:110:72: error: cannot find type 'DispatchTime' in scope
108 | 	///
109 | 	/// - Returns: a tuple with now interval and evaluated interval based upon the current mode.
110 | 	private func evaluateDispatchTime() -> (now: DispatchTime, evaluated: DispatchTime) {
    |                                                                        `- error: cannot find type 'DispatchTime' in scope
111 | 		let now: DispatchTime = .now()
112 |
Failed frontend command:
/usr/bin/swift-frontend -frontend -emit-module -experimental-skip-non-inlinable-function-bodies-without-types /host/spi-builder-workspace/Sources/Repeat/Debouncer.swift /host/spi-builder-workspace/Sources/Repeat/Repeater.swift /host/spi-builder-workspace/Sources/Repeat/Throttler.swift -target wasm32-unknown-wasip1 -disable-objc-interop -sdk /root/.swiftpm/swift-sdks/swift-6.4.x-DEVELOPMENT-SNAPSHOT-2026-09-04-a_wasm.artifactbundle/swift-6.4.x-DEVELOPMENT-SNAPSHOT-2026-09-04-a_wasm/wasm32-unknown-wasip1/WASI.sdk -sysroot /root/.swiftpm/swift-sdks/swift-6.4.x-DEVELOPMENT-SNAPSHOT-2026-09-04-a_wasm.artifactbundle/swift-6.4.x-DEVELOPMENT-SNAPSHOT-2026-09-04-a_wasm/wasm32-unknown-wasip1/WASI.sdk -I /host/spi-builder-workspace/.build/out/Products/Debug-webassembly-wasm32 -module-cache-path /host/spi-builder-workspace/.build/out/ModuleCache.noindex -color-diagnostics -Xcc -fcolor-diagnostics -enable-testing -g -debug-info-format\=dwarf -dwarf-version\=4 -swift-version 5 -Onone -D SWIFT_PACKAGE -D DEBUG -D SWIFT_MODULE_RESOURCE_BUNDLE_UNAVAILABLE -D Xcode -serialize-debugging-options -enable-experimental-feature DebugDescriptionMacro -empty-abi-descriptor -external-plugin-path /usr/lib/swift/host/plugins/testing\#/usr/bin/swift-plugin-server -validate-clang-modules-once -clang-build-session-file /host/spi-builder-workspace/.build/out/ModuleCache.noindex/Session.modulevalidation -Xcc -working-directory -Xcc /host -resource-dir /root/.swiftpm/swift-sdks/swift-6.4.x-DEVELOPMENT-SNAPSHOT-2026-09-04-a_wasm.artifactbundle/swift-6.4.x-DEVELOPMENT-SNAPSHOT-2026-09-04-a_wasm/wasm32-unknown-wasip1/swift.xctoolchain/usr/lib/swift_static -use-static-resource-dir -enable-anonymous-context-mangled-names -file-compilation-dir /host -Xcc -resource-dir -Xcc /root/.swiftpm/swift-sdks/swift-6.4.x-DEVELOPMENT-SNAPSHOT-2026-09-04-a_wasm.artifactbundle/swift-6.4.x-DEVELOPMENT-SNAPSHOT-2026-09-04-a_wasm/wasm32-unknown-wasip1/swift.xctoolchain/usr/lib/swift_static/clang -Xcc -D_LIBCPP_HARDENING_MODE\=_LIBCPP_HARDENING_MODE_DEBUG -Xcc -fmodules-prune-interval\=86400 -Xcc -fmodules-prune-after\=345600 -Xcc -I/host/spi-builder-workspace/.build/out/Products/Debug-webassembly-wasm32/include -Xcc -I/host/spi-builder-workspace/.build/out/Intermediates.noindex/Repeat.build/Debug-webassembly-wasm32/Repeat-t.build/DerivedSources-normal/wasm32 -Xcc -I/host/spi-builder-workspace/.build/out/Intermediates.noindex/Repeat.build/Debug-webassembly-wasm32/Repeat-t.build/DerivedSources/wasm32 -Xcc -I/host/spi-builder-workspace/.build/out/Intermediates.noindex/Repeat.build/Debug-webassembly-wasm32/Repeat-t.build/DerivedSources -Xcc -DSWIFT_PACKAGE -Xcc -DDEBUG\=1 -no-auto-bridging-header-chaining -module-name Repeat -const-gather-protocols-file /host/spi-builder-workspace/.build/out/Intermediates.noindex/Repeat.build/Debug-webassembly-wasm32/Repeat-t.build/Objects-normal/wasm32/Repeat_const_extract_protocols.json -in-process-plugin-server-path /usr/lib/swift/host/libSwiftInProcPluginServer.so -plugin-path /usr/lib/swift/host/plugins -plugin-path /usr/local/lib/swift/host/plugins -emit-module-doc-path /host/spi-builder-workspace/.build/out/Intermediates.noindex/Repeat.build/Debug-webassembly-wasm32/Repeat-t.build/Objects-normal/wasm32/Modules/Repeat.swiftdoc -emit-module-source-info-path /host/spi-builder-workspace/.build/out/Intermediates.noindex/Repeat.build/Debug-webassembly-wasm32/Repeat-t.build/Objects-normal/wasm32/Modules/Repeat.swiftsourceinfo -emit-objc-header-path /host/spi-builder-workspace/.build/out/Intermediates.noindex/Repeat.build/Debug-webassembly-wasm32/Repeat-t.build/Objects-normal/wasm32/Repeat-Swift.h -serialize-diagnostics-path /host/spi-builder-workspace/.build/out/Intermediates.noindex/Repeat.build/Debug-webassembly-wasm32/Repeat-t.build/Objects-normal/wasm32/Repeat-primary-emit-module.dia -emit-dependencies-path /host/spi-builder-workspace/.build/out/Intermediates.noindex/Repeat.build/Debug-webassembly-wasm32/Repeat-t.build/Objects-normal/wasm32/Repeat-primary-emit-module.d -parse-as-library -o /host/spi-builder-workspace/.build/out/Intermediates.noindex/Repeat.build/Debug-webassembly-wasm32/Repeat-t.build/Objects-normal/wasm32/Modules/Repeat.swiftmodule
error: Build failed
BUILD FAILURE 6.4 wasm