The Swift Package Index logo.Swift Package Index

Build Information

Failed to build iModels, reference 0.1.8 (a1c77c), with Swift 6.4 for Android on 24 Sep 2026 01:03:04 UTC.

Build Command

bash -c docker run --pull=always --rm -v "checkouts-54344844-0":/host -w "$PWD" -e JAVA_HOME="/root/.sdkman/candidates/java/current" -e SPI_BUILD="1" -e SPI_PROCESSING="1" registry.gitlab.com/saguaro1/spi-images:android-6.4-latest swift build --swift-sdk aarch64-unknown-linux-android28 2>&1

Build Log

========================================
RunAll
========================================
Builder version: 5.1.0
Interrupt handler set up.
========================================
Checkout
========================================
Clone URL: https://github.com/AnbalaganD/iModels.git
Reference: 0.1.8
Initialized empty Git repository in /host/spi-builder-workspace/.git/
hint: Using 'master' as the name for the initial branch. This default branch name
hint: is subject to change. To configure the initial branch name to use in all
hint: of your new repositories, which will suppress this warning, call:
hint:
hint: 	git config --global init.defaultBranch <name>
hint:
hint: Names commonly chosen instead of 'master' are 'main', 'trunk' and
hint: 'development'. The just-created branch can be renamed via this command:
hint:
hint: 	git branch -m <name>
From https://github.com/AnbalaganD/iModels
 * tag               0.1.8      -> FETCH_HEAD
HEAD is now at a1c77ca 1. Minor improvement at Device.swift 2. Update .gitignore file 3. Update Example project build settings 4. Update the version at all the places.
Cloned https://github.com/AnbalaganD/iModels.git
Revision (git rev-parse @):
a1c77ca658d038c19a4185bb271a2f74ee1e32b1
SPI manifest file found: $PWD/.spi.yml
SUCCESS checkout https://github.com/AnbalaganD/iModels.git at 0.1.8
========================================
Build
========================================
Selected platform:         android
Swift version:             6.4
Building package at path:  $PWD
https://github.com/AnbalaganD/iModels.git
Running build ...
bash -c docker run --pull=always --rm -v "checkouts-54344844-0":/host -w "$PWD" -e JAVA_HOME="/root/.sdkman/candidates/java/current" -e SPI_BUILD="1" -e SPI_PROCESSING="1" registry.gitlab.com/saguaro1/spi-images:android-6.4-latest swift build --swift-sdk aarch64-unknown-linux-android28 2>&1
android-6.4-latest: Pulling from saguaro1/spi-images
Digest: sha256:abadcff584c273feba50641b454858d377ba30b35ea7287a94f45ebd8afd0ea0
Status: Image is up to date for registry.gitlab.com/saguaro1/spi-images:android-6.4-latest
Building for debugging...
[Planning deferred tasks]
error: SwiftCompile normal aarch64 failed with a nonzero exit code. Command line:     cd /host

/host/spi-builder-workspace/Sources/iModels/Device.swift:55:26: error: cannot find 'utsname' in scope
 53 |         identifier = ProcessInfo().environment["SIMULATOR_MODEL_IDENTIFIER"]!
 54 | #else
 55 |         var systemInfo = utsname()
    |                          `- error: cannot find 'utsname' in scope
 56 |         uname(&systemInfo)
 57 |
/host/spi-builder-workspace/Sources/iModels/Device.swift:56:9: error: cannot find 'uname' in scope
 54 | #else
 55 |         var systemInfo = utsname()
 56 |         uname(&systemInfo)
    |         `- error: cannot find 'uname' in scope
 57 |
 58 |         identifier = withUnsafeBytes(of: &systemInfo.machine) { ptr in
Failed frontend command:
/root/.local/share/swiftly/toolchains/6.4.x-snapshot-2026-09-04/usr/bin/swift-frontend -frontend -emit-module -experimental-skip-non-inlinable-function-bodies-without-types /host/spi-builder-workspace/Sources/iModels/Device.swift -target aarch64-unknown-linux-android28 -Xllvm -aarch64-use-tbi -disable-objc-interop -sdk /android-ndk/android-ndk-r27d/toolchains/llvm/prebuilt/linux-x86_64/sysroot -sysroot /android-ndk/android-ndk-r27d/toolchains/llvm/prebuilt/linux-x86_64/sysroot -I /host/spi-builder-workspace/.build/out/Products/Debug-android-aarch64 -module-cache-path /host/spi-builder-workspace/.build/out/ModuleCache.noindex -color-diagnostics -Xcc -fcolor-diagnostics -enable-testing -g -debug-info-format\=dwarf -dwarf-version\=4 -swift-version 6 -Onone -D SWIFT_PACKAGE -D DEBUG -D SWIFT_MODULE_RESOURCE_BUNDLE_UNAVAILABLE -D Xcode -serialize-debugging-options -enable-experimental-feature DebugDescriptionMacro -empty-abi-descriptor -external-plugin-path /root/.local/share/swiftly/toolchains/6.4.x-snapshot-2026-09-04/usr/lib/swift/host/plugins/testing\#/root/.local/share/swiftly/toolchains/6.4.x-snapshot-2026-09-04/usr/bin/swift-plugin-server -validate-clang-modules-once -clang-build-session-file /host/spi-builder-workspace/.build/out/ModuleCache.noindex/Session.modulevalidation -Xcc -working-directory -Xcc /host -resource-dir /root/.swiftpm/swift-sdks/swift-6.4.x-DEVELOPMENT-SNAPSHOT-2026-09-04-a_android.artifactbundle/swift-android/swift-resources/usr/lib/swift-aarch64 -enable-anonymous-context-mangled-names -file-compilation-dir /host -Xcc -resource-dir -Xcc /android-ndk/android-ndk-r27d/toolchains/llvm/prebuilt/linux-x86_64/lib/clang/18 -Xcc -fno-omit-frame-pointer -Xcc -D_LIBCPP_HARDENING_MODE\=_LIBCPP_HARDENING_MODE_DEBUG -Xcc -fmodules-prune-interval\=86400 -Xcc -fmodules-prune-after\=345600 -Xcc -I/host/spi-builder-workspace/.build/out/Products/Debug-android-aarch64/include -Xcc -I/host/spi-builder-workspace/.build/out/Intermediates.noindex/iModels.build/Debug-android-aarch64/iModels-t.build/DerivedSources-normal/aarch64 -Xcc -I/host/spi-builder-workspace/.build/out/Intermediates.noindex/iModels.build/Debug-android-aarch64/iModels-t.build/DerivedSources/aarch64 -Xcc -I/host/spi-builder-workspace/.build/out/Intermediates.noindex/iModels.build/Debug-android-aarch64/iModels-t.build/DerivedSources -Xcc -DSWIFT_PACKAGE -Xcc -DDEBUG\=1 -no-auto-bridging-header-chaining -module-name iModels -package-name spi_builder_workspace -const-gather-protocols-file /host/spi-builder-workspace/.build/out/Intermediates.noindex/iModels.build/Debug-android-aarch64/iModels-t.build/Objects-normal/aarch64/iModels_const_extract_protocols.json -in-process-plugin-server-path /root/.local/share/swiftly/toolchains/6.4.x-snapshot-2026-09-04/usr/lib/swift/host/libSwiftInProcPluginServer.so -plugin-path /root/.local/share/swiftly/toolchains/6.4.x-snapshot-2026-09-04/usr/lib/swift/host/plugins -plugin-path /root/.local/share/swiftly/toolchains/6.4.x-snapshot-2026-09-04/usr/local/lib/swift/host/plugins -emit-module-doc-path /host/spi-builder-workspace/.build/out/Intermediates.noindex/iModels.build/Debug-android-aarch64/iModels-t.build/Objects-normal/aarch64/Modules/iModels.swiftdoc -emit-module-source-info-path /host/spi-builder-workspace/.build/out/Intermediates.noindex/iModels.build/Debug-android-aarch64/iModels-t.build/Objects-normal/aarch64/Modules/iModels.swiftsourceinfo -emit-objc-header-path /host/spi-builder-workspace/.build/out/Intermediates.noindex/iModels.build/Debug-android-aarch64/iModels-t.build/Objects-normal/aarch64/iModels-Swift.h -serialize-diagnostics-path /host/spi-builder-workspace/.build/out/Intermediates.noindex/iModels.build/Debug-android-aarch64/iModels-t.build/Objects-normal/aarch64/iModels-primary-emit-module.dia -emit-dependencies-path /host/spi-builder-workspace/.build/out/Intermediates.noindex/iModels.build/Debug-android-aarch64/iModels-t.build/Objects-normal/aarch64/iModels-primary-emit-module.d -parse-as-library -o /host/spi-builder-workspace/.build/out/Intermediates.noindex/iModels.build/Debug-android-aarch64/iModels-t.build/Objects-normal/aarch64/Modules/iModels.swiftmodule
error: Build failed
BUILD FAILURE 6.4 android