The Swift Package Index logo.Swift Package Index

Build Information

Failed to build StreamSwiftTestHelpers, reference main (b7a09e), with Swift 6.4 for macOS (SPM) on 19 Sep 2026 21:21:53 UTC.

Build Command

env DEVELOPER_DIR=/Applications/Xcode-27.0.0-Release.Candidate.app xcrun swift build --arch arm64

Build Log

========================================
RunAll
========================================
Builder version: 5.1.0
Interrupt handler set up.
========================================
Checkout
========================================
Clone URL: https://github.com/GetStream/stream-chat-swift-test-helpers.git
Reference: main
Initialized empty Git repository in /Users/admin/builder/spi-builder-workspace/.git/
From https://github.com/GetStream/stream-chat-swift-test-helpers
 * branch            main       -> FETCH_HEAD
 * [new branch]      main       -> origin/main
HEAD is now at b7a09e5 Remove Difference
Cloned https://github.com/GetStream/stream-chat-swift-test-helpers.git
Revision (git rev-parse @):
b7a09e53a6647df94c02a67770ec876faa707f9d
SUCCESS checkout https://github.com/GetStream/stream-chat-swift-test-helpers.git at main
========================================
Build
========================================
Selected platform:         macosSpm
Swift version:             6.4
Building package at path:  $PWD
https://github.com/GetStream/stream-chat-swift-test-helpers.git
Running build ...
env DEVELOPER_DIR=/Applications/Xcode-27.0.0-Release.Candidate.app xcrun swift build --arch arm64
Building for debugging...
[Pre-planning 1 / 96]
[Planning deferred tasks]
[25 / 42]
[26 / 43] SnapshotTesting
[36 / 134]
[39 / 134]
[47 / 134]
[49 / 134]
[50 / 134]
[55 / 134]
[58 / 134]
[62 / 134]
[68 / 134]
[71 / 134]
[73 / 134]
[74 / 134]
[85 / 134]
[89 / 134]
[91 / 134]
[94 / 134]
[96 / 134]
[101 / 134]
[105 / 134]
[106 / 134]
[117 / 134] SnapshotTesting
[118 / 134] SnapshotTesting
[124 / 135]
Fetching https://github.com/pointfreeco/swift-snapshot-testing
[1/16416] Fetching swift-snapshot-testing
Fetched https://github.com/pointfreeco/swift-snapshot-testing (6.06s)
Computing version for https://github.com/pointfreeco/swift-snapshot-testing
Computed https://github.com/pointfreeco/swift-snapshot-testing at 1.11.1 (6.76s)
Creating working copy for https://github.com/pointfreeco/swift-snapshot-testing
Working copy of https://github.com/pointfreeco/swift-snapshot-testing resolved at 1.11.1
error: SwiftCompile normal arm64 /Users/admin/builder/spi-builder-workspace/Sources/TestHelpers/E2ETesting/DeviceRobot.swift failed with a nonzero exit code. Command line:     cd /Users/admin/builder
    builtin-SwiftPerFileCompile DeviceRobot.swift
/Users/admin/builder/spi-builder-workspace/Sources/TestHelpers/E2ETesting/DeviceRobot.swift:29:17: error: value of type 'XCUIApplication' has no member 'portrait'
27 |         switch orientation {
28 |         case .portrait:
29 |             app.portrait()
   |                 `- error: value of type 'XCUIApplication' has no member 'portrait'
30 |         case .landscape:
31 |             app.landscape()
/Users/admin/builder/spi-builder-workspace/Sources/TestHelpers/E2ETesting/DeviceRobot.swift:31:17: error: value of type 'XCUIApplication' has no member 'landscape'
29 |             app.portrait()
30 |         case .landscape:
31 |             app.landscape()
   |                 `- error: value of type 'XCUIApplication' has no member 'landscape'
32 |         }
33 |         return self
/Users/admin/builder/spi-builder-workspace/Sources/TestHelpers/E2ETesting/DeviceRobot.swift:40:31: error: value of type 'XCUIDevice' has no member 'press'
38 |         switch state {
39 |         case .background:
40 |             XCUIDevice.shared.press(XCUIDevice.Button.home)
   |                               `- error: value of type 'XCUIDevice' has no member 'press'
41 |         case .foreground:
42 |             app.activate()
/Users/admin/builder/spi-builder-workspace/Sources/TestHelpers/E2ETesting/DeviceRobot.swift:40:48: error: type 'XCUIDevice' has no member 'Button'
38 |         switch state {
39 |         case .background:
40 |             XCUIDevice.shared.press(XCUIDevice.Button.home)
   |                                                `- error: type 'XCUIDevice' has no member 'Button'
41 |         case .foreground:
42 |             app.activate()
Failed frontend command:
/Applications/Xcode-27.0.0-Release.Candidate.app/Contents/Developer/Toolchains/XcodeDefault.xctoolchain/usr/bin/swift-frontend -frontend -c -primary-file /Users/admin/builder/spi-builder-workspace/Sources/TestHelpers/E2ETesting/DeviceRobot.swift -primary-file /Users/admin/builder/spi-builder-workspace/Sources/TestHelpers/E2ETesting/ElementState.swift /Users/admin/builder/spi-builder-workspace/Sources/TestHelpers/E2ETesting/Robot+Assert.swift /Users/admin/builder/spi-builder-workspace/Sources/TestHelpers/E2ETesting/Robot.swift /Users/admin/builder/spi-builder-workspace/Sources/TestHelpers/E2ETesting/TestRunnerEnvironment.swift /Users/admin/builder/spi-builder-workspace/Sources/TestHelpers/E2ETesting/TestsEnvironmentSetup.swift /Users/admin/builder/spi-builder-workspace/Sources/TestHelpers/E2ETesting/XCTest+GivenWhenThenAnd.swift /Users/admin/builder/spi-builder-workspace/Sources/TestHelpers/E2ETesting/XCTest+TestOps.swift /Users/admin/builder/spi-builder-workspace/Sources/TestHelpers/E2ETesting/XCTestCase+AlertHandler.swift /Users/admin/builder/spi-builder-workspace/Sources/TestHelpers/E2ETesting/XCTestCase+MockJSON.swift /Users/admin/builder/spi-builder-workspace/Sources/TestHelpers/E2ETesting/XCUIApplication.swift /Users/admin/builder/spi-builder-workspace/Sources/TestHelpers/E2ETesting/XCUIElement+Helpers.swift /Users/admin/builder/spi-builder-workspace/Sources/TestHelpers/E2ETesting/XCUIElement+LabelContains.swift /Users/admin/builder/spi-builder-workspace/Sources/TestHelpers/E2ETesting/XCUIElementQuery+Helpers.swift /Users/admin/builder/spi-builder-workspace/Sources/TestHelpers/SnapshotTesting/AssertSnapshot.swift /Users/admin/builder/spi-builder-workspace/Sources/TestHelpers/SnapshotTesting/SnapshotVariant.swift -emit-dependencies-path /Users/admin/builder/spi-builder-workspace/.build/out/Intermediates.noindex/StreamSwiftTestHelpers.build/Debug/StreamSwiftTestHelpers-t.build/Objects-normal/arm64/DeviceRobot.d -emit-const-values-path /Users/admin/builder/spi-builder-workspace/.build/out/Intermediates.noindex/StreamSwiftTestHelpers.build/Debug/StreamSwiftTestHelpers-t.build/Objects-normal/arm64/DeviceRobot.swiftconstvalues -emit-reference-dependencies-path /Users/admin/builder/spi-builder-workspace/.build/out/Intermediates.noindex/StreamSwiftTestHelpers.build/Debug/StreamSwiftTestHelpers-t.build/Objects-normal/arm64/DeviceRobot.swiftdeps -serialize-diagnostics-path /Users/admin/builder/spi-builder-workspace/.build/out/Intermediates.noindex/StreamSwiftTestHelpers.build/Debug/StreamSwiftTestHelpers-t.build/Objects-normal/arm64/DeviceRobot.dia -emit-dependencies-path /Users/admin/builder/spi-builder-workspace/.build/out/Intermediates.noindex/StreamSwiftTestHelpers.build/Debug/StreamSwiftTestHelpers-t.build/Objects-normal/arm64/ElementState.d -emit-const-values-path /Users/admin/builder/spi-builder-workspace/.build/out/Intermediates.noindex/StreamSwiftTestHelpers.build/Debug/StreamSwiftTestHelpers-t.build/Objects-normal/arm64/ElementState.swiftconstvalues -emit-reference-dependencies-path /Users/admin/builder/spi-builder-workspace/.build/out/Intermediates.noindex/StreamSwiftTestHelpers.build/Debug/StreamSwiftTestHelpers-t.build/Objects-normal/arm64/ElementState.swiftdeps -serialize-diagnostics-path /Users/admin/builder/spi-builder-workspace/.build/out/Intermediates.noindex/StreamSwiftTestHelpers.build/Debug/StreamSwiftTestHelpers-t.build/Objects-normal/arm64/ElementState.dia -target arm64-apple-macos12.0 -disable-cross-import-overlay-search -load-resolved-plugin /Applications/Xcode-27.0.0-Release.Candidate.app/Contents/Developer/Platforms/MacOSX.platform/Developer/usr/lib/swift/host/plugins/libFoundationMacros.dylib\#/Applications/Xcode-27.0.0-Release.Candidate.app/Contents/Developer/Platforms/MacOSX.platform/Developer/usr/bin/swift-plugin-server\#FoundationMacros -load-resolved-plugin /Applications/Xcode-27.0.0-Release.Candidate.app/Contents/Developer/Platforms/MacOSX.platform/Developer/usr/lib/swift/host/plugins/libObservationMacros.dylib\#/Applications/Xcode-27.0.0-Release.Candidate.app/Contents/Developer/Platforms/MacOSX.platform/Developer/usr/bin/swift-plugin-server\#ObservationMacros -load-resolved-plugin /Applications/Xcode-27.0.0-Release.Candidate.app/Contents/Developer/Platforms/MacOSX.platform/Developer/usr/lib/swift/host/plugins/libPreviewsMacros.dylib\#/Applications/Xcode-27.0.0-Release.Candidate.app/Contents/Developer/Platforms/MacOSX.platform/Developer/usr/bin/swift-plugin-server\#PreviewsMacros -load-resolved-plugin /Applications/Xcode-27.0.0-Release.Candidate.app/Contents/Developer/Platforms/MacOSX.platform/Developer/usr/lib/swift/host/plugins/libSwiftMacros.dylib\#/Applications/Xcode-27.0.0-Release.Candidate.app/Contents/Developer/Platforms/MacOSX.platform/Developer/usr/bin/swift-plugin-server\#SwiftMacros -load-resolved-plugin /Applications/Xcode-27.0.0-Release.Candidate.app/Contents/Developer/Platforms/MacOSX.platform/Developer/usr/lib/swift/host/plugins/libSwiftUIMacros.dylib\#/Applications/Xcode-27.0.0-Release.Candidate.app/Contents/Developer/Platforms/MacOSX.platform/Developer/usr/bin/swift-plugin-server\#SwiftUIMacros -disable-implicit-swift-modules -Xcc -fno-implicit-modules -Xcc -fno-implicit-module-maps -explicit-swift-module-map-file /Users/admin/builder/spi-builder-workspace/.build/out/Intermediates.noindex/StreamSwiftTestHelpers.build/Debug/StreamSwiftTestHelpers-t.build/Objects-normal/arm64/StreamSwiftTestHelpers-dependencies-1.json -Xllvm -aarch64-use-tbi -enable-objc-interop -stack-check -sdk /Applications/Xcode-27.0.0-Release.Candidate.app/Contents/Developer/Platforms/MacOSX.platform/Developer/SDKs/MacOSX27.0.sdk -I /Users/admin/builder/spi-builder-workspace/.build/out/Products/Debug -Isystem /Applications/Xcode-27.0.0-Release.Candidate.app/Contents/Developer/Platforms/MacOSX.platform/Developer/usr/lib -F /Users/admin/builder/spi-builder-workspace/.build/out/Products/Debug/PackageFrameworks -F /Users/admin/builder/spi-builder-workspace/.build/out/Products/Debug -F /Applications/Xcode-27.0.0-Release.Candidate.app/Contents/Developer/Platforms/MacOSX.platform/Developer/Library/Frameworks -module-cache-path /Users/admin/builder/spi-builder-workspace/.build/out/Intermediates.noindex/SwiftExplicitPrecompiledModules -color-diagnostics -Xcc -fcolor-diagnostics -enable-testing -g -debug-info-format\=dwarf -dwarf-version\=4 -swift-version 5 -Onone -D SWIFT_PACKAGE -D DEBUG -D SWIFT_MODULE_RESOURCE_BUNDLE_UNAVAILABLE -D Xcode -serialize-debugging-options -enable-experimental-feature DebugDescriptionMacro -empty-abi-descriptor -validate-clang-modules-once -clang-build-session-file /Users/admin/builder/spi-builder-workspace/.build/out/ModuleCache.noindex/Session.modulevalidation -Xcc -working-directory -Xcc /Users/admin/builder -enable-anonymous-context-mangled-names -file-compilation-dir /Users/admin/builder -Xcc -D_LIBCPP_HARDENING_MODE\=_LIBCPP_HARDENING_MODE_DEBUG -Xcc -ivfsstatcache -Xcc /Users/admin/builder/spi-builder-workspace/.build/out/SDKStatCaches.noindex/macosx27.0-26A425-80c5bbf1d171475443272936d42f90a36a22442a12e9d48fe1a705f55a1adfc4.sdkstatcache -Xcc -fmodules-prune-interval\=86400 -Xcc -fmodules-prune-after\=345600 -Xcc -I/Users/admin/builder/spi-builder-workspace/.build/out/Products/Debug/include -Xcc -I/Users/admin/builder/spi-builder-workspace/.build/out/Intermediates.noindex/StreamSwiftTestHelpers.build/Debug/StreamSwiftTestHelpers-t.build/DerivedSources-normal/arm64 -Xcc -I/Users/admin/builder/spi-builder-workspace/.build/out/Intermediates.noindex/StreamSwiftTestHelpers.build/Debug/StreamSwiftTestHelpers-t.build/DerivedSources/arm64 -Xcc -I/Users/admin/builder/spi-builder-workspace/.build/out/Intermediates.noindex/StreamSwiftTestHelpers.build/Debug/StreamSwiftTestHelpers-t.build/DerivedSources -Xcc -DSWIFT_PACKAGE -Xcc -DDEBUG\=1 -no-auto-bridging-header-chaining -module-name StreamSwiftTestHelpers -const-gather-protocols-file /Users/admin/builder/spi-builder-workspace/.build/out/Intermediates.noindex/StreamSwiftTestHelpers.build/Debug/StreamSwiftTestHelpers-t.build/Objects-normal/arm64/StreamSwiftTestHelpers_const_extract_protocols.json -disable-clang-spi -clang-target arm64-apple-macos27.0 -target-sdk-version 27.0 -target-sdk-name macosx27.0 -in-process-plugin-server-path /Applications/Xcode-27.0.0-Release.Candidate.app/Contents/Developer/Toolchains/XcodeDefault.xctoolchain/usr/lib/swift/host/libSwiftInProcPluginServer.dylib -parse-as-library -o /Users/admin/builder/spi-builder-workspace/.build/out/Intermediates.noindex/StreamSwiftTestHelpers.build/Debug/StreamSwiftTestHelpers-t.build/Objects-normal/arm64/DeviceRobot.o -o /Users/admin/builder/spi-builder-workspace/.build/out/Intermediates.noindex/StreamSwiftTestHelpers.build/Debug/StreamSwiftTestHelpers-t.build/Objects-normal/arm64/ElementState.o -debug-module-path /Users/admin/builder/spi-builder-workspace/.build/out/Intermediates.noindex/StreamSwiftTestHelpers.build/Debug/StreamSwiftTestHelpers-t.build/Objects-normal/arm64/StreamSwiftTestHelpers.swiftmodule -index-unit-output-path /StreamSwiftTestHelpers.build/Debug/StreamSwiftTestHelpers-t.build/Objects-normal/arm64/DeviceRobot.o -index-unit-output-path /StreamSwiftTestHelpers.build/Debug/StreamSwiftTestHelpers-t.build/Objects-normal/arm64/ElementState.o -index-store-path /Users/admin/builder/spi-builder-workspace/.build/out -index-system-modules
error: Build failed
BUILD FAILURE 6.4 macosSpm