The Swift Package Index logo.Swift Package Index

Build Information

Failed to build swiftui-messaging-ui, reference main (1ec611), with Swift 6.1 for watchOS using Xcode 16.3 on 26 Jun 2026 04:14:59 UTC.

Build Command

env DEVELOPER_DIR=/Applications/Xcode-16.3.0.app xcrun xcodebuild -IDEClonedSourcePackagesDirPathOverride=$PWD/.dependencies -skipMacroValidation -skipPackagePluginValidation -derivedDataPath $PWD/.derivedData build -scheme swiftui-messaging-ui -destination generic/platform=watchOS

Build Log

SwiftCompile normal armv7k Compiling\ BorrowingIteratorProtocol+Filter.swift,\ BorrowingIteratorProtocol+Map.swift,\ BorrowingIteratorProtocol+Reduce.swift,\ BorrowingIteratorProtocol+SpanwiseZip.swift /Users/admin/builder/spi-builder-workspace/.dependencies/checkouts/swift-collections/Sources/ContainersPreview/Protocols/BorrowingIteratorProtocol+Filter.swift /Users/admin/builder/spi-builder-workspace/.dependencies/checkouts/swift-collections/Sources/ContainersPreview/Protocols/BorrowingIteratorProtocol+Map.swift /Users/admin/builder/spi-builder-workspace/.dependencies/checkouts/swift-collections/Sources/ContainersPreview/Protocols/BorrowingIteratorProtocol+Reduce.swift /Users/admin/builder/spi-builder-workspace/.dependencies/checkouts/swift-collections/Sources/ContainersPreview/Protocols/BorrowingIteratorProtocol+SpanwiseZip.swift (in target 'ContainersPreview' from project 'swift-collections')
SwiftCompile normal armv7k /Users/admin/builder/spi-builder-workspace/.dependencies/checkouts/swift-collections/Sources/ContainersPreview/Protocols/BorrowingIteratorProtocol+Filter.swift (in target 'ContainersPreview' from project 'swift-collections')
    cd /Users/admin/builder/spi-builder-workspace/.swiftpm/xcode

SwiftCompile normal armv7k /Users/admin/builder/spi-builder-workspace/.dependencies/checkouts/swift-collections/Sources/ContainersPreview/Protocols/BorrowingIteratorProtocol+Map.swift (in target 'ContainersPreview' from project 'swift-collections')
    cd /Users/admin/builder/spi-builder-workspace/.swiftpm/xcode

SwiftCompile normal armv7k /Users/admin/builder/spi-builder-workspace/.dependencies/checkouts/swift-collections/Sources/ContainersPreview/Protocols/BorrowingIteratorProtocol+Reduce.swift (in target 'ContainersPreview' from project 'swift-collections')
    cd /Users/admin/builder/spi-builder-workspace/.swiftpm/xcode

SwiftCompile normal armv7k /Users/admin/builder/spi-builder-workspace/.dependencies/checkouts/swift-collections/Sources/ContainersPreview/Protocols/BorrowingIteratorProtocol+SpanwiseZip.swift (in target 'ContainersPreview' from project 'swift-collections')
    cd /Users/admin/builder/spi-builder-workspace/.swiftpm/xcode

SwiftCompile normal armv7k Compiling\ BorrowingIteratorProtocol.swift,\ BorrowingSequence+Algorithms.swift,\ BorrowingSequence+Standard\ Conformances.swift,\ BorrowingSequence+Utilities.swift /Users/admin/builder/spi-builder-workspace/.dependencies/checkouts/swift-collections/Sources/ContainersPreview/Protocols/BorrowingIteratorProtocol.swift /Users/admin/builder/spi-builder-workspace/.dependencies/checkouts/swift-collections/Sources/ContainersPreview/Protocols/BorrowingSequence+Algorithms.swift /Users/admin/builder/spi-builder-workspace/.dependencies/checkouts/swift-collections/Sources/ContainersPreview/Protocols/BorrowingSequence+Standard\ Conformances.swift /Users/admin/builder/spi-builder-workspace/.dependencies/checkouts/swift-collections/Sources/ContainersPreview/Protocols/BorrowingSequence+Utilities.swift (in target 'ContainersPreview' from project 'swift-collections')
SwiftCompile normal armv7k /Users/admin/builder/spi-builder-workspace/.dependencies/checkouts/swift-collections/Sources/ContainersPreview/Protocols/BorrowingIteratorProtocol.swift (in target 'ContainersPreview' from project 'swift-collections')
    cd /Users/admin/builder/spi-builder-workspace/.swiftpm/xcode

SwiftCompile normal armv7k /Users/admin/builder/spi-builder-workspace/.dependencies/checkouts/swift-collections/Sources/ContainersPreview/Protocols/BorrowingSequence+Algorithms.swift (in target 'ContainersPreview' from project 'swift-collections')
    cd /Users/admin/builder/spi-builder-workspace/.swiftpm/xcode

SwiftCompile normal armv7k /Users/admin/builder/spi-builder-workspace/.dependencies/checkouts/swift-collections/Sources/ContainersPreview/Protocols/BorrowingSequence+Standard\ Conformances.swift (in target 'ContainersPreview' from project 'swift-collections')
    cd /Users/admin/builder/spi-builder-workspace/.swiftpm/xcode

SwiftCompile normal armv7k /Users/admin/builder/spi-builder-workspace/.dependencies/checkouts/swift-collections/Sources/ContainersPreview/Protocols/BorrowingSequence+Utilities.swift (in target 'ContainersPreview' from project 'swift-collections')
    cd /Users/admin/builder/spi-builder-workspace/.swiftpm/xcode

SwiftCompile normal armv7k Compiling\ BorrowingSequence.swift,\ BidirectionalContainer.swift,\ Container+Filter.swift,\ Container+SpanwiseZip.swift /Users/admin/builder/spi-builder-workspace/.dependencies/checkouts/swift-collections/Sources/ContainersPreview/Protocols/BorrowingSequence.swift /Users/admin/builder/spi-builder-workspace/.dependencies/checkouts/swift-collections/Sources/ContainersPreview/Protocols/Container/BidirectionalContainer.swift /Users/admin/builder/spi-builder-workspace/.dependencies/checkouts/swift-collections/Sources/ContainersPreview/Protocols/Container/Container+Filter.swift /Users/admin/builder/spi-builder-workspace/.dependencies/checkouts/swift-collections/Sources/ContainersPreview/Protocols/Container/Container+SpanwiseZip.swift (in target 'ContainersPreview' from project 'swift-collections')
SwiftCompile normal armv7k /Users/admin/builder/spi-builder-workspace/.dependencies/checkouts/swift-collections/Sources/ContainersPreview/Protocols/BorrowingSequence.swift (in target 'ContainersPreview' from project 'swift-collections')
    cd /Users/admin/builder/spi-builder-workspace/.swiftpm/xcode

SwiftCompile normal armv7k /Users/admin/builder/spi-builder-workspace/.dependencies/checkouts/swift-collections/Sources/ContainersPreview/Protocols/Container/BidirectionalContainer.swift (in target 'ContainersPreview' from project 'swift-collections')
    cd /Users/admin/builder/spi-builder-workspace/.swiftpm/xcode

SwiftCompile normal armv7k /Users/admin/builder/spi-builder-workspace/.dependencies/checkouts/swift-collections/Sources/ContainersPreview/Protocols/Container/Container+Filter.swift (in target 'ContainersPreview' from project 'swift-collections')
    cd /Users/admin/builder/spi-builder-workspace/.swiftpm/xcode

SwiftCompile normal armv7k /Users/admin/builder/spi-builder-workspace/.dependencies/checkouts/swift-collections/Sources/ContainersPreview/Protocols/Container/Container+SpanwiseZip.swift (in target 'ContainersPreview' from project 'swift-collections')
    cd /Users/admin/builder/spi-builder-workspace/.swiftpm/xcode

SwiftCompile normal armv7k Compiling\ Producer+Collect.swift,\ Producer+Filter.swift,\ Producer+Map.swift,\ Producer+Reduce.swift /Users/admin/builder/spi-builder-workspace/.dependencies/checkouts/swift-collections/Sources/ContainersPreview/Protocols/Producer+Collect.swift /Users/admin/builder/spi-builder-workspace/.dependencies/checkouts/swift-collections/Sources/ContainersPreview/Protocols/Producer+Filter.swift /Users/admin/builder/spi-builder-workspace/.dependencies/checkouts/swift-collections/Sources/ContainersPreview/Protocols/Producer+Map.swift /Users/admin/builder/spi-builder-workspace/.dependencies/checkouts/swift-collections/Sources/ContainersPreview/Protocols/Producer+Reduce.swift (in target 'ContainersPreview' from project 'swift-collections')
SwiftCompile normal armv7k /Users/admin/builder/spi-builder-workspace/.dependencies/checkouts/swift-collections/Sources/ContainersPreview/Protocols/Producer+Collect.swift (in target 'ContainersPreview' from project 'swift-collections')
    cd /Users/admin/builder/spi-builder-workspace/.swiftpm/xcode

SwiftCompile normal armv7k /Users/admin/builder/spi-builder-workspace/.dependencies/checkouts/swift-collections/Sources/ContainersPreview/Protocols/Producer+Filter.swift (in target 'ContainersPreview' from project 'swift-collections')
    cd /Users/admin/builder/spi-builder-workspace/.swiftpm/xcode

SwiftCompile normal armv7k /Users/admin/builder/spi-builder-workspace/.dependencies/checkouts/swift-collections/Sources/ContainersPreview/Protocols/Producer+Map.swift (in target 'ContainersPreview' from project 'swift-collections')
    cd /Users/admin/builder/spi-builder-workspace/.swiftpm/xcode

SwiftCompile normal armv7k /Users/admin/builder/spi-builder-workspace/.dependencies/checkouts/swift-collections/Sources/ContainersPreview/Protocols/Producer+Reduce.swift (in target 'ContainersPreview' from project 'swift-collections')
    cd /Users/admin/builder/spi-builder-workspace/.swiftpm/xcode

SwiftCompile normal armv7k Compiling\ Shared.swift,\ SpanIterator.swift,\ UniqueBox.swift /Users/admin/builder/spi-builder-workspace/.dependencies/checkouts/swift-collections/Sources/ContainersPreview/Types/Shared.swift /Users/admin/builder/spi-builder-workspace/.dependencies/checkouts/swift-collections/Sources/ContainersPreview/Types/SpanIterator.swift /Users/admin/builder/spi-builder-workspace/.dependencies/checkouts/swift-collections/Sources/ContainersPreview/Types/UniqueBox.swift (in target 'ContainersPreview' from project 'swift-collections')
SwiftCompile normal armv7k /Users/admin/builder/spi-builder-workspace/.dependencies/checkouts/swift-collections/Sources/ContainersPreview/Types/Shared.swift (in target 'ContainersPreview' from project 'swift-collections')
    cd /Users/admin/builder/spi-builder-workspace/.swiftpm/xcode

SwiftCompile normal armv7k /Users/admin/builder/spi-builder-workspace/.dependencies/checkouts/swift-collections/Sources/ContainersPreview/Types/SpanIterator.swift (in target 'ContainersPreview' from project 'swift-collections')
    cd /Users/admin/builder/spi-builder-workspace/.swiftpm/xcode

SwiftCompile normal armv7k /Users/admin/builder/spi-builder-workspace/.dependencies/checkouts/swift-collections/Sources/ContainersPreview/Types/UniqueBox.swift (in target 'ContainersPreview' from project 'swift-collections')
    cd /Users/admin/builder/spi-builder-workspace/.swiftpm/xcode

SwiftCompile normal armv7k Compiling\ PermutableContainer.swift,\ RandomAccessContainer.swift,\ RangeExpression2.swift,\ RangeReplaceableContainer.swift /Users/admin/builder/spi-builder-workspace/.dependencies/checkouts/swift-collections/Sources/ContainersPreview/Protocols/Container/PermutableContainer.swift /Users/admin/builder/spi-builder-workspace/.dependencies/checkouts/swift-collections/Sources/ContainersPreview/Protocols/Container/RandomAccessContainer.swift /Users/admin/builder/spi-builder-workspace/.dependencies/checkouts/swift-collections/Sources/ContainersPreview/Protocols/Container/RangeExpression2.swift /Users/admin/builder/spi-builder-workspace/.dependencies/checkouts/swift-collections/Sources/ContainersPreview/Protocols/Container/RangeReplaceableContainer.swift (in target 'ContainersPreview' from project 'swift-collections')
SwiftCompile normal armv7k /Users/admin/builder/spi-builder-workspace/.dependencies/checkouts/swift-collections/Sources/ContainersPreview/Protocols/Container/PermutableContainer.swift (in target 'ContainersPreview' from project 'swift-collections')
    cd /Users/admin/builder/spi-builder-workspace/.swiftpm/xcode

SwiftCompile normal armv7k /Users/admin/builder/spi-builder-workspace/.dependencies/checkouts/swift-collections/Sources/ContainersPreview/Protocols/Container/RandomAccessContainer.swift (in target 'ContainersPreview' from project 'swift-collections')
    cd /Users/admin/builder/spi-builder-workspace/.swiftpm/xcode

SwiftCompile normal armv7k /Users/admin/builder/spi-builder-workspace/.dependencies/checkouts/swift-collections/Sources/ContainersPreview/Protocols/Container/RangeExpression2.swift (in target 'ContainersPreview' from project 'swift-collections')
    cd /Users/admin/builder/spi-builder-workspace/.swiftpm/xcode

SwiftCompile normal armv7k /Users/admin/builder/spi-builder-workspace/.dependencies/checkouts/swift-collections/Sources/ContainersPreview/Protocols/Container/RangeReplaceableContainer.swift (in target 'ContainersPreview' from project 'swift-collections')
    cd /Users/admin/builder/spi-builder-workspace/.swiftpm/xcode

SwiftCompile normal armv7k Compiling\ Producer.swift,\ InputSpan.swift,\ MutableRef.swift,\ Ref.swift /Users/admin/builder/spi-builder-workspace/.dependencies/checkouts/swift-collections/Sources/ContainersPreview/Protocols/Producer.swift /Users/admin/builder/spi-builder-workspace/.dependencies/checkouts/swift-collections/Sources/ContainersPreview/Types/InputSpan.swift /Users/admin/builder/spi-builder-workspace/.dependencies/checkouts/swift-collections/Sources/ContainersPreview/Types/MutableRef.swift /Users/admin/builder/spi-builder-workspace/.dependencies/checkouts/swift-collections/Sources/ContainersPreview/Types/Ref.swift (in target 'ContainersPreview' from project 'swift-collections')
SwiftCompile normal armv7k /Users/admin/builder/spi-builder-workspace/.dependencies/checkouts/swift-collections/Sources/ContainersPreview/Protocols/Producer.swift (in target 'ContainersPreview' from project 'swift-collections')
    cd /Users/admin/builder/spi-builder-workspace/.swiftpm/xcode

SwiftCompile normal armv7k /Users/admin/builder/spi-builder-workspace/.dependencies/checkouts/swift-collections/Sources/ContainersPreview/Types/InputSpan.swift (in target 'ContainersPreview' from project 'swift-collections')
    cd /Users/admin/builder/spi-builder-workspace/.swiftpm/xcode

SwiftCompile normal armv7k /Users/admin/builder/spi-builder-workspace/.dependencies/checkouts/swift-collections/Sources/ContainersPreview/Types/MutableRef.swift (in target 'ContainersPreview' from project 'swift-collections')
    cd /Users/admin/builder/spi-builder-workspace/.swiftpm/xcode

SwiftCompile normal armv7k /Users/admin/builder/spi-builder-workspace/.dependencies/checkouts/swift-collections/Sources/ContainersPreview/Types/Ref.swift (in target 'ContainersPreview' from project 'swift-collections')
    cd /Users/admin/builder/spi-builder-workspace/.swiftpm/xcode

SwiftCompile normal armv7k Compiling\ Strideable+Limits.swift,\ Drain+Map.swift,\ Drain+Reduce.swift,\ Drain.swift /Users/admin/builder/spi-builder-workspace/.dependencies/checkouts/swift-collections/Sources/ContainersPreview/Protocols/Container/Strideable+Limits.swift /Users/admin/builder/spi-builder-workspace/.dependencies/checkouts/swift-collections/Sources/ContainersPreview/Protocols/Drain+Map.swift /Users/admin/builder/spi-builder-workspace/.dependencies/checkouts/swift-collections/Sources/ContainersPreview/Protocols/Drain+Reduce.swift /Users/admin/builder/spi-builder-workspace/.dependencies/checkouts/swift-collections/Sources/ContainersPreview/Protocols/Drain.swift (in target 'ContainersPreview' from project 'swift-collections')
SwiftCompile normal armv7k /Users/admin/builder/spi-builder-workspace/.dependencies/checkouts/swift-collections/Sources/ContainersPreview/Protocols/Container/Strideable+Limits.swift (in target 'ContainersPreview' from project 'swift-collections')
    cd /Users/admin/builder/spi-builder-workspace/.swiftpm/xcode

SwiftCompile normal armv7k /Users/admin/builder/spi-builder-workspace/.dependencies/checkouts/swift-collections/Sources/ContainersPreview/Protocols/Drain+Map.swift (in target 'ContainersPreview' from project 'swift-collections')
    cd /Users/admin/builder/spi-builder-workspace/.swiftpm/xcode

SwiftCompile normal armv7k /Users/admin/builder/spi-builder-workspace/.dependencies/checkouts/swift-collections/Sources/ContainersPreview/Protocols/Drain+Reduce.swift (in target 'ContainersPreview' from project 'swift-collections')
    cd /Users/admin/builder/spi-builder-workspace/.swiftpm/xcode

SwiftCompile normal armv7k /Users/admin/builder/spi-builder-workspace/.dependencies/checkouts/swift-collections/Sources/ContainersPreview/Protocols/Drain.swift (in target 'ContainersPreview' from project 'swift-collections')
    cd /Users/admin/builder/spi-builder-workspace/.swiftpm/xcode

SwiftDriverJobDiscovery normal armv7k Compiling BorrowingIteratorProtocol+Filter.swift, BorrowingIteratorProtocol+Map.swift, BorrowingIteratorProtocol+Reduce.swift, BorrowingIteratorProtocol+SpanwiseZip.swift (in target 'ContainersPreview' from project 'swift-collections')
SwiftCompile normal armv7k Compiling\ OutputSpan+Extras.swift,\ TemporaryAllocation.swift,\ BorrowingIteratorProtocol+Copy.swift,\ BorrowingIteratorProtocol+ElementsEqual.swift /Users/admin/builder/spi-builder-workspace/.dependencies/checkouts/swift-collections/Sources/ContainersPreview/Extensions/OutputSpan+Extras.swift /Users/admin/builder/spi-builder-workspace/.dependencies/checkouts/swift-collections/Sources/ContainersPreview/Extensions/TemporaryAllocation.swift /Users/admin/builder/spi-builder-workspace/.dependencies/checkouts/swift-collections/Sources/ContainersPreview/Protocols/BorrowingIteratorProtocol+Copy.swift /Users/admin/builder/spi-builder-workspace/.dependencies/checkouts/swift-collections/Sources/ContainersPreview/Protocols/BorrowingIteratorProtocol+ElementsEqual.swift (in target 'ContainersPreview' from project 'swift-collections')
SwiftCompile normal armv7k /Users/admin/builder/spi-builder-workspace/.dependencies/checkouts/swift-collections/Sources/ContainersPreview/Extensions/OutputSpan+Extras.swift (in target 'ContainersPreview' from project 'swift-collections')
    cd /Users/admin/builder/spi-builder-workspace/.swiftpm/xcode

SwiftCompile normal armv7k /Users/admin/builder/spi-builder-workspace/.dependencies/checkouts/swift-collections/Sources/ContainersPreview/Extensions/TemporaryAllocation.swift (in target 'ContainersPreview' from project 'swift-collections')
    cd /Users/admin/builder/spi-builder-workspace/.swiftpm/xcode

SwiftCompile normal armv7k /Users/admin/builder/spi-builder-workspace/.dependencies/checkouts/swift-collections/Sources/ContainersPreview/Protocols/BorrowingIteratorProtocol+Copy.swift (in target 'ContainersPreview' from project 'swift-collections')
    cd /Users/admin/builder/spi-builder-workspace/.swiftpm/xcode

SwiftCompile normal armv7k /Users/admin/builder/spi-builder-workspace/.dependencies/checkouts/swift-collections/Sources/ContainersPreview/Protocols/BorrowingIteratorProtocol+ElementsEqual.swift (in target 'ContainersPreview' from project 'swift-collections')
    cd /Users/admin/builder/spi-builder-workspace/.swiftpm/xcode

SwiftDriverJobDiscovery normal armv7k Compiling PermutableContainer.swift, RandomAccessContainer.swift, RangeExpression2.swift, RangeReplaceableContainer.swift (in target 'ContainersPreview' from project 'swift-collections')
SwiftCompile normal armv7k Compiling\ Container.swift,\ ContainerIterator.swift,\ DynamicContainer.swift,\ MutableContainer.swift /Users/admin/builder/spi-builder-workspace/.dependencies/checkouts/swift-collections/Sources/ContainersPreview/Protocols/Container/Container.swift /Users/admin/builder/spi-builder-workspace/.dependencies/checkouts/swift-collections/Sources/ContainersPreview/Protocols/Container/ContainerIterator.swift /Users/admin/builder/spi-builder-workspace/.dependencies/checkouts/swift-collections/Sources/ContainersPreview/Protocols/Container/DynamicContainer.swift /Users/admin/builder/spi-builder-workspace/.dependencies/checkouts/swift-collections/Sources/ContainersPreview/Protocols/Container/MutableContainer.swift (in target 'ContainersPreview' from project 'swift-collections')
SwiftCompile normal armv7k /Users/admin/builder/spi-builder-workspace/.dependencies/checkouts/swift-collections/Sources/ContainersPreview/Protocols/Container/Container.swift (in target 'ContainersPreview' from project 'swift-collections')
    cd /Users/admin/builder/spi-builder-workspace/.swiftpm/xcode

SwiftCompile normal armv7k /Users/admin/builder/spi-builder-workspace/.dependencies/checkouts/swift-collections/Sources/ContainersPreview/Protocols/Container/ContainerIterator.swift (in target 'ContainersPreview' from project 'swift-collections')
    cd /Users/admin/builder/spi-builder-workspace/.swiftpm/xcode

SwiftCompile normal armv7k /Users/admin/builder/spi-builder-workspace/.dependencies/checkouts/swift-collections/Sources/ContainersPreview/Protocols/Container/DynamicContainer.swift (in target 'ContainersPreview' from project 'swift-collections')
    cd /Users/admin/builder/spi-builder-workspace/.swiftpm/xcode

SwiftCompile normal armv7k /Users/admin/builder/spi-builder-workspace/.dependencies/checkouts/swift-collections/Sources/ContainersPreview/Protocols/Container/MutableContainer.swift (in target 'ContainersPreview' from project 'swift-collections')
    cd /Users/admin/builder/spi-builder-workspace/.swiftpm/xcode

SwiftDriverJobDiscovery normal armv7k Compiling Producer+Collect.swift, Producer+Filter.swift, Producer+Map.swift, Producer+Reduce.swift (in target 'ContainersPreview' from project 'swift-collections')
SwiftDriverJobDiscovery normal armv7k Compiling Producer.swift, InputSpan.swift, MutableRef.swift, Ref.swift (in target 'ContainersPreview' from project 'swift-collections')
SwiftDriverJobDiscovery normal armv7k Compiling BorrowingSequence.swift, BidirectionalContainer.swift, Container+Filter.swift, Container+SpanwiseZip.swift (in target 'ContainersPreview' from project 'swift-collections')
SwiftDriverJobDiscovery normal armv7k Compiling BorrowingIteratorProtocol.swift, BorrowingSequence+Algorithms.swift, BorrowingSequence+Standard Conformances.swift, BorrowingSequence+Utilities.swift (in target 'ContainersPreview' from project 'swift-collections')
SwiftDriverJobDiscovery normal armv7k Compiling Shared.swift, SpanIterator.swift, UniqueBox.swift (in target 'ContainersPreview' from project 'swift-collections')
SwiftCompile normal armv7k Compiling\ Deque+Codable.swift,\ Deque+Collection.swift,\ Deque+CustomReflectable.swift,\ Deque+Descriptions.swift,\ Deque+Equatable.swift /Users/admin/builder/spi-builder-workspace/.dependencies/checkouts/swift-collections/Sources/DequeModule/Deque/Deque+Codable.swift /Users/admin/builder/spi-builder-workspace/.dependencies/checkouts/swift-collections/Sources/DequeModule/Deque/Deque+Collection.swift /Users/admin/builder/spi-builder-workspace/.dependencies/checkouts/swift-collections/Sources/DequeModule/Deque/Deque+CustomReflectable.swift /Users/admin/builder/spi-builder-workspace/.dependencies/checkouts/swift-collections/Sources/DequeModule/Deque/Deque+Descriptions.swift /Users/admin/builder/spi-builder-workspace/.dependencies/checkouts/swift-collections/Sources/DequeModule/Deque/Deque+Equatable.swift (in target 'DequeModule' from project 'swift-collections')
SwiftCompile normal armv7k /Users/admin/builder/spi-builder-workspace/.dependencies/checkouts/swift-collections/Sources/DequeModule/Deque/Deque+Codable.swift (in target 'DequeModule' from project 'swift-collections')
    cd /Users/admin/builder/spi-builder-workspace/.swiftpm/xcode

SwiftCompile normal armv7k /Users/admin/builder/spi-builder-workspace/.dependencies/checkouts/swift-collections/Sources/DequeModule/Deque/Deque+Collection.swift (in target 'DequeModule' from project 'swift-collections')
    cd /Users/admin/builder/spi-builder-workspace/.swiftpm/xcode

SwiftCompile normal armv7k /Users/admin/builder/spi-builder-workspace/.dependencies/checkouts/swift-collections/Sources/DequeModule/Deque/Deque+CustomReflectable.swift (in target 'DequeModule' from project 'swift-collections')
    cd /Users/admin/builder/spi-builder-workspace/.swiftpm/xcode

SwiftCompile normal armv7k /Users/admin/builder/spi-builder-workspace/.dependencies/checkouts/swift-collections/Sources/DequeModule/Deque/Deque+Descriptions.swift (in target 'DequeModule' from project 'swift-collections')
    cd /Users/admin/builder/spi-builder-workspace/.swiftpm/xcode

SwiftCompile normal armv7k /Users/admin/builder/spi-builder-workspace/.dependencies/checkouts/swift-collections/Sources/DequeModule/Deque/Deque+Equatable.swift (in target 'DequeModule' from project 'swift-collections')
    cd /Users/admin/builder/spi-builder-workspace/.swiftpm/xcode

SwiftCompile normal armv7k Compiling\ Deque+ExpressibleByArrayLiteral.swift,\ Deque+Extras.swift,\ Deque+Hashable.swift,\ Deque+Testing.swift,\ Deque._Storage.swift /Users/admin/builder/spi-builder-workspace/.dependencies/checkouts/swift-collections/Sources/DequeModule/Deque/Deque+ExpressibleByArrayLiteral.swift /Users/admin/builder/spi-builder-workspace/.dependencies/checkouts/swift-collections/Sources/DequeModule/Deque/Deque+Extras.swift /Users/admin/builder/spi-builder-workspace/.dependencies/checkouts/swift-collections/Sources/DequeModule/Deque/Deque+Hashable.swift /Users/admin/builder/spi-builder-workspace/.dependencies/checkouts/swift-collections/Sources/DequeModule/Deque/Deque+Testing.swift /Users/admin/builder/spi-builder-workspace/.dependencies/checkouts/swift-collections/Sources/DequeModule/Deque/Deque._Storage.swift (in target 'DequeModule' from project 'swift-collections')
SwiftCompile normal armv7k /Users/admin/builder/spi-builder-workspace/.dependencies/checkouts/swift-collections/Sources/DequeModule/Deque/Deque+ExpressibleByArrayLiteral.swift (in target 'DequeModule' from project 'swift-collections')
    cd /Users/admin/builder/spi-builder-workspace/.swiftpm/xcode

SwiftCompile normal armv7k /Users/admin/builder/spi-builder-workspace/.dependencies/checkouts/swift-collections/Sources/DequeModule/Deque/Deque+Extras.swift (in target 'DequeModule' from project 'swift-collections')
    cd /Users/admin/builder/spi-builder-workspace/.swiftpm/xcode

SwiftCompile normal armv7k /Users/admin/builder/spi-builder-workspace/.dependencies/checkouts/swift-collections/Sources/DequeModule/Deque/Deque+Hashable.swift (in target 'DequeModule' from project 'swift-collections')
    cd /Users/admin/builder/spi-builder-workspace/.swiftpm/xcode

SwiftCompile normal armv7k /Users/admin/builder/spi-builder-workspace/.dependencies/checkouts/swift-collections/Sources/DequeModule/Deque/Deque+Testing.swift (in target 'DequeModule' from project 'swift-collections')
    cd /Users/admin/builder/spi-builder-workspace/.swiftpm/xcode

SwiftCompile normal armv7k /Users/admin/builder/spi-builder-workspace/.dependencies/checkouts/swift-collections/Sources/DequeModule/Deque/Deque._Storage.swift (in target 'DequeModule' from project 'swift-collections')
    cd /Users/admin/builder/spi-builder-workspace/.swiftpm/xcode

SwiftCompile normal armv7k Compiling\ Deque._UnsafeHandle.swift,\ Deque.swift,\ _DequeBuffer.swift,\ _DequeBufferHeader.swift,\ RigidDeque+Append.swift /Users/admin/builder/spi-builder-workspace/.dependencies/checkouts/swift-collections/Sources/DequeModule/Deque/Deque._UnsafeHandle.swift /Users/admin/builder/spi-builder-workspace/.dependencies/checkouts/swift-collections/Sources/DequeModule/Deque/Deque.swift /Users/admin/builder/spi-builder-workspace/.dependencies/checkouts/swift-collections/Sources/DequeModule/Deque/_DequeBuffer.swift /Users/admin/builder/spi-builder-workspace/.dependencies/checkouts/swift-collections/Sources/DequeModule/Deque/_DequeBufferHeader.swift /Users/admin/builder/spi-builder-workspace/.dependencies/checkouts/swift-collections/Sources/DequeModule/RigidDeque/RigidDeque+Append.swift (in target 'DequeModule' from project 'swift-collections')
SwiftCompile normal armv7k /Users/admin/builder/spi-builder-workspace/.dependencies/checkouts/swift-collections/Sources/DequeModule/Deque/Deque._UnsafeHandle.swift (in target 'DequeModule' from project 'swift-collections')
    cd /Users/admin/builder/spi-builder-workspace/.swiftpm/xcode

SwiftCompile normal armv7k /Users/admin/builder/spi-builder-workspace/.dependencies/checkouts/swift-collections/Sources/DequeModule/Deque/Deque.swift (in target 'DequeModule' from project 'swift-collections')
    cd /Users/admin/builder/spi-builder-workspace/.swiftpm/xcode

SwiftCompile normal armv7k /Users/admin/builder/spi-builder-workspace/.dependencies/checkouts/swift-collections/Sources/DequeModule/Deque/_DequeBuffer.swift (in target 'DequeModule' from project 'swift-collections')
    cd /Users/admin/builder/spi-builder-workspace/.swiftpm/xcode

SwiftCompile normal armv7k /Users/admin/builder/spi-builder-workspace/.dependencies/checkouts/swift-collections/Sources/DequeModule/Deque/_DequeBufferHeader.swift (in target 'DequeModule' from project 'swift-collections')
    cd /Users/admin/builder/spi-builder-workspace/.swiftpm/xcode

SwiftCompile normal armv7k /Users/admin/builder/spi-builder-workspace/.dependencies/checkouts/swift-collections/Sources/DequeModule/RigidDeque/RigidDeque+Append.swift (in target 'DequeModule' from project 'swift-collections')
    cd /Users/admin/builder/spi-builder-workspace/.swiftpm/xcode

SwiftEmitModule normal armv7k Emitting\ module\ for\ DequeModule (in target 'DequeModule' from project 'swift-collections')
EmitSwiftModule normal armv7k (in target 'DequeModule' from project 'swift-collections')
    cd /Users/admin/builder/spi-builder-workspace/.swiftpm/xcode

SwiftEmitModule normal arm64 Emitting\ module\ for\ DequeModule (in target 'DequeModule' from project 'swift-collections')
EmitSwiftModule normal arm64 (in target 'DequeModule' from project 'swift-collections')
    cd /Users/admin/builder/spi-builder-workspace/.swiftpm/xcode

SwiftEmitModule normal arm64_32 Emitting\ module\ for\ DequeModule (in target 'DequeModule' from project 'swift-collections')
EmitSwiftModule normal arm64_32 (in target 'DequeModule' from project 'swift-collections')
    cd /Users/admin/builder/spi-builder-workspace/.swiftpm/xcode

SwiftCompile normal armv7k Compiling\ UniqueDeque+Consumption.swift,\ UniqueDeque+Container.swift,\ UniqueDeque+Deprecated.swift,\ UniqueDeque+Descriptions.swift /Users/admin/builder/spi-builder-workspace/.dependencies/checkouts/swift-collections/Sources/DequeModule/UniqueDeque/UniqueDeque+Consumption.swift /Users/admin/builder/spi-builder-workspace/.dependencies/checkouts/swift-collections/Sources/DequeModule/UniqueDeque/UniqueDeque+Container.swift /Users/admin/builder/spi-builder-workspace/.dependencies/checkouts/swift-collections/Sources/DequeModule/UniqueDeque/UniqueDeque+Deprecated.swift /Users/admin/builder/spi-builder-workspace/.dependencies/checkouts/swift-collections/Sources/DequeModule/UniqueDeque/UniqueDeque+Descriptions.swift (in target 'DequeModule' from project 'swift-collections')
SwiftCompile normal armv7k /Users/admin/builder/spi-builder-workspace/.dependencies/checkouts/swift-collections/Sources/DequeModule/UniqueDeque/UniqueDeque+Consumption.swift (in target 'DequeModule' from project 'swift-collections')
    cd /Users/admin/builder/spi-builder-workspace/.swiftpm/xcode

SwiftCompile normal armv7k /Users/admin/builder/spi-builder-workspace/.dependencies/checkouts/swift-collections/Sources/DequeModule/UniqueDeque/UniqueDeque+Container.swift (in target 'DequeModule' from project 'swift-collections')
    cd /Users/admin/builder/spi-builder-workspace/.swiftpm/xcode

SwiftCompile normal armv7k /Users/admin/builder/spi-builder-workspace/.dependencies/checkouts/swift-collections/Sources/DequeModule/UniqueDeque/UniqueDeque+Deprecated.swift (in target 'DequeModule' from project 'swift-collections')
    cd /Users/admin/builder/spi-builder-workspace/.swiftpm/xcode

SwiftCompile normal armv7k /Users/admin/builder/spi-builder-workspace/.dependencies/checkouts/swift-collections/Sources/DequeModule/UniqueDeque/UniqueDeque+Descriptions.swift (in target 'DequeModule' from project 'swift-collections')
    cd /Users/admin/builder/spi-builder-workspace/.swiftpm/xcode

SwiftCompile normal arm64_32 Compiling\ RigidDeque+Replacements.swift,\ RigidDeque+Testing.swift,\ RigidDeque.swift,\ UniqueDeque+Append.swift /Users/admin/builder/spi-builder-workspace/.dependencies/checkouts/swift-collections/Sources/DequeModule/RigidDeque/RigidDeque+Replacements.swift /Users/admin/builder/spi-builder-workspace/.dependencies/checkouts/swift-collections/Sources/DequeModule/RigidDeque/RigidDeque+Testing.swift /Users/admin/builder/spi-builder-workspace/.dependencies/checkouts/swift-collections/Sources/DequeModule/RigidDeque/RigidDeque.swift /Users/admin/builder/spi-builder-workspace/.dependencies/checkouts/swift-collections/Sources/DequeModule/UniqueDeque/UniqueDeque+Append.swift (in target 'DequeModule' from project 'swift-collections')
SwiftCompile normal arm64_32 /Users/admin/builder/spi-builder-workspace/.dependencies/checkouts/swift-collections/Sources/DequeModule/RigidDeque/RigidDeque+Replacements.swift (in target 'DequeModule' from project 'swift-collections')
    cd /Users/admin/builder/spi-builder-workspace/.swiftpm/xcode

SwiftCompile normal arm64_32 /Users/admin/builder/spi-builder-workspace/.dependencies/checkouts/swift-collections/Sources/DequeModule/RigidDeque/RigidDeque+Testing.swift (in target 'DequeModule' from project 'swift-collections')
    cd /Users/admin/builder/spi-builder-workspace/.swiftpm/xcode

SwiftCompile normal arm64_32 /Users/admin/builder/spi-builder-workspace/.dependencies/checkouts/swift-collections/Sources/DequeModule/RigidDeque/RigidDeque.swift (in target 'DequeModule' from project 'swift-collections')
    cd /Users/admin/builder/spi-builder-workspace/.swiftpm/xcode

SwiftCompile normal arm64_32 /Users/admin/builder/spi-builder-workspace/.dependencies/checkouts/swift-collections/Sources/DequeModule/UniqueDeque/UniqueDeque+Append.swift (in target 'DequeModule' from project 'swift-collections')
    cd /Users/admin/builder/spi-builder-workspace/.swiftpm/xcode

SwiftDriverJobDiscovery normal armv7k Compiling OutputSpan+Extras.swift, TemporaryAllocation.swift, BorrowingIteratorProtocol+Copy.swift, BorrowingIteratorProtocol+ElementsEqual.swift (in target 'ContainersPreview' from project 'swift-collections')
SwiftCompile normal armv7k Compiling\ RigidDeque+Hashable.swift,\ RigidDeque+Initializers.swift,\ RigidDeque+Insertions.swift,\ RigidDeque+Prepend.swift,\ RigidDeque+Removals.swift /Users/admin/builder/spi-builder-workspace/.dependencies/checkouts/swift-collections/Sources/DequeModule/RigidDeque/RigidDeque+Hashable.swift /Users/admin/builder/spi-builder-workspace/.dependencies/checkouts/swift-collections/Sources/DequeModule/RigidDeque/RigidDeque+Initializers.swift /Users/admin/builder/spi-builder-workspace/.dependencies/checkouts/swift-collections/Sources/DequeModule/RigidDeque/RigidDeque+Insertions.swift /Users/admin/builder/spi-builder-workspace/.dependencies/checkouts/swift-collections/Sources/DequeModule/RigidDeque/RigidDeque+Prepend.swift /Users/admin/builder/spi-builder-workspace/.dependencies/checkouts/swift-collections/Sources/DequeModule/RigidDeque/RigidDeque+Removals.swift (in target 'DequeModule' from project 'swift-collections')
SwiftCompile normal armv7k /Users/admin/builder/spi-builder-workspace/.dependencies/checkouts/swift-collections/Sources/DequeModule/RigidDeque/RigidDeque+Hashable.swift (in target 'DequeModule' from project 'swift-collections')
    cd /Users/admin/builder/spi-builder-workspace/.swiftpm/xcode

SwiftCompile normal armv7k /Users/admin/builder/spi-builder-workspace/.dependencies/checkouts/swift-collections/Sources/DequeModule/RigidDeque/RigidDeque+Initializers.swift (in target 'DequeModule' from project 'swift-collections')
    cd /Users/admin/builder/spi-builder-workspace/.swiftpm/xcode

SwiftCompile normal armv7k /Users/admin/builder/spi-builder-workspace/.dependencies/checkouts/swift-collections/Sources/DequeModule/RigidDeque/RigidDeque+Insertions.swift (in target 'DequeModule' from project 'swift-collections')
    cd /Users/admin/builder/spi-builder-workspace/.swiftpm/xcode

SwiftCompile normal armv7k /Users/admin/builder/spi-builder-workspace/.dependencies/checkouts/swift-collections/Sources/DequeModule/RigidDeque/RigidDeque+Prepend.swift (in target 'DequeModule' from project 'swift-collections')
    cd /Users/admin/builder/spi-builder-workspace/.swiftpm/xcode

SwiftCompile normal armv7k /Users/admin/builder/spi-builder-workspace/.dependencies/checkouts/swift-collections/Sources/DequeModule/RigidDeque/RigidDeque+Removals.swift (in target 'DequeModule' from project 'swift-collections')
    cd /Users/admin/builder/spi-builder-workspace/.swiftpm/xcode

SwiftDriverJobDiscovery normal armv7k Compiling Container.swift, ContainerIterator.swift, DynamicContainer.swift, MutableContainer.swift (in target 'ContainersPreview' from project 'swift-collections')
SwiftCompile normal arm64_32 Compiling\ RigidDeque+Hashable.swift,\ RigidDeque+Initializers.swift,\ RigidDeque+Insertions.swift,\ RigidDeque+Prepend.swift,\ RigidDeque+Removals.swift /Users/admin/builder/spi-builder-workspace/.dependencies/checkouts/swift-collections/Sources/DequeModule/RigidDeque/RigidDeque+Hashable.swift /Users/admin/builder/spi-builder-workspace/.dependencies/checkouts/swift-collections/Sources/DequeModule/RigidDeque/RigidDeque+Initializers.swift /Users/admin/builder/spi-builder-workspace/.dependencies/checkouts/swift-collections/Sources/DequeModule/RigidDeque/RigidDeque+Insertions.swift /Users/admin/builder/spi-builder-workspace/.dependencies/checkouts/swift-collections/Sources/DequeModule/RigidDeque/RigidDeque+Prepend.swift /Users/admin/builder/spi-builder-workspace/.dependencies/checkouts/swift-collections/Sources/DequeModule/RigidDeque/RigidDeque+Removals.swift (in target 'DequeModule' from project 'swift-collections')
SwiftCompile normal arm64_32 /Users/admin/builder/spi-builder-workspace/.dependencies/checkouts/swift-collections/Sources/DequeModule/RigidDeque/RigidDeque+Hashable.swift (in target 'DequeModule' from project 'swift-collections')
    cd /Users/admin/builder/spi-builder-workspace/.swiftpm/xcode

SwiftCompile normal arm64_32 /Users/admin/builder/spi-builder-workspace/.dependencies/checkouts/swift-collections/Sources/DequeModule/RigidDeque/RigidDeque+Initializers.swift (in target 'DequeModule' from project 'swift-collections')
    cd /Users/admin/builder/spi-builder-workspace/.swiftpm/xcode

SwiftCompile normal arm64_32 /Users/admin/builder/spi-builder-workspace/.dependencies/checkouts/swift-collections/Sources/DequeModule/RigidDeque/RigidDeque+Insertions.swift (in target 'DequeModule' from project 'swift-collections')
    cd /Users/admin/builder/spi-builder-workspace/.swiftpm/xcode

SwiftCompile normal arm64_32 /Users/admin/builder/spi-builder-workspace/.dependencies/checkouts/swift-collections/Sources/DequeModule/RigidDeque/RigidDeque+Prepend.swift (in target 'DequeModule' from project 'swift-collections')
    cd /Users/admin/builder/spi-builder-workspace/.swiftpm/xcode

SwiftCompile normal arm64_32 /Users/admin/builder/spi-builder-workspace/.dependencies/checkouts/swift-collections/Sources/DequeModule/RigidDeque/RigidDeque+Removals.swift (in target 'DequeModule' from project 'swift-collections')
    cd /Users/admin/builder/spi-builder-workspace/.swiftpm/xcode

SwiftDriverJobDiscovery normal armv7k Compiling Strideable+Limits.swift, Drain+Map.swift, Drain+Reduce.swift, Drain.swift (in target 'ContainersPreview' from project 'swift-collections')
SwiftCompile normal arm64_32 Compiling\ UniqueDeque.swift,\ _DequeSlot.swift,\ _UnsafeDequeHandle.swift,\ _UnsafeDequeSegments.swift /Users/admin/builder/spi-builder-workspace/.dependencies/checkouts/swift-collections/Sources/DequeModule/UniqueDeque/UniqueDeque.swift /Users/admin/builder/spi-builder-workspace/.dependencies/checkouts/swift-collections/Sources/DequeModule/_DequeSlot.swift /Users/admin/builder/spi-builder-workspace/.dependencies/checkouts/swift-collections/Sources/DequeModule/_UnsafeDequeHandle.swift /Users/admin/builder/spi-builder-workspace/.dependencies/checkouts/swift-collections/Sources/DequeModule/_UnsafeDequeSegments.swift (in target 'DequeModule' from project 'swift-collections')
SwiftCompile normal arm64_32 /Users/admin/builder/spi-builder-workspace/.dependencies/checkouts/swift-collections/Sources/DequeModule/UniqueDeque/UniqueDeque.swift (in target 'DequeModule' from project 'swift-collections')
    cd /Users/admin/builder/spi-builder-workspace/.swiftpm/xcode

SwiftCompile normal arm64_32 /Users/admin/builder/spi-builder-workspace/.dependencies/checkouts/swift-collections/Sources/DequeModule/_DequeSlot.swift (in target 'DequeModule' from project 'swift-collections')
    cd /Users/admin/builder/spi-builder-workspace/.swiftpm/xcode

SwiftCompile normal arm64_32 /Users/admin/builder/spi-builder-workspace/.dependencies/checkouts/swift-collections/Sources/DequeModule/_UnsafeDequeHandle.swift (in target 'DequeModule' from project 'swift-collections')
    cd /Users/admin/builder/spi-builder-workspace/.swiftpm/xcode

SwiftCompile normal arm64_32 /Users/admin/builder/spi-builder-workspace/.dependencies/checkouts/swift-collections/Sources/DequeModule/_UnsafeDequeSegments.swift (in target 'DequeModule' from project 'swift-collections')
    cd /Users/admin/builder/spi-builder-workspace/.swiftpm/xcode

SwiftDriverJobDiscovery normal armv7k Compiling UniqueDeque+Consumption.swift, UniqueDeque+Container.swift, UniqueDeque+Deprecated.swift, UniqueDeque+Descriptions.swift (in target 'DequeModule' from project 'swift-collections')
SwiftCompile normal arm64 Compiling\ RigidDeque+Hashable.swift,\ RigidDeque+Initializers.swift,\ RigidDeque+Insertions.swift,\ RigidDeque+Prepend.swift,\ RigidDeque+Removals.swift /Users/admin/builder/spi-builder-workspace/.dependencies/checkouts/swift-collections/Sources/DequeModule/RigidDeque/RigidDeque+Hashable.swift /Users/admin/builder/spi-builder-workspace/.dependencies/checkouts/swift-collections/Sources/DequeModule/RigidDeque/RigidDeque+Initializers.swift /Users/admin/builder/spi-builder-workspace/.dependencies/checkouts/swift-collections/Sources/DequeModule/RigidDeque/RigidDeque+Insertions.swift /Users/admin/builder/spi-builder-workspace/.dependencies/checkouts/swift-collections/Sources/DequeModule/RigidDeque/RigidDeque+Prepend.swift /Users/admin/builder/spi-builder-workspace/.dependencies/checkouts/swift-collections/Sources/DequeModule/RigidDeque/RigidDeque+Removals.swift (in target 'DequeModule' from project 'swift-collections')
SwiftCompile normal arm64 /Users/admin/builder/spi-builder-workspace/.dependencies/checkouts/swift-collections/Sources/DequeModule/RigidDeque/RigidDeque+Hashable.swift (in target 'DequeModule' from project 'swift-collections')
    cd /Users/admin/builder/spi-builder-workspace/.swiftpm/xcode

SwiftCompile normal arm64 /Users/admin/builder/spi-builder-workspace/.dependencies/checkouts/swift-collections/Sources/DequeModule/RigidDeque/RigidDeque+Initializers.swift (in target 'DequeModule' from project 'swift-collections')
    cd /Users/admin/builder/spi-builder-workspace/.swiftpm/xcode

SwiftCompile normal arm64 /Users/admin/builder/spi-builder-workspace/.dependencies/checkouts/swift-collections/Sources/DequeModule/RigidDeque/RigidDeque+Insertions.swift (in target 'DequeModule' from project 'swift-collections')
    cd /Users/admin/builder/spi-builder-workspace/.swiftpm/xcode

SwiftCompile normal arm64 /Users/admin/builder/spi-builder-workspace/.dependencies/checkouts/swift-collections/Sources/DequeModule/RigidDeque/RigidDeque+Prepend.swift (in target 'DequeModule' from project 'swift-collections')
    cd /Users/admin/builder/spi-builder-workspace/.swiftpm/xcode

SwiftCompile normal arm64 /Users/admin/builder/spi-builder-workspace/.dependencies/checkouts/swift-collections/Sources/DequeModule/RigidDeque/RigidDeque+Removals.swift (in target 'DequeModule' from project 'swift-collections')
    cd /Users/admin/builder/spi-builder-workspace/.swiftpm/xcode

SwiftDriverJobDiscovery normal arm64_32 Compiling RigidDeque+Replacements.swift, RigidDeque+Testing.swift, RigidDeque.swift, UniqueDeque+Append.swift (in target 'DequeModule' from project 'swift-collections')
SwiftCompile normal armv7k Compiling\ RigidDeque+Replacements.swift,\ RigidDeque+Testing.swift,\ RigidDeque.swift,\ UniqueDeque+Append.swift /Users/admin/builder/spi-builder-workspace/.dependencies/checkouts/swift-collections/Sources/DequeModule/RigidDeque/RigidDeque+Replacements.swift /Users/admin/builder/spi-builder-workspace/.dependencies/checkouts/swift-collections/Sources/DequeModule/RigidDeque/RigidDeque+Testing.swift /Users/admin/builder/spi-builder-workspace/.dependencies/checkouts/swift-collections/Sources/DequeModule/RigidDeque/RigidDeque.swift /Users/admin/builder/spi-builder-workspace/.dependencies/checkouts/swift-collections/Sources/DequeModule/UniqueDeque/UniqueDeque+Append.swift (in target 'DequeModule' from project 'swift-collections')
SwiftCompile normal armv7k /Users/admin/builder/spi-builder-workspace/.dependencies/checkouts/swift-collections/Sources/DequeModule/RigidDeque/RigidDeque+Replacements.swift (in target 'DequeModule' from project 'swift-collections')
    cd /Users/admin/builder/spi-builder-workspace/.swiftpm/xcode

SwiftCompile normal armv7k /Users/admin/builder/spi-builder-workspace/.dependencies/checkouts/swift-collections/Sources/DequeModule/RigidDeque/RigidDeque+Testing.swift (in target 'DequeModule' from project 'swift-collections')
    cd /Users/admin/builder/spi-builder-workspace/.swiftpm/xcode

SwiftCompile normal armv7k /Users/admin/builder/spi-builder-workspace/.dependencies/checkouts/swift-collections/Sources/DequeModule/RigidDeque/RigidDeque.swift (in target 'DequeModule' from project 'swift-collections')
    cd /Users/admin/builder/spi-builder-workspace/.swiftpm/xcode

SwiftCompile normal armv7k /Users/admin/builder/spi-builder-workspace/.dependencies/checkouts/swift-collections/Sources/DequeModule/UniqueDeque/UniqueDeque+Append.swift (in target 'DequeModule' from project 'swift-collections')
    cd /Users/admin/builder/spi-builder-workspace/.swiftpm/xcode

SwiftDriverJobDiscovery normal armv7k Compiling RigidDeque+Hashable.swift, RigidDeque+Initializers.swift, RigidDeque+Insertions.swift, RigidDeque+Prepend.swift, RigidDeque+Removals.swift (in target 'DequeModule' from project 'swift-collections')
SwiftCompile normal arm64_32 Compiling\ UniqueDeque+Equatable.swift,\ UniqueDeque+Experimental.swift,\ UniqueDeque+Hashable.swift,\ UniqueDeque+Initializers.swift /Users/admin/builder/spi-builder-workspace/.dependencies/checkouts/swift-collections/Sources/DequeModule/UniqueDeque/UniqueDeque+Equatable.swift /Users/admin/builder/spi-builder-workspace/.dependencies/checkouts/swift-collections/Sources/DequeModule/UniqueDeque/UniqueDeque+Experimental.swift /Users/admin/builder/spi-builder-workspace/.dependencies/checkouts/swift-collections/Sources/DequeModule/UniqueDeque/UniqueDeque+Hashable.swift /Users/admin/builder/spi-builder-workspace/.dependencies/checkouts/swift-collections/Sources/DequeModule/UniqueDeque/UniqueDeque+Initializers.swift (in target 'DequeModule' from project 'swift-collections')
SwiftCompile normal arm64_32 /Users/admin/builder/spi-builder-workspace/.dependencies/checkouts/swift-collections/Sources/DequeModule/UniqueDeque/UniqueDeque+Equatable.swift (in target 'DequeModule' from project 'swift-collections')
    cd /Users/admin/builder/spi-builder-workspace/.swiftpm/xcode

SwiftCompile normal arm64_32 /Users/admin/builder/spi-builder-workspace/.dependencies/checkouts/swift-collections/Sources/DequeModule/UniqueDeque/UniqueDeque+Experimental.swift (in target 'DequeModule' from project 'swift-collections')
    cd /Users/admin/builder/spi-builder-workspace/.swiftpm/xcode

SwiftCompile normal arm64_32 /Users/admin/builder/spi-builder-workspace/.dependencies/checkouts/swift-collections/Sources/DequeModule/UniqueDeque/UniqueDeque+Hashable.swift (in target 'DequeModule' from project 'swift-collections')
    cd /Users/admin/builder/spi-builder-workspace/.swiftpm/xcode

SwiftCompile normal arm64_32 /Users/admin/builder/spi-builder-workspace/.dependencies/checkouts/swift-collections/Sources/DequeModule/UniqueDeque/UniqueDeque+Initializers.swift (in target 'DequeModule' from project 'swift-collections')
    cd /Users/admin/builder/spi-builder-workspace/.swiftpm/xcode

SwiftDriverJobDiscovery normal arm64_32 Compiling RigidDeque+Hashable.swift, RigidDeque+Initializers.swift, RigidDeque+Insertions.swift, RigidDeque+Prepend.swift, RigidDeque+Removals.swift (in target 'DequeModule' from project 'swift-collections')
SwiftCompile normal arm64 Compiling\ RigidDeque+Consumption.swift,\ RigidDeque+Container.swift,\ RigidDeque+Descriptions.swift,\ RigidDeque+Equatable.swift,\ RigidDeque+Experimental.swift /Users/admin/builder/spi-builder-workspace/.dependencies/checkouts/swift-collections/Sources/DequeModule/RigidDeque/RigidDeque+Consumption.swift /Users/admin/builder/spi-builder-workspace/.dependencies/checkouts/swift-collections/Sources/DequeModule/RigidDeque/RigidDeque+Container.swift /Users/admin/builder/spi-builder-workspace/.dependencies/checkouts/swift-collections/Sources/DequeModule/RigidDeque/RigidDeque+Descriptions.swift /Users/admin/builder/spi-builder-workspace/.dependencies/checkouts/swift-collections/Sources/DequeModule/RigidDeque/RigidDeque+Equatable.swift /Users/admin/builder/spi-builder-workspace/.dependencies/checkouts/swift-collections/Sources/DequeModule/RigidDeque/RigidDeque+Experimental.swift (in target 'DequeModule' from project 'swift-collections')
SwiftCompile normal arm64 /Users/admin/builder/spi-builder-workspace/.dependencies/checkouts/swift-collections/Sources/DequeModule/RigidDeque/RigidDeque+Consumption.swift (in target 'DequeModule' from project 'swift-collections')
    cd /Users/admin/builder/spi-builder-workspace/.swiftpm/xcode

SwiftCompile normal arm64 /Users/admin/builder/spi-builder-workspace/.dependencies/checkouts/swift-collections/Sources/DequeModule/RigidDeque/RigidDeque+Container.swift (in target 'DequeModule' from project 'swift-collections')
    cd /Users/admin/builder/spi-builder-workspace/.swiftpm/xcode

SwiftCompile normal arm64 /Users/admin/builder/spi-builder-workspace/.dependencies/checkouts/swift-collections/Sources/DequeModule/RigidDeque/RigidDeque+Descriptions.swift (in target 'DequeModule' from project 'swift-collections')
    cd /Users/admin/builder/spi-builder-workspace/.swiftpm/xcode

SwiftCompile normal arm64 /Users/admin/builder/spi-builder-workspace/.dependencies/checkouts/swift-collections/Sources/DequeModule/RigidDeque/RigidDeque+Equatable.swift (in target 'DequeModule' from project 'swift-collections')
    cd /Users/admin/builder/spi-builder-workspace/.swiftpm/xcode

SwiftCompile normal arm64 /Users/admin/builder/spi-builder-workspace/.dependencies/checkouts/swift-collections/Sources/DequeModule/RigidDeque/RigidDeque+Experimental.swift (in target 'DequeModule' from project 'swift-collections')
    cd /Users/admin/builder/spi-builder-workspace/.swiftpm/xcode

SwiftDriverJobDiscovery normal arm64 Compiling RigidDeque+Hashable.swift, RigidDeque+Initializers.swift, RigidDeque+Insertions.swift, RigidDeque+Prepend.swift, RigidDeque+Removals.swift (in target 'DequeModule' from project 'swift-collections')
SwiftCompile normal arm64 Compiling\ UniqueDeque+Consumption.swift,\ UniqueDeque+Container.swift,\ UniqueDeque+Deprecated.swift,\ UniqueDeque+Descriptions.swift /Users/admin/builder/spi-builder-workspace/.dependencies/checkouts/swift-collections/Sources/DequeModule/UniqueDeque/UniqueDeque+Consumption.swift /Users/admin/builder/spi-builder-workspace/.dependencies/checkouts/swift-collections/Sources/DequeModule/UniqueDeque/UniqueDeque+Container.swift /Users/admin/builder/spi-builder-workspace/.dependencies/checkouts/swift-collections/Sources/DequeModule/UniqueDeque/UniqueDeque+Deprecated.swift /Users/admin/builder/spi-builder-workspace/.dependencies/checkouts/swift-collections/Sources/DequeModule/UniqueDeque/UniqueDeque+Descriptions.swift (in target 'DequeModule' from project 'swift-collections')
SwiftCompile normal arm64 /Users/admin/builder/spi-builder-workspace/.dependencies/checkouts/swift-collections/Sources/DequeModule/UniqueDeque/UniqueDeque+Consumption.swift (in target 'DequeModule' from project 'swift-collections')
    cd /Users/admin/builder/spi-builder-workspace/.swiftpm/xcode

SwiftCompile normal arm64 /Users/admin/builder/spi-builder-workspace/.dependencies/checkouts/swift-collections/Sources/DequeModule/UniqueDeque/UniqueDeque+Container.swift (in target 'DequeModule' from project 'swift-collections')
    cd /Users/admin/builder/spi-builder-workspace/.swiftpm/xcode

SwiftCompile normal arm64 /Users/admin/builder/spi-builder-workspace/.dependencies/checkouts/swift-collections/Sources/DequeModule/UniqueDeque/UniqueDeque+Deprecated.swift (in target 'DequeModule' from project 'swift-collections')
    cd /Users/admin/builder/spi-builder-workspace/.swiftpm/xcode

SwiftCompile normal arm64 /Users/admin/builder/spi-builder-workspace/.dependencies/checkouts/swift-collections/Sources/DequeModule/UniqueDeque/UniqueDeque+Descriptions.swift (in target 'DequeModule' from project 'swift-collections')
    cd /Users/admin/builder/spi-builder-workspace/.swiftpm/xcode

SwiftCompile normal armv7k Compiling\ UniqueDeque+Equatable.swift,\ UniqueDeque+Experimental.swift,\ UniqueDeque+Hashable.swift,\ UniqueDeque+Initializers.swift /Users/admin/builder/spi-builder-workspace/.dependencies/checkouts/swift-collections/Sources/DequeModule/UniqueDeque/UniqueDeque+Equatable.swift /Users/admin/builder/spi-builder-workspace/.dependencies/checkouts/swift-collections/Sources/DequeModule/UniqueDeque/UniqueDeque+Experimental.swift /Users/admin/builder/spi-builder-workspace/.dependencies/checkouts/swift-collections/Sources/DequeModule/UniqueDeque/UniqueDeque+Hashable.swift /Users/admin/builder/spi-builder-workspace/.dependencies/checkouts/swift-collections/Sources/DequeModule/UniqueDeque/UniqueDeque+Initializers.swift (in target 'DequeModule' from project 'swift-collections')
SwiftCompile normal armv7k /Users/admin/builder/spi-builder-workspace/.dependencies/checkouts/swift-collections/Sources/DequeModule/UniqueDeque/UniqueDeque+Equatable.swift (in target 'DequeModule' from project 'swift-collections')
    cd /Users/admin/builder/spi-builder-workspace/.swiftpm/xcode

SwiftCompile normal armv7k /Users/admin/builder/spi-builder-workspace/.dependencies/checkouts/swift-collections/Sources/DequeModule/UniqueDeque/UniqueDeque+Experimental.swift (in target 'DequeModule' from project 'swift-collections')
    cd /Users/admin/builder/spi-builder-workspace/.swiftpm/xcode

SwiftCompile normal armv7k /Users/admin/builder/spi-builder-workspace/.dependencies/checkouts/swift-collections/Sources/DequeModule/UniqueDeque/UniqueDeque+Hashable.swift (in target 'DequeModule' from project 'swift-collections')
    cd /Users/admin/builder/spi-builder-workspace/.swiftpm/xcode

SwiftCompile normal armv7k /Users/admin/builder/spi-builder-workspace/.dependencies/checkouts/swift-collections/Sources/DequeModule/UniqueDeque/UniqueDeque+Initializers.swift (in target 'DequeModule' from project 'swift-collections')
    cd /Users/admin/builder/spi-builder-workspace/.swiftpm/xcode

SwiftDriverJobDiscovery normal arm64_32 Compiling UniqueDeque+Equatable.swift, UniqueDeque+Experimental.swift, UniqueDeque+Hashable.swift, UniqueDeque+Initializers.swift (in target 'DequeModule' from project 'swift-collections')
SwiftDriverJobDiscovery normal armv7k Compiling RigidDeque+Replacements.swift, RigidDeque+Testing.swift, RigidDeque.swift, UniqueDeque+Append.swift (in target 'DequeModule' from project 'swift-collections')
SwiftCompile normal arm64 Compiling\ Deque+Codable.swift,\ Deque+Collection.swift,\ Deque+CustomReflectable.swift,\ Deque+Descriptions.swift,\ Deque+Equatable.swift /Users/admin/builder/spi-builder-workspace/.dependencies/checkouts/swift-collections/Sources/DequeModule/Deque/Deque+Codable.swift /Users/admin/builder/spi-builder-workspace/.dependencies/checkouts/swift-collections/Sources/DequeModule/Deque/Deque+Collection.swift /Users/admin/builder/spi-builder-workspace/.dependencies/checkouts/swift-collections/Sources/DequeModule/Deque/Deque+CustomReflectable.swift /Users/admin/builder/spi-builder-workspace/.dependencies/checkouts/swift-collections/Sources/DequeModule/Deque/Deque+Descriptions.swift /Users/admin/builder/spi-builder-workspace/.dependencies/checkouts/swift-collections/Sources/DequeModule/Deque/Deque+Equatable.swift (in target 'DequeModule' from project 'swift-collections')
SwiftCompile normal arm64 /Users/admin/builder/spi-builder-workspace/.dependencies/checkouts/swift-collections/Sources/DequeModule/Deque/Deque+Codable.swift (in target 'DequeModule' from project 'swift-collections')
    cd /Users/admin/builder/spi-builder-workspace/.swiftpm/xcode

SwiftCompile normal arm64 /Users/admin/builder/spi-builder-workspace/.dependencies/checkouts/swift-collections/Sources/DequeModule/Deque/Deque+Collection.swift (in target 'DequeModule' from project 'swift-collections')
    cd /Users/admin/builder/spi-builder-workspace/.swiftpm/xcode

SwiftCompile normal arm64 /Users/admin/builder/spi-builder-workspace/.dependencies/checkouts/swift-collections/Sources/DequeModule/Deque/Deque+CustomReflectable.swift (in target 'DequeModule' from project 'swift-collections')
    cd /Users/admin/builder/spi-builder-workspace/.swiftpm/xcode

SwiftCompile normal arm64 /Users/admin/builder/spi-builder-workspace/.dependencies/checkouts/swift-collections/Sources/DequeModule/Deque/Deque+Descriptions.swift (in target 'DequeModule' from project 'swift-collections')
    cd /Users/admin/builder/spi-builder-workspace/.swiftpm/xcode

SwiftCompile normal arm64 /Users/admin/builder/spi-builder-workspace/.dependencies/checkouts/swift-collections/Sources/DequeModule/Deque/Deque+Equatable.swift (in target 'DequeModule' from project 'swift-collections')
    cd /Users/admin/builder/spi-builder-workspace/.swiftpm/xcode

SwiftDriverJobDiscovery normal armv7k Compiling Deque+ExpressibleByArrayLiteral.swift, Deque+Extras.swift, Deque+Hashable.swift, Deque+Testing.swift, Deque._Storage.swift (in target 'DequeModule' from project 'swift-collections')
SwiftCompile normal arm64_32 Compiling\ Deque._UnsafeHandle.swift,\ Deque.swift,\ _DequeBuffer.swift,\ _DequeBufferHeader.swift,\ RigidDeque+Append.swift /Users/admin/builder/spi-builder-workspace/.dependencies/checkouts/swift-collections/Sources/DequeModule/Deque/Deque._UnsafeHandle.swift /Users/admin/builder/spi-builder-workspace/.dependencies/checkouts/swift-collections/Sources/DequeModule/Deque/Deque.swift /Users/admin/builder/spi-builder-workspace/.dependencies/checkouts/swift-collections/Sources/DequeModule/Deque/_DequeBuffer.swift /Users/admin/builder/spi-builder-workspace/.dependencies/checkouts/swift-collections/Sources/DequeModule/Deque/_DequeBufferHeader.swift /Users/admin/builder/spi-builder-workspace/.dependencies/checkouts/swift-collections/Sources/DequeModule/RigidDeque/RigidDeque+Append.swift (in target 'DequeModule' from project 'swift-collections')
SwiftCompile normal arm64_32 /Users/admin/builder/spi-builder-workspace/.dependencies/checkouts/swift-collections/Sources/DequeModule/Deque/Deque._UnsafeHandle.swift (in target 'DequeModule' from project 'swift-collections')
    cd /Users/admin/builder/spi-builder-workspace/.swiftpm/xcode

SwiftCompile normal arm64_32 /Users/admin/builder/spi-builder-workspace/.dependencies/checkouts/swift-collections/Sources/DequeModule/Deque/Deque.swift (in target 'DequeModule' from project 'swift-collections')
    cd /Users/admin/builder/spi-builder-workspace/.swiftpm/xcode

SwiftCompile normal arm64_32 /Users/admin/builder/spi-builder-workspace/.dependencies/checkouts/swift-collections/Sources/DequeModule/Deque/_DequeBuffer.swift (in target 'DequeModule' from project 'swift-collections')
    cd /Users/admin/builder/spi-builder-workspace/.swiftpm/xcode

SwiftCompile normal arm64_32 /Users/admin/builder/spi-builder-workspace/.dependencies/checkouts/swift-collections/Sources/DequeModule/Deque/_DequeBufferHeader.swift (in target 'DequeModule' from project 'swift-collections')
    cd /Users/admin/builder/spi-builder-workspace/.swiftpm/xcode

SwiftCompile normal arm64_32 /Users/admin/builder/spi-builder-workspace/.dependencies/checkouts/swift-collections/Sources/DequeModule/RigidDeque/RigidDeque+Append.swift (in target 'DequeModule' from project 'swift-collections')
    cd /Users/admin/builder/spi-builder-workspace/.swiftpm/xcode

SwiftDriverJobDiscovery normal armv7k Compiling Deque._UnsafeHandle.swift, Deque.swift, _DequeBuffer.swift, _DequeBufferHeader.swift, RigidDeque+Append.swift (in target 'DequeModule' from project 'swift-collections')
SwiftCompile normal arm64_32 Compiling\ RigidDeque+Consumption.swift,\ RigidDeque+Container.swift,\ RigidDeque+Descriptions.swift,\ RigidDeque+Equatable.swift,\ RigidDeque+Experimental.swift /Users/admin/builder/spi-builder-workspace/.dependencies/checkouts/swift-collections/Sources/DequeModule/RigidDeque/RigidDeque+Consumption.swift /Users/admin/builder/spi-builder-workspace/.dependencies/checkouts/swift-collections/Sources/DequeModule/RigidDeque/RigidDeque+Container.swift /Users/admin/builder/spi-builder-workspace/.dependencies/checkouts/swift-collections/Sources/DequeModule/RigidDeque/RigidDeque+Descriptions.swift /Users/admin/builder/spi-builder-workspace/.dependencies/checkouts/swift-collections/Sources/DequeModule/RigidDeque/RigidDeque+Equatable.swift /Users/admin/builder/spi-builder-workspace/.dependencies/checkouts/swift-collections/Sources/DequeModule/RigidDeque/RigidDeque+Experimental.swift (in target 'DequeModule' from project 'swift-collections')
SwiftCompile normal arm64_32 /Users/admin/builder/spi-builder-workspace/.dependencies/checkouts/swift-collections/Sources/DequeModule/RigidDeque/RigidDeque+Consumption.swift (in target 'DequeModule' from project 'swift-collections')
    cd /Users/admin/builder/spi-builder-workspace/.swiftpm/xcode

SwiftCompile normal arm64_32 /Users/admin/builder/spi-builder-workspace/.dependencies/checkouts/swift-collections/Sources/DequeModule/RigidDeque/RigidDeque+Container.swift (in target 'DequeModule' from project 'swift-collections')
    cd /Users/admin/builder/spi-builder-workspace/.swiftpm/xcode

SwiftCompile normal arm64_32 /Users/admin/builder/spi-builder-workspace/.dependencies/checkouts/swift-collections/Sources/DequeModule/RigidDeque/RigidDeque+Descriptions.swift (in target 'DequeModule' from project 'swift-collections')
    cd /Users/admin/builder/spi-builder-workspace/.swiftpm/xcode

SwiftCompile normal arm64_32 /Users/admin/builder/spi-builder-workspace/.dependencies/checkouts/swift-collections/Sources/DequeModule/RigidDeque/RigidDeque+Equatable.swift (in target 'DequeModule' from project 'swift-collections')
    cd /Users/admin/builder/spi-builder-workspace/.swiftpm/xcode

SwiftCompile normal arm64_32 /Users/admin/builder/spi-builder-workspace/.dependencies/checkouts/swift-collections/Sources/DequeModule/RigidDeque/RigidDeque+Experimental.swift (in target 'DequeModule' from project 'swift-collections')
    cd /Users/admin/builder/spi-builder-workspace/.swiftpm/xcode

SwiftDriverJobDiscovery normal arm64 Compiling RigidDeque+Consumption.swift, RigidDeque+Container.swift, RigidDeque+Descriptions.swift, RigidDeque+Equatable.swift, RigidDeque+Experimental.swift (in target 'DequeModule' from project 'swift-collections')
SwiftCompile normal arm64 Compiling\ RigidDeque+Replacements.swift,\ RigidDeque+Testing.swift,\ RigidDeque.swift,\ UniqueDeque+Append.swift /Users/admin/builder/spi-builder-workspace/.dependencies/checkouts/swift-collections/Sources/DequeModule/RigidDeque/RigidDeque+Replacements.swift /Users/admin/builder/spi-builder-workspace/.dependencies/checkouts/swift-collections/Sources/DequeModule/RigidDeque/RigidDeque+Testing.swift /Users/admin/builder/spi-builder-workspace/.dependencies/checkouts/swift-collections/Sources/DequeModule/RigidDeque/RigidDeque.swift /Users/admin/builder/spi-builder-workspace/.dependencies/checkouts/swift-collections/Sources/DequeModule/UniqueDeque/UniqueDeque+Append.swift (in target 'DequeModule' from project 'swift-collections')
SwiftCompile normal arm64 /Users/admin/builder/spi-builder-workspace/.dependencies/checkouts/swift-collections/Sources/DequeModule/RigidDeque/RigidDeque+Replacements.swift (in target 'DequeModule' from project 'swift-collections')
    cd /Users/admin/builder/spi-builder-workspace/.swiftpm/xcode

SwiftCompile normal arm64 /Users/admin/builder/spi-builder-workspace/.dependencies/checkouts/swift-collections/Sources/DequeModule/RigidDeque/RigidDeque+Testing.swift (in target 'DequeModule' from project 'swift-collections')
    cd /Users/admin/builder/spi-builder-workspace/.swiftpm/xcode

SwiftCompile normal arm64 /Users/admin/builder/spi-builder-workspace/.dependencies/checkouts/swift-collections/Sources/DequeModule/RigidDeque/RigidDeque.swift (in target 'DequeModule' from project 'swift-collections')
    cd /Users/admin/builder/spi-builder-workspace/.swiftpm/xcode

SwiftCompile normal arm64 /Users/admin/builder/spi-builder-workspace/.dependencies/checkouts/swift-collections/Sources/DequeModule/UniqueDeque/UniqueDeque+Append.swift (in target 'DequeModule' from project 'swift-collections')
    cd /Users/admin/builder/spi-builder-workspace/.swiftpm/xcode

SwiftDriverJobDiscovery normal arm64 Compiling UniqueDeque+Consumption.swift, UniqueDeque+Container.swift, UniqueDeque+Deprecated.swift, UniqueDeque+Descriptions.swift (in target 'DequeModule' from project 'swift-collections')
SwiftCompile normal arm64_32 Compiling\ UniqueDeque+Insertions.swift,\ UniqueDeque+Prepend.swift,\ UniqueDeque+Removals.swift,\ UniqueDeque+Replacements.swift /Users/admin/builder/spi-builder-workspace/.dependencies/checkouts/swift-collections/Sources/DequeModule/UniqueDeque/UniqueDeque+Insertions.swift /Users/admin/builder/spi-builder-workspace/.dependencies/checkouts/swift-collections/Sources/DequeModule/UniqueDeque/UniqueDeque+Prepend.swift /Users/admin/builder/spi-builder-workspace/.dependencies/checkouts/swift-collections/Sources/DequeModule/UniqueDeque/UniqueDeque+Removals.swift /Users/admin/builder/spi-builder-workspace/.dependencies/checkouts/swift-collections/Sources/DequeModule/UniqueDeque/UniqueDeque+Replacements.swift (in target 'DequeModule' from project 'swift-collections')
SwiftCompile normal arm64_32 /Users/admin/builder/spi-builder-workspace/.dependencies/checkouts/swift-collections/Sources/DequeModule/UniqueDeque/UniqueDeque+Insertions.swift (in target 'DequeModule' from project 'swift-collections')
    cd /Users/admin/builder/spi-builder-workspace/.swiftpm/xcode

SwiftCompile normal arm64_32 /Users/admin/builder/spi-builder-workspace/.dependencies/checkouts/swift-collections/Sources/DequeModule/UniqueDeque/UniqueDeque+Prepend.swift (in target 'DequeModule' from project 'swift-collections')
    cd /Users/admin/builder/spi-builder-workspace/.swiftpm/xcode

SwiftCompile normal arm64_32 /Users/admin/builder/spi-builder-workspace/.dependencies/checkouts/swift-collections/Sources/DequeModule/UniqueDeque/UniqueDeque+Removals.swift (in target 'DequeModule' from project 'swift-collections')
    cd /Users/admin/builder/spi-builder-workspace/.swiftpm/xcode

SwiftCompile normal arm64_32 /Users/admin/builder/spi-builder-workspace/.dependencies/checkouts/swift-collections/Sources/DequeModule/UniqueDeque/UniqueDeque+Replacements.swift (in target 'DequeModule' from project 'swift-collections')
    cd /Users/admin/builder/spi-builder-workspace/.swiftpm/xcode

SwiftDriverJobDiscovery normal armv7k Compiling UniqueDeque+Equatable.swift, UniqueDeque+Experimental.swift, UniqueDeque+Hashable.swift, UniqueDeque+Initializers.swift (in target 'DequeModule' from project 'swift-collections')
SwiftCompile normal arm64_32 Compiling\ UniqueDeque+Consumption.swift,\ UniqueDeque+Container.swift,\ UniqueDeque+Deprecated.swift,\ UniqueDeque+Descriptions.swift /Users/admin/builder/spi-builder-workspace/.dependencies/checkouts/swift-collections/Sources/DequeModule/UniqueDeque/UniqueDeque+Consumption.swift /Users/admin/builder/spi-builder-workspace/.dependencies/checkouts/swift-collections/Sources/DequeModule/UniqueDeque/UniqueDeque+Container.swift /Users/admin/builder/spi-builder-workspace/.dependencies/checkouts/swift-collections/Sources/DequeModule/UniqueDeque/UniqueDeque+Deprecated.swift /Users/admin/builder/spi-builder-workspace/.dependencies/checkouts/swift-collections/Sources/DequeModule/UniqueDeque/UniqueDeque+Descriptions.swift (in target 'DequeModule' from project 'swift-collections')
SwiftCompile normal arm64_32 /Users/admin/builder/spi-builder-workspace/.dependencies/checkouts/swift-collections/Sources/DequeModule/UniqueDeque/UniqueDeque+Consumption.swift (in target 'DequeModule' from project 'swift-collections')
    cd /Users/admin/builder/spi-builder-workspace/.swiftpm/xcode

SwiftCompile normal arm64_32 /Users/admin/builder/spi-builder-workspace/.dependencies/checkouts/swift-collections/Sources/DequeModule/UniqueDeque/UniqueDeque+Container.swift (in target 'DequeModule' from project 'swift-collections')
    cd /Users/admin/builder/spi-builder-workspace/.swiftpm/xcode

SwiftCompile normal arm64_32 /Users/admin/builder/spi-builder-workspace/.dependencies/checkouts/swift-collections/Sources/DequeModule/UniqueDeque/UniqueDeque+Deprecated.swift (in target 'DequeModule' from project 'swift-collections')
    cd /Users/admin/builder/spi-builder-workspace/.swiftpm/xcode

SwiftCompile normal arm64_32 /Users/admin/builder/spi-builder-workspace/.dependencies/checkouts/swift-collections/Sources/DequeModule/UniqueDeque/UniqueDeque+Descriptions.swift (in target 'DequeModule' from project 'swift-collections')
    cd /Users/admin/builder/spi-builder-workspace/.swiftpm/xcode

SwiftDriverJobDiscovery normal armv7k Compiling Deque+Codable.swift, Deque+Collection.swift, Deque+CustomReflectable.swift, Deque+Descriptions.swift, Deque+Equatable.swift (in target 'DequeModule' from project 'swift-collections')
SwiftCompile normal arm64 Compiling\ UniqueDeque.swift,\ _DequeSlot.swift,\ _UnsafeDequeHandle.swift,\ _UnsafeDequeSegments.swift /Users/admin/builder/spi-builder-workspace/.dependencies/checkouts/swift-collections/Sources/DequeModule/UniqueDeque/UniqueDeque.swift /Users/admin/builder/spi-builder-workspace/.dependencies/checkouts/swift-collections/Sources/DequeModule/_DequeSlot.swift /Users/admin/builder/spi-builder-workspace/.dependencies/checkouts/swift-collections/Sources/DequeModule/_UnsafeDequeHandle.swift /Users/admin/builder/spi-builder-workspace/.dependencies/checkouts/swift-collections/Sources/DequeModule/_UnsafeDequeSegments.swift (in target 'DequeModule' from project 'swift-collections')
SwiftCompile normal arm64 /Users/admin/builder/spi-builder-workspace/.dependencies/checkouts/swift-collections/Sources/DequeModule/UniqueDeque/UniqueDeque.swift (in target 'DequeModule' from project 'swift-collections')
    cd /Users/admin/builder/spi-builder-workspace/.swiftpm/xcode

SwiftCompile normal arm64 /Users/admin/builder/spi-builder-workspace/.dependencies/checkouts/swift-collections/Sources/DequeModule/_DequeSlot.swift (in target 'DequeModule' from project 'swift-collections')
    cd /Users/admin/builder/spi-builder-workspace/.swiftpm/xcode

SwiftCompile normal arm64 /Users/admin/builder/spi-builder-workspace/.dependencies/checkouts/swift-collections/Sources/DequeModule/_UnsafeDequeHandle.swift (in target 'DequeModule' from project 'swift-collections')
    cd /Users/admin/builder/spi-builder-workspace/.swiftpm/xcode

SwiftCompile normal arm64 /Users/admin/builder/spi-builder-workspace/.dependencies/checkouts/swift-collections/Sources/DequeModule/_UnsafeDequeSegments.swift (in target 'DequeModule' from project 'swift-collections')
    cd /Users/admin/builder/spi-builder-workspace/.swiftpm/xcode

SwiftDriverJobDiscovery normal arm64_32 Compiling RigidDeque+Consumption.swift, RigidDeque+Container.swift, RigidDeque+Descriptions.swift, RigidDeque+Equatable.swift, RigidDeque+Experimental.swift (in target 'DequeModule' from project 'swift-collections')
SwiftCompile normal arm64 Compiling\ Deque._UnsafeHandle.swift,\ Deque.swift,\ _DequeBuffer.swift,\ _DequeBufferHeader.swift,\ RigidDeque+Append.swift /Users/admin/builder/spi-builder-workspace/.dependencies/checkouts/swift-collections/Sources/DequeModule/Deque/Deque._UnsafeHandle.swift /Users/admin/builder/spi-builder-workspace/.dependencies/checkouts/swift-collections/Sources/DequeModule/Deque/Deque.swift /Users/admin/builder/spi-builder-workspace/.dependencies/checkouts/swift-collections/Sources/DequeModule/Deque/_DequeBuffer.swift /Users/admin/builder/spi-builder-workspace/.dependencies/checkouts/swift-collections/Sources/DequeModule/Deque/_DequeBufferHeader.swift /Users/admin/builder/spi-builder-workspace/.dependencies/checkouts/swift-collections/Sources/DequeModule/RigidDeque/RigidDeque+Append.swift (in target 'DequeModule' from project 'swift-collections')
SwiftCompile normal arm64 /Users/admin/builder/spi-builder-workspace/.dependencies/checkouts/swift-collections/Sources/DequeModule/Deque/Deque._UnsafeHandle.swift (in target 'DequeModule' from project 'swift-collections')
    cd /Users/admin/builder/spi-builder-workspace/.swiftpm/xcode

SwiftCompile normal arm64 /Users/admin/builder/spi-builder-workspace/.dependencies/checkouts/swift-collections/Sources/DequeModule/Deque/Deque.swift (in target 'DequeModule' from project 'swift-collections')
    cd /Users/admin/builder/spi-builder-workspace/.swiftpm/xcode

SwiftCompile normal arm64 /Users/admin/builder/spi-builder-workspace/.dependencies/checkouts/swift-collections/Sources/DequeModule/Deque/_DequeBuffer.swift (in target 'DequeModule' from project 'swift-collections')
    cd /Users/admin/builder/spi-builder-workspace/.swiftpm/xcode

SwiftCompile normal arm64 /Users/admin/builder/spi-builder-workspace/.dependencies/checkouts/swift-collections/Sources/DequeModule/Deque/_DequeBufferHeader.swift (in target 'DequeModule' from project 'swift-collections')
    cd /Users/admin/builder/spi-builder-workspace/.swiftpm/xcode

SwiftCompile normal arm64 /Users/admin/builder/spi-builder-workspace/.dependencies/checkouts/swift-collections/Sources/DequeModule/RigidDeque/RigidDeque+Append.swift (in target 'DequeModule' from project 'swift-collections')
    cd /Users/admin/builder/spi-builder-workspace/.swiftpm/xcode

SwiftDriverJobDiscovery normal arm64_32 Compiling UniqueDeque+Insertions.swift, UniqueDeque+Prepend.swift, UniqueDeque+Removals.swift, UniqueDeque+Replacements.swift (in target 'DequeModule' from project 'swift-collections')
SwiftCompile normal armv7k Compiling\ UniqueDeque+Insertions.swift,\ UniqueDeque+Prepend.swift,\ UniqueDeque+Removals.swift,\ UniqueDeque+Replacements.swift /Users/admin/builder/spi-builder-workspace/.dependencies/checkouts/swift-collections/Sources/DequeModule/UniqueDeque/UniqueDeque+Insertions.swift /Users/admin/builder/spi-builder-workspace/.dependencies/checkouts/swift-collections/Sources/DequeModule/UniqueDeque/UniqueDeque+Prepend.swift /Users/admin/builder/spi-builder-workspace/.dependencies/checkouts/swift-collections/Sources/DequeModule/UniqueDeque/UniqueDeque+Removals.swift /Users/admin/builder/spi-builder-workspace/.dependencies/checkouts/swift-collections/Sources/DequeModule/UniqueDeque/UniqueDeque+Replacements.swift (in target 'DequeModule' from project 'swift-collections')
SwiftCompile normal armv7k /Users/admin/builder/spi-builder-workspace/.dependencies/checkouts/swift-collections/Sources/DequeModule/UniqueDeque/UniqueDeque+Insertions.swift (in target 'DequeModule' from project 'swift-collections')
    cd /Users/admin/builder/spi-builder-workspace/.swiftpm/xcode

SwiftCompile normal armv7k /Users/admin/builder/spi-builder-workspace/.dependencies/checkouts/swift-collections/Sources/DequeModule/UniqueDeque/UniqueDeque+Prepend.swift (in target 'DequeModule' from project 'swift-collections')
    cd /Users/admin/builder/spi-builder-workspace/.swiftpm/xcode

SwiftCompile normal armv7k /Users/admin/builder/spi-builder-workspace/.dependencies/checkouts/swift-collections/Sources/DequeModule/UniqueDeque/UniqueDeque+Removals.swift (in target 'DequeModule' from project 'swift-collections')
    cd /Users/admin/builder/spi-builder-workspace/.swiftpm/xcode

SwiftCompile normal armv7k /Users/admin/builder/spi-builder-workspace/.dependencies/checkouts/swift-collections/Sources/DequeModule/UniqueDeque/UniqueDeque+Replacements.swift (in target 'DequeModule' from project 'swift-collections')
    cd /Users/admin/builder/spi-builder-workspace/.swiftpm/xcode

SwiftCompile normal arm64_32 Compiling\ Deque+Codable.swift,\ Deque+Collection.swift,\ Deque+CustomReflectable.swift,\ Deque+Descriptions.swift,\ Deque+Equatable.swift /Users/admin/builder/spi-builder-workspace/.dependencies/checkouts/swift-collections/Sources/DequeModule/Deque/Deque+Codable.swift /Users/admin/builder/spi-builder-workspace/.dependencies/checkouts/swift-collections/Sources/DequeModule/Deque/Deque+Collection.swift /Users/admin/builder/spi-builder-workspace/.dependencies/checkouts/swift-collections/Sources/DequeModule/Deque/Deque+CustomReflectable.swift /Users/admin/builder/spi-builder-workspace/.dependencies/checkouts/swift-collections/Sources/DequeModule/Deque/Deque+Descriptions.swift /Users/admin/builder/spi-builder-workspace/.dependencies/checkouts/swift-collections/Sources/DequeModule/Deque/Deque+Equatable.swift (in target 'DequeModule' from project 'swift-collections')
SwiftCompile normal arm64_32 /Users/admin/builder/spi-builder-workspace/.dependencies/checkouts/swift-collections/Sources/DequeModule/Deque/Deque+Codable.swift (in target 'DequeModule' from project 'swift-collections')
    cd /Users/admin/builder/spi-builder-workspace/.swiftpm/xcode

SwiftCompile normal arm64_32 /Users/admin/builder/spi-builder-workspace/.dependencies/checkouts/swift-collections/Sources/DequeModule/Deque/Deque+Collection.swift (in target 'DequeModule' from project 'swift-collections')
    cd /Users/admin/builder/spi-builder-workspace/.swiftpm/xcode

SwiftCompile normal arm64_32 /Users/admin/builder/spi-builder-workspace/.dependencies/checkouts/swift-collections/Sources/DequeModule/Deque/Deque+CustomReflectable.swift (in target 'DequeModule' from project 'swift-collections')
    cd /Users/admin/builder/spi-builder-workspace/.swiftpm/xcode

SwiftCompile normal arm64_32 /Users/admin/builder/spi-builder-workspace/.dependencies/checkouts/swift-collections/Sources/DequeModule/Deque/Deque+Descriptions.swift (in target 'DequeModule' from project 'swift-collections')
    cd /Users/admin/builder/spi-builder-workspace/.swiftpm/xcode

SwiftCompile normal arm64_32 /Users/admin/builder/spi-builder-workspace/.dependencies/checkouts/swift-collections/Sources/DequeModule/Deque/Deque+Equatable.swift (in target 'DequeModule' from project 'swift-collections')
    cd /Users/admin/builder/spi-builder-workspace/.swiftpm/xcode

SwiftDriverJobDiscovery normal arm64 Compiling RigidDeque+Replacements.swift, RigidDeque+Testing.swift, RigidDeque.swift, UniqueDeque+Append.swift (in target 'DequeModule' from project 'swift-collections')
SwiftDriverJobDiscovery normal arm64_32 Compiling UniqueDeque+Consumption.swift, UniqueDeque+Container.swift, UniqueDeque+Deprecated.swift, UniqueDeque+Descriptions.swift (in target 'DequeModule' from project 'swift-collections')
SwiftCompile normal arm64_32 Compiling\ Deque+ExpressibleByArrayLiteral.swift,\ Deque+Extras.swift,\ Deque+Hashable.swift,\ Deque+Testing.swift,\ Deque._Storage.swift /Users/admin/builder/spi-builder-workspace/.dependencies/checkouts/swift-collections/Sources/DequeModule/Deque/Deque+ExpressibleByArrayLiteral.swift /Users/admin/builder/spi-builder-workspace/.dependencies/checkouts/swift-collections/Sources/DequeModule/Deque/Deque+Extras.swift /Users/admin/builder/spi-builder-workspace/.dependencies/checkouts/swift-collections/Sources/DequeModule/Deque/Deque+Hashable.swift /Users/admin/builder/spi-builder-workspace/.dependencies/checkouts/swift-collections/Sources/DequeModule/Deque/Deque+Testing.swift /Users/admin/builder/spi-builder-workspace/.dependencies/checkouts/swift-collections/Sources/DequeModule/Deque/Deque._Storage.swift (in target 'DequeModule' from project 'swift-collections')
SwiftCompile normal arm64_32 /Users/admin/builder/spi-builder-workspace/.dependencies/checkouts/swift-collections/Sources/DequeModule/Deque/Deque+ExpressibleByArrayLiteral.swift (in target 'DequeModule' from project 'swift-collections')
    cd /Users/admin/builder/spi-builder-workspace/.swiftpm/xcode

SwiftCompile normal arm64_32 /Users/admin/builder/spi-builder-workspace/.dependencies/checkouts/swift-collections/Sources/DequeModule/Deque/Deque+Extras.swift (in target 'DequeModule' from project 'swift-collections')
    cd /Users/admin/builder/spi-builder-workspace/.swiftpm/xcode

SwiftCompile normal arm64_32 /Users/admin/builder/spi-builder-workspace/.dependencies/checkouts/swift-collections/Sources/DequeModule/Deque/Deque+Hashable.swift (in target 'DequeModule' from project 'swift-collections')
    cd /Users/admin/builder/spi-builder-workspace/.swiftpm/xcode

SwiftCompile normal arm64_32 /Users/admin/builder/spi-builder-workspace/.dependencies/checkouts/swift-collections/Sources/DequeModule/Deque/Deque+Testing.swift (in target 'DequeModule' from project 'swift-collections')
    cd /Users/admin/builder/spi-builder-workspace/.swiftpm/xcode

SwiftCompile normal arm64_32 /Users/admin/builder/spi-builder-workspace/.dependencies/checkouts/swift-collections/Sources/DequeModule/Deque/Deque._Storage.swift (in target 'DequeModule' from project 'swift-collections')
    cd /Users/admin/builder/spi-builder-workspace/.swiftpm/xcode

SwiftDriverJobDiscovery normal armv7k Compiling UniqueDeque+Insertions.swift, UniqueDeque+Prepend.swift, UniqueDeque+Removals.swift, UniqueDeque+Replacements.swift (in target 'DequeModule' from project 'swift-collections')
SwiftCompile normal arm64 Compiling\ Deque+ExpressibleByArrayLiteral.swift,\ Deque+Extras.swift,\ Deque+Hashable.swift,\ Deque+Testing.swift,\ Deque._Storage.swift /Users/admin/builder/spi-builder-workspace/.dependencies/checkouts/swift-collections/Sources/DequeModule/Deque/Deque+ExpressibleByArrayLiteral.swift /Users/admin/builder/spi-builder-workspace/.dependencies/checkouts/swift-collections/Sources/DequeModule/Deque/Deque+Extras.swift /Users/admin/builder/spi-builder-workspace/.dependencies/checkouts/swift-collections/Sources/DequeModule/Deque/Deque+Hashable.swift /Users/admin/builder/spi-builder-workspace/.dependencies/checkouts/swift-collections/Sources/DequeModule/Deque/Deque+Testing.swift /Users/admin/builder/spi-builder-workspace/.dependencies/checkouts/swift-collections/Sources/DequeModule/Deque/Deque._Storage.swift (in target 'DequeModule' from project 'swift-collections')
SwiftCompile normal arm64 /Users/admin/builder/spi-builder-workspace/.dependencies/checkouts/swift-collections/Sources/DequeModule/Deque/Deque+ExpressibleByArrayLiteral.swift (in target 'DequeModule' from project 'swift-collections')
    cd /Users/admin/builder/spi-builder-workspace/.swiftpm/xcode

SwiftCompile normal arm64 /Users/admin/builder/spi-builder-workspace/.dependencies/checkouts/swift-collections/Sources/DequeModule/Deque/Deque+Extras.swift (in target 'DequeModule' from project 'swift-collections')
    cd /Users/admin/builder/spi-builder-workspace/.swiftpm/xcode

SwiftCompile normal arm64 /Users/admin/builder/spi-builder-workspace/.dependencies/checkouts/swift-collections/Sources/DequeModule/Deque/Deque+Hashable.swift (in target 'DequeModule' from project 'swift-collections')
    cd /Users/admin/builder/spi-builder-workspace/.swiftpm/xcode

SwiftCompile normal arm64 /Users/admin/builder/spi-builder-workspace/.dependencies/checkouts/swift-collections/Sources/DequeModule/Deque/Deque+Testing.swift (in target 'DequeModule' from project 'swift-collections')
    cd /Users/admin/builder/spi-builder-workspace/.swiftpm/xcode

SwiftCompile normal arm64 /Users/admin/builder/spi-builder-workspace/.dependencies/checkouts/swift-collections/Sources/DequeModule/Deque/Deque._Storage.swift (in target 'DequeModule' from project 'swift-collections')
    cd /Users/admin/builder/spi-builder-workspace/.swiftpm/xcode

SwiftDriverJobDiscovery normal arm64 Compiling Deque+Codable.swift, Deque+Collection.swift, Deque+CustomReflectable.swift, Deque+Descriptions.swift, Deque+Equatable.swift (in target 'DequeModule' from project 'swift-collections')
SwiftCompile normal arm64 Compiling\ UniqueDeque+Equatable.swift,\ UniqueDeque+Experimental.swift,\ UniqueDeque+Hashable.swift,\ UniqueDeque+Initializers.swift /Users/admin/builder/spi-builder-workspace/.dependencies/checkouts/swift-collections/Sources/DequeModule/UniqueDeque/UniqueDeque+Equatable.swift /Users/admin/builder/spi-builder-workspace/.dependencies/checkouts/swift-collections/Sources/DequeModule/UniqueDeque/UniqueDeque+Experimental.swift /Users/admin/builder/spi-builder-workspace/.dependencies/checkouts/swift-collections/Sources/DequeModule/UniqueDeque/UniqueDeque+Hashable.swift /Users/admin/builder/spi-builder-workspace/.dependencies/checkouts/swift-collections/Sources/DequeModule/UniqueDeque/UniqueDeque+Initializers.swift (in target 'DequeModule' from project 'swift-collections')
SwiftCompile normal arm64 /Users/admin/builder/spi-builder-workspace/.dependencies/checkouts/swift-collections/Sources/DequeModule/UniqueDeque/UniqueDeque+Equatable.swift (in target 'DequeModule' from project 'swift-collections')
    cd /Users/admin/builder/spi-builder-workspace/.swiftpm/xcode

SwiftCompile normal arm64 /Users/admin/builder/spi-builder-workspace/.dependencies/checkouts/swift-collections/Sources/DequeModule/UniqueDeque/UniqueDeque+Experimental.swift (in target 'DequeModule' from project 'swift-collections')
    cd /Users/admin/builder/spi-builder-workspace/.swiftpm/xcode

SwiftCompile normal arm64 /Users/admin/builder/spi-builder-workspace/.dependencies/checkouts/swift-collections/Sources/DequeModule/UniqueDeque/UniqueDeque+Hashable.swift (in target 'DequeModule' from project 'swift-collections')
    cd /Users/admin/builder/spi-builder-workspace/.swiftpm/xcode

SwiftCompile normal arm64 /Users/admin/builder/spi-builder-workspace/.dependencies/checkouts/swift-collections/Sources/DequeModule/UniqueDeque/UniqueDeque+Initializers.swift (in target 'DequeModule' from project 'swift-collections')
    cd /Users/admin/builder/spi-builder-workspace/.swiftpm/xcode

SwiftDriverJobDiscovery normal arm64_32 Compiling Deque._UnsafeHandle.swift, Deque.swift, _DequeBuffer.swift, _DequeBufferHeader.swift, RigidDeque+Append.swift (in target 'DequeModule' from project 'swift-collections')
SwiftCompile normal armv7k Compiling\ RigidDeque+Consumption.swift,\ RigidDeque+Container.swift,\ RigidDeque+Descriptions.swift,\ RigidDeque+Equatable.swift,\ RigidDeque+Experimental.swift /Users/admin/builder/spi-builder-workspace/.dependencies/checkouts/swift-collections/Sources/DequeModule/RigidDeque/RigidDeque+Consumption.swift /Users/admin/builder/spi-builder-workspace/.dependencies/checkouts/swift-collections/Sources/DequeModule/RigidDeque/RigidDeque+Container.swift /Users/admin/builder/spi-builder-workspace/.dependencies/checkouts/swift-collections/Sources/DequeModule/RigidDeque/RigidDeque+Descriptions.swift /Users/admin/builder/spi-builder-workspace/.dependencies/checkouts/swift-collections/Sources/DequeModule/RigidDeque/RigidDeque+Equatable.swift /Users/admin/builder/spi-builder-workspace/.dependencies/checkouts/swift-collections/Sources/DequeModule/RigidDeque/RigidDeque+Experimental.swift (in target 'DequeModule' from project 'swift-collections')
SwiftCompile normal armv7k /Users/admin/builder/spi-builder-workspace/.dependencies/checkouts/swift-collections/Sources/DequeModule/RigidDeque/RigidDeque+Consumption.swift (in target 'DequeModule' from project 'swift-collections')
    cd /Users/admin/builder/spi-builder-workspace/.swiftpm/xcode

SwiftCompile normal armv7k /Users/admin/builder/spi-builder-workspace/.dependencies/checkouts/swift-collections/Sources/DequeModule/RigidDeque/RigidDeque+Container.swift (in target 'DequeModule' from project 'swift-collections')
    cd /Users/admin/builder/spi-builder-workspace/.swiftpm/xcode

SwiftCompile normal armv7k /Users/admin/builder/spi-builder-workspace/.dependencies/checkouts/swift-collections/Sources/DequeModule/RigidDeque/RigidDeque+Descriptions.swift (in target 'DequeModule' from project 'swift-collections')
    cd /Users/admin/builder/spi-builder-workspace/.swiftpm/xcode

SwiftCompile normal armv7k /Users/admin/builder/spi-builder-workspace/.dependencies/checkouts/swift-collections/Sources/DequeModule/RigidDeque/RigidDeque+Equatable.swift (in target 'DequeModule' from project 'swift-collections')
    cd /Users/admin/builder/spi-builder-workspace/.swiftpm/xcode

SwiftCompile normal armv7k /Users/admin/builder/spi-builder-workspace/.dependencies/checkouts/swift-collections/Sources/DequeModule/RigidDeque/RigidDeque+Experimental.swift (in target 'DequeModule' from project 'swift-collections')
    cd /Users/admin/builder/spi-builder-workspace/.swiftpm/xcode

SwiftDriverJobDiscovery normal arm64 Compiling UniqueDeque+Equatable.swift, UniqueDeque+Experimental.swift, UniqueDeque+Hashable.swift, UniqueDeque+Initializers.swift (in target 'DequeModule' from project 'swift-collections')
SwiftCompile normal arm64 Compiling\ UniqueDeque+Insertions.swift,\ UniqueDeque+Prepend.swift,\ UniqueDeque+Removals.swift,\ UniqueDeque+Replacements.swift /Users/admin/builder/spi-builder-workspace/.dependencies/checkouts/swift-collections/Sources/DequeModule/UniqueDeque/UniqueDeque+Insertions.swift /Users/admin/builder/spi-builder-workspace/.dependencies/checkouts/swift-collections/Sources/DequeModule/UniqueDeque/UniqueDeque+Prepend.swift /Users/admin/builder/spi-builder-workspace/.dependencies/checkouts/swift-collections/Sources/DequeModule/UniqueDeque/UniqueDeque+Removals.swift /Users/admin/builder/spi-builder-workspace/.dependencies/checkouts/swift-collections/Sources/DequeModule/UniqueDeque/UniqueDeque+Replacements.swift (in target 'DequeModule' from project 'swift-collections')
SwiftCompile normal arm64 /Users/admin/builder/spi-builder-workspace/.dependencies/checkouts/swift-collections/Sources/DequeModule/UniqueDeque/UniqueDeque+Insertions.swift (in target 'DequeModule' from project 'swift-collections')
    cd /Users/admin/builder/spi-builder-workspace/.swiftpm/xcode

SwiftCompile normal arm64 /Users/admin/builder/spi-builder-workspace/.dependencies/checkouts/swift-collections/Sources/DequeModule/UniqueDeque/UniqueDeque+Prepend.swift (in target 'DequeModule' from project 'swift-collections')
    cd /Users/admin/builder/spi-builder-workspace/.swiftpm/xcode

SwiftCompile normal arm64 /Users/admin/builder/spi-builder-workspace/.dependencies/checkouts/swift-collections/Sources/DequeModule/UniqueDeque/UniqueDeque+Removals.swift (in target 'DequeModule' from project 'swift-collections')
    cd /Users/admin/builder/spi-builder-workspace/.swiftpm/xcode

SwiftCompile normal arm64 /Users/admin/builder/spi-builder-workspace/.dependencies/checkouts/swift-collections/Sources/DequeModule/UniqueDeque/UniqueDeque+Replacements.swift (in target 'DequeModule' from project 'swift-collections')
    cd /Users/admin/builder/spi-builder-workspace/.swiftpm/xcode

SwiftDriverJobDiscovery normal arm64_32 Compiling UniqueDeque.swift, _DequeSlot.swift, _UnsafeDequeHandle.swift, _UnsafeDequeSegments.swift (in target 'DequeModule' from project 'swift-collections')
SwiftCompile normal armv7k Compiling\ UniqueDeque.swift,\ _DequeSlot.swift,\ _UnsafeDequeHandle.swift,\ _UnsafeDequeSegments.swift /Users/admin/builder/spi-builder-workspace/.dependencies/checkouts/swift-collections/Sources/DequeModule/UniqueDeque/UniqueDeque.swift /Users/admin/builder/spi-builder-workspace/.dependencies/checkouts/swift-collections/Sources/DequeModule/_DequeSlot.swift /Users/admin/builder/spi-builder-workspace/.dependencies/checkouts/swift-collections/Sources/DequeModule/_UnsafeDequeHandle.swift /Users/admin/builder/spi-builder-workspace/.dependencies/checkouts/swift-collections/Sources/DequeModule/_UnsafeDequeSegments.swift (in target 'DequeModule' from project 'swift-collections')
SwiftCompile normal armv7k /Users/admin/builder/spi-builder-workspace/.dependencies/checkouts/swift-collections/Sources/DequeModule/UniqueDeque/UniqueDeque.swift (in target 'DequeModule' from project 'swift-collections')
    cd /Users/admin/builder/spi-builder-workspace/.swiftpm/xcode

SwiftCompile normal armv7k /Users/admin/builder/spi-builder-workspace/.dependencies/checkouts/swift-collections/Sources/DequeModule/_DequeSlot.swift (in target 'DequeModule' from project 'swift-collections')
    cd /Users/admin/builder/spi-builder-workspace/.swiftpm/xcode

SwiftCompile normal armv7k /Users/admin/builder/spi-builder-workspace/.dependencies/checkouts/swift-collections/Sources/DequeModule/_UnsafeDequeHandle.swift (in target 'DequeModule' from project 'swift-collections')
    cd /Users/admin/builder/spi-builder-workspace/.swiftpm/xcode

SwiftCompile normal armv7k /Users/admin/builder/spi-builder-workspace/.dependencies/checkouts/swift-collections/Sources/DequeModule/_UnsafeDequeSegments.swift (in target 'DequeModule' from project 'swift-collections')
    cd /Users/admin/builder/spi-builder-workspace/.swiftpm/xcode

SwiftDriverJobDiscovery normal arm64 Compiling Deque._UnsafeHandle.swift, Deque.swift, _DequeBuffer.swift, _DequeBufferHeader.swift, RigidDeque+Append.swift (in target 'DequeModule' from project 'swift-collections')
SwiftDriver\ Compilation ContainersPreview normal armv7k com.apple.xcode.tools.swift.compiler (in target 'ContainersPreview' from project 'swift-collections')
    cd /Users/admin/builder/spi-builder-workspace/.swiftpm/xcode
    builtin-Swift-Compilation -- /Applications/Xcode-16.3.0.app/Contents/Developer/Toolchains/XcodeDefault.xctoolchain/usr/bin/swiftc -module-name ContainersPreview -Onone -enforce-exclusivity\=checked @/Users/admin/builder/spi-builder-workspace/.derivedData/Build/Intermediates.noindex/swift-collections.build/Debug-watchos/ContainersPreview.build/Objects-normal/armv7k/ContainersPreview.SwiftFileList -DSWIFT_PACKAGE -DDEBUG -DCOLLECTIONS_RANDOMIZED_TESTING -DXcode -enable-experimental-feature AvailabilityMacro\=SwiftStdlib\ 5.0:\ macOS\ 10.14.4,\ iOS\ 12.2,\ watchOS\ 5.2,\ tvOS\ 12.2 -enable-experimental-feature AvailabilityMacro\=SwiftStdlib\ 5.1:\ macOS\ 10.15,\ iOS\ 13.0,\ watchOS\ 6.0,\ tvOS\ 13.0 -enable-experimental-feature AvailabilityMacro\=SwiftStdlib\ 5.6:\ macOS\ 12.3,\ iOS\ 15.4,\ watchOS\ 8.5,\ tvOS\ 15.4 -enable-experimental-feature AvailabilityMacro\=SwiftStdlib\ 5.8:\ macOS\ 13.3,\ iOS\ 16.4,\ watchOS\ 9.4,\ tvOS\ 16.4 -enable-experimental-feature AvailabilityMacro\=SwiftStdlib\ 5.9:\ macOS\ 14.0,\ iOS\ 17.0,\ watchOS\ 10.0,\ tvOS\ 17.0 -enable-experimental-feature AvailabilityMacro\=SwiftStdlib\ 5.10:\ macOS\ 14.4,\ iOS\ 17.4,\ watchOS\ 10.4,\ tvOS\ 17.4,\ visionOS\ 1.1 -enable-experimental-feature AvailabilityMacro\=SwiftStdlib\ 6.0:\ macOS\ 15.0,\ iOS\ 18.0,\ watchOS\ 11.0,\ tvOS\ 18.0,\ visionOS\ 2.0 -enable-experimental-feature AvailabilityMacro\=SwiftStdlib\ 6.1:\ macOS\ 15.4,\ iOS\ 18.4,\ watchOS\ 11.4,\ tvOS\ 18.4,\ visionOS\ 2.4 -enable-experimental-feature AvailabilityMacro\=SwiftStdlib\ 6.2:\ macOS\ 26.0,\ iOS\ 26.0,\ watchOS\ 26.0,\ tvOS\ 26.0,\ visionOS\ 26.0 -enable-experimental-feature AvailabilityMacro\=SwiftStdlib\ 6.3:\ macOS\ 26.4,\ iOS\ 26.4,\ watchOS\ 26.4,\ tvOS\ 26.4,\ visionOS\ 26.4 -enable-experimental-feature AvailabilityMacro\=SwiftStdlib\ 6.4:\ macOS\ 9999,\ iOS\ 9999,\ watchOS\ 9999,\ tvOS\ 9999,\ visionOS\ 9999 -enable-experimental-feature AvailabilityMacro\=SwiftStdlib\ 6.5:\ macOS\ 9999,\ iOS\ 9999,\ watchOS\ 9999,\ tvOS\ 9999,\ visionOS\ 9999 -enable-upcoming-feature MemberImportVisibility -enable-experimental-feature BuiltinModule -plugin-path /Applications/Xcode-16.3.0.app/Contents/Developer/Toolchains/XcodeDefault.xctoolchain/usr/lib/swift/host/plugins/testing -enable-experimental-feature DebugDescriptionMacro -sdk /Applications/Xcode-16.3.0.app/Contents/Developer/Platforms/WatchOS.platform/Developer/SDKs/WatchOS11.4.sdk -target armv7k-apple-watchos5.0 -g -module-cache-path /Users/admin/builder/spi-builder-workspace/.derivedData/ModuleCache.noindex -Xfrontend -serialize-debugging-options -profile-coverage-mapping -profile-generate -enable-testing -suppress-warnings -index-store-path /Users/admin/builder/spi-builder-workspace/.derivedData/Index.noindex/DataStore -swift-version 6 -I /Users/admin/builder/spi-builder-workspace/.derivedData/Build/Products/Debug-watchos -I /Applications/Xcode-16.3.0.app/Contents/Developer/Platforms/WatchOS.platform/Developer/usr/lib -F /Users/admin/builder/spi-builder-workspace/.derivedData/Build/Products/Debug-watchos/PackageFrameworks -F /Users/admin/builder/spi-builder-workspace/.derivedData/Build/Products/Debug-watchos -F /Applications/Xcode-16.3.0.app/Contents/Developer/Platforms/WatchOS.platform/Developer/Library/Frameworks -F /Applications/Xcode-16.3.0.app/Contents/Developer/Platforms/WatchOS.platform/Developer/SDKs/WatchOS11.4.sdk/Developer/Library/Frameworks -c -j10 -enable-batch-mode -incremental -Xcc -ivfsstatcache -Xcc /Users/admin/builder/spi-builder-workspace/.derivedData/SDKStatCaches.noindex/watchos11.4-22T246-43efb940ff07ba2497b70ec94253f576.sdkstatcache -output-file-map /Users/admin/builder/spi-builder-workspace/.derivedData/Build/Intermediates.noindex/swift-collections.build/Debug-watchos/ContainersPreview.build/Objects-normal/armv7k/ContainersPreview-OutputFileMap.json -use-frontend-parseable-output -save-temps -no-color-diagnostics -serialize-diagnostics -emit-dependencies -emit-module -emit-module-path /Users/admin/builder/spi-builder-workspace/.derivedData/Build/Intermediates.noindex/swift-collections.build/Debug-watchos/ContainersPreview.build/Objects-normal/armv7k/ContainersPreview.swiftmodule -user-module-version 1.6.0 -validate-clang-modules-once -clang-build-session-file /Users/admin/builder/spi-builder-workspace/.derivedData/ModuleCache.noindex/Session.modulevalidation -package-name swift_collections -Xcc -I/Users/admin/builder/spi-builder-workspace/.derivedData/Build/Intermediates.noindex/swift-collections.build/Debug-watchos/ContainersPreview.build/swift-overrides.hmap -emit-const-values -Xfrontend -const-gather-protocols-file -Xfrontend /Users/admin/builder/spi-builder-workspace/.derivedData/Build/Intermediates.noindex/swift-collections.build/Debug-watchos/ContainersPreview.build/Objects-normal/armv7k/ContainersPreview_const_extract_protocols.json -Xcc -I/Users/admin/builder/spi-builder-workspace/.derivedData/Build/Products/Debug-watchos/include -Xcc -I/Users/admin/builder/spi-builder-workspace/.derivedData/Build/Intermediates.noindex/swift-collections.build/Debug-watchos/ContainersPreview.build/DerivedSources-normal/armv7k -Xcc -I/Users/admin/builder/spi-builder-workspace/.derivedData/Build/Intermediates.noindex/swift-collections.build/Debug-watchos/ContainersPreview.build/DerivedSources/armv7k -Xcc -I/Users/admin/builder/spi-builder-workspace/.derivedData/Build/Intermediates.noindex/swift-collections.build/Debug-watchos/ContainersPreview.build/DerivedSources -Xcc -DSWIFT_PACKAGE -Xcc -DDEBUG\=1 -emit-objc-header -emit-objc-header-path /Users/admin/builder/spi-builder-workspace/.derivedData/Build/Intermediates.noindex/swift-collections.build/Debug-watchos/ContainersPreview.build/Objects-normal/armv7k/ContainersPreview-Swift.h -working-directory /Users/admin/builder/spi-builder-workspace/.swiftpm/xcode -experimental-emit-module-separately -disable-cmo
SwiftDriverJobDiscovery normal arm64_32 Compiling Deque+Codable.swift, Deque+Collection.swift, Deque+CustomReflectable.swift, Deque+Descriptions.swift, Deque+Equatable.swift (in target 'DequeModule' from project 'swift-collections')
SwiftDriverJobDiscovery normal armv7k Compiling RigidDeque+Consumption.swift, RigidDeque+Container.swift, RigidDeque+Descriptions.swift, RigidDeque+Equatable.swift, RigidDeque+Experimental.swift (in target 'DequeModule' from project 'swift-collections')
SwiftDriverJobDiscovery normal arm64 Compiling UniqueDeque+Insertions.swift, UniqueDeque+Prepend.swift, UniqueDeque+Removals.swift, UniqueDeque+Replacements.swift (in target 'DequeModule' from project 'swift-collections')
SwiftDriverJobDiscovery normal arm64_32 Compiling Deque+ExpressibleByArrayLiteral.swift, Deque+Extras.swift, Deque+Hashable.swift, Deque+Testing.swift, Deque._Storage.swift (in target 'DequeModule' from project 'swift-collections')
SwiftCompile normal arm64_32 Compiling\ BorrowingSequence.swift,\ BidirectionalContainer.swift,\ Container+Filter.swift,\ Container+SpanwiseZip.swift /Users/admin/builder/spi-builder-workspace/.dependencies/checkouts/swift-collections/Sources/ContainersPreview/Protocols/BorrowingSequence.swift /Users/admin/builder/spi-builder-workspace/.dependencies/checkouts/swift-collections/Sources/ContainersPreview/Protocols/Container/BidirectionalContainer.swift /Users/admin/builder/spi-builder-workspace/.dependencies/checkouts/swift-collections/Sources/ContainersPreview/Protocols/Container/Container+Filter.swift /Users/admin/builder/spi-builder-workspace/.dependencies/checkouts/swift-collections/Sources/ContainersPreview/Protocols/Container/Container+SpanwiseZip.swift (in target 'ContainersPreview' from project 'swift-collections')
SwiftCompile normal arm64_32 /Users/admin/builder/spi-builder-workspace/.dependencies/checkouts/swift-collections/Sources/ContainersPreview/Protocols/BorrowingSequence.swift (in target 'ContainersPreview' from project 'swift-collections')
    cd /Users/admin/builder/spi-builder-workspace/.swiftpm/xcode

SwiftCompile normal arm64_32 /Users/admin/builder/spi-builder-workspace/.dependencies/checkouts/swift-collections/Sources/ContainersPreview/Protocols/Container/BidirectionalContainer.swift (in target 'ContainersPreview' from project 'swift-collections')
    cd /Users/admin/builder/spi-builder-workspace/.swiftpm/xcode

SwiftCompile normal arm64_32 /Users/admin/builder/spi-builder-workspace/.dependencies/checkouts/swift-collections/Sources/ContainersPreview/Protocols/Container/Container+Filter.swift (in target 'ContainersPreview' from project 'swift-collections')
    cd /Users/admin/builder/spi-builder-workspace/.swiftpm/xcode

SwiftCompile normal arm64_32 /Users/admin/builder/spi-builder-workspace/.dependencies/checkouts/swift-collections/Sources/ContainersPreview/Protocols/Container/Container+SpanwiseZip.swift (in target 'ContainersPreview' from project 'swift-collections')
    cd /Users/admin/builder/spi-builder-workspace/.swiftpm/xcode

SwiftCompile normal arm64_32 Compiling\ Producer.swift,\ InputSpan.swift,\ MutableRef.swift,\ Ref.swift /Users/admin/builder/spi-builder-workspace/.dependencies/checkouts/swift-collections/Sources/ContainersPreview/Protocols/Producer.swift /Users/admin/builder/spi-builder-workspace/.dependencies/checkouts/swift-collections/Sources/ContainersPreview/Types/InputSpan.swift /Users/admin/builder/spi-builder-workspace/.dependencies/checkouts/swift-collections/Sources/ContainersPreview/Types/MutableRef.swift /Users/admin/builder/spi-builder-workspace/.dependencies/checkouts/swift-collections/Sources/ContainersPreview/Types/Ref.swift (in target 'ContainersPreview' from project 'swift-collections')
SwiftCompile normal arm64_32 /Users/admin/builder/spi-builder-workspace/.dependencies/checkouts/swift-collections/Sources/ContainersPreview/Protocols/Producer.swift (in target 'ContainersPreview' from project 'swift-collections')
    cd /Users/admin/builder/spi-builder-workspace/.swiftpm/xcode

SwiftCompile normal arm64_32 /Users/admin/builder/spi-builder-workspace/.dependencies/checkouts/swift-collections/Sources/ContainersPreview/Types/InputSpan.swift (in target 'ContainersPreview' from project 'swift-collections')
    cd /Users/admin/builder/spi-builder-workspace/.swiftpm/xcode

SwiftCompile normal arm64_32 /Users/admin/builder/spi-builder-workspace/.dependencies/checkouts/swift-collections/Sources/ContainersPreview/Types/MutableRef.swift (in target 'ContainersPreview' from project 'swift-collections')
    cd /Users/admin/builder/spi-builder-workspace/.swiftpm/xcode

SwiftCompile normal arm64_32 /Users/admin/builder/spi-builder-workspace/.dependencies/checkouts/swift-collections/Sources/ContainersPreview/Types/Ref.swift (in target 'ContainersPreview' from project 'swift-collections')
    cd /Users/admin/builder/spi-builder-workspace/.swiftpm/xcode

SwiftCompile normal arm64_32 Compiling\ Container.swift,\ ContainerIterator.swift,\ DynamicContainer.swift,\ MutableContainer.swift /Users/admin/builder/spi-builder-workspace/.dependencies/checkouts/swift-collections/Sources/ContainersPreview/Protocols/Container/Container.swift /Users/admin/builder/spi-builder-workspace/.dependencies/checkouts/swift-collections/Sources/ContainersPreview/Protocols/Container/ContainerIterator.swift /Users/admin/builder/spi-builder-workspace/.dependencies/checkouts/swift-collections/Sources/ContainersPreview/Protocols/Container/DynamicContainer.swift /Users/admin/builder/spi-builder-workspace/.dependencies/checkouts/swift-collections/Sources/ContainersPreview/Protocols/Container/MutableContainer.swift (in target 'ContainersPreview' from project 'swift-collections')
SwiftCompile normal arm64_32 /Users/admin/builder/spi-builder-workspace/.dependencies/checkouts/swift-collections/Sources/ContainersPreview/Protocols/Container/Container.swift (in target 'ContainersPreview' from project 'swift-collections')
    cd /Users/admin/builder/spi-builder-workspace/.swiftpm/xcode

SwiftCompile normal arm64_32 /Users/admin/builder/spi-builder-workspace/.dependencies/checkouts/swift-collections/Sources/ContainersPreview/Protocols/Container/ContainerIterator.swift (in target 'ContainersPreview' from project 'swift-collections')
    cd /Users/admin/builder/spi-builder-workspace/.swiftpm/xcode

SwiftCompile normal arm64_32 /Users/admin/builder/spi-builder-workspace/.dependencies/checkouts/swift-collections/Sources/ContainersPreview/Protocols/Container/DynamicContainer.swift (in target 'ContainersPreview' from project 'swift-collections')
    cd /Users/admin/builder/spi-builder-workspace/.swiftpm/xcode

SwiftCompile normal arm64_32 /Users/admin/builder/spi-builder-workspace/.dependencies/checkouts/swift-collections/Sources/ContainersPreview/Protocols/Container/MutableContainer.swift (in target 'ContainersPreview' from project 'swift-collections')
    cd /Users/admin/builder/spi-builder-workspace/.swiftpm/xcode

SwiftCompile normal arm64_32 Compiling\ BorrowingIteratorProtocol.swift,\ BorrowingSequence+Algorithms.swift,\ BorrowingSequence+Standard\ Conformances.swift,\ BorrowingSequence+Utilities.swift /Users/admin/builder/spi-builder-workspace/.dependencies/checkouts/swift-collections/Sources/ContainersPreview/Protocols/BorrowingIteratorProtocol.swift /Users/admin/builder/spi-builder-workspace/.dependencies/checkouts/swift-collections/Sources/ContainersPreview/Protocols/BorrowingSequence+Algorithms.swift /Users/admin/builder/spi-builder-workspace/.dependencies/checkouts/swift-collections/Sources/ContainersPreview/Protocols/BorrowingSequence+Standard\ Conformances.swift /Users/admin/builder/spi-builder-workspace/.dependencies/checkouts/swift-collections/Sources/ContainersPreview/Protocols/BorrowingSequence+Utilities.swift (in target 'ContainersPreview' from project 'swift-collections')
SwiftCompile normal arm64_32 /Users/admin/builder/spi-builder-workspace/.dependencies/checkouts/swift-collections/Sources/ContainersPreview/Protocols/BorrowingIteratorProtocol.swift (in target 'ContainersPreview' from project 'swift-collections')
    cd /Users/admin/builder/spi-builder-workspace/.swiftpm/xcode

SwiftCompile normal arm64_32 /Users/admin/builder/spi-builder-workspace/.dependencies/checkouts/swift-collections/Sources/ContainersPreview/Protocols/BorrowingSequence+Algorithms.swift (in target 'ContainersPreview' from project 'swift-collections')
    cd /Users/admin/builder/spi-builder-workspace/.swiftpm/xcode

SwiftCompile normal arm64_32 /Users/admin/builder/spi-builder-workspace/.dependencies/checkouts/swift-collections/Sources/ContainersPreview/Protocols/BorrowingSequence+Standard\ Conformances.swift (in target 'ContainersPreview' from project 'swift-collections')
    cd /Users/admin/builder/spi-builder-workspace/.swiftpm/xcode

SwiftCompile normal arm64_32 /Users/admin/builder/spi-builder-workspace/.dependencies/checkouts/swift-collections/Sources/ContainersPreview/Protocols/BorrowingSequence+Utilities.swift (in target 'ContainersPreview' from project 'swift-collections')
    cd /Users/admin/builder/spi-builder-workspace/.swiftpm/xcode

SwiftCompile normal arm64_32 Compiling\ Shared.swift,\ SpanIterator.swift,\ UniqueBox.swift /Users/admin/builder/spi-builder-workspace/.dependencies/checkouts/swift-collections/Sources/ContainersPreview/Types/Shared.swift /Users/admin/builder/spi-builder-workspace/.dependencies/checkouts/swift-collections/Sources/ContainersPreview/Types/SpanIterator.swift /Users/admin/builder/spi-builder-workspace/.dependencies/checkouts/swift-collections/Sources/ContainersPreview/Types/UniqueBox.swift (in target 'ContainersPreview' from project 'swift-collections')
SwiftCompile normal arm64_32 /Users/admin/builder/spi-builder-workspace/.dependencies/checkouts/swift-collections/Sources/ContainersPreview/Types/Shared.swift (in target 'ContainersPreview' from project 'swift-collections')
    cd /Users/admin/builder/spi-builder-workspace/.swiftpm/xcode

SwiftCompile normal arm64_32 /Users/admin/builder/spi-builder-workspace/.dependencies/checkouts/swift-collections/Sources/ContainersPreview/Types/SpanIterator.swift (in target 'ContainersPreview' from project 'swift-collections')
    cd /Users/admin/builder/spi-builder-workspace/.swiftpm/xcode

SwiftCompile normal arm64_32 /Users/admin/builder/spi-builder-workspace/.dependencies/checkouts/swift-collections/Sources/ContainersPreview/Types/UniqueBox.swift (in target 'ContainersPreview' from project 'swift-collections')
    cd /Users/admin/builder/spi-builder-workspace/.swiftpm/xcode

SwiftDriverJobDiscovery normal arm64 Compiling Deque+ExpressibleByArrayLiteral.swift, Deque+Extras.swift, Deque+Hashable.swift, Deque+Testing.swift, Deque._Storage.swift (in target 'DequeModule' from project 'swift-collections')
SwiftCompile normal arm64_32 Compiling\ Strideable+Limits.swift,\ Drain+Map.swift,\ Drain+Reduce.swift,\ Drain.swift /Users/admin/builder/spi-builder-workspace/.dependencies/checkouts/swift-collections/Sources/ContainersPreview/Protocols/Container/Strideable+Limits.swift /Users/admin/builder/spi-builder-workspace/.dependencies/checkouts/swift-collections/Sources/ContainersPreview/Protocols/Drain+Map.swift /Users/admin/builder/spi-builder-workspace/.dependencies/checkouts/swift-collections/Sources/ContainersPreview/Protocols/Drain+Reduce.swift /Users/admin/builder/spi-builder-workspace/.dependencies/checkouts/swift-collections/Sources/ContainersPreview/Protocols/Drain.swift (in target 'ContainersPreview' from project 'swift-collections')
SwiftCompile normal arm64_32 /Users/admin/builder/spi-builder-workspace/.dependencies/checkouts/swift-collections/Sources/ContainersPreview/Protocols/Container/Strideable+Limits.swift (in target 'ContainersPreview' from project 'swift-collections')
    cd /Users/admin/builder/spi-builder-workspace/.swiftpm/xcode

SwiftCompile normal arm64_32 /Users/admin/builder/spi-builder-workspace/.dependencies/checkouts/swift-collections/Sources/ContainersPreview/Protocols/Drain+Map.swift (in target 'ContainersPreview' from project 'swift-collections')
    cd /Users/admin/builder/spi-builder-workspace/.swiftpm/xcode

SwiftCompile normal arm64_32 /Users/admin/builder/spi-builder-workspace/.dependencies/checkouts/swift-collections/Sources/ContainersPreview/Protocols/Drain+Reduce.swift (in target 'ContainersPreview' from project 'swift-collections')
    cd /Users/admin/builder/spi-builder-workspace/.swiftpm/xcode

SwiftCompile normal arm64_32 /Users/admin/builder/spi-builder-workspace/.dependencies/checkouts/swift-collections/Sources/ContainersPreview/Protocols/Drain.swift (in target 'ContainersPreview' from project 'swift-collections')
    cd /Users/admin/builder/spi-builder-workspace/.swiftpm/xcode

SwiftDriverJobDiscovery normal armv7k Emitting module for DequeModule (in target 'DequeModule' from project 'swift-collections')
SwiftDriver\ Compilation\ Requirements DequeModule normal armv7k com.apple.xcode.tools.swift.compiler (in target 'DequeModule' from project 'swift-collections')
    cd /Users/admin/builder/spi-builder-workspace/.swiftpm/xcode
    builtin-Swift-Compilation-Requirements -- /Applications/Xcode-16.3.0.app/Contents/Developer/Toolchains/XcodeDefault.xctoolchain/usr/bin/swiftc -module-name DequeModule -Onone -enforce-exclusivity\=checked @/Users/admin/builder/spi-builder-workspace/.derivedData/Build/Intermediates.noindex/swift-collections.build/Debug-watchos/DequeModule.build/Objects-normal/armv7k/DequeModule.SwiftFileList -DSWIFT_PACKAGE -DDEBUG -DCOLLECTIONS_RANDOMIZED_TESTING -DXcode -enable-experimental-feature AvailabilityMacro\=SwiftStdlib\ 5.0:\ macOS\ 10.14.4,\ iOS\ 12.2,\ watchOS\ 5.2,\ tvOS\ 12.2 -enable-experimental-feature AvailabilityMacro\=SwiftStdlib\ 5.1:\ macOS\ 10.15,\ iOS\ 13.0,\ watchOS\ 6.0,\ tvOS\ 13.0 -enable-experimental-feature AvailabilityMacro\=SwiftStdlib\ 5.6:\ macOS\ 12.3,\ iOS\ 15.4,\ watchOS\ 8.5,\ tvOS\ 15.4 -enable-experimental-feature AvailabilityMacro\=SwiftStdlib\ 5.8:\ macOS\ 13.3,\ iOS\ 16.4,\ watchOS\ 9.4,\ tvOS\ 16.4 -enable-experimental-feature AvailabilityMacro\=SwiftStdlib\ 5.9:\ macOS\ 14.0,\ iOS\ 17.0,\ watchOS\ 10.0,\ tvOS\ 17.0 -enable-experimental-feature AvailabilityMacro\=SwiftStdlib\ 5.10:\ macOS\ 14.4,\ iOS\ 17.4,\ watchOS\ 10.4,\ tvOS\ 17.4,\ visionOS\ 1.1 -enable-experimental-feature AvailabilityMacro\=SwiftStdlib\ 6.0:\ macOS\ 15.0,\ iOS\ 18.0,\ watchOS\ 11.0,\ tvOS\ 18.0,\ visionOS\ 2.0 -enable-experimental-feature AvailabilityMacro\=SwiftStdlib\ 6.1:\ macOS\ 15.4,\ iOS\ 18.4,\ watchOS\ 11.4,\ tvOS\ 18.4,\ visionOS\ 2.4 -enable-experimental-feature AvailabilityMacro\=SwiftStdlib\ 6.2:\ macOS\ 26.0,\ iOS\ 26.0,\ watchOS\ 26.0,\ tvOS\ 26.0,\ visionOS\ 26.0 -enable-experimental-feature AvailabilityMacro\=SwiftStdlib\ 6.3:\ macOS\ 26.4,\ iOS\ 26.4,\ watchOS\ 26.4,\ tvOS\ 26.4,\ visionOS\ 26.4 -enable-experimental-feature AvailabilityMacro\=SwiftStdlib\ 6.4:\ macOS\ 9999,\ iOS\ 9999,\ watchOS\ 9999,\ tvOS\ 9999,\ visionOS\ 9999 -enable-experimental-feature AvailabilityMacro\=SwiftStdlib\ 6.5:\ macOS\ 9999,\ iOS\ 9999,\ watchOS\ 9999,\ tvOS\ 9999,\ visionOS\ 9999 -enable-upcoming-feature MemberImportVisibility -enable-experimental-feature BuiltinModule -plugin-path /Applications/Xcode-16.3.0.app/Contents/Developer/Toolchains/XcodeDefault.xctoolchain/usr/lib/swift/host/plugins/testing -enable-experimental-feature DebugDescriptionMacro -sdk /Applications/Xcode-16.3.0.app/Contents/Developer/Platforms/WatchOS.platform/Developer/SDKs/WatchOS11.4.sdk -target armv7k-apple-watchos5.0 -g -module-cache-path /Users/admin/builder/spi-builder-workspace/.derivedData/ModuleCache.noindex -Xfrontend -serialize-debugging-options -profile-coverage-mapping -profile-generate -enable-testing -suppress-warnings -index-store-path /Users/admin/builder/spi-builder-workspace/.derivedData/Index.noindex/DataStore -swift-version 6 -I /Users/admin/builder/spi-builder-workspace/.derivedData/Build/Products/Debug-watchos -I /Applications/Xcode-16.3.0.app/Contents/Developer/Platforms/WatchOS.platform/Developer/usr/lib -F /Users/admin/builder/spi-builder-workspace/.derivedData/Build/Products/Debug-watchos/PackageFrameworks -F /Users/admin/builder/spi-builder-workspace/.derivedData/Build/Products/Debug-watchos/PackageFrameworks -F /Users/admin/builder/spi-builder-workspace/.derivedData/Build/Products/Debug-watchos -F /Applications/Xcode-16.3.0.app/Contents/Developer/Platforms/WatchOS.platform/Developer/Library/Frameworks -F /Applications/Xcode-16.3.0.app/Contents/Developer/Platforms/WatchOS.platform/Developer/SDKs/WatchOS11.4.sdk/Developer/Library/Frameworks -c -j10 -enable-batch-mode -incremental -Xcc -ivfsstatcache -Xcc /Users/admin/builder/spi-builder-workspace/.derivedData/SDKStatCaches.noindex/watchos11.4-22T246-43efb940ff07ba2497b70ec94253f576.sdkstatcache -output-file-map /Users/admin/builder/spi-builder-workspace/.derivedData/Build/Intermediates.noindex/swift-collections.build/Debug-watchos/DequeModule.build/Objects-normal/armv7k/DequeModule-OutputFileMap.json -use-frontend-parseable-output -save-temps -no-color-diagnostics -serialize-diagnostics -emit-dependencies -emit-module -emit-module-path /Users/admin/builder/spi-builder-workspace/.derivedData/Build/Intermediates.noindex/swift-collections.build/Debug-watchos/DequeModule.build/Objects-normal/armv7k/DequeModule.swiftmodule -user-module-version 1.6.0 -validate-clang-modules-once -clang-build-session-file /Users/admin/builder/spi-builder-workspace/.derivedData/ModuleCache.noindex/Session.modulevalidation -package-name swift_collections -Xcc -I/Users/admin/builder/spi-builder-workspace/.derivedData/Build/Intermediates.noindex/swift-collections.build/Debug-watchos/DequeModule.build/swift-overrides.hmap -emit-const-values -Xfrontend -const-gather-protocols-file -Xfrontend /Users/admin/builder/spi-builder-workspace/.derivedData/Build/Intermediates.noindex/swift-collections.build/Debug-watchos/DequeModule.build/Objects-normal/armv7k/DequeModule_const_extract_protocols.json -Xcc -I/Users/admin/builder/spi-builder-workspace/.derivedData/Build/Products/Debug-watchos/include -Xcc -I/Users/admin/builder/spi-builder-workspace/.derivedData/Build/Intermediates.noindex/swift-collections.build/Debug-watchos/DequeModule.build/DerivedSources-normal/armv7k -Xcc -I/Users/admin/builder/spi-builder-workspace/.derivedData/Build/Intermediates.noindex/swift-collections.build/Debug-watchos/DequeModule.build/DerivedSources/armv7k -Xcc -I/Users/admin/builder/spi-builder-workspace/.derivedData/Build/Intermediates.noindex/swift-collections.build/Debug-watchos/DequeModule.build/DerivedSources -Xcc -DSWIFT_PACKAGE -Xcc -DDEBUG\=1 -emit-objc-header -emit-objc-header-path /Users/admin/builder/spi-builder-workspace/.derivedData/Build/Intermediates.noindex/swift-collections.build/Debug-watchos/DequeModule.build/Objects-normal/armv7k/DequeModule-Swift.h -working-directory /Users/admin/builder/spi-builder-workspace/.swiftpm/xcode -experimental-emit-module-separately -disable-cmo
SwiftDriverJobDiscovery normal arm64_32 Emitting module for DequeModule (in target 'DequeModule' from project 'swift-collections')
SwiftDriver\ Compilation\ Requirements DequeModule normal arm64_32 com.apple.xcode.tools.swift.compiler (in target 'DequeModule' from project 'swift-collections')
    cd /Users/admin/builder/spi-builder-workspace/.swiftpm/xcode
    builtin-Swift-Compilation-Requirements -- /Applications/Xcode-16.3.0.app/Contents/Developer/Toolchains/XcodeDefault.xctoolchain/usr/bin/swiftc -module-name DequeModule -Onone -enforce-exclusivity\=checked @/Users/admin/builder/spi-builder-workspace/.derivedData/Build/Intermediates.noindex/swift-collections.build/Debug-watchos/DequeModule.build/Objects-normal/arm64_32/DequeModule.SwiftFileList -DSWIFT_PACKAGE -DDEBUG -DCOLLECTIONS_RANDOMIZED_TESTING -DXcode -enable-experimental-feature AvailabilityMacro\=SwiftStdlib\ 5.0:\ macOS\ 10.14.4,\ iOS\ 12.2,\ watchOS\ 5.2,\ tvOS\ 12.2 -enable-experimental-feature AvailabilityMacro\=SwiftStdlib\ 5.1:\ macOS\ 10.15,\ iOS\ 13.0,\ watchOS\ 6.0,\ tvOS\ 13.0 -enable-experimental-feature AvailabilityMacro\=SwiftStdlib\ 5.6:\ macOS\ 12.3,\ iOS\ 15.4,\ watchOS\ 8.5,\ tvOS\ 15.4 -enable-experimental-feature AvailabilityMacro\=SwiftStdlib\ 5.8:\ macOS\ 13.3,\ iOS\ 16.4,\ watchOS\ 9.4,\ tvOS\ 16.4 -enable-experimental-feature AvailabilityMacro\=SwiftStdlib\ 5.9:\ macOS\ 14.0,\ iOS\ 17.0,\ watchOS\ 10.0,\ tvOS\ 17.0 -enable-experimental-feature AvailabilityMacro\=SwiftStdlib\ 5.10:\ macOS\ 14.4,\ iOS\ 17.4,\ watchOS\ 10.4,\ tvOS\ 17.4,\ visionOS\ 1.1 -enable-experimental-feature AvailabilityMacro\=SwiftStdlib\ 6.0:\ macOS\ 15.0,\ iOS\ 18.0,\ watchOS\ 11.0,\ tvOS\ 18.0,\ visionOS\ 2.0 -enable-experimental-feature AvailabilityMacro\=SwiftStdlib\ 6.1:\ macOS\ 15.4,\ iOS\ 18.4,\ watchOS\ 11.4,\ tvOS\ 18.4,\ visionOS\ 2.4 -enable-experimental-feature AvailabilityMacro\=SwiftStdlib\ 6.2:\ macOS\ 26.0,\ iOS\ 26.0,\ watchOS\ 26.0,\ tvOS\ 26.0,\ visionOS\ 26.0 -enable-experimental-feature AvailabilityMacro\=SwiftStdlib\ 6.3:\ macOS\ 26.4,\ iOS\ 26.4,\ watchOS\ 26.4,\ tvOS\ 26.4,\ visionOS\ 26.4 -enable-experimental-feature AvailabilityMacro\=SwiftStdlib\ 6.4:\ macOS\ 9999,\ iOS\ 9999,\ watchOS\ 9999,\ tvOS\ 9999,\ visionOS\ 9999 -enable-experimental-feature AvailabilityMacro\=SwiftStdlib\ 6.5:\ macOS\ 9999,\ iOS\ 9999,\ watchOS\ 9999,\ tvOS\ 9999,\ visionOS\ 9999 -enable-upcoming-feature MemberImportVisibility -enable-experimental-feature BuiltinModule -plugin-path /Applications/Xcode-16.3.0.app/Contents/Developer/Toolchains/XcodeDefault.xctoolchain/usr/lib/swift/host/plugins/testing -enable-experimental-feature DebugDescriptionMacro -sdk /Applications/Xcode-16.3.0.app/Contents/Developer/Platforms/WatchOS.platform/Developer/SDKs/WatchOS11.4.sdk -target arm64_32-apple-watchos5.0 -g -module-cache-path /Users/admin/builder/spi-builder-workspace/.derivedData/ModuleCache.noindex -Xfrontend -serialize-debugging-options -profile-coverage-mapping -profile-generate -enable-testing -suppress-warnings -index-store-path /Users/admin/builder/spi-builder-workspace/.derivedData/Index.noindex/DataStore -swift-version 6 -I /Users/admin/builder/spi-builder-workspace/.derivedData/Build/Products/Debug-watchos -I /Applications/Xcode-16.3.0.app/Contents/Developer/Platforms/WatchOS.platform/Developer/usr/lib -F /Users/admin/builder/spi-builder-workspace/.derivedData/Build/Products/Debug-watchos/PackageFrameworks -F /Users/admin/builder/spi-builder-workspace/.derivedData/Build/Products/Debug-watchos/PackageFrameworks -F /Users/admin/builder/spi-builder-workspace/.derivedData/Build/Products/Debug-watchos -F /Applications/Xcode-16.3.0.app/Contents/Developer/Platforms/WatchOS.platform/Developer/Library/Frameworks -F /Applications/Xcode-16.3.0.app/Contents/Developer/Platforms/WatchOS.platform/Developer/SDKs/WatchOS11.4.sdk/Developer/Library/Frameworks -c -j10 -enable-batch-mode -incremental -Xcc -ivfsstatcache -Xcc /Users/admin/builder/spi-builder-workspace/.derivedData/SDKStatCaches.noindex/watchos11.4-22T246-43efb940ff07ba2497b70ec94253f576.sdkstatcache -output-file-map /Users/admin/builder/spi-builder-workspace/.derivedData/Build/Intermediates.noindex/swift-collections.build/Debug-watchos/DequeModule.build/Objects-normal/arm64_32/DequeModule-OutputFileMap.json -use-frontend-parseable-output -save-temps -no-color-diagnostics -serialize-diagnostics -emit-dependencies -emit-module -emit-module-path /Users/admin/builder/spi-builder-workspace/.derivedData/Build/Intermediates.noindex/swift-collections.build/Debug-watchos/DequeModule.build/Objects-normal/arm64_32/DequeModule.swiftmodule -user-module-version 1.6.0 -validate-clang-modules-once -clang-build-session-file /Users/admin/builder/spi-builder-workspace/.derivedData/ModuleCache.noindex/Session.modulevalidation -package-name swift_collections -Xcc -I/Users/admin/builder/spi-builder-workspace/.derivedData/Build/Intermediates.noindex/swift-collections.build/Debug-watchos/DequeModule.build/swift-overrides.hmap -emit-const-values -Xfrontend -const-gather-protocols-file -Xfrontend /Users/admin/builder/spi-builder-workspace/.derivedData/Build/Intermediates.noindex/swift-collections.build/Debug-watchos/DequeModule.build/Objects-normal/arm64_32/DequeModule_const_extract_protocols.json -Xcc -I/Users/admin/builder/spi-builder-workspace/.derivedData/Build/Products/Debug-watchos/include -Xcc -I/Users/admin/builder/spi-builder-workspace/.derivedData/Build/Intermediates.noindex/swift-collections.build/Debug-watchos/DequeModule.build/DerivedSources-normal/arm64_32 -Xcc -I/Users/admin/builder/spi-builder-workspace/.derivedData/Build/Intermediates.noindex/swift-collections.build/Debug-watchos/DequeModule.build/DerivedSources/arm64_32 -Xcc -I/Users/admin/builder/spi-builder-workspace/.derivedData/Build/Intermediates.noindex/swift-collections.build/Debug-watchos/DequeModule.build/DerivedSources -Xcc -DSWIFT_PACKAGE -Xcc -DDEBUG\=1 -emit-objc-header -emit-objc-header-path /Users/admin/builder/spi-builder-workspace/.derivedData/Build/Intermediates.noindex/swift-collections.build/Debug-watchos/DequeModule.build/Objects-normal/arm64_32/DequeModule-Swift.h -working-directory /Users/admin/builder/spi-builder-workspace/.swiftpm/xcode -experimental-emit-module-separately -disable-cmo
Copy /Users/admin/builder/spi-builder-workspace/.derivedData/Build/Products/Debug-watchos/DequeModule.swiftmodule/armv7k-apple-watchos.swiftmodule /Users/admin/builder/spi-builder-workspace/.derivedData/Build/Intermediates.noindex/swift-collections.build/Debug-watchos/DequeModule.build/Objects-normal/armv7k/DequeModule.swiftmodule (in target 'DequeModule' from project 'swift-collections')
    cd /Users/admin/builder/spi-builder-workspace/.dependencies/checkouts/swift-collections
    builtin-copy -exclude .DS_Store -exclude CVS -exclude .svn -exclude .git -exclude .hg -resolve-src-symlinks -rename /Users/admin/builder/spi-builder-workspace/.derivedData/Build/Intermediates.noindex/swift-collections.build/Debug-watchos/DequeModule.build/Objects-normal/armv7k/DequeModule.swiftmodule /Users/admin/builder/spi-builder-workspace/.derivedData/Build/Products/Debug-watchos/DequeModule.swiftmodule/armv7k-apple-watchos.swiftmodule
Copy /Users/admin/builder/spi-builder-workspace/.derivedData/Build/Products/Debug-watchos/DequeModule.swiftmodule/armv7k-apple-watchos.abi.json /Users/admin/builder/spi-builder-workspace/.derivedData/Build/Intermediates.noindex/swift-collections.build/Debug-watchos/DequeModule.build/Objects-normal/armv7k/DequeModule.abi.json (in target 'DequeModule' from project 'swift-collections')
    cd /Users/admin/builder/spi-builder-workspace/.dependencies/checkouts/swift-collections
    builtin-copy -exclude .DS_Store -exclude CVS -exclude .svn -exclude .git -exclude .hg -resolve-src-symlinks -rename /Users/admin/builder/spi-builder-workspace/.derivedData/Build/Intermediates.noindex/swift-collections.build/Debug-watchos/DequeModule.build/Objects-normal/armv7k/DequeModule.abi.json /Users/admin/builder/spi-builder-workspace/.derivedData/Build/Products/Debug-watchos/DequeModule.swiftmodule/armv7k-apple-watchos.abi.json
SwiftDriverJobDiscovery normal arm64 Emitting module for DequeModule (in target 'DequeModule' from project 'swift-collections')
SwiftDriver\ Compilation\ Requirements DequeModule normal arm64 com.apple.xcode.tools.swift.compiler (in target 'DequeModule' from project 'swift-collections')
    cd /Users/admin/builder/spi-builder-workspace/.swiftpm/xcode
    builtin-Swift-Compilation-Requirements -- /Applications/Xcode-16.3.0.app/Contents/Developer/Toolchains/XcodeDefault.xctoolchain/usr/bin/swiftc -module-name DequeModule -Onone -enforce-exclusivity\=checked @/Users/admin/builder/spi-builder-workspace/.derivedData/Build/Intermediates.noindex/swift-collections.build/Debug-watchos/DequeModule.build/Objects-normal/arm64/DequeModule.SwiftFileList -DSWIFT_PACKAGE -DDEBUG -DCOLLECTIONS_RANDOMIZED_TESTING -DXcode -enable-experimental-feature AvailabilityMacro\=SwiftStdlib\ 5.0:\ macOS\ 10.14.4,\ iOS\ 12.2,\ watchOS\ 5.2,\ tvOS\ 12.2 -enable-experimental-feature AvailabilityMacro\=SwiftStdlib\ 5.1:\ macOS\ 10.15,\ iOS\ 13.0,\ watchOS\ 6.0,\ tvOS\ 13.0 -enable-experimental-feature AvailabilityMacro\=SwiftStdlib\ 5.6:\ macOS\ 12.3,\ iOS\ 15.4,\ watchOS\ 8.5,\ tvOS\ 15.4 -enable-experimental-feature AvailabilityMacro\=SwiftStdlib\ 5.8:\ macOS\ 13.3,\ iOS\ 16.4,\ watchOS\ 9.4,\ tvOS\ 16.4 -enable-experimental-feature AvailabilityMacro\=SwiftStdlib\ 5.9:\ macOS\ 14.0,\ iOS\ 17.0,\ watchOS\ 10.0,\ tvOS\ 17.0 -enable-experimental-feature AvailabilityMacro\=SwiftStdlib\ 5.10:\ macOS\ 14.4,\ iOS\ 17.4,\ watchOS\ 10.4,\ tvOS\ 17.4,\ visionOS\ 1.1 -enable-experimental-feature AvailabilityMacro\=SwiftStdlib\ 6.0:\ macOS\ 15.0,\ iOS\ 18.0,\ watchOS\ 11.0,\ tvOS\ 18.0,\ visionOS\ 2.0 -enable-experimental-feature AvailabilityMacro\=SwiftStdlib\ 6.1:\ macOS\ 15.4,\ iOS\ 18.4,\ watchOS\ 11.4,\ tvOS\ 18.4,\ visionOS\ 2.4 -enable-experimental-feature AvailabilityMacro\=SwiftStdlib\ 6.2:\ macOS\ 26.0,\ iOS\ 26.0,\ watchOS\ 26.0,\ tvOS\ 26.0,\ visionOS\ 26.0 -enable-experimental-feature AvailabilityMacro\=SwiftStdlib\ 6.3:\ macOS\ 26.4,\ iOS\ 26.4,\ watchOS\ 26.4,\ tvOS\ 26.4,\ visionOS\ 26.4 -enable-experimental-feature AvailabilityMacro\=SwiftStdlib\ 6.4:\ macOS\ 9999,\ iOS\ 9999,\ watchOS\ 9999,\ tvOS\ 9999,\ visionOS\ 9999 -enable-experimental-feature AvailabilityMacro\=SwiftStdlib\ 6.5:\ macOS\ 9999,\ iOS\ 9999,\ watchOS\ 9999,\ tvOS\ 9999,\ visionOS\ 9999 -enable-upcoming-feature MemberImportVisibility -enable-experimental-feature BuiltinModule -plugin-path /Applications/Xcode-16.3.0.app/Contents/Developer/Toolchains/XcodeDefault.xctoolchain/usr/lib/swift/host/plugins/testing -enable-experimental-feature DebugDescriptionMacro -sdk /Applications/Xcode-16.3.0.app/Contents/Developer/Platforms/WatchOS.platform/Developer/SDKs/WatchOS11.4.sdk -target arm64-apple-watchos5.0 -g -module-cache-path /Users/admin/builder/spi-builder-workspace/.derivedData/ModuleCache.noindex -Xfrontend -serialize-debugging-options -profile-coverage-mapping -profile-generate -enable-testing -suppress-warnings -index-store-path /Users/admin/builder/spi-builder-workspace/.derivedData/Index.noindex/DataStore -swift-version 6 -I /Users/admin/builder/spi-builder-workspace/.derivedData/Build/Products/Debug-watchos -I /Applications/Xcode-16.3.0.app/Contents/Developer/Platforms/WatchOS.platform/Developer/usr/lib -F /Users/admin/builder/spi-builder-workspace/.derivedData/Build/Products/Debug-watchos/PackageFrameworks -F /Users/admin/builder/spi-builder-workspace/.derivedData/Build/Products/Debug-watchos/PackageFrameworks -F /Users/admin/builder/spi-builder-workspace/.derivedData/Build/Products/Debug-watchos -F /Applications/Xcode-16.3.0.app/Contents/Developer/Platforms/WatchOS.platform/Developer/Library/Frameworks -F /Applications/Xcode-16.3.0.app/Contents/Developer/Platforms/WatchOS.platform/Developer/SDKs/WatchOS11.4.sdk/Developer/Library/Frameworks -c -j10 -enable-batch-mode -incremental -Xcc -ivfsstatcache -Xcc /Users/admin/builder/spi-builder-workspace/.derivedData/SDKStatCaches.noindex/watchos11.4-22T246-43efb940ff07ba2497b70ec94253f576.sdkstatcache -output-file-map /Users/admin/builder/spi-builder-workspace/.derivedData/Build/Intermediates.noindex/swift-collections.build/Debug-watchos/DequeModule.build/Objects-normal/arm64/DequeModule-OutputFileMap.json -use-frontend-parseable-output -save-temps -no-color-diagnostics -serialize-diagnostics -emit-dependencies -emit-module -emit-module-path /Users/admin/builder/spi-builder-workspace/.derivedData/Build/Intermediates.noindex/swift-collections.build/Debug-watchos/DequeModule.build/Objects-normal/arm64/DequeModule.swiftmodule -user-module-version 1.6.0 -validate-clang-modules-once -clang-build-session-file /Users/admin/builder/spi-builder-workspace/.derivedData/ModuleCache.noindex/Session.modulevalidation -package-name swift_collections -Xcc -I/Users/admin/builder/spi-builder-workspace/.derivedData/Build/Intermediates.noindex/swift-collections.build/Debug-watchos/DequeModule.build/swift-overrides.hmap -emit-const-values -Xfrontend -const-gather-protocols-file -Xfrontend /Users/admin/builder/spi-builder-workspace/.derivedData/Build/Intermediates.noindex/swift-collections.build/Debug-watchos/DequeModule.build/Objects-normal/arm64/DequeModule_const_extract_protocols.json -Xcc -I/Users/admin/builder/spi-builder-workspace/.derivedData/Build/Products/Debug-watchos/include -Xcc -I/Users/admin/builder/spi-builder-workspace/.derivedData/Build/Intermediates.noindex/swift-collections.build/Debug-watchos/DequeModule.build/DerivedSources-normal/arm64 -Xcc -I/Users/admin/builder/spi-builder-workspace/.derivedData/Build/Intermediates.noindex/swift-collections.build/Debug-watchos/DequeModule.build/DerivedSources/arm64 -Xcc -I/Users/admin/builder/spi-builder-workspace/.derivedData/Build/Intermediates.noindex/swift-collections.build/Debug-watchos/DequeModule.build/DerivedSources -Xcc -DSWIFT_PACKAGE -Xcc -DDEBUG\=1 -emit-objc-header -emit-objc-header-path /Users/admin/builder/spi-builder-workspace/.derivedData/Build/Intermediates.noindex/swift-collections.build/Debug-watchos/DequeModule.build/Objects-normal/arm64/DequeModule-Swift.h -working-directory /Users/admin/builder/spi-builder-workspace/.swiftpm/xcode -experimental-emit-module-separately -disable-cmo
Copy /Users/admin/builder/spi-builder-workspace/.derivedData/Build/Products/Debug-watchos/DequeModule.swiftmodule/arm64_32-apple-watchos.swiftmodule /Users/admin/builder/spi-builder-workspace/.derivedData/Build/Intermediates.noindex/swift-collections.build/Debug-watchos/DequeModule.build/Objects-normal/arm64_32/DequeModule.swiftmodule (in target 'DequeModule' from project 'swift-collections')
    cd /Users/admin/builder/spi-builder-workspace/.dependencies/checkouts/swift-collections
    builtin-copy -exclude .DS_Store -exclude CVS -exclude .svn -exclude .git -exclude .hg -resolve-src-symlinks -rename /Users/admin/builder/spi-builder-workspace/.derivedData/Build/Intermediates.noindex/swift-collections.build/Debug-watchos/DequeModule.build/Objects-normal/arm64_32/DequeModule.swiftmodule /Users/admin/builder/spi-builder-workspace/.derivedData/Build/Products/Debug-watchos/DequeModule.swiftmodule/arm64_32-apple-watchos.swiftmodule
Copy /Users/admin/builder/spi-builder-workspace/.derivedData/Build/Products/Debug-watchos/DequeModule.swiftmodule/arm64_32-apple-watchos.abi.json /Users/admin/builder/spi-builder-workspace/.derivedData/Build/Intermediates.noindex/swift-collections.build/Debug-watchos/DequeModule.build/Objects-normal/arm64_32/DequeModule.abi.json (in target 'DequeModule' from project 'swift-collections')
    cd /Users/admin/builder/spi-builder-workspace/.dependencies/checkouts/swift-collections
    builtin-copy -exclude .DS_Store -exclude CVS -exclude .svn -exclude .git -exclude .hg -resolve-src-symlinks -rename /Users/admin/builder/spi-builder-workspace/.derivedData/Build/Intermediates.noindex/swift-collections.build/Debug-watchos/DequeModule.build/Objects-normal/arm64_32/DequeModule.abi.json /Users/admin/builder/spi-builder-workspace/.derivedData/Build/Products/Debug-watchos/DequeModule.swiftmodule/arm64_32-apple-watchos.abi.json
SwiftDriverJobDiscovery normal arm64_32 Compiling Container.swift, ContainerIterator.swift, DynamicContainer.swift, MutableContainer.swift (in target 'ContainersPreview' from project 'swift-collections')
SwiftDriver\ Compilation DequeModule normal arm64_32 com.apple.xcode.tools.swift.compiler (in target 'DequeModule' from project 'swift-collections')
    cd /Users/admin/builder/spi-builder-workspace/.swiftpm/xcode
    builtin-Swift-Compilation -- /Applications/Xcode-16.3.0.app/Contents/Developer/Toolchains/XcodeDefault.xctoolchain/usr/bin/swiftc -module-name DequeModule -Onone -enforce-exclusivity\=checked @/Users/admin/builder/spi-builder-workspace/.derivedData/Build/Intermediates.noindex/swift-collections.build/Debug-watchos/DequeModule.build/Objects-normal/arm64_32/DequeModule.SwiftFileList -DSWIFT_PACKAGE -DDEBUG -DCOLLECTIONS_RANDOMIZED_TESTING -DXcode -enable-experimental-feature AvailabilityMacro\=SwiftStdlib\ 5.0:\ macOS\ 10.14.4,\ iOS\ 12.2,\ watchOS\ 5.2,\ tvOS\ 12.2 -enable-experimental-feature AvailabilityMacro\=SwiftStdlib\ 5.1:\ macOS\ 10.15,\ iOS\ 13.0,\ watchOS\ 6.0,\ tvOS\ 13.0 -enable-experimental-feature AvailabilityMacro\=SwiftStdlib\ 5.6:\ macOS\ 12.3,\ iOS\ 15.4,\ watchOS\ 8.5,\ tvOS\ 15.4 -enable-experimental-feature AvailabilityMacro\=SwiftStdlib\ 5.8:\ macOS\ 13.3,\ iOS\ 16.4,\ watchOS\ 9.4,\ tvOS\ 16.4 -enable-experimental-feature AvailabilityMacro\=SwiftStdlib\ 5.9:\ macOS\ 14.0,\ iOS\ 17.0,\ watchOS\ 10.0,\ tvOS\ 17.0 -enable-experimental-feature AvailabilityMacro\=SwiftStdlib\ 5.10:\ macOS\ 14.4,\ iOS\ 17.4,\ watchOS\ 10.4,\ tvOS\ 17.4,\ visionOS\ 1.1 -enable-experimental-feature AvailabilityMacro\=SwiftStdlib\ 6.0:\ macOS\ 15.0,\ iOS\ 18.0,\ watchOS\ 11.0,\ tvOS\ 18.0,\ visionOS\ 2.0 -enable-experimental-feature AvailabilityMacro\=SwiftStdlib\ 6.1:\ macOS\ 15.4,\ iOS\ 18.4,\ watchOS\ 11.4,\ tvOS\ 18.4,\ visionOS\ 2.4 -enable-experimental-feature AvailabilityMacro\=SwiftStdlib\ 6.2:\ macOS\ 26.0,\ iOS\ 26.0,\ watchOS\ 26.0,\ tvOS\ 26.0,\ visionOS\ 26.0 -enable-experimental-feature AvailabilityMacro\=SwiftStdlib\ 6.3:\ macOS\ 26.4,\ iOS\ 26.4,\ watchOS\ 26.4,\ tvOS\ 26.4,\ visionOS\ 26.4 -enable-experimental-feature AvailabilityMacro\=SwiftStdlib\ 6.4:\ macOS\ 9999,\ iOS\ 9999,\ watchOS\ 9999,\ tvOS\ 9999,\ visionOS\ 9999 -enable-experimental-feature AvailabilityMacro\=SwiftStdlib\ 6.5:\ macOS\ 9999,\ iOS\ 9999,\ watchOS\ 9999,\ tvOS\ 9999,\ visionOS\ 9999 -enable-upcoming-feature MemberImportVisibility -enable-experimental-feature BuiltinModule -plugin-path /Applications/Xcode-16.3.0.app/Contents/Developer/Toolchains/XcodeDefault.xctoolchain/usr/lib/swift/host/plugins/testing -enable-experimental-feature DebugDescriptionMacro -sdk /Applications/Xcode-16.3.0.app/Contents/Developer/Platforms/WatchOS.platform/Developer/SDKs/WatchOS11.4.sdk -target arm64_32-apple-watchos5.0 -g -module-cache-path /Users/admin/builder/spi-builder-workspace/.derivedData/ModuleCache.noindex -Xfrontend -serialize-debugging-options -profile-coverage-mapping -profile-generate -enable-testing -suppress-warnings -index-store-path /Users/admin/builder/spi-builder-workspace/.derivedData/Index.noindex/DataStore -swift-version 6 -I /Users/admin/builder/spi-builder-workspace/.derivedData/Build/Products/Debug-watchos -I /Applications/Xcode-16.3.0.app/Contents/Developer/Platforms/WatchOS.platform/Developer/usr/lib -F /Users/admin/builder/spi-builder-workspace/.derivedData/Build/Products/Debug-watchos/PackageFrameworks -F /Users/admin/builder/spi-builder-workspace/.derivedData/Build/Products/Debug-watchos/PackageFrameworks -F /Users/admin/builder/spi-builder-workspace/.derivedData/Build/Products/Debug-watchos -F /Applications/Xcode-16.3.0.app/Contents/Developer/Platforms/WatchOS.platform/Developer/Library/Frameworks -F /Applications/Xcode-16.3.0.app/Contents/Developer/Platforms/WatchOS.platform/Developer/SDKs/WatchOS11.4.sdk/Developer/Library/Frameworks -c -j10 -enable-batch-mode -incremental -Xcc -ivfsstatcache -Xcc /Users/admin/builder/spi-builder-workspace/.derivedData/SDKStatCaches.noindex/watchos11.4-22T246-43efb940ff07ba2497b70ec94253f576.sdkstatcache -output-file-map /Users/admin/builder/spi-builder-workspace/.derivedData/Build/Intermediates.noindex/swift-collections.build/Debug-watchos/DequeModule.build/Objects-normal/arm64_32/DequeModule-OutputFileMap.json -use-frontend-parseable-output -save-temps -no-color-diagnostics -serialize-diagnostics -emit-dependencies -emit-module -emit-module-path /Users/admin/builder/spi-builder-workspace/.derivedData/Build/Intermediates.noindex/swift-collections.build/Debug-watchos/DequeModule.build/Objects-normal/arm64_32/DequeModule.swiftmodule -user-module-version 1.6.0 -validate-clang-modules-once -clang-build-session-file /Users/admin/builder/spi-builder-workspace/.derivedData/ModuleCache.noindex/Session.modulevalidation -package-name swift_collections -Xcc -I/Users/admin/builder/spi-builder-workspace/.derivedData/Build/Intermediates.noindex/swift-collections.build/Debug-watchos/DequeModule.build/swift-overrides.hmap -emit-const-values -Xfrontend -const-gather-protocols-file -Xfrontend /Users/admin/builder/spi-builder-workspace/.derivedData/Build/Intermediates.noindex/swift-collections.build/Debug-watchos/DequeModule.build/Objects-normal/arm64_32/DequeModule_const_extract_protocols.json -Xcc -I/Users/admin/builder/spi-builder-workspace/.derivedData/Build/Products/Debug-watchos/include -Xcc -I/Users/admin/builder/spi-builder-workspace/.derivedData/Build/Intermediates.noindex/swift-collections.build/Debug-watchos/DequeModule.build/DerivedSources-normal/arm64_32 -Xcc -I/Users/admin/builder/spi-builder-workspace/.derivedData/Build/Intermediates.noindex/swift-collections.build/Debug-watchos/DequeModule.build/DerivedSources/arm64_32 -Xcc -I/Users/admin/builder/spi-builder-workspace/.derivedData/Build/Intermediates.noindex/swift-collections.build/Debug-watchos/DequeModule.build/DerivedSources -Xcc -DSWIFT_PACKAGE -Xcc -DDEBUG\=1 -emit-objc-header -emit-objc-header-path /Users/admin/builder/spi-builder-workspace/.derivedData/Build/Intermediates.noindex/swift-collections.build/Debug-watchos/DequeModule.build/Objects-normal/arm64_32/DequeModule-Swift.h -working-directory /Users/admin/builder/spi-builder-workspace/.swiftpm/xcode -experimental-emit-module-separately -disable-cmo
SwiftCompile normal arm64_32 Compiling\ OutputSpan+Extras.swift,\ TemporaryAllocation.swift,\ BorrowingIteratorProtocol+Copy.swift,\ BorrowingIteratorProtocol+ElementsEqual.swift /Users/admin/builder/spi-builder-workspace/.dependencies/checkouts/swift-collections/Sources/ContainersPreview/Extensions/OutputSpan+Extras.swift /Users/admin/builder/spi-builder-workspace/.dependencies/checkouts/swift-collections/Sources/ContainersPreview/Extensions/TemporaryAllocation.swift /Users/admin/builder/spi-builder-workspace/.dependencies/checkouts/swift-collections/Sources/ContainersPreview/Protocols/BorrowingIteratorProtocol+Copy.swift /Users/admin/builder/spi-builder-workspace/.dependencies/checkouts/swift-collections/Sources/ContainersPreview/Protocols/BorrowingIteratorProtocol+ElementsEqual.swift (in target 'ContainersPreview' from project 'swift-collections')
SwiftCompile normal arm64_32 /Users/admin/builder/spi-builder-workspace/.dependencies/checkouts/swift-collections/Sources/ContainersPreview/Extensions/OutputSpan+Extras.swift (in target 'ContainersPreview' from project 'swift-collections')
    cd /Users/admin/builder/spi-builder-workspace/.swiftpm/xcode

SwiftCompile normal arm64_32 /Users/admin/builder/spi-builder-workspace/.dependencies/checkouts/swift-collections/Sources/ContainersPreview/Extensions/TemporaryAllocation.swift (in target 'ContainersPreview' from project 'swift-collections')
    cd /Users/admin/builder/spi-builder-workspace/.swiftpm/xcode

SwiftCompile normal arm64_32 /Users/admin/builder/spi-builder-workspace/.dependencies/checkouts/swift-collections/Sources/ContainersPreview/Protocols/BorrowingIteratorProtocol+Copy.swift (in target 'ContainersPreview' from project 'swift-collections')
    cd /Users/admin/builder/spi-builder-workspace/.swiftpm/xcode

SwiftCompile normal arm64_32 /Users/admin/builder/spi-builder-workspace/.dependencies/checkouts/swift-collections/Sources/ContainersPreview/Protocols/BorrowingIteratorProtocol+ElementsEqual.swift (in target 'ContainersPreview' from project 'swift-collections')
    cd /Users/admin/builder/spi-builder-workspace/.swiftpm/xcode

SwiftCompile normal arm64_32 Compiling\ Producer+Collect.swift,\ Producer+Filter.swift,\ Producer+Map.swift,\ Producer+Reduce.swift /Users/admin/builder/spi-builder-workspace/.dependencies/checkouts/swift-collections/Sources/ContainersPreview/Protocols/Producer+Collect.swift /Users/admin/builder/spi-builder-workspace/.dependencies/checkouts/swift-collections/Sources/ContainersPreview/Protocols/Producer+Filter.swift /Users/admin/builder/spi-builder-workspace/.dependencies/checkouts/swift-collections/Sources/ContainersPreview/Protocols/Producer+Map.swift /Users/admin/builder/spi-builder-workspace/.dependencies/checkouts/swift-collections/Sources/ContainersPreview/Protocols/Producer+Reduce.swift (in target 'ContainersPreview' from project 'swift-collections')
SwiftCompile normal arm64_32 /Users/admin/builder/spi-builder-workspace/.dependencies/checkouts/swift-collections/Sources/ContainersPreview/Protocols/Producer+Collect.swift (in target 'ContainersPreview' from project 'swift-collections')
    cd /Users/admin/builder/spi-builder-workspace/.swiftpm/xcode

SwiftCompile normal arm64_32 /Users/admin/builder/spi-builder-workspace/.dependencies/checkouts/swift-collections/Sources/ContainersPreview/Protocols/Producer+Filter.swift (in target 'ContainersPreview' from project 'swift-collections')
    cd /Users/admin/builder/spi-builder-workspace/.swiftpm/xcode

SwiftCompile normal arm64_32 /Users/admin/builder/spi-builder-workspace/.dependencies/checkouts/swift-collections/Sources/ContainersPreview/Protocols/Producer+Map.swift (in target 'ContainersPreview' from project 'swift-collections')
    cd /Users/admin/builder/spi-builder-workspace/.swiftpm/xcode

SwiftCompile normal arm64_32 /Users/admin/builder/spi-builder-workspace/.dependencies/checkouts/swift-collections/Sources/ContainersPreview/Protocols/Producer+Reduce.swift (in target 'ContainersPreview' from project 'swift-collections')
    cd /Users/admin/builder/spi-builder-workspace/.swiftpm/xcode

SwiftCompile normal arm64_32 Compiling\ PermutableContainer.swift,\ RandomAccessContainer.swift,\ RangeExpression2.swift,\ RangeReplaceableContainer.swift /Users/admin/builder/spi-builder-workspace/.dependencies/checkouts/swift-collections/Sources/ContainersPreview/Protocols/Container/PermutableContainer.swift /Users/admin/builder/spi-builder-workspace/.dependencies/checkouts/swift-collections/Sources/ContainersPreview/Protocols/Container/RandomAccessContainer.swift /Users/admin/builder/spi-builder-workspace/.dependencies/checkouts/swift-collections/Sources/ContainersPreview/Protocols/Container/RangeExpression2.swift /Users/admin/builder/spi-builder-workspace/.dependencies/checkouts/swift-collections/Sources/ContainersPreview/Protocols/Container/RangeReplaceableContainer.swift (in target 'ContainersPreview' from project 'swift-collections')
SwiftCompile normal arm64_32 /Users/admin/builder/spi-builder-workspace/.dependencies/checkouts/swift-collections/Sources/ContainersPreview/Protocols/Container/PermutableContainer.swift (in target 'ContainersPreview' from project 'swift-collections')
    cd /Users/admin/builder/spi-builder-workspace/.swiftpm/xcode

SwiftCompile normal arm64_32 /Users/admin/builder/spi-builder-workspace/.dependencies/checkouts/swift-collections/Sources/ContainersPreview/Protocols/Container/RandomAccessContainer.swift (in target 'ContainersPreview' from project 'swift-collections')
    cd /Users/admin/builder/spi-builder-workspace/.swiftpm/xcode

SwiftCompile normal arm64_32 /Users/admin/builder/spi-builder-workspace/.dependencies/checkouts/swift-collections/Sources/ContainersPreview/Protocols/Container/RangeExpression2.swift (in target 'ContainersPreview' from project 'swift-collections')
    cd /Users/admin/builder/spi-builder-workspace/.swiftpm/xcode

SwiftCompile normal arm64_32 /Users/admin/builder/spi-builder-workspace/.dependencies/checkouts/swift-collections/Sources/ContainersPreview/Protocols/Container/RangeReplaceableContainer.swift (in target 'ContainersPreview' from project 'swift-collections')
    cd /Users/admin/builder/spi-builder-workspace/.swiftpm/xcode

Copy /Users/admin/builder/spi-builder-workspace/.derivedData/Build/Products/Debug-watchos/DequeModule.swiftmodule/arm64-apple-watchos.swiftmodule /Users/admin/builder/spi-builder-workspace/.derivedData/Build/Intermediates.noindex/swift-collections.build/Debug-watchos/DequeModule.build/Objects-normal/arm64/DequeModule.swiftmodule (in target 'DequeModule' from project 'swift-collections')
    cd /Users/admin/builder/spi-builder-workspace/.dependencies/checkouts/swift-collections
    builtin-copy -exclude .DS_Store -exclude CVS -exclude .svn -exclude .git -exclude .hg -resolve-src-symlinks -rename /Users/admin/builder/spi-builder-workspace/.derivedData/Build/Intermediates.noindex/swift-collections.build/Debug-watchos/DequeModule.build/Objects-normal/arm64/DequeModule.swiftmodule /Users/admin/builder/spi-builder-workspace/.derivedData/Build/Products/Debug-watchos/DequeModule.swiftmodule/arm64-apple-watchos.swiftmodule
Copy /Users/admin/builder/spi-builder-workspace/.derivedData/Build/Products/Debug-watchos/DequeModule.swiftmodule/arm64-apple-watchos.abi.json /Users/admin/builder/spi-builder-workspace/.derivedData/Build/Intermediates.noindex/swift-collections.build/Debug-watchos/DequeModule.build/Objects-normal/arm64/DequeModule.abi.json (in target 'DequeModule' from project 'swift-collections')
    cd /Users/admin/builder/spi-builder-workspace/.dependencies/checkouts/swift-collections
    builtin-copy -exclude .DS_Store -exclude CVS -exclude .svn -exclude .git -exclude .hg -resolve-src-symlinks -rename /Users/admin/builder/spi-builder-workspace/.derivedData/Build/Intermediates.noindex/swift-collections.build/Debug-watchos/DequeModule.build/Objects-normal/arm64/DequeModule.abi.json /Users/admin/builder/spi-builder-workspace/.derivedData/Build/Products/Debug-watchos/DequeModule.swiftmodule/arm64-apple-watchos.abi.json
SwiftDriverJobDiscovery normal arm64_32 Compiling BorrowingSequence.swift, BidirectionalContainer.swift, Container+Filter.swift, Container+SpanwiseZip.swift (in target 'ContainersPreview' from project 'swift-collections')
SwiftCompile normal arm64_32 Compiling\ BorrowingIteratorProtocol+Filter.swift,\ BorrowingIteratorProtocol+Map.swift,\ BorrowingIteratorProtocol+Reduce.swift,\ BorrowingIteratorProtocol+SpanwiseZip.swift /Users/admin/builder/spi-builder-workspace/.dependencies/checkouts/swift-collections/Sources/ContainersPreview/Protocols/BorrowingIteratorProtocol+Filter.swift /Users/admin/builder/spi-builder-workspace/.dependencies/checkouts/swift-collections/Sources/ContainersPreview/Protocols/BorrowingIteratorProtocol+Map.swift /Users/admin/builder/spi-builder-workspace/.dependencies/checkouts/swift-collections/Sources/ContainersPreview/Protocols/BorrowingIteratorProtocol+Reduce.swift /Users/admin/builder/spi-builder-workspace/.dependencies/checkouts/swift-collections/Sources/ContainersPreview/Protocols/BorrowingIteratorProtocol+SpanwiseZip.swift (in target 'ContainersPreview' from project 'swift-collections')
SwiftCompile normal arm64_32 /Users/admin/builder/spi-builder-workspace/.dependencies/checkouts/swift-collections/Sources/ContainersPreview/Protocols/BorrowingIteratorProtocol+Filter.swift (in target 'ContainersPreview' from project 'swift-collections')
    cd /Users/admin/builder/spi-builder-workspace/.swiftpm/xcode

SwiftCompile normal arm64_32 /Users/admin/builder/spi-builder-workspace/.dependencies/checkouts/swift-collections/Sources/ContainersPreview/Protocols/BorrowingIteratorProtocol+Map.swift (in target 'ContainersPreview' from project 'swift-collections')
    cd /Users/admin/builder/spi-builder-workspace/.swiftpm/xcode

SwiftCompile normal arm64_32 /Users/admin/builder/spi-builder-workspace/.dependencies/checkouts/swift-collections/Sources/ContainersPreview/Protocols/BorrowingIteratorProtocol+Reduce.swift (in target 'ContainersPreview' from project 'swift-collections')
    cd /Users/admin/builder/spi-builder-workspace/.swiftpm/xcode

SwiftCompile normal arm64_32 /Users/admin/builder/spi-builder-workspace/.dependencies/checkouts/swift-collections/Sources/ContainersPreview/Protocols/BorrowingIteratorProtocol+SpanwiseZip.swift (in target 'ContainersPreview' from project 'swift-collections')
    cd /Users/admin/builder/spi-builder-workspace/.swiftpm/xcode

SwiftDriverJobDiscovery normal arm64_32 Compiling BorrowingIteratorProtocol.swift, BorrowingSequence+Algorithms.swift, BorrowingSequence+Standard Conformances.swift, BorrowingSequence+Utilities.swift (in target 'ContainersPreview' from project 'swift-collections')
SwiftDriverJobDiscovery normal arm64_32 Compiling Producer.swift, InputSpan.swift, MutableRef.swift, Ref.swift (in target 'ContainersPreview' from project 'swift-collections')
SwiftDriver MessagingUI normal arm64 com.apple.xcode.tools.swift.compiler (in target 'MessagingUI' from project 'swiftui-messaging-ui')
    cd /Users/admin/builder/spi-builder-workspace/.swiftpm/xcode
    builtin-SwiftDriver -- /Applications/Xcode-16.3.0.app/Contents/Developer/Toolchains/XcodeDefault.xctoolchain/usr/bin/swiftc -module-name MessagingUI -Onone -enforce-exclusivity\=checked @/Users/admin/builder/spi-builder-workspace/.derivedData/Build/Intermediates.noindex/swiftui-messaging-ui.build/Debug-watchos/MessagingUI.build/Objects-normal/arm64/MessagingUI.SwiftFileList -DSWIFT_PACKAGE -DDEBUG -DXcode -plugin-path /Applications/Xcode-16.3.0.app/Contents/Developer/Toolchains/XcodeDefault.xctoolchain/usr/lib/swift/host/plugins/testing -enable-experimental-feature DebugDescriptionMacro -sdk /Applications/Xcode-16.3.0.app/Contents/Developer/Platforms/WatchOS.platform/Developer/SDKs/WatchOS11.4.sdk -target arm64-apple-watchos10.0 -g -module-cache-path /Users/admin/builder/spi-builder-workspace/.derivedData/ModuleCache.noindex -Xfrontend -serialize-debugging-options -profile-coverage-mapping -profile-generate -enable-testing -index-store-path /Users/admin/builder/spi-builder-workspace/.derivedData/Index.noindex/DataStore -swift-version 6 -I /Users/admin/builder/spi-builder-workspace/.derivedData/Build/Products/Debug-watchos -I /Applications/Xcode-16.3.0.app/Contents/Developer/Platforms/WatchOS.platform/Developer/usr/lib -F /Users/admin/builder/spi-builder-workspace/.derivedData/Build/Products/Debug-watchos/PackageFrameworks -F /Users/admin/builder/spi-builder-workspace/.derivedData/Build/Products/Debug-watchos/PackageFrameworks -F /Users/admin/builder/spi-builder-workspace/.derivedData/Build/Products/Debug-watchos/PackageFrameworks -F /Users/admin/builder/spi-builder-workspace/.derivedData/Build/Products/Debug-watchos/PackageFrameworks -F /Users/admin/builder/spi-builder-workspace/.derivedData/Build/Products/Debug-watchos/PackageFrameworks -F /Users/admin/builder/spi-builder-workspace/.derivedData/Build/Products/Debug-watchos/PackageFrameworks -F /Users/admin/builder/spi-builder-workspace/.derivedData/Build/Products/Debug-watchos -F /Applications/Xcode-16.3.0.app/Contents/Developer/Platforms/WatchOS.platform/Developer/Library/Frameworks -F /Applications/Xcode-16.3.0.app/Contents/Developer/Platforms/WatchOS.platform/Developer/SDKs/WatchOS11.4.sdk/Developer/Library/Frameworks -c -j10 -enable-batch-mode -incremental -Xcc -ivfsstatcache -Xcc /Users/admin/builder/spi-builder-workspace/.derivedData/SDKStatCaches.noindex/watchos11.4-22T246-43efb940ff07ba2497b70ec94253f576.sdkstatcache -output-file-map /Users/admin/builder/spi-builder-workspace/.derivedData/Build/Intermediates.noindex/swiftui-messaging-ui.build/Debug-watchos/MessagingUI.build/Objects-normal/arm64/MessagingUI-OutputFileMap.json -use-frontend-parseable-output -save-temps -no-color-diagnostics -serialize-diagnostics -emit-dependencies -emit-module -emit-module-path /Users/admin/builder/spi-builder-workspace/.derivedData/Build/Intermediates.noindex/swiftui-messaging-ui.build/Debug-watchos/MessagingUI.build/Objects-normal/arm64/MessagingUI.swiftmodule -validate-clang-modules-once -clang-build-session-file /Users/admin/builder/spi-builder-workspace/.derivedData/ModuleCache.noindex/Session.modulevalidation -package-name spi_builder_workspace -Xcc -I/Users/admin/builder/spi-builder-workspace/.derivedData/Build/Intermediates.noindex/swiftui-messaging-ui.build/Debug-watchos/MessagingUI.build/swift-overrides.hmap -emit-const-values -Xfrontend -const-gather-protocols-file -Xfrontend /Users/admin/builder/spi-builder-workspace/.derivedData/Build/Intermediates.noindex/swiftui-messaging-ui.build/Debug-watchos/MessagingUI.build/Objects-normal/arm64/MessagingUI_const_extract_protocols.json -Xcc -I/Users/admin/builder/spi-builder-workspace/.derivedData/Build/Products/Debug-watchos/include -Xcc -I/Users/admin/builder/spi-builder-workspace/.derivedData/Build/Intermediates.noindex/swiftui-messaging-ui.build/Debug-watchos/MessagingUI.build/DerivedSources-normal/arm64 -Xcc -I/Users/admin/builder/spi-builder-workspace/.derivedData/Build/Intermediates.noindex/swiftui-messaging-ui.build/Debug-watchos/MessagingUI.build/DerivedSources/arm64 -Xcc -I/Users/admin/builder/spi-builder-workspace/.derivedData/Build/Intermediates.noindex/swiftui-messaging-ui.build/Debug-watchos/MessagingUI.build/DerivedSources -Xcc -DSWIFT_PACKAGE -Xcc -DDEBUG\=1 -emit-objc-header -emit-objc-header-path /Users/admin/builder/spi-builder-workspace/.derivedData/Build/Intermediates.noindex/swiftui-messaging-ui.build/Debug-watchos/MessagingUI.build/Objects-normal/arm64/MessagingUI-Swift.h -working-directory /Users/admin/builder/spi-builder-workspace/.swiftpm/xcode -experimental-emit-module-separately -disable-cmo
SwiftDriver MessagingUI normal arm64_32 com.apple.xcode.tools.swift.compiler (in target 'MessagingUI' from project 'swiftui-messaging-ui')
    cd /Users/admin/builder/spi-builder-workspace/.swiftpm/xcode
    builtin-SwiftDriver -- /Applications/Xcode-16.3.0.app/Contents/Developer/Toolchains/XcodeDefault.xctoolchain/usr/bin/swiftc -module-name MessagingUI -Onone -enforce-exclusivity\=checked @/Users/admin/builder/spi-builder-workspace/.derivedData/Build/Intermediates.noindex/swiftui-messaging-ui.build/Debug-watchos/MessagingUI.build/Objects-normal/arm64_32/MessagingUI.SwiftFileList -DSWIFT_PACKAGE -DDEBUG -DXcode -plugin-path /Applications/Xcode-16.3.0.app/Contents/Developer/Toolchains/XcodeDefault.xctoolchain/usr/lib/swift/host/plugins/testing -enable-experimental-feature DebugDescriptionMacro -sdk /Applications/Xcode-16.3.0.app/Contents/Developer/Platforms/WatchOS.platform/Developer/SDKs/WatchOS11.4.sdk -target arm64_32-apple-watchos10.0 -g -module-cache-path /Users/admin/builder/spi-builder-workspace/.derivedData/ModuleCache.noindex -Xfrontend -serialize-debugging-options -profile-coverage-mapping -profile-generate -enable-testing -index-store-path /Users/admin/builder/spi-builder-workspace/.derivedData/Index.noindex/DataStore -swift-version 6 -I /Users/admin/builder/spi-builder-workspace/.derivedData/Build/Products/Debug-watchos -I /Applications/Xcode-16.3.0.app/Contents/Developer/Platforms/WatchOS.platform/Developer/usr/lib -F /Users/admin/builder/spi-builder-workspace/.derivedData/Build/Products/Debug-watchos/PackageFrameworks -F /Users/admin/builder/spi-builder-workspace/.derivedData/Build/Products/Debug-watchos/PackageFrameworks -F /Users/admin/builder/spi-builder-workspace/.derivedData/Build/Products/Debug-watchos/PackageFrameworks -F /Users/admin/builder/spi-builder-workspace/.derivedData/Build/Products/Debug-watchos/PackageFrameworks -F /Users/admin/builder/spi-builder-workspace/.derivedData/Build/Products/Debug-watchos/PackageFrameworks -F /Users/admin/builder/spi-builder-workspace/.derivedData/Build/Products/Debug-watchos/PackageFrameworks -F /Users/admin/builder/spi-builder-workspace/.derivedData/Build/Products/Debug-watchos -F /Applications/Xcode-16.3.0.app/Contents/Developer/Platforms/WatchOS.platform/Developer/Library/Frameworks -F /Applications/Xcode-16.3.0.app/Contents/Developer/Platforms/WatchOS.platform/Developer/SDKs/WatchOS11.4.sdk/Developer/Library/Frameworks -c -j10 -enable-batch-mode -incremental -Xcc -ivfsstatcache -Xcc /Users/admin/builder/spi-builder-workspace/.derivedData/SDKStatCaches.noindex/watchos11.4-22T246-43efb940ff07ba2497b70ec94253f576.sdkstatcache -output-file-map /Users/admin/builder/spi-builder-workspace/.derivedData/Build/Intermediates.noindex/swiftui-messaging-ui.build/Debug-watchos/MessagingUI.build/Objects-normal/arm64_32/MessagingUI-OutputFileMap.json -use-frontend-parseable-output -save-temps -no-color-diagnostics -serialize-diagnostics -emit-dependencies -emit-module -emit-module-path /Users/admin/builder/spi-builder-workspace/.derivedData/Build/Intermediates.noindex/swiftui-messaging-ui.build/Debug-watchos/MessagingUI.build/Objects-normal/arm64_32/MessagingUI.swiftmodule -validate-clang-modules-once -clang-build-session-file /Users/admin/builder/spi-builder-workspace/.derivedData/ModuleCache.noindex/Session.modulevalidation -package-name spi_builder_workspace -Xcc -I/Users/admin/builder/spi-builder-workspace/.derivedData/Build/Intermediates.noindex/swiftui-messaging-ui.build/Debug-watchos/MessagingUI.build/swift-overrides.hmap -emit-const-values -Xfrontend -const-gather-protocols-file -Xfrontend /Users/admin/builder/spi-builder-workspace/.derivedData/Build/Intermediates.noindex/swiftui-messaging-ui.build/Debug-watchos/MessagingUI.build/Objects-normal/arm64_32/MessagingUI_const_extract_protocols.json -Xcc -I/Users/admin/builder/spi-builder-workspace/.derivedData/Build/Products/Debug-watchos/include -Xcc -I/Users/admin/builder/spi-builder-workspace/.derivedData/Build/Intermediates.noindex/swiftui-messaging-ui.build/Debug-watchos/MessagingUI.build/DerivedSources-normal/arm64_32 -Xcc -I/Users/admin/builder/spi-builder-workspace/.derivedData/Build/Intermediates.noindex/swiftui-messaging-ui.build/Debug-watchos/MessagingUI.build/DerivedSources/arm64_32 -Xcc -I/Users/admin/builder/spi-builder-workspace/.derivedData/Build/Intermediates.noindex/swiftui-messaging-ui.build/Debug-watchos/MessagingUI.build/DerivedSources -Xcc -DSWIFT_PACKAGE -Xcc -DDEBUG\=1 -emit-objc-header -emit-objc-header-path /Users/admin/builder/spi-builder-workspace/.derivedData/Build/Intermediates.noindex/swiftui-messaging-ui.build/Debug-watchos/MessagingUI.build/Objects-normal/arm64_32/MessagingUI-Swift.h -working-directory /Users/admin/builder/spi-builder-workspace/.swiftpm/xcode -experimental-emit-module-separately -disable-cmo
SwiftEmitModule normal arm64 Emitting\ module\ for\ MessagingUI (in target 'MessagingUI' from project 'swiftui-messaging-ui')
EmitSwiftModule normal arm64 (in target 'MessagingUI' from project 'swiftui-messaging-ui')
    cd /Users/admin/builder/spi-builder-workspace/.swiftpm/xcode

/Users/admin/builder/spi-builder-workspace/Sources/MessagingUI/Animator/SpringAnimator.swift:36:48: error: 'CADisplayLink' is unavailable in watchOS
  private nonisolated(unsafe) var displayLink: CADisplayLink?
                                               ^~~~~~~~~~~~~
/Applications/Xcode-16.3.0.app/Contents/Developer/Platforms/WatchOS.platform/Developer/SDKs/WatchOS11.4.sdk/System/Library/Frameworks/QuartzCore.framework/Headers/CADisplayLink.h:21:12: note: 'CADisplayLink' has been explicitly marked unavailable here
@interface CADisplayLink : NSObject
           ^
/Users/admin/builder/spi-builder-workspace/Sources/MessagingUI/Animator/SpringAnimator.swift:186:55: error: 'CADisplayLink' is unavailable in watchOS
  @objc private func handleDisplayLink(_ displayLink: CADisplayLink) {
                                                      ^~~~~~~~~~~~~
/Applications/Xcode-16.3.0.app/Contents/Developer/Platforms/WatchOS.platform/Developer/SDKs/WatchOS11.4.sdk/System/Library/Frameworks/QuartzCore.framework/Headers/CADisplayLink.h:21:12: note: 'CADisplayLink' has been explicitly marked unavailable here
@interface CADisplayLink : NSObject
           ^
/Users/admin/builder/spi-builder-workspace/Sources/MessagingUI/Animator/SpringScrollAnimator.swift:49:45: error: cannot find type 'UIScrollView' in scope
  typealias TargetProvider = (_ scrollView: UIScrollView) -> TargetResult
                                            ^~~~~~~~~~~~
/Users/admin/builder/spi-builder-workspace/Sources/MessagingUI/Animator/SpringScrollAnimator.swift:57:32: error: cannot find type 'UIScrollView' in scope
  private weak var scrollView: UIScrollView?
                               ^~~~~~~~~~~~
/Users/admin/builder/spi-builder-workspace/Sources/MessagingUI/Animator/SpringScrollAnimator.swift:85:17: error: cannot find type 'UIScrollView' in scope
    scrollView: UIScrollView,
                ^~~~~~~~~~~~
/Users/admin/builder/spi-builder-workspace/Sources/MessagingUI/Animator/SpringScrollAnimator.swift:129:17: error: cannot find type 'UIScrollView' in scope
    scrollView: UIScrollView,
                ^~~~~~~~~~~~
/Users/admin/builder/spi-builder-workspace/Sources/MessagingUI/Animator/SpringScrollAnimator.swift:131:21: error: @escaping attribute only applies to function types
    targetProvider: @escaping TargetProvider,
                    ^~~~~~~~~~

/Users/admin/builder/spi-builder-workspace/Sources/MessagingUI/Animator/SpringScrollAnimator.swift:207:57: error: cannot find type 'UIScrollView' in scope
  private func setupGestureCancellation(for scrollView: UIScrollView) {
                                                        ^~~~~~~~~~~~
/Users/admin/builder/spi-builder-workspace/Sources/MessagingUI/Tiled/ScrollViewGeometry.swift:140:11: error: cannot find type 'UIScrollView' in scope
extension UIScrollView {
          ^~~~~~~~~~~~
/Users/admin/builder/spi-builder-workspace/Sources/MessagingUI/Tiled/TiledCollectionViewLayout.swift:36:44: error: cannot find type 'UICollectionViewLayoutAttributes' in scope
  private var attributesCache: [IndexPath: UICollectionViewLayoutAttributes] = [:]
                                           ^~~~~~~~~~~~~~~~~~~~~~~~~~~~~~~~
/Users/admin/builder/spi-builder-workspace/Sources/MessagingUI/Tiled/TiledCollectionViewLayout.swift:98:7: error: cannot find 'invalidateLayout' in scope
      invalidateLayout()
      ^~~~~~~~~~~~~~~~
/Users/admin/builder/spi-builder-workspace/Sources/MessagingUI/Tiled/TiledCollectionViewLayout.swift:104:23: error: property does not override any property from its superclass
  public override var collectionViewContentSize: CGSize {
         ~~~~~~~~     ^
/Users/admin/builder/spi-builder-workspace/Sources/MessagingUI/Tiled/TiledCollectionViewLayout.swift:111:24: error: method does not override any method from its superclass
  public override func shouldInvalidateLayout(forBoundsChange newBounds: CGRect) -> Bool {
         ~~~~~~~~      ^
/Users/admin/builder/spi-builder-workspace/Sources/MessagingUI/Tiled/TiledCollectionViewLayout.swift:115:24: error: method does not override any method from its superclass
  public override func prepare() {
         ~~~~~~~~      ^
/Users/admin/builder/spi-builder-workspace/Sources/MessagingUI/Tiled/TiledCollectionViewLayout.swift:136:73: error: cannot find type 'UICollectionViewLayoutAttributes' in scope
  public override func layoutAttributesForElements(in rect: CGRect) -> [UICollectionViewLayoutAttributes]? {
                                                                        ^~~~~~~~~~~~~~~~~~~~~~~~~~~~~~~~
/Users/admin/builder/spi-builder-workspace/Sources/MessagingUI/Tiled/TiledCollectionViewLayout.swift:160:76: error: cannot find type 'UICollectionViewLayoutAttributes' in scope
  public override func layoutAttributesForItem(at indexPath: IndexPath) -> UICollectionViewLayoutAttributes? {
                                                                           ^~~~~~~~~~~~~~~~~~~~~~~~~~~~~~~~
/Users/admin/builder/spi-builder-workspace/Sources/MessagingUI/Tiled/TiledCollectionViewLayout.swift:177:82: error: cannot find type 'UICollectionViewLayoutAttributes' in scope
  private func getOrCreateAttributes(for indexPath: IndexPath, frame: CGRect) -> UICollectionViewLayoutAttributes {
                                                                                 ^~~~~~~~~~~~~~~~~~~~~~~~~~~~~~~~
/Users/admin/builder/spi-builder-workspace/Sources/MessagingUI/Tiled/TiledCollectionViewLayout.swift:199:55: error: cannot find type 'UICollectionViewLayoutAttributes' in scope
    forPreferredLayoutAttributes preferredAttributes: UICollectionViewLayoutAttributes,
                                                      ^~~~~~~~~~~~~~~~~~~~~~~~~~~~~~~~
/Users/admin/builder/spi-builder-workspace/Sources/MessagingUI/Tiled/TiledCollectionViewLayout.swift:200:48: error: cannot find type 'UICollectionViewLayoutAttributes' in scope
    withOriginalAttributes originalAttributes: UICollectionViewLayoutAttributes
                                               ^~~~~~~~~~~~~~~~~~~~~~~~~~~~~~~~
/Users/admin/builder/spi-builder-workspace/Sources/MessagingUI/Tiled/TiledCollectionViewLayout.swift:226:8: error: cannot find type 'UICollectionViewLayoutInvalidationContext' in scope
  ) -> UICollectionViewLayoutInvalidationContext {
       ^~~~~~~~~~~~~~~~~~~~~~~~~~~~~~~~~~~~~~~~~
/Users/admin/builder/spi-builder-workspace/Sources/MessagingUI/Tiled/TiledCollectionViewLayout.swift:224:55: error: cannot find type 'UICollectionViewLayoutAttributes' in scope
    forPreferredLayoutAttributes preferredAttributes: UICollectionViewLayoutAttributes,
                                                      ^~~~~~~~~~~~~~~~~~~~~~~~~~~~~~~~
/Users/admin/builder/spi-builder-workspace/Sources/MessagingUI/Tiled/TiledCollectionViewLayout.swift:225:48: error: cannot find type 'UICollectionViewLayoutAttributes' in scope
    withOriginalAttributes originalAttributes: UICollectionViewLayoutAttributes
                                               ^~~~~~~~~~~~~~~~~~~~~~~~~~~~~~~~
/Users/admin/builder/spi-builder-workspace/Sources/MessagingUI/Tiled/TiledCollectionViewLayout.swift:248:71: error: cannot find type 'UICollectionViewUpdateItem' in scope
  public override func prepare(forCollectionViewUpdates updateItems: [UICollectionViewUpdateItem]) {
                                                                      ^~~~~~~~~~~~~~~~~~~~~~~~~~
/Users/admin/builder/spi-builder-workspace/Sources/MessagingUI/Tiled/TiledCollectionViewLayout.swift:261:24: error: method does not override any method from its superclass
  public override func finalizeCollectionViewUpdates() {
         ~~~~~~~~      ^
/Users/admin/builder/spi-builder-workspace/Sources/MessagingUI/Tiled/TiledCollectionViewLayout.swift:1138:61: error: cannot find type 'UICollectionView' in scope
  private func observedSectionItemCounts(in collectionView: UICollectionView) -> SectionItemCounts {
                                                            ^~~~~~~~~~~~~~~~
/Users/admin/builder/spi-builder-workspace/Sources/MessagingUI/Tiled/TiledCollectionViewLayout.swift:12:47: error: cannot find type 'UICollectionViewLayout' in scope
public final class TiledCollectionViewLayout: UICollectionViewLayout {
                                              ^~~~~~~~~~~~~~~~~~~~~~
/Users/admin/builder/spi-builder-workspace/Sources/MessagingUI/Tiled/TiledScrollGeometry.swift:64:11: error: cannot find type 'UIScrollView' in scope
extension UIScrollView {
          ^~~~~~~~~~~~
/Users/admin/builder/spi-builder-workspace/Sources/MessagingUI/Tiled/TiledView.swift:26:40: error: cannot find type 'UIUserInterfaceLayoutDirection' in scope
  func toUIEdgeInsets(layoutDirection: UIUserInterfaceLayoutDirection) -> UIEdgeInsets {
                                       ^~~~~~~~~~~~~~~~~~~~~~~~~~~~~~
/Users/admin/builder/spi-builder-workspace/Sources/MessagingUI/Tiled/TiledView.swift:123:19: error: cannot find type 'UIPanGestureRecognizer' in scope
  var panGesture: UIPanGestureRecognizer?
                  ^~~~~~~~~~~~~~~~~~~~~~
/Users/admin/builder/spi-builder-workspace/Sources/MessagingUI/Tiled/TiledView.swift:342:12: error: cannot find type 'UICollectionViewDataSource' in scope
>: UIView, UICollectionViewDataSource, UICollectionViewDelegate, UIGestureRecognizerDelegate {
           ^~~~~~~~~~~~~~~~~~~~~~~~~~
/Users/admin/builder/spi-builder-workspace/Sources/MessagingUI/Tiled/TiledView.swift:342:40: error: cannot find type 'UICollectionViewDelegate' in scope
>: UIView, UICollectionViewDataSource, UICollectionViewDelegate, UIGestureRecognizerDelegate {
                                       ^~~~~~~~~~~~~~~~~~~~~~~~
/Users/admin/builder/spi-builder-workspace/Sources/MessagingUI/Tiled/TiledView.swift:342:66: error: cannot find type 'UIGestureRecognizerDelegate' in scope
>: UIView, UICollectionViewDataSource, UICollectionViewDelegate, UIGestureRecognizerDelegate {
                                                                 ^~~~~~~~~~~~~~~~~~~~~~~~~~~
/Users/admin/builder/spi-builder-workspace/Sources/MessagingUI/Tiled/TiledView.swift:345:31: error: cannot find type 'UICollectionView' in scope
  private var collectionView: UICollectionView!
                              ^~~~~~~~~~~~~~~~
/Users/admin/builder/spi-builder-workspace/Sources/MessagingUI/Tiled/TiledView.swift:466:41: error: cannot find type 'UIPanGestureRecognizer' in scope
  private var bottomSafeAreaPanGesture: UIPanGestureRecognizer?
                                        ^~~~~~~~~~~~~~~~~~~~~~
/Users/admin/builder/spi-builder-workspace/Sources/MessagingUI/Tiled/TiledView.swift:474:7: error: main actor-isolated default value in a nonisolated context
  let cellReveal = CellReveal()
      ^
/Users/admin/builder/spi-builder-workspace/Sources/MessagingUI/Tiled/TiledView.swift:721:17: error: method does not override any method from its superclass
  override func safeAreaInsetsDidChange() {
  ~~~~~~~~      ^
/Users/admin/builder/spi-builder-workspace/Sources/MessagingUI/Tiled/TiledView.swift:726:53: error: cannot find type 'UITapGestureRecognizer' in scope
  @objc private func handleTapBackground(_ gesture: UITapGestureRecognizer) {
                                                    ^~~~~~~~~~~~~~~~~~~~~~
/Users/admin/builder/spi-builder-workspace/Sources/MessagingUI/Tiled/TiledView.swift:1149:17: error: method does not override any method from its superclass
  override func layoutSubviews() {
  ~~~~~~~~      ^
/Users/admin/builder/spi-builder-workspace/Sources/MessagingUI/Tiled/TiledView.swift:1336:44: error: cannot find type 'UICollectionView' in scope
  func numberOfSections(in collectionView: UICollectionView) -> Int {
                                           ^~~~~~~~~~~~~~~~
/Users/admin/builder/spi-builder-workspace/Sources/MessagingUI/Tiled/TiledView.swift:1340:41: error: cannot find type 'UICollectionView' in scope
  func collectionView(_ collectionView: UICollectionView, numberOfItemsInSection section: Int) -> Int {
                                        ^~~~~~~~~~~~~~~~
/Users/admin/builder/spi-builder-workspace/Sources/MessagingUI/Tiled/TiledView.swift:1345:98: error: cannot find type 'UICollectionViewCell' in scope
  func collectionView(_ collectionView: UICollectionView, cellForItemAt indexPath: IndexPath) -> UICollectionViewCell {
                                                                                                 ^~~~~~~~~~~~~~~~~~~~
/Users/admin/builder/spi-builder-workspace/Sources/MessagingUI/Tiled/TiledView.swift:1345:41: error: cannot find type 'UICollectionView' in scope
  func collectionView(_ collectionView: UICollectionView, cellForItemAt indexPath: IndexPath) -> UICollectionViewCell {
                                        ^~~~~~~~~~~~~~~~
/Users/admin/builder/spi-builder-workspace/Sources/MessagingUI/Tiled/TiledView.swift:1409:23: error: cannot find type 'UICollectionView' in scope
    _ collectionView: UICollectionView,
                      ^~~~~~~~~~~~~~~~
/Users/admin/builder/spi-builder-workspace/Sources/MessagingUI/Tiled/TiledView.swift:1413:8: error: cannot find type 'UICollectionViewCell' in scope
  ) -> UICollectionViewCell {
       ^~~~~~~~~~~~~~~~~~~~
/Users/admin/builder/spi-builder-workspace/Sources/MessagingUI/Tiled/TiledView.swift:1425:8: error: cannot find type 'UICollectionViewCell' in scope
  ) -> UICollectionViewCell {
       ^~~~~~~~~~~~~~~~~~~~
/Users/admin/builder/spi-builder-workspace/Sources/MessagingUI/Tiled/TiledView.swift:1423:23: error: cannot find type 'UICollectionView' in scope
    _ collectionView: UICollectionView,
                      ^~~~~~~~~~~~~~~~
/Users/admin/builder/spi-builder-workspace/Sources/MessagingUI/Tiled/TiledView.swift:1431:41: error: cannot find type 'UICollectionView' in scope
  func collectionView(_ collectionView: UICollectionView, didSelectItemAt indexPath: IndexPath) {
                                        ^~~~~~~~~~~~~~~~
/Users/admin/builder/spi-builder-workspace/Sources/MessagingUI/Tiled/TiledView.swift:1437:42: error: cannot find type 'UIScrollView' in scope
  func scrollViewDidScroll(_ scrollView: UIScrollView) {
                                         ^~~~~~~~~~~~
/Users/admin/builder/spi-builder-workspace/Sources/MessagingUI/Tiled/TiledView.swift:1447:53: error: cannot find type 'UIScrollView' in scope
  private func updateEdgeLoadTriggers(_ scrollView: UIScrollView) {
                                                    ^~~~~~~~~~~~
/Users/admin/builder/spi-builder-workspace/Sources/MessagingUI/Tiled/TiledView.swift:1571:50: error: cannot find type 'UIScrollView' in scope
  func scrollViewShouldScrollToTop(_ scrollView: UIScrollView) -> Bool {
                                                 ^~~~~~~~~~~~
/Users/admin/builder/spi-builder-workspace/Sources/MessagingUI/Tiled/TiledView.swift:1578:50: error: cannot find type 'UIScrollView' in scope
  func scrollViewWillBeginDragging(_ scrollView: UIScrollView) {
                                                 ^~~~~~~~~~~~
/Users/admin/builder/spi-builder-workspace/Sources/MessagingUI/Tiled/TiledView.swift:1582:47: error: cannot find type 'UIScrollView' in scope
  func scrollViewDidEndDragging(_ scrollView: UIScrollView, willDecelerate decelerate: Bool) {
                                              ^~~~~~~~~~~~
/Users/admin/builder/spi-builder-workspace/Sources/MessagingUI/Tiled/TiledView.swift:1589:51: error: cannot find type 'UIScrollView' in scope
  func scrollViewDidEndDecelerating(_ scrollView: UIScrollView) {
                                                  ^~~~~~~~~~~~
/Users/admin/builder/spi-builder-workspace/Sources/MessagingUI/Tiled/TiledView.swift:1605:64: error: cannot find type 'UIPanGestureRecognizer' in scope
  @objc private func handleBottomSafeAreaPanGesture(_ gesture: UIPanGestureRecognizer) {
                                                               ^~~~~~~~~~~~~~~~~~~~~~
/Users/admin/builder/spi-builder-workspace/Sources/MessagingUI/Tiled/TiledView.swift:1616:55: error: cannot find type 'UIPanGestureRecognizer' in scope
  private func checkDragIntoBottomSafeArea(_ gesture: UIPanGestureRecognizer) {
                                                      ^~~~~~~~~~~~~~~~~~~~~~
/Users/admin/builder/spi-builder-workspace/Sources/MessagingUI/Tiled/TiledView.swift:1642:56: error: cannot find type 'UIPanGestureRecognizer' in scope
  @objc private func handleRevealPanGesture(_ gesture: UIPanGestureRecognizer) {
                                                       ^~~~~~~~~~~~~~~~~~~~~~
/Users/admin/builder/spi-builder-workspace/Sources/MessagingUI/Tiled/TiledView.swift:1697:26: error: cannot find type 'UIGestureRecognizer' in scope
    _ gestureRecognizer: UIGestureRecognizer,
                         ^~~~~~~~~~~~~~~~~~~
/Users/admin/builder/spi-builder-workspace/Sources/MessagingUI/Tiled/TiledView.swift:1698:63: error: cannot find type 'UIGestureRecognizer' in scope
    shouldRecognizeSimultaneouslyWith otherGestureRecognizer: UIGestureRecognizer
                                                              ^~~~~~~~~~~~~~~~~~~
/Users/admin/builder/spi-builder-workspace/Sources/MessagingUI/Tiled/TiledView.swift:2023:8: error: cannot find type 'UICollectionViewLayoutAttributes' in scope
  ) -> UICollectionViewLayoutAttributes? {
       ^~~~~~~~~~~~~~~~~~~~~~~~~~~~~~~~
/Users/admin/builder/spi-builder-workspace/Sources/MessagingUI/Tiled/TiledView.swift:334:13: error: cannot inherit from non-open class 'UIView' outside of its defining module
final class TiledUIView<
            ^
/Users/admin/builder/spi-builder-workspace/Sources/MessagingUI/Tiled/TiledView.swift:342:4: error: 'UIView' is unavailable: This Objective-C class has only been forward-declared; import its owning module to use it
>: UIView, UICollectionViewDataSource, UICollectionViewDelegate, UIGestureRecognizerDelegate {
   ^~~~~~
UIKit.UIView:2:14: note: 'UIView' has been explicitly marked unavailable here
public class UIView {
             ^
/Users/admin/builder/spi-builder-workspace/Sources/MessagingUI/Tiled/TiledView.swift:2311:28: error: cannot find type 'Context' in scope
  func makeUIView(context: Context) -> UIViewType {
                           ^~~~~~~
/Users/admin/builder/spi-builder-workspace/Sources/MessagingUI/Tiled/TiledView.swift:2317:52: error: cannot find type 'Context' in scope
  func updateUIView(_ uiView: UIViewType, context: Context) {
                                                   ^~~~~~~
/Users/admin/builder/spi-builder-workspace/Sources/MessagingUI/Tiled/TiledView.swift:2260:4: error: cannot find type 'UIViewRepresentable' in scope
>: UIViewRepresentable {
   ^~~~~~~~~~~~~~~~~~~
/Users/admin/builder/spi-builder-workspace/Sources/MessagingUI/Tiled/TiledViewCell.swift:11:43: error: cannot find type 'UICollectionViewCell' in scope
final class TiledViewCell<Content: View>: UICollectionViewCell {
                                          ^~~~~~~~~~~~~~~~~~~~
/Users/admin/builder/spi-builder-workspace/Sources/MessagingUI/Tiled/TiledViewCell.swift:22:16: error: property does not override any property from its superclass
  override var safeAreaInsets: UIEdgeInsets {
  ~~~~~~~~     ^
/Users/admin/builder/spi-builder-workspace/Sources/MessagingUI/Tiled/TiledViewCell.swift:36:17: error: method does not override any method from its superclass
  override func prepareForReuse() {
  ~~~~~~~~      ^
/Users/admin/builder/spi-builder-workspace/Sources/MessagingUI/Tiled/TiledViewCell.swift:44:8: error: cannot find type 'UICollectionViewLayoutAttributes' in scope
  ) -> UICollectionViewLayoutAttributes {
       ^~~~~~~~~~~~~~~~~~~~~~~~~~~~~~~~
/Users/admin/builder/spi-builder-workspace/Sources/MessagingUI/Tiled/TiledViewCell.swift:43:25: error: cannot find type 'UICollectionViewLayoutAttributes' in scope
    _ layoutAttributes: UICollectionViewLayoutAttributes
                        ^~~~~~~~~~~~~~~~~~~~~~~~~~~~~~~~
Failed frontend command:
/Applications/Xcode-16.3.0.app/Contents/Developer/Toolchains/XcodeDefault.xctoolchain/usr/bin/swift-frontend -frontend -emit-module -experimental-skip-non-inlinable-function-bodies-without-types /Users/admin/builder/spi-builder-workspace/Sources/MessagingUI/Animator/SpringAnimator.swift /Users/admin/builder/spi-builder-workspace/Sources/MessagingUI/Animator/SpringScrollAnimator.swift /Users/admin/builder/spi-builder-workspace/Sources/MessagingUI/Internal/VisibleMessagesPreference.swift /Users/admin/builder/spi-builder-workspace/Sources/MessagingUI/Log.swift /Users/admin/builder/spi-builder-workspace/Sources/MessagingUI/Tiled/CellState.swift /Users/admin/builder/spi-builder-workspace/Sources/MessagingUI/Tiled/CellStateStorage.swift /Users/admin/builder/spi-builder-workspace/Sources/MessagingUI/Tiled/RevealOffset.swift /Users/admin/builder/spi-builder-workspace/Sources/MessagingUI/Tiled/ScrollViewGeometry.swift /Users/admin/builder/spi-builder-workspace/Sources/MessagingUI/Tiled/TiledCellContent.swift /Users/admin/builder/spi-builder-workspace/Sources/MessagingUI/Tiled/TiledCollectionViewLayout.swift /Users/admin/builder/spi-builder-workspace/Sources/MessagingUI/Tiled/TiledScrollGeometry.swift /Users/admin/builder/spi-builder-workspace/Sources/MessagingUI/Tiled/TiledScrollPosition.swift /Users/admin/builder/spi-builder-workspace/Sources/MessagingUI/Tiled/TiledView.swift /Users/admin/builder/spi-builder-workspace/Sources/MessagingUI/Tiled/TiledViewCell.swift /Users/admin/builder/spi-builder-workspace/Sources/MessagingUI/TiledItemChange.swift -target arm64-apple-watchos10.0 -Xllvm -aarch64-use-tbi -enable-objc-interop -stack-check -sdk /Applications/Xcode-16.3.0.app/Contents/Developer/Platforms/WatchOS.platform/Developer/SDKs/WatchOS11.4.sdk -I /Users/admin/builder/spi-builder-workspace/.derivedData/Build/Products/Debug-watchos -I /Applications/Xcode-16.3.0.app/Contents/Developer/Platforms/WatchOS.platform/Developer/usr/lib -F /Users/admin/builder/spi-builder-workspace/.derivedData/Build/Products/Debug-watchos/PackageFrameworks -F /Users/admin/builder/spi-builder-workspace/.derivedData/Build/Products/Debug-watchos/PackageFrameworks -F /Users/admin/builder/spi-builder-workspace/.derivedData/Build/Products/Debug-watchos/PackageFrameworks -F /Users/admin/builder/spi-builder-workspace/.derivedData/Build/Products/Debug-watchos/PackageFrameworks -F /Users/admin/builder/spi-builder-workspace/.derivedData/Build/Products/Debug-watchos/PackageFrameworks -F /Users/admin/builder/spi-builder-workspace/.derivedData/Build/Products/Debug-watchos/PackageFrameworks -F /Users/admin/builder/spi-builder-workspace/.derivedData/Build/Products/Debug-watchos -F /Applications/Xcode-16.3.0.app/Contents/Developer/Platforms/WatchOS.platform/Developer/Library/Frameworks -F /Applications/Xcode-16.3.0.app/Contents/Developer/Platforms/WatchOS.platform/Developer/SDKs/WatchOS11.4.sdk/Developer/Library/Frameworks -no-color-diagnostics -enable-testing -g -debug-info-format\=dwarf -dwarf-version\=4 -module-cache-path /Users/admin/builder/spi-builder-workspace/.derivedData/ModuleCache.noindex -profile-generate -profile-coverage-mapping -swift-version 6 -enforce-exclusivity\=checked -Onone -D SWIFT_PACKAGE -D DEBUG -D Xcode -serialize-debugging-options -const-gather-protocols-file /Users/admin/builder/spi-builder-workspace/.derivedData/Build/Intermediates.noindex/swiftui-messaging-ui.build/Debug-watchos/MessagingUI.build/Objects-normal/arm64/MessagingUI_const_extract_protocols.json -enable-experimental-feature DebugDescriptionMacro -empty-abi-descriptor -plugin-path /Applications/Xcode-16.3.0.app/Contents/Developer/Toolchains/XcodeDefault.xctoolchain/usr/lib/swift/host/plugins/testing -validate-clang-modules-once -clang-build-session-file /Users/admin/builder/spi-builder-workspace/.derivedData/ModuleCache.noindex/Session.modulevalidation -Xcc -working-directory -Xcc /Users/admin/builder/spi-builder-workspace/.swiftpm/xcode -resource-dir /Applications/Xcode-16.3.0.app/Contents/Developer/Toolchains/XcodeDefault.xctoolchain/usr/lib/swift -enable-anonymous-context-mangled-names -file-compilation-dir /Users/admin/builder/spi-builder-workspace/.swiftpm/xcode -Xcc -ivfsstatcache -Xcc /Users/admin/builder/spi-builder-workspace/.derivedData/SDKStatCaches.noindex/watchos11.4-22T246-43efb940ff07ba2497b70ec94253f576.sdkstatcache -Xcc -I/Users/admin/builder/spi-builder-workspace/.derivedData/Build/Intermediates.noindex/swiftui-messaging-ui.build/Debug-watchos/MessagingUI.build/swift-overrides.hmap -Xcc -I/Users/admin/builder/spi-builder-workspace/.derivedData/Build/Products/Debug-watchos/include -Xcc -I/Users/admin/builder/spi-builder-workspace/.derivedData/Build/Intermediates.noindex/swiftui-messaging-ui.build/Debug-watchos/MessagingUI.build/DerivedSources-normal/arm64 -Xcc -I/Users/admin/builder/spi-builder-workspace/.derivedData/Build/Intermediates.noindex/swiftui-messaging-ui.build/Debug-watchos/MessagingUI.build/DerivedSources/arm64 -Xcc -I/Users/admin/builder/spi-builder-workspace/.derivedData/Build/Intermediates.noindex/swiftui-messaging-ui.build/Debug-watchos/MessagingUI.build/DerivedSources -Xcc -DSWIFT_PACKAGE -Xcc -DDEBUG\=1 -module-name MessagingUI -package-name spi_builder_workspace -frontend-parseable-output -disable-clang-spi -target-sdk-version 11.4 -target-sdk-name watchos11.4 -external-plugin-path /Applications/Xcode-16.3.0.app/Contents/Developer/Platforms/WatchOS.platform/Developer/usr/lib/swift/host/plugins\#/Applications/Xcode-16.3.0.app/Contents/Developer/Platforms/WatchOS.platform/Developer/usr/bin/swift-plugin-server -external-plugin-path /Applications/Xcode-16.3.0.app/Contents/Developer/Platforms/WatchOS.platform/Developer/usr/local/lib/swift/host/plugins\#/Applications/Xcode-16.3.0.app/Contents/Developer/Platforms/WatchOS.platform/Developer/usr/bin/swift-plugin-server -in-process-plugin-server-path /Applications/Xcode-16.3.0.app/Contents/Developer/Toolchains/XcodeDefault.xctoolchain/usr/lib/swift/host/libSwiftInProcPluginServer.dylib -plugin-path /Applications/Xcode-16.3.0.app/Contents/Developer/Toolchains/XcodeDefault.xctoolchain/usr/lib/swift/host/plugins -plugin-path /Applications/Xcode-16.3.0.app/Contents/Developer/Toolchains/XcodeDefault.xctoolchain/usr/local/lib/swift/host/plugins -emit-module-doc-path /Users/admin/builder/spi-builder-workspace/.derivedData/Build/Intermediates.noindex/swiftui-messaging-ui.build/Debug-watchos/MessagingUI.build/Objects-normal/arm64/MessagingUI.swiftdoc -emit-module-source-info-path /Users/admin/builder/spi-builder-workspace/.derivedData/Build/Intermediates.noindex/swiftui-messaging-ui.build/Debug-watchos/MessagingUI.build/Objects-normal/arm64/MessagingUI.swiftsourceinfo -emit-objc-header-path /Users/admin/builder/spi-builder-workspace/.derivedData/Build/Intermediates.noindex/swiftui-messaging-ui.build/Debug-watchos/MessagingUI.build/Objects-normal/arm64/MessagingUI-Swift.h -serialize-diagnostics-path /Users/admin/builder/spi-builder-workspace/.derivedData/Build/Intermediates.noindex/swiftui-messaging-ui.build/Debug-watchos/MessagingUI.build/Objects-normal/arm64/MessagingUI-master-emit-module.dia -emit-dependencies-path /Users/admin/builder/spi-builder-workspace/.derivedData/Build/Intermediates.noindex/swiftui-messaging-ui.build/Debug-watchos/MessagingUI.build/Objects-normal/arm64/MessagingUI-master-emit-module.d -o /Users/admin/builder/spi-builder-workspace/.derivedData/Build/Intermediates.noindex/swiftui-messaging-ui.build/Debug-watchos/MessagingUI.build/Objects-normal/arm64/MessagingUI.swiftmodule -emit-abi-descriptor-path /Users/admin/builder/spi-builder-workspace/.derivedData/Build/Intermediates.noindex/swiftui-messaging-ui.build/Debug-watchos/MessagingUI.build/Objects-normal/arm64/MessagingUI.abi.json
SwiftCompile normal arm64 Compiling\ TiledCellContent.swift,\ TiledCollectionViewLayout.swift /Users/admin/builder/spi-builder-workspace/Sources/MessagingUI/Tiled/TiledCellContent.swift /Users/admin/builder/spi-builder-workspace/Sources/MessagingUI/Tiled/TiledCollectionViewLayout.swift (in target 'MessagingUI' from project 'swiftui-messaging-ui')
SwiftCompile normal arm64 /Users/admin/builder/spi-builder-workspace/Sources/MessagingUI/Tiled/TiledCellContent.swift (in target 'MessagingUI' from project 'swiftui-messaging-ui')
    cd /Users/admin/builder/spi-builder-workspace/.swiftpm/xcode

SwiftCompile normal arm64 /Users/admin/builder/spi-builder-workspace/Sources/MessagingUI/Tiled/TiledCollectionViewLayout.swift (in target 'MessagingUI' from project 'swiftui-messaging-ui')
    cd /Users/admin/builder/spi-builder-workspace/.swiftpm/xcode

SwiftCompile normal arm64 Compiling\ TiledViewCell.swift /Users/admin/builder/spi-builder-workspace/Sources/MessagingUI/Tiled/TiledViewCell.swift (in target 'MessagingUI' from project 'swiftui-messaging-ui')
SwiftCompile normal arm64 /Users/admin/builder/spi-builder-workspace/Sources/MessagingUI/Tiled/TiledViewCell.swift (in target 'MessagingUI' from project 'swiftui-messaging-ui')
    cd /Users/admin/builder/spi-builder-workspace/.swiftpm/xcode

SwiftDriverJobDiscovery normal arm64_32 Compiling Shared.swift, SpanIterator.swift, UniqueBox.swift (in target 'ContainersPreview' from project 'swift-collections')
SwiftEmitModule normal arm64_32 Emitting\ module\ for\ MessagingUI (in target 'MessagingUI' from project 'swiftui-messaging-ui')
EmitSwiftModule normal arm64_32 (in target 'MessagingUI' from project 'swiftui-messaging-ui')
    cd /Users/admin/builder/spi-builder-workspace/.swiftpm/xcode

SwiftDriverJobDiscovery normal arm64_32 Compiling OutputSpan+Extras.swift, TemporaryAllocation.swift, BorrowingIteratorProtocol+Copy.swift, BorrowingIteratorProtocol+ElementsEqual.swift (in target 'ContainersPreview' from project 'swift-collections')
SwiftCompile normal arm64_32 Compiling\ SpringAnimator.swift,\ SpringScrollAnimator.swift /Users/admin/builder/spi-builder-workspace/Sources/MessagingUI/Animator/SpringAnimator.swift /Users/admin/builder/spi-builder-workspace/Sources/MessagingUI/Animator/SpringScrollAnimator.swift (in target 'MessagingUI' from project 'swiftui-messaging-ui')
SwiftCompile normal arm64_32 /Users/admin/builder/spi-builder-workspace/Sources/MessagingUI/Animator/SpringAnimator.swift (in target 'MessagingUI' from project 'swiftui-messaging-ui')
    cd /Users/admin/builder/spi-builder-workspace/.swiftpm/xcode

SwiftCompile normal arm64_32 /Users/admin/builder/spi-builder-workspace/Sources/MessagingUI/Animator/SpringScrollAnimator.swift (in target 'MessagingUI' from project 'swiftui-messaging-ui')
    cd /Users/admin/builder/spi-builder-workspace/.swiftpm/xcode

SwiftDriverJobDiscovery normal arm64_32 Compiling Strideable+Limits.swift, Drain+Map.swift, Drain+Reduce.swift, Drain.swift (in target 'ContainersPreview' from project 'swift-collections')
SwiftCompile normal arm64 Compiling\ SpringAnimator.swift,\ SpringScrollAnimator.swift /Users/admin/builder/spi-builder-workspace/Sources/MessagingUI/Animator/SpringAnimator.swift /Users/admin/builder/spi-builder-workspace/Sources/MessagingUI/Animator/SpringScrollAnimator.swift (in target 'MessagingUI' from project 'swiftui-messaging-ui')
SwiftCompile normal arm64 /Users/admin/builder/spi-builder-workspace/Sources/MessagingUI/Animator/SpringAnimator.swift (in target 'MessagingUI' from project 'swiftui-messaging-ui')
    cd /Users/admin/builder/spi-builder-workspace/.swiftpm/xcode

SwiftCompile normal arm64 /Users/admin/builder/spi-builder-workspace/Sources/MessagingUI/Animator/SpringScrollAnimator.swift (in target 'MessagingUI' from project 'swiftui-messaging-ui')
    cd /Users/admin/builder/spi-builder-workspace/.swiftpm/xcode

SwiftDriverJobDiscovery normal arm64_32 Compiling Producer+Collect.swift, Producer+Filter.swift, Producer+Map.swift, Producer+Reduce.swift (in target 'ContainersPreview' from project 'swift-collections')
SwiftCompile normal arm64 Compiling\ TiledScrollGeometry.swift /Users/admin/builder/spi-builder-workspace/Sources/MessagingUI/Tiled/TiledScrollGeometry.swift (in target 'MessagingUI' from project 'swiftui-messaging-ui')
SwiftCompile normal arm64 /Users/admin/builder/spi-builder-workspace/Sources/MessagingUI/Tiled/TiledScrollGeometry.swift (in target 'MessagingUI' from project 'swiftui-messaging-ui')
    cd /Users/admin/builder/spi-builder-workspace/.swiftpm/xcode

SwiftDriverJobDiscovery normal arm64_32 Compiling PermutableContainer.swift, RandomAccessContainer.swift, RangeExpression2.swift, RangeReplaceableContainer.swift (in target 'ContainersPreview' from project 'swift-collections')
SwiftCompile normal arm64_32 Compiling\ RevealOffset.swift,\ ScrollViewGeometry.swift /Users/admin/builder/spi-builder-workspace/Sources/MessagingUI/Tiled/RevealOffset.swift /Users/admin/builder/spi-builder-workspace/Sources/MessagingUI/Tiled/ScrollViewGeometry.swift (in target 'MessagingUI' from project 'swiftui-messaging-ui')
SwiftCompile normal arm64_32 /Users/admin/builder/spi-builder-workspace/Sources/MessagingUI/Tiled/RevealOffset.swift (in target 'MessagingUI' from project 'swiftui-messaging-ui')
    cd /Users/admin/builder/spi-builder-workspace/.swiftpm/xcode

SwiftCompile normal arm64_32 /Users/admin/builder/spi-builder-workspace/Sources/MessagingUI/Tiled/ScrollViewGeometry.swift (in target 'MessagingUI' from project 'swiftui-messaging-ui')
    cd /Users/admin/builder/spi-builder-workspace/.swiftpm/xcode

SwiftDriverJobDiscovery normal arm64_32 Compiling BorrowingIteratorProtocol+Filter.swift, BorrowingIteratorProtocol+Map.swift, BorrowingIteratorProtocol+Reduce.swift, BorrowingIteratorProtocol+SpanwiseZip.swift (in target 'ContainersPreview' from project 'swift-collections')
SwiftCompile normal arm64 Compiling\ RevealOffset.swift,\ ScrollViewGeometry.swift /Users/admin/builder/spi-builder-workspace/Sources/MessagingUI/Tiled/RevealOffset.swift /Users/admin/builder/spi-builder-workspace/Sources/MessagingUI/Tiled/ScrollViewGeometry.swift (in target 'MessagingUI' from project 'swiftui-messaging-ui')
SwiftCompile normal arm64 /Users/admin/builder/spi-builder-workspace/Sources/MessagingUI/Tiled/RevealOffset.swift (in target 'MessagingUI' from project 'swiftui-messaging-ui')
    cd /Users/admin/builder/spi-builder-workspace/.swiftpm/xcode

SwiftCompile normal arm64 /Users/admin/builder/spi-builder-workspace/Sources/MessagingUI/Tiled/ScrollViewGeometry.swift (in target 'MessagingUI' from project 'swiftui-messaging-ui')
    cd /Users/admin/builder/spi-builder-workspace/.swiftpm/xcode

SwiftDriverJobDiscovery normal arm64 Compiling UniqueDeque.swift, _DequeSlot.swift, _UnsafeDequeHandle.swift, _UnsafeDequeSegments.swift (in target 'DequeModule' from project 'swift-collections')
SwiftCompile normal arm64_32 Compiling\ CellState.swift,\ CellStateStorage.swift /Users/admin/builder/spi-builder-workspace/Sources/MessagingUI/Tiled/CellState.swift /Users/admin/builder/spi-builder-workspace/Sources/MessagingUI/Tiled/CellStateStorage.swift (in target 'MessagingUI' from project 'swiftui-messaging-ui')
SwiftDriverJobDiscovery normal armv7k Compiling UniqueDeque.swift, _DequeSlot.swift, _UnsafeDequeHandle.swift, _UnsafeDequeSegments.swift (in target 'DequeModule' from project 'swift-collections')
** BUILD FAILED **
The following build commands failed:
	EmitSwiftModule normal arm64 (in target 'MessagingUI' from project 'swiftui-messaging-ui')
	SwiftEmitModule normal arm64 Emitting\ module\ for\ MessagingUI (in target 'MessagingUI' from project 'swiftui-messaging-ui')
	Building workspace spi-builder-workspace with scheme swiftui-messaging-ui
(3 failures)
BUILD FAILURE 6.1 watchOS