The Swift Package Index logo.Swift Package Index

Build Information

Failed to build Occurrence, reference main (2d0a9f), with Swift 6.1 for Wasm on 27 Aug 2026 16:54:33 UTC.

Build Command

bash -c docker run --pull=always --rm -v "checkouts-54344843-0":/host -w "$PWD" -e JAVA_HOME="/root/.sdkman/candidates/java/current" -e SPI_BUILD="1" -e SPI_PROCESSING="1" registry.gitlab.com/saguaro1/spi-images:wasm-6.1-latest swift build --swift-sdk wasm32-unknown-wasi 2>&1

Build Log

========================================
RunAll
========================================
Builder version: 5.0.2
Interrupt handler set up.
========================================
Checkout
========================================
Clone URL: https://github.com/richardpiazza/Occurrence.git
Reference: main
Initialized empty Git repository in /host/spi-builder-workspace/.git/
hint: Using 'master' as the name for the initial branch. This default branch name
hint: is subject to change. To configure the initial branch name to use in all
hint: of your new repositories, which will suppress this warning, call:
hint:
hint: 	git config --global init.defaultBranch <name>
hint:
hint: Names commonly chosen instead of 'master' are 'main', 'trunk' and
hint: 'development'. The just-created branch can be renamed via this command:
hint:
hint: 	git branch -m <name>
From https://github.com/richardpiazza/Occurrence
 * branch            main       -> FETCH_HEAD
 * [new branch]      main       -> origin/main
HEAD is now at 2d0a9f7 Standard Output Reflection (#37)
Cloned https://github.com/richardpiazza/Occurrence.git
Revision (git rev-parse @):
2d0a9f751142b86e5c48613873cff6ca0b94c990
SPI manifest file found: $PWD/.spi.yml
SUCCESS checkout https://github.com/richardpiazza/Occurrence.git at main
========================================
Build
========================================
Selected platform:         wasm
Swift version:             6.1
Building package at path:  $PWD
https://github.com/richardpiazza/Occurrence.git
https://github.com/richardpiazza/Occurrence.git
WARNING: environment variable SUPPRESS_SWIFT_6_FLAGS is not set
Running build ...
bash -c docker run --pull=always --rm -v "checkouts-54344843-0":/host -w "$PWD" -e JAVA_HOME="/root/.sdkman/candidates/java/current" -e SPI_BUILD="1" -e SPI_PROCESSING="1" registry.gitlab.com/saguaro1/spi-images:wasm-6.1-latest swift build --swift-sdk wasm32-unknown-wasi -Xswiftc -Xfrontend -Xswiftc -stats-output-dir -Xswiftc -Xfrontend -Xswiftc .stats -Xswiftc -strict-concurrency=complete -Xswiftc -enable-upcoming-feature -Xswiftc StrictConcurrency -Xswiftc -enable-upcoming-feature -Xswiftc DisableOutwardActorInference -Xswiftc -enable-upcoming-feature -Xswiftc GlobalActorIsolatedTypesUsability -Xswiftc -enable-upcoming-feature -Xswiftc InferSendableFromCaptures 2>&1
wasm-6.1-latest: Pulling from saguaro1/spi-images
Digest: sha256:290f441d1f5b7bf0dbbe61e8b7514208804cdcb507d57b3c762463ad036298f7
Status: Image is up to date for registry.gitlab.com/saguaro1/spi-images:wasm-6.1-latest
Fetching https://github.com/swhitty/swift-mutex.git
Fetching https://github.com/apple/swift-log.git
Fetching https://github.com/stephencelis/SQLite.swift.git
Fetching https://github.com/richardpiazza/Statement.git
[1/917] Fetching statement
[918/1241] Fetching statement, swift-mutex
Fetched https://github.com/richardpiazza/Statement.git from cache (0.50s)
[1/7967] Fetching swift-log
[7968/19239] Fetching swift-log, sqlite.swift
Fetched https://github.com/swhitty/swift-mutex.git from cache (1.23s)
Fetched https://github.com/apple/swift-log.git from cache (1.23s)
Fetched https://github.com/stephencelis/SQLite.swift.git from cache (1.24s)
Computing version for https://github.com/swhitty/swift-mutex.git
Computed https://github.com/swhitty/swift-mutex.git at 0.0.6 (1.46s)
Computing version for https://github.com/stephencelis/SQLite.swift.git
Computed https://github.com/stephencelis/SQLite.swift.git at 0.16.0 (0.23s)
Fetching https://github.com/sqlcipher/SQLCipher.swift
Fetching https://github.com/stephencelis/CSQLite
[1/295] Fetching csqlite
[296/434] Fetching csqlite, sqlcipher.swift
Fetched https://github.com/stephencelis/CSQLite from cache (0.79s)
Fetched https://github.com/sqlcipher/SQLCipher.swift from cache (0.79s)
Computing version for https://github.com/richardpiazza/Statement.git
Computed https://github.com/richardpiazza/Statement.git at 0.8.1 (1.02s)
Computing version for https://github.com/apple/swift-log.git
Computed https://github.com/apple/swift-log.git at 1.15.0 (0.23s)
Computing version for https://github.com/stephencelis/CSQLite
Computed https://github.com/stephencelis/CSQLite at 3.53.3 (0.21s)
Computing version for https://github.com/sqlcipher/SQLCipher.swift
Computed https://github.com/sqlcipher/SQLCipher.swift at 4.18.0 (0.20s)
Creating working copy for https://github.com/swhitty/swift-mutex.git
Working copy of https://github.com/swhitty/swift-mutex.git resolved at 0.0.6
Creating working copy for https://github.com/sqlcipher/SQLCipher.swift
Working copy of https://github.com/sqlcipher/SQLCipher.swift resolved at 4.18.0
Creating working copy for https://github.com/richardpiazza/Statement.git
Working copy of https://github.com/richardpiazza/Statement.git resolved at 0.8.1
Creating working copy for https://github.com/stephencelis/SQLite.swift.git
Working copy of https://github.com/stephencelis/SQLite.swift.git resolved at 0.16.0
Creating working copy for https://github.com/stephencelis/CSQLite
Working copy of https://github.com/stephencelis/CSQLite resolved at 3.53.3
Creating working copy for https://github.com/apple/swift-log.git
Working copy of https://github.com/apple/swift-log.git resolved at 1.15.0
Downloading binary artifact https://github.com/sqlcipher/SQLCipher.swift/releases/download/4.18.0/SQLCipher.xcframework.zip
[16375/50471079] Downloading https://github.com/sqlcipher/SQLCipher.swift/releases/download/4.18.0/SQLCipher.xcframework.zip
Downloaded https://github.com/sqlcipher/SQLCipher.swift/releases/download/4.18.0/SQLCipher.xcframework.zip (2.98s)
Building for debugging...
[0/9] Write sources
[1/9] Copying PrivacyInfo.xcprivacy
[1/9] Write sources
[7/9] Compiling SQLiteSwiftCSQLite sqlite3.c
[7/9] Write swift-version-24593BA9C3E375BF.txt
error: emit-module command failed with exit code 1 (use -v to see invocation)
[10/83] Emitting module SQLite
/host/spi-builder-workspace/.build/checkouts/SQLite.swift/Sources/SQLite/Core/Backup.swift:26:8: error: no such module 'Dispatch'
 24 |
 25 | import Foundation
 26 | import Dispatch
    |        `- error: no such module 'Dispatch'
 27 | #if StandaloneSQLite
 28 | import sqlite3
[11/87] Compiling Mutex MutexSwift5.swift
<unknown>:0: warning: upcoming feature 'InferSendableFromCaptures' is already enabled as of Swift version 6
<unknown>:0: warning: upcoming feature 'GlobalActorIsolatedTypesUsability' is already enabled as of Swift version 6
<unknown>:0: warning: upcoming feature 'DisableOutwardActorInference' is already enabled as of Swift version 6
[12/87] Compiling Mutex Mutex.swift
<unknown>:0: warning: upcoming feature 'InferSendableFromCaptures' is already enabled as of Swift version 6
<unknown>:0: warning: upcoming feature 'GlobalActorIsolatedTypesUsability' is already enabled as of Swift version 6
<unknown>:0: warning: upcoming feature 'DisableOutwardActorInference' is already enabled as of Swift version 6
/host/spi-builder-workspace/.build/checkouts/swift-mutex/Sources/Mutex.swift:44:18: error: cannot find type 'Storage' in scope
 42 | @available(visionOS, deprecated: 15.0, message: "use Mutex from Synchronization module")
 43 | public struct Mutex<Value: ~Copyable>: ~Copyable {
 44 |     let storage: Storage<Value>
    |                  `- error: cannot find type 'Storage' in scope
 45 |
 46 |     public init(_ initialValue: consuming sending Value) {
/host/spi-builder-workspace/.build/checkouts/swift-mutex/Sources/Mutex.swift:47:24: error: cannot find 'Storage' in scope
 45 |
 46 |     public init(_ initialValue: consuming sending Value) {
 47 |         self.storage = Storage(initialValue)
    |                        `- error: cannot find 'Storage' in scope
 48 |     }
 49 |
[13/87] Compiling Logging Logger+With.swift
unable to find node: pound
unable to find node: pound
<unknown>:0: warning: upcoming feature 'InferSendableFromCaptures' is already enabled as of Swift version 6
<unknown>:0: warning: upcoming feature 'GlobalActorIsolatedTypesUsability' is already enabled as of Swift version 6
<unknown>:0: warning: upcoming feature 'DisableOutwardActorInference' is already enabled as of Swift version 6
[14/88] Compiling Logging LoggingSystem.swift
<unknown>:0: warning: upcoming feature 'InferSendableFromCaptures' is already enabled as of Swift version 6
<unknown>:0: warning: upcoming feature 'GlobalActorIsolatedTypesUsability' is already enabled as of Swift version 6
<unknown>:0: warning: upcoming feature 'DisableOutwardActorInference' is already enabled as of Swift version 6
[15/88] Compiling Logging Logger.swift
<unknown>:0: warning: upcoming feature 'InferSendableFromCaptures' is already enabled as of Swift version 6
<unknown>:0: warning: upcoming feature 'GlobalActorIsolatedTypesUsability' is already enabled as of Swift version 6
<unknown>:0: warning: upcoming feature 'DisableOutwardActorInference' is already enabled as of Swift version 6
error: emit-module command failed with exit code 1 (use -v to see invocation)
[16/88] Emitting module Mutex
<unknown>:0: warning: upcoming feature 'InferSendableFromCaptures' is already enabled as of Swift version 6
<unknown>:0: warning: upcoming feature 'GlobalActorIsolatedTypesUsability' is already enabled as of Swift version 6
<unknown>:0: warning: upcoming feature 'DisableOutwardActorInference' is already enabled as of Swift version 6
/host/spi-builder-workspace/.build/checkouts/swift-mutex/Sources/AllocatedLock.swift:37:18: error: cannot find type 'Storage' in scope
 35 |
 36 |     @usableFromInline
 37 |     let storage: Storage
    |                  `- error: cannot find type 'Storage' in scope
 38 |
 39 |     public init(uncheckedState initialState: State) {
/host/spi-builder-workspace/.build/checkouts/swift-mutex/Sources/Mutex.swift:44:18: error: cannot find type 'Storage' in scope
 42 | @available(visionOS, deprecated: 15.0, message: "use Mutex from Synchronization module")
 43 | public struct Mutex<Value: ~Copyable>: ~Copyable {
 44 |     let storage: Storage<Value>
    |                  `- error: cannot find type 'Storage' in scope
 45 |
 46 |     public init(_ initialValue: consuming sending Value) {
[17/88] Compiling Mutex AllocatedLock.swift
<unknown>:0: warning: upcoming feature 'InferSendableFromCaptures' is already enabled as of Swift version 6
<unknown>:0: warning: upcoming feature 'GlobalActorIsolatedTypesUsability' is already enabled as of Swift version 6
<unknown>:0: warning: upcoming feature 'DisableOutwardActorInference' is already enabled as of Swift version 6
/host/spi-builder-workspace/.build/checkouts/swift-mutex/Sources/AllocatedLock.swift:37:18: error: cannot find type 'Storage' in scope
 35 |
 36 |     @usableFromInline
 37 |     let storage: Storage
    |                  `- error: cannot find type 'Storage' in scope
 38 |
 39 |     public init(uncheckedState initialState: State) {
/host/spi-builder-workspace/.build/checkouts/swift-mutex/Sources/AllocatedLock.swift:40:24: error: cannot find 'Storage' in scope
 38 |
 39 |     public init(uncheckedState initialState: State) {
 40 |         self.storage = Storage(initialState: initialState)
    |                        `- error: cannot find 'Storage' in scope
 41 |     }
 42 |
/host/spi-builder-workspace/.build/checkouts/swift-mutex/Sources/AllocatedLock.swift:44:24: error: cannot find 'Storage' in scope
 42 |
 43 |     public init(initialState: State) where State: Sendable {
 44 |         self.storage = Storage(initialState: initialState)
    |                        `- error: cannot find 'Storage' in scope
 45 |     }
 46 |
/host/spi-builder-workspace/.build/checkouts/swift-mutex/Sources/AllocatedLock.swift:80:24: error: cannot find 'Storage' in scope
 78 |
 79 |     init() {
 80 |         self.storage = Storage(initialState: ())
    |                        `- error: cannot find 'Storage' in scope
 81 |     }
 82 |
<unknown>:0: warning: upcoming feature 'InferSendableFromCaptures' is already enabled as of Swift version 6
<unknown>:0: warning: upcoming feature 'GlobalActorIsolatedTypesUsability' is already enabled as of Swift version 6
<unknown>:0: warning: upcoming feature 'DisableOutwardActorInference' is already enabled as of Swift version 6
Running build ...
bash -c docker run --pull=always --rm -v "checkouts-54344843-0":/host -w "$PWD" -e JAVA_HOME="/root/.sdkman/candidates/java/current" -e SPI_BUILD="1" -e SPI_PROCESSING="1" registry.gitlab.com/saguaro1/spi-images:wasm-6.1-latest swift build --swift-sdk wasm32-unknown-wasi 2>&1
wasm-6.1-latest: Pulling from saguaro1/spi-images
Digest: sha256:290f441d1f5b7bf0dbbe61e8b7514208804cdcb507d57b3c762463ad036298f7
Status: Image is up to date for registry.gitlab.com/saguaro1/spi-images:wasm-6.1-latest
[0/1] Planning build
Building for debugging...
[0/1] Write swift-version-24593BA9C3E375BF.txt
[2/75] Compiling Mutex MutexSwift5.swift
[3/75] Compiling Mutex AllocatedLock.swift
/host/spi-builder-workspace/.build/checkouts/swift-mutex/Sources/AllocatedLock.swift:37:18: error: cannot find type 'Storage' in scope
 35 |
 36 |     @usableFromInline
 37 |     let storage: Storage
    |                  `- error: cannot find type 'Storage' in scope
 38 |
 39 |     public init(uncheckedState initialState: State) {
/host/spi-builder-workspace/.build/checkouts/swift-mutex/Sources/AllocatedLock.swift:40:24: error: cannot find 'Storage' in scope
 38 |
 39 |     public init(uncheckedState initialState: State) {
 40 |         self.storage = Storage(initialState: initialState)
    |                        `- error: cannot find 'Storage' in scope
 41 |     }
 42 |
/host/spi-builder-workspace/.build/checkouts/swift-mutex/Sources/AllocatedLock.swift:44:24: error: cannot find 'Storage' in scope
 42 |
 43 |     public init(initialState: State) where State: Sendable {
 44 |         self.storage = Storage(initialState: initialState)
    |                        `- error: cannot find 'Storage' in scope
 45 |     }
 46 |
/host/spi-builder-workspace/.build/checkouts/swift-mutex/Sources/AllocatedLock.swift:80:24: error: cannot find 'Storage' in scope
 78 |
 79 |     init() {
 80 |         self.storage = Storage(initialState: ())
    |                        `- error: cannot find 'Storage' in scope
 81 |     }
 82 |
[4/75] Compiling Mutex Mutex.swift
/host/spi-builder-workspace/.build/checkouts/swift-mutex/Sources/Mutex.swift:44:18: error: cannot find type 'Storage' in scope
 42 | @available(visionOS, deprecated: 15.0, message: "use Mutex from Synchronization module")
 43 | public struct Mutex<Value: ~Copyable>: ~Copyable {
 44 |     let storage: Storage<Value>
    |                  `- error: cannot find type 'Storage' in scope
 45 |
 46 |     public init(_ initialValue: consuming sending Value) {
/host/spi-builder-workspace/.build/checkouts/swift-mutex/Sources/Mutex.swift:47:24: error: cannot find 'Storage' in scope
 45 |
 46 |     public init(_ initialValue: consuming sending Value) {
 47 |         self.storage = Storage(initialValue)
    |                        `- error: cannot find 'Storage' in scope
 48 |     }
 49 |
error: emit-module command failed with exit code 1 (use -v to see invocation)
[5/75] Emitting module Mutex
/host/spi-builder-workspace/.build/checkouts/swift-mutex/Sources/AllocatedLock.swift:37:18: error: cannot find type 'Storage' in scope
 35 |
 36 |     @usableFromInline
 37 |     let storage: Storage
    |                  `- error: cannot find type 'Storage' in scope
 38 |
 39 |     public init(uncheckedState initialState: State) {
/host/spi-builder-workspace/.build/checkouts/swift-mutex/Sources/Mutex.swift:44:18: error: cannot find type 'Storage' in scope
 42 | @available(visionOS, deprecated: 15.0, message: "use Mutex from Synchronization module")
 43 | public struct Mutex<Value: ~Copyable>: ~Copyable {
 44 |     let storage: Storage<Value>
    |                  `- error: cannot find type 'Storage' in scope
 45 |
 46 |     public init(_ initialValue: consuming sending Value) {
BUILD FAILURE 6.1 wasm