The Swift Package Index logo.Swift Package Index

Build Information

Failed to build StringStream, reference 1.2.1 (803e30), with Swift 6.4 for Linux on 15 Sep 2026 21:31:23 UTC.

Build Command

bash -c docker run --pull=always --rm -v "checkouts-53886770-0":/host -w "$PWD" -e JAVA_HOME="/root/.sdkman/candidates/java/current" -e SPI_BUILD="1" -e SPI_PROCESSING="1" registry.gitlab.com/saguaro1/spi-images:basic-6.4-latest swift build --triple x86_64-unknown-linux-gnu 2>&1

Build Log

========================================
RunAll
========================================
Builder version: 5.1.0
Interrupt handler set up.
========================================
Checkout
========================================
Clone URL: https://github.com/omochi/stringstream.git
Reference: 1.2.1
Initialized empty Git repository in /host/spi-builder-workspace/.git/
hint: Using 'master' as the name for the initial branch. This default branch name
hint: is subject to change. To configure the initial branch name to use in all
hint: of your new repositories, which will suppress this warning, call:
hint:
hint: 	git config --global init.defaultBranch <name>
hint:
hint: Names commonly chosen instead of 'master' are 'main', 'trunk' and
hint: 'development'. The just-created branch can be renamed via this command:
hint:
hint: 	git branch -m <name>
From https://github.com/omochi/stringstream
 * tag               1.2.1      -> FETCH_HEAD
HEAD is now at 803e300 conv init
Cloned https://github.com/omochi/stringstream.git
Revision (git rev-parse @):
803e3007ed71287eb5f464d7fa8c0a2f7288c148
SUCCESS checkout https://github.com/omochi/stringstream.git at 1.2.1
========================================
Build
========================================
Selected platform:         linux
Swift version:             6.4
Building package at path:  $PWD
https://github.com/omochi/stringstream.git
Running build ...
bash -c docker run --pull=always --rm -v "checkouts-53886770-0":/host -w "$PWD" -e JAVA_HOME="/root/.sdkman/candidates/java/current" -e SPI_BUILD="1" -e SPI_PROCESSING="1" registry.gitlab.com/saguaro1/spi-images:basic-6.4-latest swift build --triple x86_64-unknown-linux-gnu 2>&1
basic-6.4-latest: Pulling from saguaro1/spi-images
Digest: sha256:c77fcce225e223ac0fafed844619173fc6de8d62dd560eeb28db3182af6a282b
Status: Image is up to date for registry.gitlab.com/saguaro1/spi-images:basic-6.4-latest
Building for debugging...
[Planning deferred tasks]
/host/spi-builder-workspace/Sources/StringStream/UTF8Extension.swift:4:5: warning: 'public' modifier is redundant for enum declared in a public extension
 2 |
 3 | public extension UTF8 {
 4 |     public enum ByteKind {
   |     `- warning: 'public' modifier is redundant for enum declared in a public extension
 5 |         case head(length: Int8)
 6 |         case body
[28 / 36] StringStream
[29 / 36] StringStream
/host/spi-builder-workspace/Sources/StringStream/UTF8Extension.swift:4:5: warning: 'public' modifier is redundant for enum declared in a public extension
 2 |
 3 | public extension UTF8 {
 4 |     public enum ByteKind {
   |     `- warning: 'public' modifier is redundant for enum declared in a public extension
 5 |         case head(length: Int8)
 6 |         case body
error: SwiftCompile normal x86_64 /host/spi-builder-workspace/Sources/StringStream/PosixError.swift failed with a nonzero exit code. Command line:     cd /host
    builtin-SwiftPerFileCompile PosixError.swift
/host/spi-builder-workspace/Sources/StringStream/PosixError.swift:16:33: error: cannot find 'Darwin' in scope
14 |
15 |     public static var current: PosixError {
16 |         return PosixError(code: Darwin.errno)
   |                                 `- error: cannot find 'Darwin' in scope
17 |     }
18 | }
Failed frontend command:
/usr/bin/swift-frontend -frontend -c /host/spi-builder-workspace/Sources/StringStream/CSV.swift /host/spi-builder-workspace/Sources/StringStream/CSVReader.swift /host/spi-builder-workspace/Sources/StringStream/CharacterReader.swift /host/spi-builder-workspace/Sources/StringStream/FileHandle.swift /host/spi-builder-workspace/Sources/StringStream/FileHandleProtocol.swift /host/spi-builder-workspace/Sources/StringStream/LTSV.swift /host/spi-builder-workspace/Sources/StringStream/LTSVReader.swift /host/spi-builder-workspace/Sources/StringStream/LTSVWriter.swift /host/spi-builder-workspace/Sources/StringStream/MemoryFileHandle.swift -primary-file /host/spi-builder-workspace/Sources/StringStream/PosixError.swift /host/spi-builder-workspace/Sources/StringStream/UTF8Extension.swift /host/spi-builder-workspace/Sources/StringStream/UTF8Reader.swift -emit-dependencies-path /host/spi-builder-workspace/.build/out/Intermediates.noindex/StringStream.build/Debug-linux-x86_64/StringStream-t.build/Objects-normal/x86_64/PosixError.d -emit-const-values-path /host/spi-builder-workspace/.build/out/Intermediates.noindex/StringStream.build/Debug-linux-x86_64/StringStream-t.build/Objects-normal/x86_64/PosixError.swiftconstvalues -emit-reference-dependencies-path /host/spi-builder-workspace/.build/out/Intermediates.noindex/StringStream.build/Debug-linux-x86_64/StringStream-t.build/Objects-normal/x86_64/PosixError.swiftdeps -serialize-diagnostics-path /host/spi-builder-workspace/.build/out/Intermediates.noindex/StringStream.build/Debug-linux-x86_64/StringStream-t.build/Objects-normal/x86_64/PosixError.dia -target x86_64-unknown-linux-gnu -disable-objc-interop -I /host/spi-builder-workspace/.build/out/Products/Debug-linux-x86_64 -module-cache-path /host/spi-builder-workspace/.build/out/ModuleCache.noindex -color-diagnostics -Xcc -fcolor-diagnostics -enable-testing -g -debug-info-format\=dwarf -dwarf-version\=4 -swift-version 4.2 -Onone -D SWIFT_PACKAGE -D DEBUG -D SWIFT_MODULE_RESOURCE_BUNDLE_UNAVAILABLE -D Xcode -serialize-debugging-options -enable-experimental-feature DebugDescriptionMacro -empty-abi-descriptor -external-plugin-path /usr/lib/swift/host/plugins/testing\#/usr/bin/swift-plugin-server -validate-clang-modules-once -clang-build-session-file /host/spi-builder-workspace/.build/out/ModuleCache.noindex/Session.modulevalidation -Xcc -working-directory -Xcc /host -enable-anonymous-context-mangled-names -file-compilation-dir /host -Xcc -fno-omit-frame-pointer -Xcc -D_LIBCPP_HARDENING_MODE\=_LIBCPP_HARDENING_MODE_DEBUG -Xcc -fmodules-prune-interval\=86400 -Xcc -fmodules-prune-after\=345600 -Xcc -I/host/spi-builder-workspace/.build/out/Products/Debug-linux-x86_64/include -Xcc -I/host/spi-builder-workspace/.build/out/Intermediates.noindex/StringStream.build/Debug-linux-x86_64/StringStream-t.build/DerivedSources-normal/x86_64 -Xcc -I/host/spi-builder-workspace/.build/out/Intermediates.noindex/StringStream.build/Debug-linux-x86_64/StringStream-t.build/DerivedSources/x86_64 -Xcc -I/host/spi-builder-workspace/.build/out/Intermediates.noindex/StringStream.build/Debug-linux-x86_64/StringStream-t.build/DerivedSources -Xcc -DSWIFT_PACKAGE -Xcc -DDEBUG\=1 -no-auto-bridging-header-chaining -module-name StringStream -const-gather-protocols-file /host/spi-builder-workspace/.build/out/Intermediates.noindex/StringStream.build/Debug-linux-x86_64/StringStream-t.build/Objects-normal/x86_64/StringStream_const_extract_protocols.json -in-process-plugin-server-path /usr/lib/swift/host/libSwiftInProcPluginServer.so -plugin-path /usr/lib/swift/host/plugins -plugin-path /usr/local/lib/swift/host/plugins -parse-as-library -o /host/spi-builder-workspace/.build/out/Intermediates.noindex/StringStream.build/Debug-linux-x86_64/StringStream-t.build/Objects-normal/x86_64/PosixError.o -index-unit-output-path /StringStream.build/Debug-linux-x86_64/StringStream-t.build/Objects-normal/x86_64/PosixError.o -index-store-path /host/spi-builder-workspace/.build/out -index-system-modules
error: SwiftCompile normal x86_64 /host/spi-builder-workspace/Sources/StringStream/FileHandle.swift failed with a nonzero exit code. Command line:     cd /host
    builtin-SwiftPerFileCompile FileHandle.swift
/host/spi-builder-workspace/Sources/StringStream/FileHandle.swift:10:28: error: cannot find 'Darwin' in scope
 8 |
 9 |     public convenience init(path: URL, mode: String) throws {
10 |         guard let handle = Darwin.fopen(path.path, mode) else {
   |                            `- error: cannot find 'Darwin' in scope
11 |             throw PosixError.current
12 |         }
/host/spi-builder-workspace/Sources/StringStream/FileHandle.swift:39:15: error: cannot find 'Darwin' in scope
37 |
38 |     public func close() throws {
39 |         guard Darwin.fclose(handle) == 0 else {
   |               `- error: cannot find 'Darwin' in scope
40 |             throw PosixError.current
41 |         }
/host/spi-builder-workspace/Sources/StringStream/FileHandle.swift:45:16: error: cannot find 'Darwin' in scope
43 |
44 |     public var isEOF: Bool {
45 |         return Darwin.feof(handle) != 0
   |                `- error: cannot find 'Darwin' in scope
46 |     }
47 |
/host/spi-builder-workspace/Sources/StringStream/FileHandle.swift:51:13: error: cannot find 'Darwin' in scope
49 |         var data = Data(count: maxSize)
50 |         let readSize = data.withUnsafeMutableBytes { (bytes) in
51 |             Darwin.fread(bytes, 1, maxSize, handle)
   |             `- error: cannot find 'Darwin' in scope
52 |         }
53 |         if readSize < maxSize, !isEOF {
/host/spi-builder-workspace/Sources/StringStream/FileHandle.swift:54:36: error: cannot find 'Darwin' in scope
52 |         }
53 |         if readSize < maxSize, !isEOF {
54 |             throw PosixError(code: Darwin.ferror(handle))
   |                                    `- error: cannot find 'Darwin' in scope
55 |         }
56 |         data.count = readSize
/host/spi-builder-workspace/Sources/StringStream/FileHandle.swift:62:13: error: cannot find 'Darwin' in scope
60 |     public func write(data: Data) throws {
61 |         let writtenSize = data.withUnsafeBytes { (bytes) in
62 |             Darwin.fwrite(bytes, 1, data.count, handle)
   |             `- error: cannot find 'Darwin' in scope
63 |         }
64 |         if writtenSize != data.count {
/host/spi-builder-workspace/Sources/StringStream/FileHandle.swift:65:36: error: cannot find 'Darwin' in scope
63 |         }
64 |         if writtenSize != data.count {
65 |             throw PosixError(code: Darwin.ferror(handle))
   |                                    `- error: cannot find 'Darwin' in scope
66 |         }
67 |     }
/host/spi-builder-workspace/Sources/StringStream/FileHandle.swift:70:24: error: cannot find 'Darwin' in scope
68 |
69 |     public func position() throws -> Int {
70 |         let position = Darwin.ftell(handle)
   |                        `- error: cannot find 'Darwin' in scope
71 |         if position == -1 {
72 |             throw PosixError.current
/host/spi-builder-workspace/Sources/StringStream/FileHandle.swift:78:22: error: cannot find 'Darwin' in scope
76 |
77 |     public func seek(to position: Int) throws {
78 |         let status = Darwin.fseek(handle, position, SEEK_SET)
   |                      `- error: cannot find 'Darwin' in scope
79 |         guard status == 0 else {
80 |             throw PosixError.current
Failed frontend command:
/usr/bin/swift-frontend -frontend -c /host/spi-builder-workspace/Sources/StringStream/CSV.swift /host/spi-builder-workspace/Sources/StringStream/CSVReader.swift -primary-file /host/spi-builder-workspace/Sources/StringStream/CharacterReader.swift -primary-file /host/spi-builder-workspace/Sources/StringStream/FileHandle.swift /host/spi-builder-workspace/Sources/StringStream/FileHandleProtocol.swift /host/spi-builder-workspace/Sources/StringStream/LTSV.swift /host/spi-builder-workspace/Sources/StringStream/LTSVReader.swift /host/spi-builder-workspace/Sources/StringStream/LTSVWriter.swift /host/spi-builder-workspace/Sources/StringStream/MemoryFileHandle.swift /host/spi-builder-workspace/Sources/StringStream/PosixError.swift /host/spi-builder-workspace/Sources/StringStream/UTF8Extension.swift /host/spi-builder-workspace/Sources/StringStream/UTF8Reader.swift -emit-dependencies-path /host/spi-builder-workspace/.build/out/Intermediates.noindex/StringStream.build/Debug-linux-x86_64/StringStream-t.build/Objects-normal/x86_64/CharacterReader.d -emit-const-values-path /host/spi-builder-workspace/.build/out/Intermediates.noindex/StringStream.build/Debug-linux-x86_64/StringStream-t.build/Objects-normal/x86_64/CharacterReader.swiftconstvalues -emit-reference-dependencies-path /host/spi-builder-workspace/.build/out/Intermediates.noindex/StringStream.build/Debug-linux-x86_64/StringStream-t.build/Objects-normal/x86_64/CharacterReader.swiftdeps -serialize-diagnostics-path /host/spi-builder-workspace/.build/out/Intermediates.noindex/StringStream.build/Debug-linux-x86_64/StringStream-t.build/Objects-normal/x86_64/CharacterReader.dia -emit-dependencies-path /host/spi-builder-workspace/.build/out/Intermediates.noindex/StringStream.build/Debug-linux-x86_64/StringStream-t.build/Objects-normal/x86_64/FileHandle.d -emit-const-values-path /host/spi-builder-workspace/.build/out/Intermediates.noindex/StringStream.build/Debug-linux-x86_64/StringStream-t.build/Objects-normal/x86_64/FileHandle.swiftconstvalues -emit-reference-dependencies-path /host/spi-builder-workspace/.build/out/Intermediates.noindex/StringStream.build/Debug-linux-x86_64/StringStream-t.build/Objects-normal/x86_64/FileHandle.swiftdeps -serialize-diagnostics-path /host/spi-builder-workspace/.build/out/Intermediates.noindex/StringStream.build/Debug-linux-x86_64/StringStream-t.build/Objects-normal/x86_64/FileHandle.dia -target x86_64-unknown-linux-gnu -disable-objc-interop -I /host/spi-builder-workspace/.build/out/Products/Debug-linux-x86_64 -module-cache-path /host/spi-builder-workspace/.build/out/ModuleCache.noindex -color-diagnostics -Xcc -fcolor-diagnostics -enable-testing -g -debug-info-format\=dwarf -dwarf-version\=4 -swift-version 4.2 -Onone -D SWIFT_PACKAGE -D DEBUG -D SWIFT_MODULE_RESOURCE_BUNDLE_UNAVAILABLE -D Xcode -serialize-debugging-options -enable-experimental-feature DebugDescriptionMacro -empty-abi-descriptor -external-plugin-path /usr/lib/swift/host/plugins/testing\#/usr/bin/swift-plugin-server -validate-clang-modules-once -clang-build-session-file /host/spi-builder-workspace/.build/out/ModuleCache.noindex/Session.modulevalidation -Xcc -working-directory -Xcc /host -enable-anonymous-context-mangled-names -file-compilation-dir /host -Xcc -fno-omit-frame-pointer -Xcc -D_LIBCPP_HARDENING_MODE\=_LIBCPP_HARDENING_MODE_DEBUG -Xcc -fmodules-prune-interval\=86400 -Xcc -fmodules-prune-after\=345600 -Xcc -I/host/spi-builder-workspace/.build/out/Products/Debug-linux-x86_64/include -Xcc -I/host/spi-builder-workspace/.build/out/Intermediates.noindex/StringStream.build/Debug-linux-x86_64/StringStream-t.build/DerivedSources-normal/x86_64 -Xcc -I/host/spi-builder-workspace/.build/out/Intermediates.noindex/StringStream.build/Debug-linux-x86_64/StringStream-t.build/DerivedSources/x86_64 -Xcc -I/host/spi-builder-workspace/.build/out/Intermediates.noindex/StringStream.build/Debug-linux-x86_64/StringStream-t.build/DerivedSources -Xcc -DSWIFT_PACKAGE -Xcc -DDEBUG\=1 -no-auto-bridging-header-chaining -module-name StringStream -const-gather-protocols-file /host/spi-builder-workspace/.build/out/Intermediates.noindex/StringStream.build/Debug-linux-x86_64/StringStream-t.build/Objects-normal/x86_64/StringStream_const_extract_protocols.json -in-process-plugin-server-path /usr/lib/swift/host/libSwiftInProcPluginServer.so -plugin-path /usr/lib/swift/host/plugins -plugin-path /usr/local/lib/swift/host/plugins -parse-as-library -o /host/spi-builder-workspace/.build/out/Intermediates.noindex/StringStream.build/Debug-linux-x86_64/StringStream-t.build/Objects-normal/x86_64/CharacterReader.o -o /host/spi-builder-workspace/.build/out/Intermediates.noindex/StringStream.build/Debug-linux-x86_64/StringStream-t.build/Objects-normal/x86_64/FileHandle.o -index-unit-output-path /StringStream.build/Debug-linux-x86_64/StringStream-t.build/Objects-normal/x86_64/CharacterReader.o -index-unit-output-path /StringStream.build/Debug-linux-x86_64/StringStream-t.build/Objects-normal/x86_64/FileHandle.o -index-store-path /host/spi-builder-workspace/.build/out -index-system-modules
error: Build failed
BUILD FAILURE 6.4 linux