Build Information
Failed to build xcodes, reference main (a5b72c), with Swift 6.3 for Linux on 17 Sep 2026 01:32:45 UTC.
Build Command
bash -c docker run --pull=always --rm -v "checkouts-54344847-0":/host -w "$PWD" -e JAVA_HOME="/root/.sdkman/candidates/java/current" -e SPI_BUILD="1" -e SPI_PROCESSING="1" registry.gitlab.com/saguaro1/spi-images:basic-6.3-latest swift build --triple x86_64-unknown-linux-gnu 2>&1Build Log
========================================
RunAll
========================================
Builder version: 5.1.0
Interrupt handler set up.
========================================
Checkout
========================================
Clone URL: https://github.com/XcodesOrg/xcodes.git
Reference: main
Initialized empty Git repository in /host/spi-builder-workspace/.git/
hint: Using 'master' as the name for the initial branch. This default branch name
hint: is subject to change. To configure the initial branch name to use in all
hint: of your new repositories, which will suppress this warning, call:
hint:
hint: git config --global init.defaultBranch <name>
hint:
hint: Names commonly chosen instead of 'master' are 'main', 'trunk' and
hint: 'development'. The just-created branch can be renamed via this command:
hint:
hint: git branch -m <name>
From https://github.com/XcodesOrg/xcodes
* branch main -> FETCH_HEAD
* [new branch] main -> origin/main
HEAD is now at a5b72c8 v2.1.0
Cloned https://github.com/XcodesOrg/xcodes.git
Revision (git rev-parse @):
a5b72c81a5b722f52aa97d179706df8d4d5540b0
SUCCESS checkout https://github.com/XcodesOrg/xcodes.git at main
========================================
Build
========================================
Selected platform: linux
Swift version: 6.3
Building package at path: $PWD
https://github.com/XcodesOrg/xcodes.git
Running build ...
bash -c docker run --pull=always --rm -v "checkouts-54344847-0":/host -w "$PWD" -e JAVA_HOME="/root/.sdkman/candidates/java/current" -e SPI_BUILD="1" -e SPI_PROCESSING="1" registry.gitlab.com/saguaro1/spi-images:basic-6.3-latest swift build --triple x86_64-unknown-linux-gnu 2>&1
basic-6.3-latest: Pulling from saguaro1/spi-images
Digest: sha256:c577f8f8f4df4f423827bf5e7d96027716bb7030ef75b2fd4a15f7fb0043ce6d
Status: Image is up to date for registry.gitlab.com/saguaro1/spi-images:basic-6.3-latest
Fetching https://github.com/xcodereleases/data
[1/1059] Fetching data
Fetched https://github.com/xcodereleases/data from cache (0.46s)
Fetching https://github.com/XcodesOrg/XcodesLoginKit.git
[1/217] Fetching xcodesloginkit
Fetched https://github.com/XcodesOrg/XcodesLoginKit.git from cache (0.42s)
Fetching https://github.com/XcodesOrg/swift-srp
[1/238] Fetching swift-srp
Fetched https://github.com/XcodesOrg/swift-srp from cache (0.42s)
Fetching https://github.com/XcodesOrg/AsyncHTTPNetworkService
[1/329] Fetching asynchttpnetworkservice
Fetched https://github.com/XcodesOrg/AsyncHTTPNetworkService from cache (0.43s)
Fetching https://github.com/apple/swift-crypto
Fetching https://github.com/adam-fowler/big-num
Fetching https://github.com/onevcat/Rainbow.git
Fetching https://github.com/kishikawakatsumi/KeychainAccess.git
Fetching https://github.com/kinoroy/LibFido2Swift
Fetching https://github.com/XcodesOrg/XcodesKit.git
[1/342] Fetching xcodeskit
[15/1820] Fetching xcodeskit, rainbow
[831/20351] Fetching xcodeskit, rainbow, swift-crypto
[1556/24739] Fetching xcodeskit, rainbow, swift-crypto, keychainaccess
[1998/25119] Fetching xcodeskit, rainbow, swift-crypto, keychainaccess, libfido2swift
[6805/26763] Fetching xcodeskit, rainbow, swift-crypto, keychainaccess, libfido2swift, big-num
Fetched https://github.com/onevcat/Rainbow.git from cache (0.68s)
Fetching https://github.com/jpsim/Yams
[9296/25285] Fetching xcodeskit, swift-crypto, keychainaccess, libfido2swift, big-num
Fetched https://github.com/XcodesOrg/XcodesKit.git from cache (0.94s)
[20311/24943] Fetching swift-crypto, keychainaccess, libfido2swift, big-num
Fetching https://github.com/apple/swift-argument-parser
Fetched https://github.com/kinoroy/LibFido2Swift from cache (0.95s)
[21413/24563] Fetching swift-crypto, keychainaccess, big-num
Fetching https://github.com/scinfu/SwiftSoup.git
[24564/36424] Fetching swift-crypto, keychainaccess, big-num, yams
Fetched https://github.com/adam-fowler/big-num from cache (1.20s)
Fetched https://github.com/kishikawakatsumi/KeychainAccess.git from cache (1.20s)
Fetching https://github.com/mxcl/LegibleError.git
[19243/30392] Fetching swift-crypto, yams
Fetching https://github.com/mxcl/Version.git
Fetched https://github.com/apple/swift-crypto from cache (1.21s)
[831/11861] Fetching yams
Fetching https://github.com/mxcl/Path.swift.git
[6881/30744] Fetching yams, swift-argument-parser
[7566/37106] Fetching yams, swift-argument-parser, swiftsoup
[34973/37285] Fetching yams, swift-argument-parser, swiftsoup, legibleerror
[35152/38507] Fetching yams, swift-argument-parser, swiftsoup, legibleerror, path.swift
Fetched https://github.com/mxcl/LegibleError.git from cache (0.45s)
[35127/38328] Fetching yams, swift-argument-parser, swiftsoup, path.swift
Fetched https://github.com/mxcl/Path.swift.git from cache (0.49s)
Fetched https://github.com/scinfu/SwiftSoup.git from cache (0.76s)
Fetched https://github.com/apple/swift-argument-parser from cache (0.82s)
Fetched https://github.com/jpsim/Yams from cache (1.18s)
[1/311] Fetching version
Fetched https://github.com/mxcl/Version.git from cache (0.95s)
Computing version for https://github.com/kinoroy/LibFido2Swift
Computed https://github.com/kinoroy/LibFido2Swift at 0.1.6 (2.31s)
Computing version for https://github.com/XcodesOrg/XcodesKit.git
Computed https://github.com/XcodesOrg/XcodesKit.git at 1.1.0 (0.15s)
Computing version for https://github.com/onevcat/Rainbow.git
Computed https://github.com/onevcat/Rainbow.git at 3.2.0 (0.88s)
Computing version for https://github.com/scinfu/SwiftSoup.git
Computed https://github.com/scinfu/SwiftSoup.git at 2.0.0 (0.18s)
Computing version for https://github.com/mxcl/Version.git
Computed https://github.com/mxcl/Version.git at 1.0.3 (0.88s)
Computing version for https://github.com/apple/swift-argument-parser
Computed https://github.com/apple/swift-argument-parser at 1.1.4 (0.19s)
Computing version for https://github.com/kishikawakatsumi/KeychainAccess.git
Computed https://github.com/kishikawakatsumi/KeychainAccess.git at 3.2.1 (0.18s)
Computing version for https://github.com/adam-fowler/big-num
Computed https://github.com/adam-fowler/big-num at 2.0.3 (0.18s)
Computing version for https://github.com/jpsim/Yams
Computed https://github.com/jpsim/Yams at 5.0.6 (0.18s)
Computing version for https://github.com/mxcl/LegibleError.git
Computed https://github.com/mxcl/LegibleError.git at 1.0.6 (0.18s)
Computing version for https://github.com/apple/swift-crypto
Computed https://github.com/apple/swift-crypto at 1.1.7 (0.18s)
Computing version for https://github.com/mxcl/Path.swift.git
Computed https://github.com/mxcl/Path.swift.git at 1.6.0 (0.18s)
Creating working copy for https://github.com/adam-fowler/big-num
Working copy of https://github.com/adam-fowler/big-num resolved at 2.0.3
Creating working copy for https://github.com/XcodesOrg/XcodesKit.git
Working copy of https://github.com/XcodesOrg/XcodesKit.git resolved at 1.1.0
Creating working copy for https://github.com/onevcat/Rainbow.git
Working copy of https://github.com/onevcat/Rainbow.git resolved at 3.2.0
Creating working copy for https://github.com/kinoroy/LibFido2Swift
Working copy of https://github.com/kinoroy/LibFido2Swift resolved at 0.1.6
Creating working copy for https://github.com/scinfu/SwiftSoup.git
Working copy of https://github.com/scinfu/SwiftSoup.git resolved at 2.0.0
Creating working copy for https://github.com/XcodesOrg/AsyncHTTPNetworkService
Working copy of https://github.com/XcodesOrg/AsyncHTTPNetworkService resolved at main (12e225a)
Creating working copy for https://github.com/xcodereleases/data
Working copy of https://github.com/xcodereleases/data resolved at fcf527b187817f67c05223676341f3ab69d4214d
Creating working copy for https://github.com/XcodesOrg/swift-srp
Working copy of https://github.com/XcodesOrg/swift-srp resolved at main (543aa01)
Creating working copy for https://github.com/XcodesOrg/XcodesLoginKit.git
Working copy of https://github.com/XcodesOrg/XcodesLoginKit.git resolved at main (929f9aa)
Creating working copy for https://github.com/mxcl/Path.swift.git
Working copy of https://github.com/mxcl/Path.swift.git resolved at 1.6.0
Creating working copy for https://github.com/jpsim/Yams
Working copy of https://github.com/jpsim/Yams resolved at 5.0.6
Creating working copy for https://github.com/mxcl/LegibleError.git
Working copy of https://github.com/mxcl/LegibleError.git resolved at 1.0.6
Creating working copy for https://github.com/apple/swift-crypto
Working copy of https://github.com/apple/swift-crypto resolved at 1.1.7
Creating working copy for https://github.com/mxcl/Version.git
Working copy of https://github.com/mxcl/Version.git resolved at 1.0.3
Creating working copy for https://github.com/kishikawakatsumi/KeychainAccess.git
Working copy of https://github.com/kishikawakatsumi/KeychainAccess.git resolved at 3.2.1
Creating working copy for https://github.com/apple/swift-argument-parser
Working copy of https://github.com/apple/swift-argument-parser resolved at 1.1.4
[1/1] Compiling plugin GenerateManualPlugin
Building for debugging...
[1/600] Write sources
[16/600] Compiling writer.c
[17/600] Compiling reader.c
[18/600] Write swift-version-24593BA9C3E375BF.txt
[19/600] Compiling parser.c
[20/600] Compiling api.c
[21/600] Compiling emitter.c
[22/616] Compiling scanner.c
[23/616] Compiling v3_skey.c
[24/616] Compiling CCryptoBoringSSLShims shims.c
[25/617] Compiling v3_utl.c
[26/617] Compiling v3_purp.c
[28/704] Emitting module XCModel
[29/705] Emitting module Rainbow
[30/706] Emitting module SwiftSoup
[31/713] Compiling Path Extensions.swift
[32/713] Compiling Path Path+Attributes.swift
[33/713] Compiling Version Version+Codable.swift
[34/713] Emitting module Version
[35/713] Compiling Rainbow StringGenerator.swift
[36/713] Compiling Path Path+StringConvertibles.swift
[37/713] Compiling Rainbow Style.swift
[38/714] Compiling Yams Mark.swift
[39/714] Compiling Yams Node.Mapping.swift
[40/715] Compiling Version Version.swift
[41/715] Compiling Version Version+Range.swift
[42/715] Compiling Rainbow XcodeColorsSupport.swift
[43/715] Compiling Path Pathish.swift
[44/715] Compiling Rainbow String+Rainbow.swift
[45/715] Compiling SwiftSoup Selector.swift
[46/715] Compiling SwiftSoup SerializationException.swift
[47/715] Compiling SwiftSoup SimpleDictionary.swift
[48/715] Compiling SwiftSoup StreamReader.swift
[49/715] Compiling SwiftSoup String.swift
[50/715] Compiling SwiftSoup StringBuilder.swift
[51/715] Compiling SwiftSoup StringUtil.swift
[52/715] Compiling Rainbow Rainbow.swift
[53/715] Compiling Path Path+Codable.swift
[54/715] Compiling Path Path+CommonDirectories.swift
[55/715] Compiling XCModel Release.swift
[60/715] Compiling XCModel Checksums.swift
[61/715] Compiling XCModel Compilers.swift
[62/716] Compiling Yams Node.Sequence.swift
[63/716] Compiling Yams Node.swift
[64/716] Compiling Yams Parser.swift
[65/716] Compiling Yams Representer.swift
[66/716] Compiling Yams Resolver.swift
[67/716] Compiling Yams String+Yams.swift
[68/716] Compiling Yams Tag.swift
[69/716] Compiling Yams Node.Scalar.swift
[71/716] Compiling SwiftSoup TokeniserState.swift
[72/716] Compiling SwiftSoup TreeBuilder.swift
[73/716] Compiling SwiftSoup UnicodeScalar.swift
[74/716] Compiling SwiftSoup Validate.swift
[75/716] Compiling SwiftSoup Whitelist.swift
[76/716] Compiling SwiftSoup XmlDeclaration.swift
[77/716] Compiling SwiftSoup XmlTreeBuilder.swift
[78/716] Compiling Version Version+Comparable.swift
[79/716] Compiling Version Version+Foundation.swift
[80/717] Compiling XCModel Version.swift
[81/717] Compiling XCModel SDKs.swift
[82/717] Compiling XCModel YMD.swift
[84/717] Compiling SwiftSoup StructuralEvaluator.swift
[85/717] Compiling SwiftSoup SwiftSoup.swift
[86/717] Compiling SwiftSoup Tag.swift
[87/717] Compiling SwiftSoup TextNode.swift
[88/717] Compiling SwiftSoup Token.swift
[89/717] Compiling SwiftSoup TokenQueue.swift
[90/717] Compiling SwiftSoup Tokeniser.swift
[91/717] Compiling SwiftSoup OrderedSet.swift
[92/717] Compiling SwiftSoup ParseError.swift
[93/717] Compiling SwiftSoup ParseErrorList.swift
[94/717] Compiling SwiftSoup ParseSettings.swift
[95/717] Compiling SwiftSoup Parser.swift
[96/717] Compiling SwiftSoup Pattern.swift
[97/717] Compiling SwiftSoup QueryParser.swift
[99/717] Emitting module Yams
[104/717] Compiling Path Path+FileManager.swift
[112/717] Compiling Path PathToBool.swift
[115/717] Emitting module LegibleError
[116/717] Compiling LegibleError LegibleError.swift
[117/718] Compiling XCModel Xcode.swift
[118/718] Emitting module Path
[121/718] Compiling XCModel Link.swift
[122/719] Compiling SwiftSoup DocumentType.swift
[123/719] Compiling SwiftSoup Element.swift
[124/719] Compiling SwiftSoup Elements.swift
[125/719] Compiling SwiftSoup Entities.swift
[126/719] Compiling SwiftSoup Evaluator.swift
[127/719] Compiling SwiftSoup Exception.swift
[128/719] Compiling SwiftSoup FormElement.swift
[129/719] Compiling Yams YamlError.swift
[131/719] Wrapping AST for Rainbow for debugging
[137/721] Compiling Path Path.swift
[138/721] Compiling Path Path+ls.swift
[139/723] Compiling SwiftSoup HtmlTreeBuilder.swift
[140/723] Compiling SwiftSoup HtmlTreeBuilderState.swift
[141/723] Compiling SwiftSoup HttpStatusException.swift
[142/723] Compiling SwiftSoup Node.swift
[143/723] Compiling SwiftSoup NodeTraversor.swift
[144/723] Compiling SwiftSoup NodeVisitor.swift
[145/723] Compiling SwiftSoup OrderedDictionary.swift
[145/723] Wrapping AST for Version for debugging
[146/723] Wrapping AST for LegibleError for debugging
[150/724] Wrapping AST for XCModel for debugging
[151/724] Wrapping AST for Yams for debugging
[152/724] Compiling v3_prn.c
[153/724] Wrapping AST for SwiftSoup for debugging
[154/724] Wrapping AST for Path for debugging
[155/725] Compiling v3_pcia.c
[156/741] Compiling v3_pcons.c
[157/763] Compiling v3_pmaps.c
[158/803] Compiling v3_lib.c
[159/803] Compiling v3_ocsp.c
[160/803] Compiling v3_pci.c
[161/803] Compiling v3_int.c
[162/803] Compiling v3_ncons.c
[163/803] Compiling v3_extku.c
[165/803] Compiling XcodesKit AvailableXcodeCache.swift
/host/spi-builder-workspace/.build/checkouts/XcodesKit/Sources/XcodesKit/Concurrency/OneShotContinuation.swift:2:8: error: no such module 'os'
1 | import Foundation
2 | import os
| `- error: no such module 'os'
3 |
4 | public final class OneShotContinuation<Value: Sendable>: Sendable {
[166/803] Compiling XcodesKit CodableFileStore.swift
/host/spi-builder-workspace/.build/checkouts/XcodesKit/Sources/XcodesKit/Concurrency/OneShotContinuation.swift:2:8: error: no such module 'os'
1 | import Foundation
2 | import os
| `- error: no such module 'os'
3 |
4 | public final class OneShotContinuation<Value: Sendable>: Sendable {
[167/803] Compiling XcodesKit DownloadableRuntimeCache.swift
/host/spi-builder-workspace/.build/checkouts/XcodesKit/Sources/XcodesKit/Concurrency/OneShotContinuation.swift:2:8: error: no such module 'os'
1 | import Foundation
2 | import os
| `- error: no such module 'os'
3 |
4 | public final class OneShotContinuation<Value: Sendable>: Sendable {
[168/803] Compiling XcodesKit HostHardware.swift
/host/spi-builder-workspace/.build/checkouts/XcodesKit/Sources/XcodesKit/Concurrency/OneShotContinuation.swift:2:8: error: no such module 'os'
1 | import Foundation
2 | import os
| `- error: no such module 'os'
3 |
4 | public final class OneShotContinuation<Value: Sendable>: Sendable {
[169/803] Compiling XcodesKit InstalledXcodeDiscoveryService.swift
/host/spi-builder-workspace/.build/checkouts/XcodesKit/Sources/XcodesKit/Concurrency/OneShotContinuation.swift:2:8: error: no such module 'os'
1 | import Foundation
2 | import os
| `- error: no such module 'os'
3 |
4 | public final class OneShotContinuation<Value: Sendable>: Sendable {
[170/803] Compiling XcodesKit ProgressObservation.swift
/host/spi-builder-workspace/.build/checkouts/XcodesKit/Sources/XcodesKit/Concurrency/OneShotContinuation.swift:2:8: error: no such module 'os'
1 | import Foundation
2 | import os
| `- error: no such module 'os'
3 |
4 | public final class OneShotContinuation<Value: Sendable>: Sendable {
[171/803] Compiling XcodesKit RuntimeArchiveDownloadStrategyService.swift
/host/spi-builder-workspace/.build/checkouts/XcodesKit/Sources/XcodesKit/Concurrency/OneShotContinuation.swift:2:8: error: no such module 'os'
1 | import Foundation
2 | import os
| `- error: no such module 'os'
3 |
4 | public final class OneShotContinuation<Value: Sendable>: Sendable {
[172/803] Compiling XcodesKit RuntimeArchiveInstallService.swift
/host/spi-builder-workspace/.build/checkouts/XcodesKit/Sources/XcodesKit/Concurrency/OneShotContinuation.swift:2:8: error: no such module 'os'
1 | import Foundation
2 | import os
| `- error: no such module 'os'
3 |
4 | public final class OneShotContinuation<Value: Sendable>: Sendable {
[173/803] Compiling XcodesKit RuntimeArchiveService.swift
/host/spi-builder-workspace/.build/checkouts/XcodesKit/Sources/XcodesKit/Concurrency/OneShotContinuation.swift:2:8: error: no such module 'os'
1 | import Foundation
2 | import os
| `- error: no such module 'os'
3 |
4 | public final class OneShotContinuation<Value: Sendable>: Sendable {
[174/803] Compiling XcodesKit RuntimeInstallPolicy.swift
/host/spi-builder-workspace/.build/checkouts/XcodesKit/Sources/XcodesKit/Concurrency/OneShotContinuation.swift:2:8: error: no such module 'os'
1 | import Foundation
2 | import os
| `- error: no such module 'os'
3 |
4 | public final class OneShotContinuation<Value: Sendable>: Sendable {
[175/803] Compiling XcodesKit RuntimeInstallationLookupService.swift
/host/spi-builder-workspace/.build/checkouts/XcodesKit/Sources/XcodesKit/Concurrency/OneShotContinuation.swift:2:8: error: no such module 'os'
1 | import Foundation
2 | import os
| `- error: no such module 'os'
3 |
4 | public final class OneShotContinuation<Value: Sendable>: Sendable {
[175/814] Compiling v3_ia5.c
[176/814] Compiling v3_enum.c
[178/814] Compiling XcodesKit Release.swift
/host/spi-builder-workspace/.build/checkouts/XcodesKit/Sources/XcodesKit/Concurrency/OneShotContinuation.swift:2:8: error: no such module 'os'
1 | import Foundation
2 | import os
| `- error: no such module 'os'
3 |
4 | public final class OneShotContinuation<Value: Sendable>: Sendable {
[179/814] Compiling XcodesKit SDKs.swift
/host/spi-builder-workspace/.build/checkouts/XcodesKit/Sources/XcodesKit/Concurrency/OneShotContinuation.swift:2:8: error: no such module 'os'
1 | import Foundation
2 | import os
| `- error: no such module 'os'
3 |
4 | public final class OneShotContinuation<Value: Sendable>: Sendable {
[180/814] Compiling XcodesKit XcodeRelease.swift
/host/spi-builder-workspace/.build/checkouts/XcodesKit/Sources/XcodesKit/Concurrency/OneShotContinuation.swift:2:8: error: no such module 'os'
1 | import Foundation
2 | import os
| `- error: no such module 'os'
3 |
4 | public final class OneShotContinuation<Value: Sendable>: Sendable {
[181/814] Compiling XcodesKit XcodeVersion.swift
/host/spi-builder-workspace/.build/checkouts/XcodesKit/Sources/XcodesKit/Concurrency/OneShotContinuation.swift:2:8: error: no such module 'os'
1 | import Foundation
2 | import os
| `- error: no such module 'os'
3 |
4 | public final class OneShotContinuation<Value: Sendable>: Sendable {
[182/814] Compiling XcodesKit YMD.swift
/host/spi-builder-workspace/.build/checkouts/XcodesKit/Sources/XcodesKit/Concurrency/OneShotContinuation.swift:2:8: error: no such module 'os'
1 | import Foundation
2 | import os
| `- error: no such module 'os'
3 |
4 | public final class OneShotContinuation<Value: Sendable>: Sendable {
[183/814] Compiling XcodesKit AutoInstallationType.swift
/host/spi-builder-workspace/.build/checkouts/XcodesKit/Sources/XcodesKit/Concurrency/OneShotContinuation.swift:2:8: error: no such module 'os'
1 | import Foundation
2 | import os
| `- error: no such module 'os'
3 |
4 | public final class OneShotContinuation<Value: Sendable>: Sendable {
[184/814] Compiling XcodesKit AvailableXcode.swift
/host/spi-builder-workspace/.build/checkouts/XcodesKit/Sources/XcodesKit/Concurrency/OneShotContinuation.swift:2:8: error: no such module 'os'
1 | import Foundation
2 | import os
| `- error: no such module 'os'
3 |
4 | public final class OneShotContinuation<Value: Sendable>: Sendable {
[185/814] Compiling XcodesKit AvailableXcodeRelease.swift
/host/spi-builder-workspace/.build/checkouts/XcodesKit/Sources/XcodesKit/Concurrency/OneShotContinuation.swift:2:8: error: no such module 'os'
1 | import Foundation
2 | import os
| `- error: no such module 'os'
3 |
4 | public final class OneShotContinuation<Value: Sendable>: Sendable {
[186/814] Compiling XcodesKit Downloads.swift
/host/spi-builder-workspace/.build/checkouts/XcodesKit/Sources/XcodesKit/Concurrency/OneShotContinuation.swift:2:8: error: no such module 'os'
1 | import Foundation
2 | import os
| `- error: no such module 'os'
3 |
4 | public final class OneShotContinuation<Value: Sendable>: Sendable {
[187/814] Compiling XcodesKit InstalledXcode.swift
/host/spi-builder-workspace/.build/checkouts/XcodesKit/Sources/XcodesKit/Concurrency/OneShotContinuation.swift:2:8: error: no such module 'os'
1 | import Foundation
2 | import os
| `- error: no such module 'os'
3 |
4 | public final class OneShotContinuation<Value: Sendable>: Sendable {
[188/814] Compiling XcodesKit InstalledXcodeBundle.swift
/host/spi-builder-workspace/.build/checkouts/XcodesKit/Sources/XcodesKit/Concurrency/OneShotContinuation.swift:2:8: error: no such module 'os'
1 | import Foundation
2 | import os
| `- error: no such module 'os'
3 |
4 | public final class OneShotContinuation<Value: Sendable>: Sendable {
[188/814] Compiling v3_info.c
[189/814] Compiling v3_genn.c
[190/814] Compiling v3_bcons.c
[191/814] Compiling v3_conf.c
[193/814] Compiling XcodesKit SelectedActionType.swift
/host/spi-builder-workspace/.build/checkouts/XcodesKit/Sources/XcodesKit/Concurrency/OneShotContinuation.swift:2:8: error: no such module 'os'
1 | import Foundation
2 | import os
| `- error: no such module 'os'
3 |
4 | public final class OneShotContinuation<Value: Sendable>: Sendable {
[194/814] Compiling XcodesKit XcodeID.swift
/host/spi-builder-workspace/.build/checkouts/XcodesKit/Sources/XcodesKit/Concurrency/OneShotContinuation.swift:2:8: error: no such module 'os'
1 | import Foundation
2 | import os
| `- error: no such module 'os'
3 |
4 | public final class OneShotContinuation<Value: Sendable>: Sendable {
[195/814] Compiling XcodesKit XcodeListGrouping.swift
/host/spi-builder-workspace/.build/checkouts/XcodesKit/Sources/XcodesKit/Concurrency/OneShotContinuation.swift:2:8: error: no such module 'os'
1 | import Foundation
2 | import os
| `- error: no such module 'os'
3 |
4 | public final class OneShotContinuation<Value: Sendable>: Sendable {
[196/814] Compiling XcodesKit XcodeListItem.swift
/host/spi-builder-workspace/.build/checkouts/XcodesKit/Sources/XcodesKit/Concurrency/OneShotContinuation.swift:2:8: error: no such module 'os'
1 | import Foundation
2 | import os
| `- error: no such module 'os'
3 |
4 | public final class OneShotContinuation<Value: Sendable>: Sendable {
[197/814] Compiling XcodesKit XcodesKitError.swift
/host/spi-builder-workspace/.build/checkouts/XcodesKit/Sources/XcodesKit/Concurrency/OneShotContinuation.swift:2:8: error: no such module 'os'
1 | import Foundation
2 | import os
| `- error: no such module 'os'
3 |
4 | public final class OneShotContinuation<Value: Sendable>: Sendable {
[198/814] Compiling XcodesKit ApplicationSupportMigrationService.swift
/host/spi-builder-workspace/.build/checkouts/XcodesKit/Sources/XcodesKit/Concurrency/OneShotContinuation.swift:2:8: error: no such module 'os'
1 | import Foundation
2 | import os
| `- error: no such module 'os'
3 |
4 | public final class OneShotContinuation<Value: Sendable>: Sendable {
[199/814] Compiling XcodesKit ArchiveCancellationCleanupService.swift
/host/spi-builder-workspace/.build/checkouts/XcodesKit/Sources/XcodesKit/Concurrency/OneShotContinuation.swift:2:8: error: no such module 'os'
1 | import Foundation
2 | import os
| `- error: no such module 'os'
3 |
4 | public final class OneShotContinuation<Value: Sendable>: Sendable {
[200/814] Compiling XcodesKit ArchiveDownloadService.swift
/host/spi-builder-workspace/.build/checkouts/XcodesKit/Sources/XcodesKit/Concurrency/OneShotContinuation.swift:2:8: error: no such module 'os'
1 | import Foundation
2 | import os
| `- error: no such module 'os'
3 |
4 | public final class OneShotContinuation<Value: Sendable>: Sendable {
[201/814] Compiling XcodesKit ArchiveDownloadStrategyService.swift
/host/spi-builder-workspace/.build/checkouts/XcodesKit/Sources/XcodesKit/Concurrency/OneShotContinuation.swift:2:8: error: no such module 'os'
1 | import Foundation
2 | import os
| `- error: no such module 'os'
3 |
4 | public final class OneShotContinuation<Value: Sendable>: Sendable {
[202/814] Compiling XcodesKit Aria2DownloadService.swift
/host/spi-builder-workspace/.build/checkouts/XcodesKit/Sources/XcodesKit/Concurrency/OneShotContinuation.swift:2:8: error: no such module 'os'
1 | import Foundation
2 | import os
| `- error: no such module 'os'
3 |
4 | public final class OneShotContinuation<Value: Sendable>: Sendable {
[203/814] Compiling XcodesKit AsyncRetry.swift
/host/spi-builder-workspace/.build/checkouts/XcodesKit/Sources/XcodesKit/Concurrency/OneShotContinuation.swift:2:8: error: no such module 'os'
1 | import Foundation
2 | import os
| `- error: no such module 'os'
3 |
4 | public final class OneShotContinuation<Value: Sendable>: Sendable {
[204/814] Compiling XcodesKit OneShotContinuation.swift
/host/spi-builder-workspace/.build/checkouts/XcodesKit/Sources/XcodesKit/Concurrency/OneShotContinuation.swift:2:8: error: no such module 'os'
1 | import Foundation
2 | import os
| `- error: no such module 'os'
3 |
4 | public final class OneShotContinuation<Value: Sendable>: Sendable {
[205/814] Compiling XcodesKit DateFormatter+XcodeList.swift
/host/spi-builder-workspace/.build/checkouts/XcodesKit/Sources/XcodesKit/Concurrency/OneShotContinuation.swift:2:8: error: no such module 'os'
1 | import Foundation
2 | import os
| `- error: no such module 'os'
3 |
4 | public final class OneShotContinuation<Value: Sendable>: Sendable {
[206/814] Compiling XcodesKit FileManager+Trash.swift
/host/spi-builder-workspace/.build/checkouts/XcodesKit/Sources/XcodesKit/Concurrency/OneShotContinuation.swift:2:8: error: no such module 'os'
1 | import Foundation
2 | import os
| `- error: no such module 'os'
3 |
4 | public final class OneShotContinuation<Value: Sendable>: Sendable {
[207/814] Compiling XcodesKit Foundation.swift
/host/spi-builder-workspace/.build/checkouts/XcodesKit/Sources/XcodesKit/Concurrency/OneShotContinuation.swift:2:8: error: no such module 'os'
1 | import Foundation
2 | import os
| `- error: no such module 'os'
3 |
4 | public final class OneShotContinuation<Value: Sendable>: Sendable {
[208/814] Compiling XcodesKit Logger.swift
/host/spi-builder-workspace/.build/checkouts/XcodesKit/Sources/XcodesKit/Concurrency/OneShotContinuation.swift:2:8: error: no such module 'os'
1 | import Foundation
2 | import os
| `- error: no such module 'os'
3 |
4 | public final class OneShotContinuation<Value: Sendable>: Sendable {
[209/814] Compiling XcodesKit OperatingSystemVersion+Xcodes.swift
/host/spi-builder-workspace/.build/checkouts/XcodesKit/Sources/XcodesKit/Concurrency/OneShotContinuation.swift:2:8: error: no such module 'os'
1 | import Foundation
2 | import os
| `- error: no such module 'os'
3 |
4 | public final class OneShotContinuation<Value: Sendable>: Sendable {
[210/814] Compiling XcodesKit Path+Ownership.swift
/host/spi-builder-workspace/.build/checkouts/XcodesKit/Sources/XcodesKit/Concurrency/OneShotContinuation.swift:2:8: error: no such module 'os'
1 | import Foundation
2 | import os
| `- error: no such module 'os'
3 |
4 | public final class OneShotContinuation<Value: Sendable>: Sendable {
[211/814] Compiling XcodesKit Path+XcodeBundle.swift
/host/spi-builder-workspace/.build/checkouts/XcodesKit/Sources/XcodesKit/Concurrency/OneShotContinuation.swift:2:8: error: no such module 'os'
1 | import Foundation
2 | import os
| `- error: no such module 'os'
3 |
4 | public final class OneShotContinuation<Value: Sendable>: Sendable {
[212/814] Compiling XcodesKit Progress+Xcodes.swift
/host/spi-builder-workspace/.build/checkouts/XcodesKit/Sources/XcodesKit/Concurrency/OneShotContinuation.swift:2:8: error: no such module 'os'
1 | import Foundation
2 | import os
| `- error: no such module 'os'
3 |
4 | public final class OneShotContinuation<Value: Sendable>: Sendable {
[213/814] Compiling XcodesKit Version+Gem.swift
/host/spi-builder-workspace/.build/checkouts/XcodesKit/Sources/XcodesKit/Concurrency/OneShotContinuation.swift:2:8: error: no such module 'os'
1 | import Foundation
2 | import os
| `- error: no such module 'os'
3 |
4 | public final class OneShotContinuation<Value: Sendable>: Sendable {
[214/814] Compiling XcodesKit Version+Matching.swift
/host/spi-builder-workspace/.build/checkouts/XcodesKit/Sources/XcodesKit/Concurrency/OneShotContinuation.swift:2:8: error: no such module 'os'
1 | import Foundation
2 | import os
| `- error: no such module 'os'
3 |
4 | public final class OneShotContinuation<Value: Sendable>: Sendable {
[215/814] Compiling XcodesKit Version+Xcode.swift
/host/spi-builder-workspace/.build/checkouts/XcodesKit/Sources/XcodesKit/Concurrency/OneShotContinuation.swift:2:8: error: no such module 'os'
1 | import Foundation
2 | import os
| `- error: no such module 'os'
3 |
4 | public final class OneShotContinuation<Value: Sendable>: Sendable {
[216/814] Compiling XcodesKit RuntimeListPresentationService.swift
/host/spi-builder-workspace/.build/checkouts/XcodesKit/Sources/XcodesKit/Concurrency/OneShotContinuation.swift:2:8: error: no such module 'os'
1 | import Foundation
2 | import os
| `- error: no such module 'os'
3 |
4 | public final class OneShotContinuation<Value: Sendable>: Sendable {
[217/814] Compiling XcodesKit RuntimeListStore.swift
/host/spi-builder-workspace/.build/checkouts/XcodesKit/Sources/XcodesKit/Concurrency/OneShotContinuation.swift:2:8: error: no such module 'os'
1 | import Foundation
2 | import os
| `- error: no such module 'os'
3 |
4 | public final class OneShotContinuation<Value: Sendable>: Sendable {
[218/814] Compiling XcodesKit RuntimePackageInstallService.swift
/host/spi-builder-workspace/.build/checkouts/XcodesKit/Sources/XcodesKit/Concurrency/OneShotContinuation.swift:2:8: error: no such module 'os'
1 | import Foundation
2 | import os
| `- error: no such module 'os'
3 |
4 | public final class OneShotContinuation<Value: Sendable>: Sendable {
[219/814] Compiling XcodesKit RuntimeService.swift
/host/spi-builder-workspace/.build/checkouts/XcodesKit/Sources/XcodesKit/Concurrency/OneShotContinuation.swift:2:8: error: no such module 'os'
1 | import Foundation
2 | import os
| `- error: no such module 'os'
3 |
4 | public final class OneShotContinuation<Value: Sendable>: Sendable {
[220/814] Compiling XcodesKit RuntimeXcodebuildInstallService.swift
/host/spi-builder-workspace/.build/checkouts/XcodesKit/Sources/XcodesKit/Concurrency/OneShotContinuation.swift:2:8: error: no such module 'os'
1 | import Foundation
2 | import os
| `- error: no such module 'os'
3 |
4 | public final class OneShotContinuation<Value: Sendable>: Sendable {
[221/814] Compiling XcodesKit URLSession+DownloadTask.swift
/host/spi-builder-workspace/.build/checkouts/XcodesKit/Sources/XcodesKit/Concurrency/OneShotContinuation.swift:2:8: error: no such module 'os'
1 | import Foundation
2 | import os
| `- error: no such module 'os'
3 |
4 | public final class OneShotContinuation<Value: Sendable>: Sendable {
[222/814] Compiling XcodesKit XcodeArchiveInstallService.swift
/host/spi-builder-workspace/.build/checkouts/XcodesKit/Sources/XcodesKit/Concurrency/OneShotContinuation.swift:2:8: error: no such module 'os'
1 | import Foundation
2 | import os
| `- error: no such module 'os'
3 |
4 | public final class OneShotContinuation<Value: Sendable>: Sendable {
[223/814] Compiling XcodesKit XcodeArchiveService.swift
/host/spi-builder-workspace/.build/checkouts/XcodesKit/Sources/XcodesKit/Concurrency/OneShotContinuation.swift:2:8: error: no such module 'os'
1 | import Foundation
2 | import os
| `- error: no such module 'os'
3 |
4 | public final class OneShotContinuation<Value: Sendable>: Sendable {
[224/814] Compiling XcodesKit XcodeAutoInstallService.swift
/host/spi-builder-workspace/.build/checkouts/XcodesKit/Sources/XcodesKit/Concurrency/OneShotContinuation.swift:2:8: error: no such module 'os'
1 | import Foundation
2 | import os
| `- error: no such module 'os'
3 |
4 | public final class OneShotContinuation<Value: Sendable>: Sendable {
[225/814] Compiling XcodesKit XcodeCompatibilityService.swift
/host/spi-builder-workspace/.build/checkouts/XcodesKit/Sources/XcodesKit/Concurrency/OneShotContinuation.swift:2:8: error: no such module 'os'
1 | import Foundation
2 | import os
| `- error: no such module 'os'
3 |
4 | public final class OneShotContinuation<Value: Sendable>: Sendable {
[226/814] Compiling XcodesKit XcodeInstallResolutionService.swift
/host/spi-builder-workspace/.build/checkouts/XcodesKit/Sources/XcodesKit/Concurrency/OneShotContinuation.swift:2:8: error: no such module 'os'
1 | import Foundation
2 | import os
| `- error: no such module 'os'
3 |
4 | public final class OneShotContinuation<Value: Sendable>: Sendable {
[226/814] Compiling v3_crld.c
[228/814] Compiling XcodesKit Aria2CError.swift
/host/spi-builder-workspace/.build/checkouts/XcodesKit/Sources/XcodesKit/Concurrency/OneShotContinuation.swift:2:8: error: no such module 'os'
1 | import Foundation
2 | import os
| `- error: no such module 'os'
3 |
4 | public final class OneShotContinuation<Value: Sendable>: Sendable {
[229/814] Compiling XcodesKit CoreSimulatorImage.swift
/host/spi-builder-workspace/.build/checkouts/XcodesKit/Sources/XcodesKit/Concurrency/OneShotContinuation.swift:2:8: error: no such module 'os'
1 | import Foundation
2 | import os
| `- error: no such module 'os'
3 |
4 | public final class OneShotContinuation<Value: Sendable>: Sendable {
[230/814] Compiling XcodesKit RuntimeInstallState.swift
/host/spi-builder-workspace/.build/checkouts/XcodesKit/Sources/XcodesKit/Concurrency/OneShotContinuation.swift:2:8: error: no such module 'os'
1 | import Foundation
2 | import os
| `- error: no such module 'os'
3 |
4 | public final class OneShotContinuation<Value: Sendable>: Sendable {
[231/814] Compiling XcodesKit RuntimeInstallationStep.swift
/host/spi-builder-workspace/.build/checkouts/XcodesKit/Sources/XcodesKit/Concurrency/OneShotContinuation.swift:2:8: error: no such module 'os'
1 | import Foundation
2 | import os
| `- error: no such module 'os'
3 |
4 | public final class OneShotContinuation<Value: Sendable>: Sendable {
[232/814] Compiling XcodesKit Runtimes.swift
/host/spi-builder-workspace/.build/checkouts/XcodesKit/Sources/XcodesKit/Concurrency/OneShotContinuation.swift:2:8: error: no such module 'os'
1 | import Foundation
2 | import os
| `- error: no such module 'os'
3 |
4 | public final class OneShotContinuation<Value: Sendable>: Sendable {
[233/814] Compiling XcodesKit XcodeInstallState.swift
/host/spi-builder-workspace/.build/checkouts/XcodesKit/Sources/XcodesKit/Concurrency/OneShotContinuation.swift:2:8: error: no such module 'os'
1 | import Foundation
2 | import os
| `- error: no such module 'os'
3 |
4 | public final class OneShotContinuation<Value: Sendable>: Sendable {
[234/814] Compiling XcodesKit XcodeInstallationStep.swift
/host/spi-builder-workspace/.build/checkouts/XcodesKit/Sources/XcodesKit/Concurrency/OneShotContinuation.swift:2:8: error: no such module 'os'
1 | import Foundation
2 | import os
| `- error: no such module 'os'
3 |
4 | public final class OneShotContinuation<Value: Sendable>: Sendable {
[235/814] Compiling XcodesKit Architecture.swift
/host/spi-builder-workspace/.build/checkouts/XcodesKit/Sources/XcodesKit/Concurrency/OneShotContinuation.swift:2:8: error: no such module 'os'
1 | import Foundation
2 | import os
| `- error: no such module 'os'
3 |
4 | public final class OneShotContinuation<Value: Sendable>: Sendable {
[236/814] Compiling XcodesKit Checksums.swift
/host/spi-builder-workspace/.build/checkouts/XcodesKit/Sources/XcodesKit/Concurrency/OneShotContinuation.swift:2:8: error: no such module 'os'
1 | import Foundation
2 | import os
| `- error: no such module 'os'
3 |
4 | public final class OneShotContinuation<Value: Sendable>: Sendable {
[237/814] Compiling XcodesKit Compilers.swift
/host/spi-builder-workspace/.build/checkouts/XcodesKit/Sources/XcodesKit/Concurrency/OneShotContinuation.swift:2:8: error: no such module 'os'
1 | import Foundation
2 | import os
| `- error: no such module 'os'
3 |
4 | public final class OneShotContinuation<Value: Sendable>: Sendable {
[238/814] Compiling XcodesKit Link.swift
/host/spi-builder-workspace/.build/checkouts/XcodesKit/Sources/XcodesKit/Concurrency/OneShotContinuation.swift:2:8: error: no such module 'os'
1 | import Foundation
2 | import os
| `- error: no such module 'os'
3 |
4 | public final class OneShotContinuation<Value: Sendable>: Sendable {
error: emit-module command failed with exit code 1 (use -v to see invocation)
[239/814] Emitting module XcodesKit
/host/spi-builder-workspace/.build/checkouts/XcodesKit/Sources/XcodesKit/Concurrency/OneShotContinuation.swift:2:8: error: no such module 'os'
1 | import Foundation
2 | import os
| `- error: no such module 'os'
3 |
4 | public final class OneShotContinuation<Value: Sendable>: Sendable {
[240/814] Compiling XcodesKit XcodeInstallRetryService.swift
/host/spi-builder-workspace/.build/checkouts/XcodesKit/Sources/XcodesKit/Concurrency/OneShotContinuation.swift:2:8: error: no such module 'os'
1 | import Foundation
2 | import os
| `- error: no such module 'os'
3 |
4 | public final class OneShotContinuation<Value: Sendable>: Sendable {
[241/814] Compiling XcodesKit XcodeListComposer.swift
/host/spi-builder-workspace/.build/checkouts/XcodesKit/Sources/XcodesKit/Concurrency/OneShotContinuation.swift:2:8: error: no such module 'os'
1 | import Foundation
2 | import os
| `- error: no such module 'os'
3 |
4 | public final class OneShotContinuation<Value: Sendable>: Sendable {
[242/814] Compiling XcodesKit XcodeListPresentationService.swift
/host/spi-builder-workspace/.build/checkouts/XcodesKit/Sources/XcodesKit/Concurrency/OneShotContinuation.swift:2:8: error: no such module 'os'
1 | import Foundation
2 | import os
| `- error: no such module 'os'
3 |
4 | public final class OneShotContinuation<Value: Sendable>: Sendable {
[243/814] Compiling XcodesKit XcodeListService.swift
/host/spi-builder-workspace/.build/checkouts/XcodesKit/Sources/XcodesKit/Concurrency/OneShotContinuation.swift:2:8: error: no such module 'os'
1 | import Foundation
2 | import os
| `- error: no such module 'os'
3 |
4 | public final class OneShotContinuation<Value: Sendable>: Sendable {
[244/814] Compiling XcodesKit XcodeListStore.swift
/host/spi-builder-workspace/.build/checkouts/XcodesKit/Sources/XcodesKit/Concurrency/OneShotContinuation.swift:2:8: error: no such module 'os'
1 | import Foundation
2 | import os
| `- error: no such module 'os'
3 |
4 | public final class OneShotContinuation<Value: Sendable>: Sendable {
[245/814] Compiling XcodesKit XcodePostInstallPreparationService.swift
/host/spi-builder-workspace/.build/checkouts/XcodesKit/Sources/XcodesKit/Concurrency/OneShotContinuation.swift:2:8: error: no such module 'os'
1 | import Foundation
2 | import os
| `- error: no such module 'os'
3 |
4 | public final class OneShotContinuation<Value: Sendable>: Sendable {
[246/814] Compiling XcodesKit XcodePostInstallService.swift
/host/spi-builder-workspace/.build/checkouts/XcodesKit/Sources/XcodesKit/Concurrency/OneShotContinuation.swift:2:8: error: no such module 'os'
1 | import Foundation
2 | import os
| `- error: no such module 'os'
3 |
4 | public final class OneShotContinuation<Value: Sendable>: Sendable {
[246/814] Compiling v3_bitst.c
[248/814] Compiling XcodesKit XcodePostInstallWorkflowService.swift
/host/spi-builder-workspace/.build/checkouts/XcodesKit/Sources/XcodesKit/Concurrency/OneShotContinuation.swift:2:8: error: no such module 'os'
1 | import Foundation
2 | import os
| `- error: no such module 'os'
3 |
4 | public final class OneShotContinuation<Value: Sendable>: Sendable {
[249/814] Compiling XcodesKit XcodeSelectionFilesystemService.swift
/host/spi-builder-workspace/.build/checkouts/XcodesKit/Sources/XcodesKit/Concurrency/OneShotContinuation.swift:2:8: error: no such module 'os'
1 | import Foundation
2 | import os
| `- error: no such module 'os'
3 |
4 | public final class OneShotContinuation<Value: Sendable>: Sendable {
[250/814] Compiling XcodesKit XcodeSelectionService.swift
/host/spi-builder-workspace/.build/checkouts/XcodesKit/Sources/XcodesKit/Concurrency/OneShotContinuation.swift:2:8: error: no such module 'os'
1 | import Foundation
2 | import os
| `- error: no such module 'os'
3 |
4 | public final class OneShotContinuation<Value: Sendable>: Sendable {
[251/814] Compiling XcodesKit XcodeSignatureVerifier.swift
/host/spi-builder-workspace/.build/checkouts/XcodesKit/Sources/XcodesKit/Concurrency/OneShotContinuation.swift:2:8: error: no such module 'os'
1 | import Foundation
2 | import os
| `- error: no such module 'os'
3 |
4 | public final class OneShotContinuation<Value: Sendable>: Sendable {
[251/814] Compiling v3_cpols.c
error: emit-module command failed with exit code 1 (use -v to see invocation)
[253/814] Emitting module KeychainAccess
/host/spi-builder-workspace/.build/checkouts/KeychainAccess/Lib/KeychainAccess/Keychain.swift:27:8: error: no such module 'Security'
25 |
26 | import Foundation
27 | import Security
| `- error: no such module 'Security'
28 | #if os(iOS) || os(OSX)
29 | import LocalAuthentication
[254/814] Compiling KeychainAccess Keychain.swift
/host/spi-builder-workspace/.build/checkouts/KeychainAccess/Lib/KeychainAccess/Keychain.swift:27:8: error: no such module 'Security'
25 |
26 | import Foundation
27 | import Security
| `- error: no such module 'Security'
28 | #if os(iOS) || os(OSX)
29 | import LocalAuthentication
[254/814] Compiling pcy_tree.c
[254/814] Compiling v3_akeya.c
[254/814] Compiling pcy_node.c
[254/814] Compiling v3_akey.c
[254/814] Compiling v3_alt.c
error: emit-module command failed with exit code 1 (use -v to see invocation)
[255/814] Emitting module Unxip
/host/spi-builder-workspace/Sources/Unxip/Unxip.swift:1:8: error: no such module 'Compression'
1 | import Compression
| `- error: no such module 'Compression'
2 | import Foundation
3 |
BUILD FAILURE 6.3 linux