Build Information
Failed to build LGV_UICleantime, reference master (cc4e9d), with Swift 6.1 for Wasm on 21 Sep 2026 19:17:32 UTC.
Build Command
bash -c docker run --pull=always --rm -v "checkouts-54344844-0":/host -w "$PWD" -e JAVA_HOME="/root/.sdkman/candidates/java/current" -e SPI_BUILD="1" -e SPI_PROCESSING="1" registry.gitlab.com/saguaro1/spi-images:wasm-6.1-latest swift build --swift-sdk wasm32-unknown-wasi 2>&1Build Log
========================================
RunAll
========================================
Builder version: 5.1.0
Interrupt handler set up.
========================================
Checkout
========================================
Clone URL: https://github.com/LittleGreenViper/LGV_UICleantime.git
Reference: master
Initialized empty Git repository in /host/spi-builder-workspace/.git/
hint: Using 'master' as the name for the initial branch. This default branch name
hint: is subject to change. To configure the initial branch name to use in all
hint: of your new repositories, which will suppress this warning, call:
hint:
hint: git config --global init.defaultBranch <name>
hint:
hint: Names commonly chosen instead of 'master' are 'main', 'trunk' and
hint: 'development'. The just-created branch can be renamed via this command:
hint:
hint: git branch -m <name>
From https://github.com/LittleGreenViper/LGV_UICleantime
* branch master -> FETCH_HEAD
* [new branch] master -> origin/master
HEAD is now at cc4e9dd LLM work to correct issues, and improve code documentation. The resources are now bundled into the package. Updated to latest tools.
Cloned https://github.com/LittleGreenViper/LGV_UICleantime.git
Revision (git rev-parse @):
cc4e9dd95d47a8b22aeb42d297d5fb004b78e3ab
SUCCESS checkout https://github.com/LittleGreenViper/LGV_UICleantime.git at master
========================================
Build
========================================
Selected platform: wasm
Swift version: 6.1
Building package at path: $PWD
https://github.com/LittleGreenViper/LGV_UICleantime.git
https://github.com/LittleGreenViper/LGV_UICleantime.git
WARNING: environment variable SUPPRESS_SWIFT_6_FLAGS is not set
Running build ...
bash -c docker run --pull=always --rm -v "checkouts-54344844-0":/host -w "$PWD" -e JAVA_HOME="/root/.sdkman/candidates/java/current" -e SPI_BUILD="1" -e SPI_PROCESSING="1" registry.gitlab.com/saguaro1/spi-images:wasm-6.1-latest swift build --swift-sdk wasm32-unknown-wasi -Xswiftc -Xfrontend -Xswiftc -stats-output-dir -Xswiftc -Xfrontend -Xswiftc .stats -Xswiftc -strict-concurrency=complete -Xswiftc -enable-upcoming-feature -Xswiftc StrictConcurrency -Xswiftc -enable-upcoming-feature -Xswiftc DisableOutwardActorInference -Xswiftc -enable-upcoming-feature -Xswiftc GlobalActorIsolatedTypesUsability -Xswiftc -enable-upcoming-feature -Xswiftc InferSendableFromCaptures 2>&1
wasm-6.1-latest: Pulling from saguaro1/spi-images
Digest: sha256:beceeede496da67681f4fa220a6b97cc098a0178841a413735f598dc6bbaf4c8
Status: Image is up to date for registry.gitlab.com/saguaro1/spi-images:wasm-6.1-latest
Fetching https://github.com/RiftValleySoftware/RVS_Generic_Swift_Toolbox.git
Fetching https://github.com/LittleGreenViper/LGV_Cleantime.git
Fetching https://github.com/RiftValleySoftware/RVS_GeneralObserver.git
[1/663] Fetching rvs_generalobserver
[399/3742] Fetching rvs_generalobserver, rvs_generic_swift_toolbox
[400/4705] Fetching rvs_generalobserver, rvs_generic_swift_toolbox, lgv_cleantime
Fetched https://github.com/LittleGreenViper/LGV_Cleantime.git from cache (0.63s)
Fetched https://github.com/RiftValleySoftware/RVS_GeneralObserver.git from cache (0.63s)
[1879/3079] Fetching rvs_generic_swift_toolbox
Fetched https://github.com/RiftValleySoftware/RVS_Generic_Swift_Toolbox.git from cache (0.74s)
Computing version for https://github.com/LittleGreenViper/LGV_Cleantime.git
Computed https://github.com/LittleGreenViper/LGV_Cleantime.git at 1.5.0 (0.96s)
Computing version for https://github.com/RiftValleySoftware/RVS_GeneralObserver.git
Computed https://github.com/RiftValleySoftware/RVS_GeneralObserver.git at 1.1.5 (0.94s)
Computing version for https://github.com/RiftValleySoftware/RVS_Generic_Swift_Toolbox.git
Computed https://github.com/RiftValleySoftware/RVS_Generic_Swift_Toolbox.git at 1.18.0 (0.25s)
Creating working copy for https://github.com/RiftValleySoftware/RVS_GeneralObserver.git
Working copy of https://github.com/RiftValleySoftware/RVS_GeneralObserver.git resolved at 1.1.5
Creating working copy for https://github.com/RiftValleySoftware/RVS_Generic_Swift_Toolbox.git
Working copy of https://github.com/RiftValleySoftware/RVS_Generic_Swift_Toolbox.git resolved at 1.18.0
Creating working copy for https://github.com/LittleGreenViper/LGV_Cleantime.git
Working copy of https://github.com/LittleGreenViper/LGV_Cleantime.git resolved at 1.5.0
warning: 'spi-builder-workspace': found 1 file(s) which are unhandled; explicitly declare them as resources or exclude from the target
/host/spi-builder-workspace/Sources/Meta/Info.plist
Building for debugging...
[0/10] Write sources
[0/10] Copying Localizable.strings
[0/10] Copying PrivacyInfo.xcprivacy
[0/10] Write sources
[4/10] Copying Info.plist
[6/10] Write sources
[6/10] Copying PrivacyInfo.xcprivacy
[8/10] Copying LGV_UICleantime.xcassets
[9/10] Write swift-version-24593BA9C3E375BF.txt
error: emit-module command failed with exit code 1 (use -v to see invocation)
[11/25] Emitting module RVS_Generic_Swift_Toolbox
/host/spi-builder-workspace/.build/checkouts/RVS_Generic_Swift_Toolbox/Sources/RVS_Generic_Swift_Toolbox/RVS_Generic_Swift_Toolbox_Extensions/RVS_Foundation_Extensions.swift:26:8: error: no such module 'CoreGraphics'
24 |
25 | import Foundation // Required for the NS, CG, and Date stuff.
26 | import CoreGraphics // For whatever reason, iOS requires a separate import of CG.
| `- error: no such module 'CoreGraphics'
27 |
28 | /* ###################################################################################################################################### */
[12/26] Compiling RVS_Generic_Swift_Toolbox RVS_Number_Extensions.swift
/host/spi-builder-workspace/.build/checkouts/RVS_Generic_Swift_Toolbox/Sources/RVS_Generic_Swift_Toolbox/RVS_Generic_Swift_Toolbox_Extensions/RVS_Foundation_Extensions.swift:26:8: error: no such module 'CoreGraphics'
24 |
25 | import Foundation // Required for the NS, CG, and Date stuff.
26 | import CoreGraphics // For whatever reason, iOS requires a separate import of CG.
| `- error: no such module 'CoreGraphics'
27 |
28 | /* ###################################################################################################################################### */
[13/26] Compiling RVS_Generic_Swift_Toolbox RVS_String_Extensions.swift
/host/spi-builder-workspace/.build/checkouts/RVS_Generic_Swift_Toolbox/Sources/RVS_Generic_Swift_Toolbox/RVS_Generic_Swift_Toolbox_Extensions/RVS_Foundation_Extensions.swift:26:8: error: no such module 'CoreGraphics'
24 |
25 | import Foundation // Required for the NS, CG, and Date stuff.
26 | import CoreGraphics // For whatever reason, iOS requires a separate import of CG.
| `- error: no such module 'CoreGraphics'
27 |
28 | /* ###################################################################################################################################### */
[14/26] Compiling RVS_Generic_Swift_Toolbox RVS_DebugTools.swift
/host/spi-builder-workspace/.build/checkouts/RVS_Generic_Swift_Toolbox/Sources/RVS_Generic_Swift_Toolbox/RVS_Generic_Swift_Toolbox_Extensions/RVS_Foundation_Extensions.swift:26:8: error: no such module 'CoreGraphics'
24 |
25 | import Foundation // Required for the NS, CG, and Date stuff.
26 | import CoreGraphics // For whatever reason, iOS requires a separate import of CG.
| `- error: no such module 'CoreGraphics'
27 |
28 | /* ###################################################################################################################################### */
[15/26] Compiling RVS_Generic_Swift_Toolbox RVS_IPAddress.swift
/host/spi-builder-workspace/.build/checkouts/RVS_Generic_Swift_Toolbox/Sources/RVS_Generic_Swift_Toolbox/RVS_Generic_Swift_Toolbox_Extensions/RVS_Foundation_Extensions.swift:26:8: error: no such module 'CoreGraphics'
24 |
25 | import Foundation // Required for the NS, CG, and Date stuff.
26 | import CoreGraphics // For whatever reason, iOS requires a separate import of CG.
| `- error: no such module 'CoreGraphics'
27 |
28 | /* ###################################################################################################################################### */
[16/26] Compiling RVS_Generic_Swift_Toolbox RVS_Bundle_Extensions.swift
/host/spi-builder-workspace/.build/checkouts/RVS_Generic_Swift_Toolbox/Sources/RVS_Generic_Swift_Toolbox/RVS_Generic_Swift_Toolbox_Extensions/RVS_Foundation_Extensions.swift:26:8: error: no such module 'CoreGraphics'
24 |
25 | import Foundation // Required for the NS, CG, and Date stuff.
26 | import CoreGraphics // For whatever reason, iOS requires a separate import of CG.
| `- error: no such module 'CoreGraphics'
27 |
28 | /* ###################################################################################################################################### */
[17/26] Compiling RVS_Generic_Swift_Toolbox RVS_Foundation_Extensions.swift
/host/spi-builder-workspace/.build/checkouts/RVS_Generic_Swift_Toolbox/Sources/RVS_Generic_Swift_Toolbox/RVS_Generic_Swift_Toolbox_Extensions/RVS_Foundation_Extensions.swift:26:8: error: no such module 'CoreGraphics'
24 |
25 | import Foundation // Required for the NS, CG, and Date stuff.
26 | import CoreGraphics // For whatever reason, iOS requires a separate import of CG.
| `- error: no such module 'CoreGraphics'
27 |
28 | /* ###################################################################################################################################### */
[18/26] Compiling RVS_Generic_Swift_Toolbox RVS_WeakObjectReference.swift
/host/spi-builder-workspace/.build/checkouts/RVS_Generic_Swift_Toolbox/Sources/RVS_Generic_Swift_Toolbox/RVS_Generic_Swift_Toolbox_Extensions/RVS_Foundation_Extensions.swift:26:8: error: no such module 'CoreGraphics'
24 |
25 | import Foundation // Required for the NS, CG, and Date stuff.
26 | import CoreGraphics // For whatever reason, iOS requires a separate import of CG.
| `- error: no such module 'CoreGraphics'
27 |
28 | /* ###################################################################################################################################### */
[19/26] Compiling RVS_Generic_Swift_Toolbox RVS_FIFOQueue.swift
/host/spi-builder-workspace/.build/checkouts/RVS_Generic_Swift_Toolbox/Sources/RVS_Generic_Swift_Toolbox/RVS_Generic_Swift_Toolbox_Extensions/RVS_Foundation_Extensions.swift:26:8: error: no such module 'CoreGraphics'
24 |
25 | import Foundation // Required for the NS, CG, and Date stuff.
26 | import CoreGraphics // For whatever reason, iOS requires a separate import of CG.
| `- error: no such module 'CoreGraphics'
27 |
28 | /* ###################################################################################################################################### */
[20/26] Compiling RVS_Generic_Swift_Toolbox RVS_SequenceProtocol.swift
/host/spi-builder-workspace/.build/checkouts/RVS_Generic_Swift_Toolbox/Sources/RVS_Generic_Swift_Toolbox/RVS_Generic_Swift_Toolbox_Extensions/RVS_Foundation_Extensions.swift:26:8: error: no such module 'CoreGraphics'
24 |
25 | import Foundation // Required for the NS, CG, and Date stuff.
26 | import CoreGraphics // For whatever reason, iOS requires a separate import of CG.
| `- error: no such module 'CoreGraphics'
27 |
28 | /* ###################################################################################################################################### */
[21/26] Compiling RVS_GeneralObserver RVS_GeneralObserver_Protocols.swift
[22/26] Emitting module RVS_GeneralObserver
[23/26] Compiling LGV_Cleantime resource_bundle_accessor.swift
[24/26] Compiling LGV_Cleantime LGV_CleantimeDateCalc.swift
[25/26] Emitting module LGV_Cleantime
[26/26] Compiling LGV_Cleantime LGV_CleantimeKeytagDescription.swift
Running build ...
bash -c docker run --pull=always --rm -v "checkouts-54344844-0":/host -w "$PWD" -e JAVA_HOME="/root/.sdkman/candidates/java/current" -e SPI_BUILD="1" -e SPI_PROCESSING="1" registry.gitlab.com/saguaro1/spi-images:wasm-6.1-latest swift build --swift-sdk wasm32-unknown-wasi 2>&1
wasm-6.1-latest: Pulling from saguaro1/spi-images
Digest: sha256:beceeede496da67681f4fa220a6b97cc098a0178841a413735f598dc6bbaf4c8
Status: Image is up to date for registry.gitlab.com/saguaro1/spi-images:wasm-6.1-latest
warning: 'spi-builder-workspace': found 1 file(s) which are unhandled; explicitly declare them as resources or exclude from the target
/host/spi-builder-workspace/Sources/Meta/Info.plist
[0/1] Planning build
Building for debugging...
[0/1] Write swift-version-24593BA9C3E375BF.txt
[2/16] Compiling RVS_GeneralObserver RVS_GeneralObserver_Protocols.swift
[3/16] Emitting module RVS_GeneralObserver
[4/17] Compiling LGV_Cleantime resource_bundle_accessor.swift
[5/17] Compiling RVS_Generic_Swift_Toolbox RVS_Bundle_Extensions.swift
/host/spi-builder-workspace/.build/checkouts/RVS_Generic_Swift_Toolbox/Sources/RVS_Generic_Swift_Toolbox/RVS_Generic_Swift_Toolbox_Extensions/RVS_Foundation_Extensions.swift:26:8: error: no such module 'CoreGraphics'
24 |
25 | import Foundation // Required for the NS, CG, and Date stuff.
26 | import CoreGraphics // For whatever reason, iOS requires a separate import of CG.
| `- error: no such module 'CoreGraphics'
27 |
28 | /* ###################################################################################################################################### */
[6/18] Compiling LGV_Cleantime LGV_CleantimeKeytagDescription.swift
[7/18] Compiling RVS_Generic_Swift_Toolbox RVS_String_Extensions.swift
/host/spi-builder-workspace/.build/checkouts/RVS_Generic_Swift_Toolbox/Sources/RVS_Generic_Swift_Toolbox/RVS_Generic_Swift_Toolbox_Extensions/RVS_Foundation_Extensions.swift:26:8: error: no such module 'CoreGraphics'
24 |
25 | import Foundation // Required for the NS, CG, and Date stuff.
26 | import CoreGraphics // For whatever reason, iOS requires a separate import of CG.
| `- error: no such module 'CoreGraphics'
27 |
28 | /* ###################################################################################################################################### */
[8/18] Compiling RVS_Generic_Swift_Toolbox RVS_Number_Extensions.swift
/host/spi-builder-workspace/.build/checkouts/RVS_Generic_Swift_Toolbox/Sources/RVS_Generic_Swift_Toolbox/RVS_Generic_Swift_Toolbox_Extensions/RVS_Foundation_Extensions.swift:26:8: error: no such module 'CoreGraphics'
24 |
25 | import Foundation // Required for the NS, CG, and Date stuff.
26 | import CoreGraphics // For whatever reason, iOS requires a separate import of CG.
| `- error: no such module 'CoreGraphics'
27 |
28 | /* ###################################################################################################################################### */
[10/18] Compiling RVS_Generic_Swift_Toolbox RVS_DebugTools.swift
/host/spi-builder-workspace/.build/checkouts/RVS_Generic_Swift_Toolbox/Sources/RVS_Generic_Swift_Toolbox/RVS_Generic_Swift_Toolbox_Extensions/RVS_Foundation_Extensions.swift:26:8: error: no such module 'CoreGraphics'
24 |
25 | import Foundation // Required for the NS, CG, and Date stuff.
26 | import CoreGraphics // For whatever reason, iOS requires a separate import of CG.
| `- error: no such module 'CoreGraphics'
27 |
28 | /* ###################################################################################################################################### */
[11/18] Compiling RVS_Generic_Swift_Toolbox RVS_FIFOQueue.swift
/host/spi-builder-workspace/.build/checkouts/RVS_Generic_Swift_Toolbox/Sources/RVS_Generic_Swift_Toolbox/RVS_Generic_Swift_Toolbox_Extensions/RVS_Foundation_Extensions.swift:26:8: error: no such module 'CoreGraphics'
24 |
25 | import Foundation // Required for the NS, CG, and Date stuff.
26 | import CoreGraphics // For whatever reason, iOS requires a separate import of CG.
| `- error: no such module 'CoreGraphics'
27 |
28 | /* ###################################################################################################################################### */
[12/18] Compiling RVS_Generic_Swift_Toolbox RVS_SequenceProtocol.swift
/host/spi-builder-workspace/.build/checkouts/RVS_Generic_Swift_Toolbox/Sources/RVS_Generic_Swift_Toolbox/RVS_Generic_Swift_Toolbox_Extensions/RVS_Foundation_Extensions.swift:26:8: error: no such module 'CoreGraphics'
24 |
25 | import Foundation // Required for the NS, CG, and Date stuff.
26 | import CoreGraphics // For whatever reason, iOS requires a separate import of CG.
| `- error: no such module 'CoreGraphics'
27 |
28 | /* ###################################################################################################################################### */
[13/18] Compiling RVS_Generic_Swift_Toolbox RVS_WeakObjectReference.swift
/host/spi-builder-workspace/.build/checkouts/RVS_Generic_Swift_Toolbox/Sources/RVS_Generic_Swift_Toolbox/RVS_Generic_Swift_Toolbox_Extensions/RVS_Foundation_Extensions.swift:26:8: error: no such module 'CoreGraphics'
24 |
25 | import Foundation // Required for the NS, CG, and Date stuff.
26 | import CoreGraphics // For whatever reason, iOS requires a separate import of CG.
| `- error: no such module 'CoreGraphics'
27 |
28 | /* ###################################################################################################################################### */
error: emit-module command failed with exit code 1 (use -v to see invocation)
[14/18] Emitting module RVS_Generic_Swift_Toolbox
/host/spi-builder-workspace/.build/checkouts/RVS_Generic_Swift_Toolbox/Sources/RVS_Generic_Swift_Toolbox/RVS_Generic_Swift_Toolbox_Extensions/RVS_Foundation_Extensions.swift:26:8: error: no such module 'CoreGraphics'
24 |
25 | import Foundation // Required for the NS, CG, and Date stuff.
26 | import CoreGraphics // For whatever reason, iOS requires a separate import of CG.
| `- error: no such module 'CoreGraphics'
27 |
28 | /* ###################################################################################################################################### */
[15/18] Compiling LGV_Cleantime LGV_CleantimeDateCalc.swift
[16/18] Emitting module LGV_Cleantime
[18/19] Compiling RVS_Generic_Swift_Toolbox RVS_Foundation_Extensions.swift
/host/spi-builder-workspace/.build/checkouts/RVS_Generic_Swift_Toolbox/Sources/RVS_Generic_Swift_Toolbox/RVS_Generic_Swift_Toolbox_Extensions/RVS_Foundation_Extensions.swift:26:8: error: no such module 'CoreGraphics'
24 |
25 | import Foundation // Required for the NS, CG, and Date stuff.
26 | import CoreGraphics // For whatever reason, iOS requires a separate import of CG.
| `- error: no such module 'CoreGraphics'
27 |
28 | /* ###################################################################################################################################### */
[19/19] Compiling RVS_Generic_Swift_Toolbox RVS_IPAddress.swift
/host/spi-builder-workspace/.build/checkouts/RVS_Generic_Swift_Toolbox/Sources/RVS_Generic_Swift_Toolbox/RVS_Generic_Swift_Toolbox_Extensions/RVS_Foundation_Extensions.swift:26:8: error: no such module 'CoreGraphics'
24 |
25 | import Foundation // Required for the NS, CG, and Date stuff.
26 | import CoreGraphics // For whatever reason, iOS requires a separate import of CG.
| `- error: no such module 'CoreGraphics'
27 |
28 | /* ###################################################################################################################################### */
BUILD FAILURE 6.1 wasm