Build Information
Failed to build SweetUI, reference main (ef8c2c), with Swift 6.2 for Wasm on 13 Oct 2026 07:45:47 UTC.
Build Command
bash -c docker run --pull=always --rm -v "checkouts-54344847-1":/host -w "$PWD" -e JAVA_HOME="/root/.sdkman/candidates/java/current" -e SPI_BUILD="1" -e SPI_PROCESSING="1" registry.gitlab.com/saguaro1/spi-images:wasm-6.2-latest swift build --swift-sdk swift-6.2-RELEASE_wasm 2>&1Build Log
========================================
RunAll
========================================
Builder version: 5.1.1
Interrupt handler set up.
========================================
Checkout
========================================
Clone URL: https://github.com/mangobyte-dev/sweetui.git
Reference: main
Initialized empty Git repository in /host/spi-builder-workspace/.git/
hint: Using 'master' as the name for the initial branch. This default branch name
hint: is subject to change. To configure the initial branch name to use in all
hint: of your new repositories, which will suppress this warning, call:
hint:
hint: git config --global init.defaultBranch <name>
hint:
hint: Names commonly chosen instead of 'master' are 'main', 'trunk' and
hint: 'development'. The just-created branch can be renamed via this command:
hint:
hint: git branch -m <name>
From https://github.com/mangobyte-dev/sweetui
* branch main -> FETCH_HEAD
* [new branch] main -> origin/main
HEAD is now at ef8c2ca chore(release): release 0.6.0
Cloned https://github.com/mangobyte-dev/sweetui.git
Revision (git rev-parse @):
ef8c2caaa50d1c286939c6b7ffbb5c599827f381
SUCCESS checkout https://github.com/mangobyte-dev/sweetui.git at main
========================================
Build
========================================
Selected platform: wasm
Swift version: 6.2
Building package at path: $PWD
https://github.com/mangobyte-dev/sweetui.git
Running build ...
bash -c docker run --pull=always --rm -v "checkouts-54344847-1":/host -w "$PWD" -e JAVA_HOME="/root/.sdkman/candidates/java/current" -e SPI_BUILD="1" -e SPI_PROCESSING="1" registry.gitlab.com/saguaro1/spi-images:wasm-6.2-latest swift build --swift-sdk swift-6.2-RELEASE_wasm 2>&1
wasm-6.2-latest: Pulling from saguaro1/spi-images
Digest: sha256:c092ff8dc506a2a30e6239b6992792fd4f7dfaaa46cac3b3c48d8fe35e954282
Status: Image is up to date for registry.gitlab.com/saguaro1/spi-images:wasm-6.2-latest
Fetching https://github.com/pointfreeco/swift-snapshot-testing
Fetching https://github.com/pointfreeco/swift-dependencies
Fetching https://github.com/pointfreeco/swift-custom-dump
Fetching https://github.com/pointfreeco/swift-sharing
Fetching https://github.com/pointfreeco/xctest-dynamic-overlay
Fetching https://github.com/apple/swift-argument-parser
[1/5669] Fetching swift-custom-dump
[5670/9860] Fetching swift-custom-dump, swift-sharing
[5838/17472] Fetching swift-custom-dump, swift-sharing, swift-dependencies
[10390/20199] Fetching swift-custom-dump, swift-sharing, swift-dependencies, xctest-dynamic-overlay
[17828/39311] Fetching swift-custom-dump, swift-sharing, swift-dependencies, xctest-dynamic-overlay, swift-argument-parser
Fetched https://github.com/pointfreeco/swift-sharing from cache (0.90s)
Fetched https://github.com/pointfreeco/swift-custom-dump from cache (0.90s)
Fetched https://github.com/pointfreeco/xctest-dynamic-overlay from cache (0.90s)
Fetched https://github.com/apple/swift-argument-parser from cache (0.91s)
[1/16501] Fetching swift-snapshot-testing
Fetched https://github.com/pointfreeco/swift-dependencies from cache (3.05s)
Fetched https://github.com/pointfreeco/swift-snapshot-testing from cache (3.09s)
Computing version for https://github.com/pointfreeco/swift-sharing
Computed https://github.com/pointfreeco/swift-sharing at 2.9.1 (3.34s)
Fetching https://github.com/pointfreeco/swift-identified-collections
Fetching https://github.com/pointfreeco/swift-concurrency-extras
Fetching https://github.com/pointfreeco/swift-perception
[1/2078] Fetching swift-perception
[729/3158] Fetching swift-perception, swift-concurrency-extras
[2317/4738] Fetching swift-perception, swift-concurrency-extras, swift-identified-collections
Fetched https://github.com/pointfreeco/swift-perception from cache (0.48s)
[898/2660] Fetching swift-concurrency-extras, swift-identified-collections
Fetched https://github.com/pointfreeco/swift-concurrency-extras from cache (0.52s)
[301/1580] Fetching swift-identified-collections
Fetched https://github.com/pointfreeco/swift-identified-collections from cache (0.61s)
Computing version for https://github.com/pointfreeco/swift-identified-collections
Computed https://github.com/pointfreeco/swift-identified-collections at 1.1.1 (0.85s)
Fetching https://github.com/apple/swift-collections
[1/28744] Fetching swift-collections
Fetched https://github.com/apple/swift-collections from cache (1.93s)
Computing version for https://github.com/pointfreeco/swift-concurrency-extras
Computed https://github.com/pointfreeco/swift-concurrency-extras at 1.4.1 (2.20s)
Computing version for https://github.com/pointfreeco/swift-snapshot-testing
Computed https://github.com/pointfreeco/swift-snapshot-testing at 1.19.6 (0.24s)
Fetching https://github.com/swiftlang/swift-syntax
[1/80471] Fetching swift-syntax
Fetched https://github.com/swiftlang/swift-syntax from cache (4.49s)
Computing version for https://github.com/pointfreeco/swift-custom-dump
Computed https://github.com/pointfreeco/swift-custom-dump at 1.7.3 (4.72s)
Computing version for https://github.com/pointfreeco/xctest-dynamic-overlay
Computed https://github.com/pointfreeco/xctest-dynamic-overlay at 1.13.1 (1.30s)
Computing version for https://github.com/apple/swift-argument-parser
Computed https://github.com/apple/swift-argument-parser at 1.8.2 (0.16s)
Computing version for https://github.com/pointfreeco/swift-perception
Computed https://github.com/pointfreeco/swift-perception at 2.0.12 (0.17s)
Computing version for https://github.com/swiftlang/swift-syntax
Computed https://github.com/swiftlang/swift-syntax at 604.0.0 (0.95s)
Computing version for https://github.com/apple/swift-collections
Computed https://github.com/apple/swift-collections at 1.7.3 (0.24s)
Computing version for https://github.com/pointfreeco/swift-dependencies
Computed https://github.com/pointfreeco/swift-dependencies at 1.17.1 (0.31s)
Fetching https://github.com/pointfreeco/swift-clocks
Fetching https://github.com/pointfreeco/combine-schedulers
[1/2690] Fetching combine-schedulers
[2691/4280] Fetching combine-schedulers, swift-clocks
Fetched https://github.com/pointfreeco/combine-schedulers from cache (1.37s)
Fetched https://github.com/pointfreeco/swift-clocks from cache (1.55s)
Computing version for https://github.com/pointfreeco/swift-clocks
Computed https://github.com/pointfreeco/swift-clocks at 1.1.1 (2.37s)
Computing version for https://github.com/pointfreeco/combine-schedulers
Computed https://github.com/pointfreeco/combine-schedulers at 1.2.2 (0.88s)
Fetching https://github.com/OpenCombine/OpenCombine.git
[1/8306] Fetching opencombine
Fetched https://github.com/OpenCombine/OpenCombine.git from cache (1.12s)
Computing version for https://github.com/OpenCombine/OpenCombine.git
Computed https://github.com/OpenCombine/OpenCombine.git at 0.14.0 (1.32s)
Creating working copy for https://github.com/pointfreeco/swift-identified-collections
Working copy of https://github.com/pointfreeco/swift-identified-collections resolved at 1.1.1
Creating working copy for https://github.com/pointfreeco/swift-snapshot-testing
Working copy of https://github.com/pointfreeco/swift-snapshot-testing resolved at 1.19.6
Creating working copy for https://github.com/apple/swift-argument-parser
Working copy of https://github.com/apple/swift-argument-parser resolved at 1.8.2
Creating working copy for https://github.com/pointfreeco/swift-dependencies
Working copy of https://github.com/pointfreeco/swift-dependencies resolved at 1.17.1
Creating working copy for https://github.com/pointfreeco/combine-schedulers
Working copy of https://github.com/pointfreeco/combine-schedulers resolved at 1.2.2
Creating working copy for https://github.com/pointfreeco/swift-clocks
Working copy of https://github.com/pointfreeco/swift-clocks resolved at 1.1.1
Creating working copy for https://github.com/apple/swift-collections
Working copy of https://github.com/apple/swift-collections resolved at 1.7.3
Creating working copy for https://github.com/pointfreeco/swift-custom-dump
Working copy of https://github.com/pointfreeco/swift-custom-dump resolved at 1.7.3
Creating working copy for https://github.com/pointfreeco/swift-sharing
Working copy of https://github.com/pointfreeco/swift-sharing resolved at 2.9.1
Creating working copy for https://github.com/OpenCombine/OpenCombine.git
Working copy of https://github.com/OpenCombine/OpenCombine.git resolved at 0.14.0
Creating working copy for https://github.com/pointfreeco/xctest-dynamic-overlay
Working copy of https://github.com/pointfreeco/xctest-dynamic-overlay resolved at 1.13.1
Creating working copy for https://github.com/swiftlang/swift-syntax
Working copy of https://github.com/swiftlang/swift-syntax resolved at 604.0.0
Creating working copy for https://github.com/pointfreeco/swift-concurrency-extras
Working copy of https://github.com/pointfreeco/swift-concurrency-extras resolved at 1.4.1
Creating working copy for https://github.com/pointfreeco/swift-perception
Working copy of https://github.com/pointfreeco/swift-perception resolved at 2.0.12
[1/1] Compiling plugin GenerateManual
[2/2] Compiling plugin GenerateDoccReference
Building for debugging...
[2/38] Write sources
[2/38] Copying PrivacyInfo.xcprivacy
[2/38] Write sources
[23/38] Write swift-version-24593BA9C3E375BF.txt
[25/112] Emitting module ArgumentParserToolInfo
[26/112] Compiling SweetUIFoundations RegistryKnobs.swift
/host/spi-builder-workspace/Sources/SweetUIFoundations/RegistryItem.swift:1:8: error: no such module 'SwiftUI'
1 | import SwiftUI
| `- error: no such module 'SwiftUI'
2 |
3 | /// What a design surface tells the registry items below it. `nil`, the
[27/112] Compiling IssueReporting TestContext.swift
[28/112] Compiling IssueReporting Unimplemented.swift
[29/114] Emitting module Sharing2
[30/114] Compiling Sharing2 Empty.swift
[32/115] Compiling InternalCollectionsUtilities UnsafeMutablePointer+Extras.swift
[33/115] Compiling InternalCollectionsUtilities UnsafeMutableRawBufferPointer+Extras.swift
[34/115] Compiling InternalCollectionsUtilities UnsafePointer+Extras.swift
[35/118] Emitting module InternalCollectionsUtilities
[36/118] Compiling SweetUIFoundations RegistryTheme.swift
/host/spi-builder-workspace/Sources/SweetUIFoundations/RegistryItem.swift:1:8: error: no such module 'SwiftUI'
1 | import SwiftUI
| `- error: no such module 'SwiftUI'
2 |
3 | /// What a design surface tells the registry items below it. `nil`, the
[37/118] Emitting module IssueReportingTestSupport
[38/118] Compiling IssueReporting SwiftTesting.swift
[39/118] Compiling IssueReporting UncheckedSendable.swift
[40/118] Compiling IssueReporting Warn.swift
[41/118] Compiling IssueReporting FailureObserver.swift
[42/118] Compiling InternalCollectionsUtilities UnsafeRawBufferPointer+Extras.swift
[43/118] Compiling InternalCollectionsUtilities _SortedCollection.swift
[44/118] Compiling InternalCollectionsUtilities _UniqueCollection.swift
[45/118] Compiling IssueReporting LockIsolated.swift
[46/118] Compiling IssueReporting Rethrows.swift
[47/118] Compiling IssueReporting ErrorReporting.swift
[48/118] Compiling IssueReporting AppHostWarning.swift
[49/118] Compiling ConcurrencyExtras MainSerialExecutor.swift
[50/118] Compiling IssueReporting Deprecations.swift
[51/118] Compiling IssueReporting XCTest.swift
[52/118] Compiling IssueReporting IsTesting.swift
[53/118] Compiling IssueReporting IssueReporter.swift
[54/119] Compiling IssueReporting DefaultReporter.swift
[55/119] Compiling IssueReporting FatalErrorReporter.swift
[56/119] Emitting module Sharing1
[57/119] Compiling Sharing1 Empty.swift
[60/119] Compiling IssueReporting WithExpectedIssue.swift
[61/120] Compiling IssueReporting WithIssueContext.swift
[62/120] Compiling InternalCollectionsUtilities UnsafeBufferPointer+Extras.swift
[63/120] Compiling InternalCollectionsUtilities UnsafeMutableBufferPointer+Extras.swift
[64/120] Compiling IssueReporting IssueSeverity.swift
[65/120] Compiling IssueReporting ReportIssue.swift
[66/120] Compiling IssueReporting _Test.swift
[67/120] Compiling IssueReporting BreakpointReporter.swift
error: emit-module command failed with exit code 1 (use -v to see invocation)
[73/121] Emitting module SweetUIFoundations
/host/spi-builder-workspace/Sources/SweetUIFoundations/RegistryItem.swift:1:8: error: no such module 'SwiftUI'
1 | import SwiftUI
| `- error: no such module 'SwiftUI'
2 |
3 | /// What a design surface tells the registry items below it. `nil`, the
[74/121] Compiling SweetUIFoundations RegistryItem.swift
/host/spi-builder-workspace/Sources/SweetUIFoundations/RegistryItem.swift:1:8: error: no such module 'SwiftUI'
1 | import SwiftUI
| `- error: no such module 'SwiftUI'
2 |
3 | /// What a design surface tells the registry items below it. `nil`, the
[75/121] Compiling IssueReportingTestSupport SwiftTesting.swift
/host/spi-builder-workspace/.build/checkouts/xctest-dynamic-overlay/Sources/IssueReportingTestSupport/SwiftTesting.swift:94:3: error: cannot convert '@Sendable (String?, Bool, String, String, Int, Int, nonisolated(nonsending) () async throws -> Void) async -> ()' to 'nonisolated(nonsending) @Sendable (String?, Bool, String, String, Int, Int, nonisolated(nonsending) () async throws -> Void) async -> ()' because crossing of an isolation boundary requires parameter and result types to conform to 'Sendable' protocol
92 |
93 | public func _withKnownIssueAsync() -> Any {
94 | __withKnownIssueAsync(_:isIntermittent:fileID:filePath:line:column:_:)
| |- error: cannot convert '@Sendable (String?, Bool, String, String, Int, Int, nonisolated(nonsending) () async throws -> Void) async -> ()' to 'nonisolated(nonsending) @Sendable (String?, Bool, String, String, Int, Int, nonisolated(nonsending) () async throws -> Void) async -> ()' because crossing of an isolation boundary requires parameter and result types to conform to 'Sendable' protocol
| `- note: type 'nonisolated(nonsending) () async throws -> Void' does not conform to 'Sendable' protocol
95 | }
96 | @Sendable
[76/121] Compiling IssueReportingTestSupport _Test.swift
BUILD FAILURE 6.2 wasm