Build Information
Failed to build DepotKit, reference main (ffcf2b), with Swift 6.3 for Wasm on 21 Oct 2026 09:53:11 UTC.
Build Command
bash -c docker run --pull=always --rm -v "checkouts-54344844-0":/host -w "$PWD" -e JAVA_HOME="/root/.sdkman/candidates/java/current" -e SPI_BUILD="1" -e SPI_PROCESSING="1" registry.gitlab.com/saguaro1/spi-images:wasm-6.3-latest swift build --swift-sdk swift-6.3.2-RELEASE_wasm 2>&1Build Log
========================================
RunAll
========================================
Builder version: 5.1.3
Interrupt handler set up.
========================================
Checkout
========================================
Clone URL: https://github.com/mercedes-benz/DepotKit.git
Reference: main
Initialized empty Git repository in /host/spi-builder-workspace/.git/
hint: Using 'master' as the name for the initial branch. This default branch name
hint: is subject to change. To configure the initial branch name to use in all
hint: of your new repositories, which will suppress this warning, call:
hint:
hint: git config --global init.defaultBranch <name>
hint:
hint: Names commonly chosen instead of 'master' are 'main', 'trunk' and
hint: 'development'. The just-created branch can be renamed via this command:
hint:
hint: git branch -m <name>
From https://github.com/mercedes-benz/DepotKit
* branch main -> FETCH_HEAD
* [new branch] main -> origin/main
HEAD is now at ffcf2b5 Initial public release of DepotKit 1.0.0
Cloned https://github.com/mercedes-benz/DepotKit.git
Revision (git rev-parse @):
ffcf2b560c9e95a4bc8d9a892ff337d3301cfafc
SPI manifest file found: $PWD/.spi.yml
SUCCESS checkout https://github.com/mercedes-benz/DepotKit.git at main
========================================
Build
========================================
Selected platform: wasm
Swift version: 6.3
Building package at path: $PWD
https://github.com/mercedes-benz/DepotKit.git
Running build ...
bash -c docker run --pull=always --rm -v "checkouts-54344844-0":/host -w "$PWD" -e JAVA_HOME="/root/.sdkman/candidates/java/current" -e SPI_BUILD="1" -e SPI_PROCESSING="1" registry.gitlab.com/saguaro1/spi-images:wasm-6.3-latest swift build --swift-sdk swift-6.3.2-RELEASE_wasm 2>&1
wasm-6.3-latest: Pulling from saguaro1/spi-images
Digest: sha256:11aa8e4a9dbcd813ae44128d01e945c51d260b4dfda77b6bb7d997d0cc236164
Status: Image is up to date for registry.gitlab.com/saguaro1/spi-images:wasm-6.3-latest
Fetching https://github.com/swiftlang/swift-syntax
[1/80982] Fetching swift-syntax
Fetched https://github.com/swiftlang/swift-syntax from cache (4.05s)
Computing version for https://github.com/swiftlang/swift-syntax
Computed https://github.com/swiftlang/swift-syntax at 602.0.0 (5.05s)
Creating working copy for https://github.com/swiftlang/swift-syntax
Working copy of https://github.com/swiftlang/swift-syntax resolved at 602.0.0
Downloading package prebuilt https://download.swift.org/prebuilts/swift-syntax/602.0.0/swift-6.3.2-RELEASE-ubuntu_noble_x86_64-MacroSupport.tar.gz
Downloaded https://download.swift.org/prebuilts/swift-syntax/602.0.0/swift-6.3.2-RELEASE-ubuntu_noble_x86_64-MacroSupport.tar.gz (0.19s)
Building for debugging...
[0/13] Copying PrivacyInfo.xcprivacy
[2/13] Write sources
[9/13] Write swift-version-24593BA9C3E375BF.txt
[11/20] Compiling DepotKitMacros Plugin.swift
[12/20] Compiling DepotKitMacros PathLiteral.swift
[13/20] Emitting module DepotKitMacros
[14/20] Compiling DepotKitMacros KeyExpressionMacro.swift
[15/20] Compiling DepotKitMacros MacroDiagnostics.swift
[16/20] Compiling DepotKitMacros PathParser.swift
[17/20] Compiling DepotKitMacros PatternKeyExpressionMacro.swift
[18/21] Wrapping AST for DepotKitMacros for debugging
[19/21] Write Objects.LinkFileList
[20/21] Linking DepotKitMacros-tool
error: emit-module command failed with exit code 1 (use -v to see invocation)
[22/125] Emitting module DepotKit
/host/spi-builder-workspace/Sources/DepotKit/Coders/EncryptedCoder.swift:4:8: error: no such module 'CryptoKit'
2 | // Copyright (c) 2026 Mercedes-Benz Group AG
3 |
4 | import CryptoKit
| `- error: no such module 'CryptoKit'
5 | import Foundation
6 |
Internal Error: DecodingError.dataCorrupted: Data was corrupted. Debug description: Corrupted JSON. Underlying error: unexpected end of file
error: emit-module command failed with exit code 1 (use -v to see invocation)
/host/spi-builder-workspace/Sources/DepotKit/Coders/EncryptedCoder.swift:4:8: error: no such module 'CryptoKit'
2 | // Copyright (c) 2026 Mercedes-Benz Group AG
3 |
4 | import CryptoKit
| `- error: no such module 'CryptoKit'
5 | import Foundation
6 |
[24/139] Compiling DepotKit Bundle+Extensions.swift
/host/spi-builder-workspace/Sources/DepotKit/Coders/EncryptedCoder.swift:4:8: error: no such module 'CryptoKit'
2 | // Copyright (c) 2026 Mercedes-Benz Group AG
3 |
4 | import CryptoKit
| `- error: no such module 'CryptoKit'
5 | import Foundation
6 |
[25/139] Compiling DepotKit FileManager+FileCoordinating.swift
/host/spi-builder-workspace/Sources/DepotKit/Coders/EncryptedCoder.swift:4:8: error: no such module 'CryptoKit'
2 | // Copyright (c) 2026 Mercedes-Benz Group AG
3 |
4 | import CryptoKit
| `- error: no such module 'CryptoKit'
5 | import Foundation
6 |
[26/139] Compiling DepotKit LosslessDataConvertible.swift
/host/spi-builder-workspace/Sources/DepotKit/Coders/EncryptedCoder.swift:4:8: error: no such module 'CryptoKit'
2 | // Copyright (c) 2026 Mercedes-Benz Group AG
3 |
4 | import CryptoKit
| `- error: no such module 'CryptoKit'
5 | import Foundation
6 |
[27/139] Compiling DepotKit Types+LosslessDataConvertible.swift
/host/spi-builder-workspace/Sources/DepotKit/Coders/EncryptedCoder.swift:4:8: error: no such module 'CryptoKit'
2 | // Copyright (c) 2026 Mercedes-Benz Group AG
3 |
4 | import CryptoKit
| `- error: no such module 'CryptoKit'
5 | import Foundation
6 |
[28/139] Compiling DepotKit Key+Comparable.swift
/host/spi-builder-workspace/Sources/DepotKit/Coders/EncryptedCoder.swift:4:8: error: no such module 'CryptoKit'
2 | // Copyright (c) 2026 Mercedes-Benz Group AG
3 |
4 | import CryptoKit
| `- error: no such module 'CryptoKit'
5 | import Foundation
6 |
[29/139] Compiling DepotKit Key+Normalization.swift
/host/spi-builder-workspace/Sources/DepotKit/Coders/EncryptedCoder.swift:4:8: error: no such module 'CryptoKit'
2 | // Copyright (c) 2026 Mercedes-Benz Group AG
3 |
4 | import CryptoKit
| `- error: no such module 'CryptoKit'
5 | import Foundation
6 |
[30/139] Compiling DepotKit Key+Utilities.swift
/host/spi-builder-workspace/Sources/DepotKit/Coders/EncryptedCoder.swift:4:8: error: no such module 'CryptoKit'
2 | // Copyright (c) 2026 Mercedes-Benz Group AG
3 |
4 | import CryptoKit
| `- error: no such module 'CryptoKit'
5 | import Foundation
6 |
[31/139] Compiling DepotKit AnyCoder.swift
/host/spi-builder-workspace/Sources/DepotKit/Coders/EncryptedCoder.swift:4:8: error: no such module 'CryptoKit'
2 | // Copyright (c) 2026 Mercedes-Benz Group AG
3 |
4 | import CryptoKit
| `- error: no such module 'CryptoKit'
5 | import Foundation
6 |
[32/139] Compiling DepotKit Coder.swift
/host/spi-builder-workspace/Sources/DepotKit/Coders/EncryptedCoder.swift:4:8: error: no such module 'CryptoKit'
2 | // Copyright (c) 2026 Mercedes-Benz Group AG
3 |
4 | import CryptoKit
| `- error: no such module 'CryptoKit'
5 | import Foundation
6 |
[33/139] Compiling DepotKit CompressedCoder.swift
/host/spi-builder-workspace/Sources/DepotKit/Coders/EncryptedCoder.swift:4:8: error: no such module 'CryptoKit'
2 | // Copyright (c) 2026 Mercedes-Benz Group AG
3 |
4 | import CryptoKit
| `- error: no such module 'CryptoKit'
5 | import Foundation
6 |
[34/139] Compiling DepotKit DataCoder.swift
/host/spi-builder-workspace/Sources/DepotKit/Coders/EncryptedCoder.swift:4:8: error: no such module 'CryptoKit'
2 | // Copyright (c) 2026 Mercedes-Benz Group AG
3 |
4 | import CryptoKit
| `- error: no such module 'CryptoKit'
5 | import Foundation
6 |
[35/139] Compiling DepotKit EncryptedCoder.swift
/host/spi-builder-workspace/Sources/DepotKit/Coders/EncryptedCoder.swift:4:8: error: no such module 'CryptoKit'
2 | // Copyright (c) 2026 Mercedes-Benz Group AG
3 |
4 | import CryptoKit
| `- error: no such module 'CryptoKit'
5 | import Foundation
6 |
[36/139] Compiling DepotKit DepotIOExecutor.swift
/host/spi-builder-workspace/Sources/DepotKit/Coders/EncryptedCoder.swift:4:8: error: no such module 'CryptoKit'
2 | // Copyright (c) 2026 Mercedes-Benz Group AG
3 |
4 | import CryptoKit
| `- error: no such module 'CryptoKit'
5 | import Foundation
6 |
[37/139] Compiling DepotKit DepotSignal.swift
/host/spi-builder-workspace/Sources/DepotKit/Coders/EncryptedCoder.swift:4:8: error: no such module 'CryptoKit'
2 | // Copyright (c) 2026 Mercedes-Benz Group AG
3 |
4 | import CryptoKit
| `- error: no such module 'CryptoKit'
5 | import Foundation
6 |
[38/139] Compiling DepotKit ReadWriteLock.swift
/host/spi-builder-workspace/Sources/DepotKit/Coders/EncryptedCoder.swift:4:8: error: no such module 'CryptoKit'
2 | // Copyright (c) 2026 Mercedes-Benz Group AG
3 |
4 | import CryptoKit
| `- error: no such module 'CryptoKit'
5 | import Foundation
6 |
[39/139] Compiling DepotKit DepotError.swift
/host/spi-builder-workspace/Sources/DepotKit/Coders/EncryptedCoder.swift:4:8: error: no such module 'CryptoKit'
2 | // Copyright (c) 2026 Mercedes-Benz Group AG
3 |
4 | import CryptoKit
| `- error: no such module 'CryptoKit'
5 | import Foundation
6 |
[40/139] Compiling DepotKit DepotFileIO.swift
/host/spi-builder-workspace/Sources/DepotKit/Coders/EncryptedCoder.swift:4:8: error: no such module 'CryptoKit'
2 | // Copyright (c) 2026 Mercedes-Benz Group AG
3 |
4 | import CryptoKit
| `- error: no such module 'CryptoKit'
5 | import Foundation
6 |
[41/139] Compiling DepotKit DepotFileManager.swift
/host/spi-builder-workspace/Sources/DepotKit/Coders/EncryptedCoder.swift:4:8: error: no such module 'CryptoKit'
2 | // Copyright (c) 2026 Mercedes-Benz Group AG
3 |
4 | import CryptoKit
| `- error: no such module 'CryptoKit'
5 | import Foundation
6 |
[42/139] Compiling DepotKit DepotFileNameCodec.swift
/host/spi-builder-workspace/Sources/DepotKit/Coders/EncryptedCoder.swift:4:8: error: no such module 'CryptoKit'
2 | // Copyright (c) 2026 Mercedes-Benz Group AG
3 |
4 | import CryptoKit
| `- error: no such module 'CryptoKit'
5 | import Foundation
6 |
[43/139] Compiling DepotKit DepotFilePresenter.swift
/host/spi-builder-workspace/Sources/DepotKit/Coders/EncryptedCoder.swift:4:8: error: no such module 'CryptoKit'
2 | // Copyright (c) 2026 Mercedes-Benz Group AG
3 |
4 | import CryptoKit
| `- error: no such module 'CryptoKit'
5 | import Foundation
6 |
[44/139] Compiling DepotKit DepotMemoryCache.swift
/host/spi-builder-workspace/Sources/DepotKit/Coders/EncryptedCoder.swift:4:8: error: no such module 'CryptoKit'
2 | // Copyright (c) 2026 Mercedes-Benz Group AG
3 |
4 | import CryptoKit
| `- error: no such module 'CryptoKit'
5 | import Foundation
6 |
[45/139] Compiling DepotKit DepotMetadata.swift
/host/spi-builder-workspace/Sources/DepotKit/Coders/EncryptedCoder.swift:4:8: error: no such module 'CryptoKit'
2 | // Copyright (c) 2026 Mercedes-Benz Group AG
3 |
4 | import CryptoKit
| `- error: no such module 'CryptoKit'
5 | import Foundation
6 |
[46/139] Compiling DepotKit Key+Validation.swift
/host/spi-builder-workspace/Sources/DepotKit/Coders/EncryptedCoder.swift:4:8: error: no such module 'CryptoKit'
2 | // Copyright (c) 2026 Mercedes-Benz Group AG
3 |
4 | import CryptoKit
| `- error: no such module 'CryptoKit'
5 | import Foundation
6 |
Internal Error: DecodingError.dataCorrupted: Data was corrupted. Debug description: Corrupted JSON. Underlying error: unexpected end of file
[47/139] Compiling DepotKit Key.swift
/host/spi-builder-workspace/Sources/DepotKit/Coders/EncryptedCoder.swift:4:8: error: no such module 'CryptoKit'
2 | // Copyright (c) 2026 Mercedes-Benz Group AG
3 |
4 | import CryptoKit
| `- error: no such module 'CryptoKit'
5 | import Foundation
6 |
Internal Error: DecodingError.dataCorrupted: Data was corrupted. Debug description: Corrupted JSON. Underlying error: unexpected end of file
[48/139] Compiling DepotKit KeyDefinition.swift
/host/spi-builder-workspace/Sources/DepotKit/Coders/EncryptedCoder.swift:4:8: error: no such module 'CryptoKit'
2 | // Copyright (c) 2026 Mercedes-Benz Group AG
3 |
4 | import CryptoKit
| `- error: no such module 'CryptoKit'
5 | import Foundation
6 |
Internal Error: DecodingError.dataCorrupted: Data was corrupted. Debug description: Corrupted JSON. Underlying error: unexpected end of file
[49/139] Compiling DepotKit KeyPathExpression.swift
/host/spi-builder-workspace/Sources/DepotKit/Coders/EncryptedCoder.swift:4:8: error: no such module 'CryptoKit'
2 | // Copyright (c) 2026 Mercedes-Benz Group AG
3 |
4 | import CryptoKit
| `- error: no such module 'CryptoKit'
5 | import Foundation
6 |
Internal Error: DecodingError.dataCorrupted: Data was corrupted. Debug description: Corrupted JSON. Underlying error: unexpected end of file
[50/139] Compiling DepotKit KeyProtocol.swift
/host/spi-builder-workspace/Sources/DepotKit/Coders/EncryptedCoder.swift:4:8: error: no such module 'CryptoKit'
2 | // Copyright (c) 2026 Mercedes-Benz Group AG
3 |
4 | import CryptoKit
| `- error: no such module 'CryptoKit'
5 | import Foundation
6 |
Internal Error: DecodingError.dataCorrupted: Data was corrupted. Debug description: Corrupted JSON. Underlying error: unexpected end of file
[51/139] Compiling DepotKit MacroDeclarations.swift
/host/spi-builder-workspace/Sources/DepotKit/Coders/EncryptedCoder.swift:4:8: error: no such module 'CryptoKit'
2 | // Copyright (c) 2026 Mercedes-Benz Group AG
3 |
4 | import CryptoKit
| `- error: no such module 'CryptoKit'
5 | import Foundation
6 |
Internal Error: DecodingError.dataCorrupted: Data was corrupted. Debug description: Corrupted JSON. Underlying error: unexpected end of file
[52/139] Compiling DepotKit resource_bundle_accessor.swift
/host/spi-builder-workspace/Sources/DepotKit/Coders/EncryptedCoder.swift:4:8: error: no such module 'CryptoKit'
2 | // Copyright (c) 2026 Mercedes-Benz Group AG
3 |
4 | import CryptoKit
| `- error: no such module 'CryptoKit'
5 | import Foundation
6 |
Internal Error: DecodingError.dataCorrupted: Data was corrupted. Debug description: Corrupted JSON. Underlying error: unexpected end of file
[53/139] Compiling DepotKit SuspensionGuard.swift
/host/spi-builder-workspace/Sources/DepotKit/Coders/EncryptedCoder.swift:4:8: error: no such module 'CryptoKit'
2 | // Copyright (c) 2026 Mercedes-Benz Group AG
3 |
4 | import CryptoKit
| `- error: no such module 'CryptoKit'
5 | import Foundation
6 |
[54/139] Compiling DepotKit AvailableValuesResult.swift
/host/spi-builder-workspace/Sources/DepotKit/Coders/EncryptedCoder.swift:4:8: error: no such module 'CryptoKit'
2 | // Copyright (c) 2026 Mercedes-Benz Group AG
3 |
4 | import CryptoKit
| `- error: no such module 'CryptoKit'
5 | import Foundation
6 |
[55/139] Compiling DepotKit Depot+CRUD.swift
/host/spi-builder-workspace/Sources/DepotKit/Coders/EncryptedCoder.swift:4:8: error: no such module 'CryptoKit'
2 | // Copyright (c) 2026 Mercedes-Benz Group AG
3 |
4 | import CryptoKit
| `- error: no such module 'CryptoKit'
5 | import Foundation
6 |
[56/139] Compiling DepotKit Depot+Extensions.swift
/host/spi-builder-workspace/Sources/DepotKit/Coders/EncryptedCoder.swift:4:8: error: no such module 'CryptoKit'
2 | // Copyright (c) 2026 Mercedes-Benz Group AG
3 |
4 | import CryptoKit
| `- error: no such module 'CryptoKit'
5 | import Foundation
6 |
[57/139] Compiling DepotKit Depot+Lifecycle.swift
/host/spi-builder-workspace/Sources/DepotKit/Coders/EncryptedCoder.swift:4:8: error: no such module 'CryptoKit'
2 | // Copyright (c) 2026 Mercedes-Benz Group AG
3 |
4 | import CryptoKit
| `- error: no such module 'CryptoKit'
5 | import Foundation
6 |
[58/139] Compiling DepotKit Depot+Observation.swift
/host/spi-builder-workspace/Sources/DepotKit/Coders/EncryptedCoder.swift:4:8: error: no such module 'CryptoKit'
2 | // Copyright (c) 2026 Mercedes-Benz Group AG
3 |
4 | import CryptoKit
| `- error: no such module 'CryptoKit'
5 | import Foundation
6 |
[59/139] Compiling DepotKit Depot+Registration.swift
/host/spi-builder-workspace/Sources/DepotKit/Coders/EncryptedCoder.swift:4:8: error: no such module 'CryptoKit'
2 | // Copyright (c) 2026 Mercedes-Benz Group AG
3 |
4 | import CryptoKit
| `- error: no such module 'CryptoKit'
5 | import Foundation
6 |
[60/139] Compiling DepotKit DepotTransaction.swift
/host/spi-builder-workspace/Sources/DepotKit/Coders/EncryptedCoder.swift:4:8: error: no such module 'CryptoKit'
2 | // Copyright (c) 2026 Mercedes-Benz Group AG
3 |
4 | import CryptoKit
| `- error: no such module 'CryptoKit'
5 | import Foundation
6 |
[61/139] Compiling DepotKit FileHeader.swift
/host/spi-builder-workspace/Sources/DepotKit/Coders/EncryptedCoder.swift:4:8: error: no such module 'CryptoKit'
2 | // Copyright (c) 2026 Mercedes-Benz Group AG
3 |
4 | import CryptoKit
| `- error: no such module 'CryptoKit'
5 | import Foundation
6 |
[62/139] Compiling DepotKit RegisteredCoder.swift
/host/spi-builder-workspace/Sources/DepotKit/Coders/EncryptedCoder.swift:4:8: error: no such module 'CryptoKit'
2 | // Copyright (c) 2026 Mercedes-Benz Group AG
3 |
4 | import CryptoKit
| `- error: no such module 'CryptoKit'
5 | import Foundation
6 |
[63/139] Compiling DepotKit Registration.swift
/host/spi-builder-workspace/Sources/DepotKit/Coders/EncryptedCoder.swift:4:8: error: no such module 'CryptoKit'
2 | // Copyright (c) 2026 Mercedes-Benz Group AG
3 |
4 | import CryptoKit
| `- error: no such module 'CryptoKit'
5 | import Foundation
6 |
[64/139] Compiling DepotKit ValueMetadata.swift
/host/spi-builder-workspace/Sources/DepotKit/Coders/EncryptedCoder.swift:4:8: error: no such module 'CryptoKit'
2 | // Copyright (c) 2026 Mercedes-Benz Group AG
3 |
4 | import CryptoKit
| `- error: no such module 'CryptoKit'
5 | import Foundation
6 |
[65/139] Compiling DepotKit ValueObserver.swift
/host/spi-builder-workspace/Sources/DepotKit/Coders/EncryptedCoder.swift:4:8: error: no such module 'CryptoKit'
2 | // Copyright (c) 2026 Mercedes-Benz Group AG
3 |
4 | import CryptoKit
| `- error: no such module 'CryptoKit'
5 | import Foundation
6 |
[66/139] Compiling DepotKit DepotKitLogging.swift
/host/spi-builder-workspace/Sources/DepotKit/Coders/EncryptedCoder.swift:4:8: error: no such module 'CryptoKit'
2 | // Copyright (c) 2026 Mercedes-Benz Group AG
3 |
4 | import CryptoKit
| `- error: no such module 'CryptoKit'
5 | import Foundation
6 |
[67/139] Compiling DepotKit AsyncSemaphore.swift
/host/spi-builder-workspace/Sources/DepotKit/Coders/EncryptedCoder.swift:4:8: error: no such module 'CryptoKit'
2 | // Copyright (c) 2026 Mercedes-Benz Group AG
3 |
4 | import CryptoKit
| `- error: no such module 'CryptoKit'
5 | import Foundation
6 |
[68/139] Compiling DepotKit CallbackBox.swift
/host/spi-builder-workspace/Sources/DepotKit/Coders/EncryptedCoder.swift:4:8: error: no such module 'CryptoKit'
2 | // Copyright (c) 2026 Mercedes-Benz Group AG
3 |
4 | import CryptoKit
| `- error: no such module 'CryptoKit'
5 | import Foundation
6 |
[69/139] Compiling DepotKit DepotCancellable.swift
/host/spi-builder-workspace/Sources/DepotKit/Coders/EncryptedCoder.swift:4:8: error: no such module 'CryptoKit'
2 | // Copyright (c) 2026 Mercedes-Benz Group AG
3 |
4 | import CryptoKit
| `- error: no such module 'CryptoKit'
5 | import Foundation
6 |
[70/139] Compiling DepotKit DepotClock.swift
/host/spi-builder-workspace/Sources/DepotKit/Coders/EncryptedCoder.swift:4:8: error: no such module 'CryptoKit'
2 | // Copyright (c) 2026 Mercedes-Benz Group AG
3 |
4 | import CryptoKit
| `- error: no such module 'CryptoKit'
5 | import Foundation
6 |
[71/139] Compiling DepotKit DepotIOExecutor.swift
/host/spi-builder-workspace/Sources/DepotKit/Coders/EncryptedCoder.swift:4:8: error: no such module 'CryptoKit'
2 | // Copyright (c) 2026 Mercedes-Benz Group AG
3 |
4 | import CryptoKit
| `- error: no such module 'CryptoKit'
5 | import Foundation
6 |
[72/139] Compiling DepotKit DepotSignal.swift
/host/spi-builder-workspace/Sources/DepotKit/Coders/EncryptedCoder.swift:4:8: error: no such module 'CryptoKit'
2 | // Copyright (c) 2026 Mercedes-Benz Group AG
3 |
4 | import CryptoKit
| `- error: no such module 'CryptoKit'
5 | import Foundation
6 |
[73/139] Compiling DepotKit ReadWriteLock.swift
/host/spi-builder-workspace/Sources/DepotKit/Coders/EncryptedCoder.swift:4:8: error: no such module 'CryptoKit'
2 | // Copyright (c) 2026 Mercedes-Benz Group AG
3 |
4 | import CryptoKit
| `- error: no such module 'CryptoKit'
5 | import Foundation
6 |
[74/139] Compiling DepotKit Depot+Removal.swift
/host/spi-builder-workspace/Sources/DepotKit/Coders/EncryptedCoder.swift:4:8: error: no such module 'CryptoKit'
2 | // Copyright (c) 2026 Mercedes-Benz Group AG
3 |
4 | import CryptoKit
| `- error: no such module 'CryptoKit'
5 | import Foundation
6 |
[75/139] Compiling DepotKit Depot+StorageTree.swift
/host/spi-builder-workspace/Sources/DepotKit/Coders/EncryptedCoder.swift:4:8: error: no such module 'CryptoKit'
2 | // Copyright (c) 2026 Mercedes-Benz Group AG
3 |
4 | import CryptoKit
| `- error: no such module 'CryptoKit'
5 | import Foundation
6 |
[76/139] Compiling DepotKit Depot+Transaction.swift
/host/spi-builder-workspace/Sources/DepotKit/Coders/EncryptedCoder.swift:4:8: error: no such module 'CryptoKit'
2 | // Copyright (c) 2026 Mercedes-Benz Group AG
3 |
4 | import CryptoKit
| `- error: no such module 'CryptoKit'
5 | import Foundation
6 |
[77/139] Compiling DepotKit Depot.swift
/host/spi-builder-workspace/Sources/DepotKit/Coders/EncryptedCoder.swift:4:8: error: no such module 'CryptoKit'
2 | // Copyright (c) 2026 Mercedes-Benz Group AG
3 |
4 | import CryptoKit
| `- error: no such module 'CryptoKit'
5 | import Foundation
6 |
[78/139] Compiling DepotKit DepotChangeTracker.swift
/host/spi-builder-workspace/Sources/DepotKit/Coders/EncryptedCoder.swift:4:8: error: no such module 'CryptoKit'
2 | // Copyright (c) 2026 Mercedes-Benz Group AG
3 |
4 | import CryptoKit
| `- error: no such module 'CryptoKit'
5 | import Foundation
6 |
[79/139] Compiling DepotKit DepotConfiguration.swift
/host/spi-builder-workspace/Sources/DepotKit/Coders/EncryptedCoder.swift:4:8: error: no such module 'CryptoKit'
2 | // Copyright (c) 2026 Mercedes-Benz Group AG
3 |
4 | import CryptoKit
| `- error: no such module 'CryptoKit'
5 | import Foundation
6 |
[80/139] Compiling DepotKit DepotCore.swift
/host/spi-builder-workspace/Sources/DepotKit/Coders/EncryptedCoder.swift:4:8: error: no such module 'CryptoKit'
2 | // Copyright (c) 2026 Mercedes-Benz Group AG
3 |
4 | import CryptoKit
| `- error: no such module 'CryptoKit'
5 | import Foundation
6 |
[81/139] Compiling DepotKit VersionedCoder.swift
/host/spi-builder-workspace/Sources/DepotKit/Coders/EncryptedCoder.swift:4:8: error: no such module 'CryptoKit'
2 | // Copyright (c) 2026 Mercedes-Benz Group AG
3 |
4 | import CryptoKit
| `- error: no such module 'CryptoKit'
5 | import Foundation
6 |
BUILD FAILURE 6.3 wasm