Build Information
Failed to build EmacsSwiftModule, reference v1.3.5 (b70ebc), with Swift 6.4 for watchOS using Xcode 27.0 on 20 Sep 2026 00:02:27 UTC.
Build Command
env DEVELOPER_DIR=/Applications/Xcode-27.0.0-Release.Candidate.app xcrun xcodebuild -IDEClonedSourcePackagesDirPathOverride=$PWD/.dependencies -skipMacroValidation -skipPackagePluginValidation -derivedDataPath $PWD/.derivedData build -scheme EmacsSwiftModule-Package -destination generic/platform=watchOSBuild Log
WriteAuxiliaryFile /Users/admin/builder/spi-builder-workspace/.derivedData/Build/Intermediates.noindex/EmacsSwiftModule.build/Debug-watchos/ModuleInitializerInjector-p.build/Objects-normal/arm64_32/ModuleInitializerInjector.SwiftFileList (in target 'ModuleInitializerInjector-product' from project 'EmacsSwiftModule')
cd /Users/admin/builder/spi-builder-workspace
write-file /Users/admin/builder/spi-builder-workspace/.derivedData/Build/Intermediates.noindex/EmacsSwiftModule.build/Debug-watchos/ModuleInitializerInjector-p.build/Objects-normal/arm64_32/ModuleInitializerInjector.SwiftFileList
WriteAuxiliaryFile /Users/admin/builder/spi-builder-workspace/.derivedData/Build/Intermediates.noindex/EmacsSwiftModule.build/Debug-watchos/ModuleInitializerInjector-p.build/Objects-normal/arm64_32/ModuleInitializerInjector-OutputFileMap.json (in target 'ModuleInitializerInjector-product' from project 'EmacsSwiftModule')
cd /Users/admin/builder/spi-builder-workspace
write-file /Users/admin/builder/spi-builder-workspace/.derivedData/Build/Intermediates.noindex/EmacsSwiftModule.build/Debug-watchos/ModuleInitializerInjector-p.build/Objects-normal/arm64_32/ModuleInitializerInjector-OutputFileMap.json
WriteAuxiliaryFile /Users/admin/builder/spi-builder-workspace/.derivedData/Build/Intermediates.noindex/EmacsSwiftModule.build/Debug-watchos/ModuleInitializerInjector-p.build/Objects-normal/arm64/ModuleInitializerInjector_const_extract_protocols.json (in target 'ModuleInitializerInjector-product' from project 'EmacsSwiftModule')
cd /Users/admin/builder/spi-builder-workspace
write-file /Users/admin/builder/spi-builder-workspace/.derivedData/Build/Intermediates.noindex/EmacsSwiftModule.build/Debug-watchos/ModuleInitializerInjector-p.build/Objects-normal/arm64/ModuleInitializerInjector_const_extract_protocols.json
WriteAuxiliaryFile /Users/admin/builder/spi-builder-workspace/.derivedData/Build/Intermediates.noindex/EmacsSwiftModule.build/Debug-watchos/ModuleInitializerInjector-p.build/Objects-normal/arm64/ModuleInitializerInjector.LinkFileList (in target 'ModuleInitializerInjector-product' from project 'EmacsSwiftModule')
cd /Users/admin/builder/spi-builder-workspace
write-file /Users/admin/builder/spi-builder-workspace/.derivedData/Build/Intermediates.noindex/EmacsSwiftModule.build/Debug-watchos/ModuleInitializerInjector-p.build/Objects-normal/arm64/ModuleInitializerInjector.LinkFileList
WriteAuxiliaryFile /Users/admin/builder/spi-builder-workspace/.derivedData/Build/Intermediates.noindex/EmacsSwiftModule.build/Debug-watchos/ModuleInitializerInjector-p.build/Objects-normal/arm64_32/ModuleInitializerInjector_const_extract_protocols.json (in target 'ModuleInitializerInjector-product' from project 'EmacsSwiftModule')
cd /Users/admin/builder/spi-builder-workspace
write-file /Users/admin/builder/spi-builder-workspace/.derivedData/Build/Intermediates.noindex/EmacsSwiftModule.build/Debug-watchos/ModuleInitializerInjector-p.build/Objects-normal/arm64_32/ModuleInitializerInjector_const_extract_protocols.json
WriteAuxiliaryFile /Users/admin/builder/spi-builder-workspace/.derivedData/Build/Intermediates.noindex/EmacsSwiftModule.build/Debug-watchos/ModuleInitializerInjector-p.build/Objects-normal/arm64_32/ModuleInitializerInjector.LinkFileList (in target 'ModuleInitializerInjector-product' from project 'EmacsSwiftModule')
cd /Users/admin/builder/spi-builder-workspace
write-file /Users/admin/builder/spi-builder-workspace/.derivedData/Build/Intermediates.noindex/EmacsSwiftModule.build/Debug-watchos/ModuleInitializerInjector-p.build/Objects-normal/arm64_32/ModuleInitializerInjector.LinkFileList
WriteAuxiliaryFile /Users/admin/builder/spi-builder-workspace/.derivedData/Build/Intermediates.noindex/EmacsSwiftModule.build/Debug-watchos/ModuleInitializerInjector-p.build/Objects-normal/arm64/ModuleInitializerInjector.SwiftFileList (in target 'ModuleInitializerInjector-product' from project 'EmacsSwiftModule')
cd /Users/admin/builder/spi-builder-workspace
write-file /Users/admin/builder/spi-builder-workspace/.derivedData/Build/Intermediates.noindex/EmacsSwiftModule.build/Debug-watchos/ModuleInitializerInjector-p.build/Objects-normal/arm64/ModuleInitializerInjector.SwiftFileList
WriteAuxiliaryFile /Users/admin/builder/spi-builder-workspace/.derivedData/Build/Intermediates.noindex/EmacsSwiftModule.build/Debug-watchos/ModuleInitializerInjector-p.build/Objects-normal/arm64/ModuleInitializerInjector-OutputFileMap.json (in target 'ModuleInitializerInjector-product' from project 'EmacsSwiftModule')
cd /Users/admin/builder/spi-builder-workspace
write-file /Users/admin/builder/spi-builder-workspace/.derivedData/Build/Intermediates.noindex/EmacsSwiftModule.build/Debug-watchos/ModuleInitializerInjector-p.build/Objects-normal/arm64/ModuleInitializerInjector-OutputFileMap.json
WriteAuxiliaryFile /Users/admin/builder/spi-builder-workspace/.derivedData/Build/Intermediates.noindex/EmacsSwiftModule.build/Debug-watchos/ModuleInitializerInjector-p.build/ModuleInitializerInjector.DependencyStaticMetadataFileList (in target 'ModuleInitializerInjector-product' from project 'EmacsSwiftModule')
cd /Users/admin/builder/spi-builder-workspace
write-file /Users/admin/builder/spi-builder-workspace/.derivedData/Build/Intermediates.noindex/EmacsSwiftModule.build/Debug-watchos/ModuleInitializerInjector-p.build/ModuleInitializerInjector.DependencyStaticMetadataFileList
WriteAuxiliaryFile /Users/admin/builder/spi-builder-workspace/.derivedData/Build/Intermediates.noindex/EmacsSwiftModule.build/Debug-watchos/ModuleInitializerInjector-p.build/ModuleInitializerInjector.DependencyMetadataFileList (in target 'ModuleInitializerInjector-product' from project 'EmacsSwiftModule')
cd /Users/admin/builder/spi-builder-workspace
write-file /Users/admin/builder/spi-builder-workspace/.derivedData/Build/Intermediates.noindex/EmacsSwiftModule.build/Debug-watchos/ModuleInitializerInjector-p.build/ModuleInitializerInjector.DependencyMetadataFileList
WriteAuxiliaryFile /Users/admin/builder/spi-builder-workspace/.derivedData/Build/Intermediates.noindex/EmacsSwiftModule.build/Debug-watchos/EmacsSwiftModuleDynamic-product-t.build/EmacsSwiftModuleDynamic.DependencyStaticMetadataFileList (in target 'EmacsSwiftModuleDynamic-product' from project 'EmacsSwiftModule')
cd /Users/admin/builder/spi-builder-workspace
write-file /Users/admin/builder/spi-builder-workspace/.derivedData/Build/Intermediates.noindex/EmacsSwiftModule.build/Debug-watchos/EmacsSwiftModuleDynamic-product-t.build/EmacsSwiftModuleDynamic.DependencyStaticMetadataFileList
WriteAuxiliaryFile /Users/admin/builder/spi-builder-workspace/.derivedData/Build/Intermediates.noindex/EmacsSwiftModule.build/Debug-watchos/EmacsSwiftModuleDynamic-product-t.build/EmacsSwiftModuleDynamic.DependencyMetadataFileList (in target 'EmacsSwiftModuleDynamic-product' from project 'EmacsSwiftModule')
cd /Users/admin/builder/spi-builder-workspace
write-file /Users/admin/builder/spi-builder-workspace/.derivedData/Build/Intermediates.noindex/EmacsSwiftModule.build/Debug-watchos/EmacsSwiftModuleDynamic-product-t.build/EmacsSwiftModuleDynamic.DependencyMetadataFileList
WriteAuxiliaryFile /Users/admin/builder/spi-builder-workspace/.derivedData/Build/Intermediates.noindex/EmacsSwiftModule.build/Debug-watchos/EmacsSwiftModuleDynamic-product-t.build/Objects-normal/arm64_32/EmacsSwiftModuleDynamic.LinkFileList (in target 'EmacsSwiftModuleDynamic-product' from project 'EmacsSwiftModule')
cd /Users/admin/builder/spi-builder-workspace
write-file /Users/admin/builder/spi-builder-workspace/.derivedData/Build/Intermediates.noindex/EmacsSwiftModule.build/Debug-watchos/EmacsSwiftModuleDynamic-product-t.build/Objects-normal/arm64_32/EmacsSwiftModuleDynamic.LinkFileList
WriteAuxiliaryFile /Users/admin/builder/spi-builder-workspace/.derivedData/Build/Intermediates.noindex/EmacsSwiftModule.build/Debug-watchos/EmacsSwiftModuleDynamic-product-t.build/Objects-normal/arm64/EmacsSwiftModuleDynamic.LinkFileList (in target 'EmacsSwiftModuleDynamic-product' from project 'EmacsSwiftModule')
cd /Users/admin/builder/spi-builder-workspace
write-file /Users/admin/builder/spi-builder-workspace/.derivedData/Build/Intermediates.noindex/EmacsSwiftModule.build/Debug-watchos/EmacsSwiftModuleDynamic-product-t.build/Objects-normal/arm64/EmacsSwiftModuleDynamic.LinkFileList
WriteAuxiliaryFile /Users/admin/builder/spi-builder-workspace/.derivedData/Build/Intermediates.noindex/EmacsSwiftModule.build/Debug-watchos/EmacsSwiftModule-t.build/Objects-normal/arm64_32/EmacsSwiftModule_const_extract_protocols.json (in target 'EmacsSwiftModule' from project 'EmacsSwiftModule')
cd /Users/admin/builder/spi-builder-workspace
write-file /Users/admin/builder/spi-builder-workspace/.derivedData/Build/Intermediates.noindex/EmacsSwiftModule.build/Debug-watchos/EmacsSwiftModule-t.build/Objects-normal/arm64_32/EmacsSwiftModule_const_extract_protocols.json
WriteAuxiliaryFile /Users/admin/builder/spi-builder-workspace/.derivedData/Build/Intermediates.noindex/EmacsSwiftModule.build/Debug-watchos/EmacsSwiftModule-t.build/Objects-normal/arm64_32/EmacsSwiftModule.SwiftFileList (in target 'EmacsSwiftModule' from project 'EmacsSwiftModule')
cd /Users/admin/builder/spi-builder-workspace
write-file /Users/admin/builder/spi-builder-workspace/.derivedData/Build/Intermediates.noindex/EmacsSwiftModule.build/Debug-watchos/EmacsSwiftModule-t.build/Objects-normal/arm64_32/EmacsSwiftModule.SwiftFileList
WriteAuxiliaryFile /Users/admin/builder/spi-builder-workspace/.derivedData/Build/Intermediates.noindex/EmacsSwiftModule.build/Debug-watchos/EmacsSwiftModule-t.build/Objects-normal/arm64_32/EmacsSwiftModule.SwiftConstValuesFileList (in target 'EmacsSwiftModule' from project 'EmacsSwiftModule')
cd /Users/admin/builder/spi-builder-workspace
write-file /Users/admin/builder/spi-builder-workspace/.derivedData/Build/Intermediates.noindex/EmacsSwiftModule.build/Debug-watchos/EmacsSwiftModule-t.build/Objects-normal/arm64_32/EmacsSwiftModule.SwiftConstValuesFileList
WriteAuxiliaryFile /Users/admin/builder/spi-builder-workspace/.derivedData/Build/Intermediates.noindex/EmacsSwiftModule.build/Debug-watchos/EmacsSwiftModule-t.build/Objects-normal/arm64_32/EmacsSwiftModule.LinkFileList (in target 'EmacsSwiftModule' from project 'EmacsSwiftModule')
cd /Users/admin/builder/spi-builder-workspace
write-file /Users/admin/builder/spi-builder-workspace/.derivedData/Build/Intermediates.noindex/EmacsSwiftModule.build/Debug-watchos/EmacsSwiftModule-t.build/Objects-normal/arm64_32/EmacsSwiftModule.LinkFileList
WriteAuxiliaryFile /Users/admin/builder/spi-builder-workspace/.derivedData/Build/Intermediates.noindex/EmacsSwiftModule.build/Debug-watchos/EmacsSwiftModule-t.build/Objects-normal/arm64_32/EmacsSwiftModule-OutputFileMap.json (in target 'EmacsSwiftModule' from project 'EmacsSwiftModule')
cd /Users/admin/builder/spi-builder-workspace
write-file /Users/admin/builder/spi-builder-workspace/.derivedData/Build/Intermediates.noindex/EmacsSwiftModule.build/Debug-watchos/EmacsSwiftModule-t.build/Objects-normal/arm64_32/EmacsSwiftModule-OutputFileMap.json
WriteAuxiliaryFile /Users/admin/builder/spi-builder-workspace/.derivedData/Build/Intermediates.noindex/EmacsSwiftModule.build/Debug-watchos/EmacsSwiftModule-t.build/Objects-normal/arm64/EmacsSwiftModule_const_extract_protocols.json (in target 'EmacsSwiftModule' from project 'EmacsSwiftModule')
cd /Users/admin/builder/spi-builder-workspace
write-file /Users/admin/builder/spi-builder-workspace/.derivedData/Build/Intermediates.noindex/EmacsSwiftModule.build/Debug-watchos/EmacsSwiftModule-t.build/Objects-normal/arm64/EmacsSwiftModule_const_extract_protocols.json
WriteAuxiliaryFile /Users/admin/builder/spi-builder-workspace/.derivedData/Build/Intermediates.noindex/EmacsSwiftModule.build/Debug-watchos/EmacsSwiftModule-t.build/Objects-normal/arm64/EmacsSwiftModule.SwiftFileList (in target 'EmacsSwiftModule' from project 'EmacsSwiftModule')
cd /Users/admin/builder/spi-builder-workspace
write-file /Users/admin/builder/spi-builder-workspace/.derivedData/Build/Intermediates.noindex/EmacsSwiftModule.build/Debug-watchos/EmacsSwiftModule-t.build/Objects-normal/arm64/EmacsSwiftModule.SwiftFileList
WriteAuxiliaryFile /Users/admin/builder/spi-builder-workspace/.derivedData/Build/Intermediates.noindex/EmacsSwiftModule.build/Debug-watchos/EmacsSwiftModule-t.build/Objects-normal/arm64/EmacsSwiftModule.SwiftConstValuesFileList (in target 'EmacsSwiftModule' from project 'EmacsSwiftModule')
cd /Users/admin/builder/spi-builder-workspace
write-file /Users/admin/builder/spi-builder-workspace/.derivedData/Build/Intermediates.noindex/EmacsSwiftModule.build/Debug-watchos/EmacsSwiftModule-t.build/Objects-normal/arm64/EmacsSwiftModule.SwiftConstValuesFileList
WriteAuxiliaryFile /Users/admin/builder/spi-builder-workspace/.derivedData/Build/Intermediates.noindex/EmacsSwiftModule.build/Debug-watchos/EmacsSwiftModule-t.build/Objects-normal/arm64/EmacsSwiftModule.LinkFileList (in target 'EmacsSwiftModule' from project 'EmacsSwiftModule')
cd /Users/admin/builder/spi-builder-workspace
write-file /Users/admin/builder/spi-builder-workspace/.derivedData/Build/Intermediates.noindex/EmacsSwiftModule.build/Debug-watchos/EmacsSwiftModule-t.build/Objects-normal/arm64/EmacsSwiftModule.LinkFileList
WriteAuxiliaryFile /Users/admin/builder/spi-builder-workspace/.derivedData/Build/Intermediates.noindex/EmacsSwiftModule.build/Debug-watchos/EmacsSwiftModule-t.build/Objects-normal/arm64/EmacsSwiftModule-OutputFileMap.json (in target 'EmacsSwiftModule' from project 'EmacsSwiftModule')
cd /Users/admin/builder/spi-builder-workspace
write-file /Users/admin/builder/spi-builder-workspace/.derivedData/Build/Intermediates.noindex/EmacsSwiftModule.build/Debug-watchos/EmacsSwiftModule-t.build/Objects-normal/arm64/EmacsSwiftModule-OutputFileMap.json
WriteAuxiliaryFile /Users/admin/builder/spi-builder-workspace/.derivedData/Build/Intermediates.noindex/EmacsSwiftModule.build/Debug-watchos/EmacsSwiftModule-t.build/EmacsSwiftModule.modulemap (in target 'EmacsSwiftModule' from project 'EmacsSwiftModule')
cd /Users/admin/builder/spi-builder-workspace
write-file /Users/admin/builder/spi-builder-workspace/.derivedData/Build/Intermediates.noindex/EmacsSwiftModule.build/Debug-watchos/EmacsSwiftModule-t.build/EmacsSwiftModule.modulemap
WriteAuxiliaryFile /Users/admin/builder/spi-builder-workspace/.derivedData/Build/Intermediates.noindex/EmacsSwiftModule.build/Debug-watchos/EmacsSwiftModule-t.build/EmacsSwiftModule.DependencyStaticMetadataFileList (in target 'EmacsSwiftModule' from project 'EmacsSwiftModule')
cd /Users/admin/builder/spi-builder-workspace
write-file /Users/admin/builder/spi-builder-workspace/.derivedData/Build/Intermediates.noindex/EmacsSwiftModule.build/Debug-watchos/EmacsSwiftModule-t.build/EmacsSwiftModule.DependencyStaticMetadataFileList
WriteAuxiliaryFile /Users/admin/builder/spi-builder-workspace/.derivedData/Build/Intermediates.noindex/EmacsSwiftModule.build/Debug-watchos/EmacsSwiftModule-t.build/EmacsSwiftModule.DependencyMetadataFileList (in target 'EmacsSwiftModule' from project 'EmacsSwiftModule')
cd /Users/admin/builder/spi-builder-workspace
write-file /Users/admin/builder/spi-builder-workspace/.derivedData/Build/Intermediates.noindex/EmacsSwiftModule.build/Debug-watchos/EmacsSwiftModule-t.build/EmacsSwiftModule.DependencyMetadataFileList
WriteAuxiliaryFile /Users/admin/builder/spi-builder-workspace/.derivedData/Build/Intermediates.noindex/EmacsSwiftModule.build/Debug-watchos/EmacsModule-t.build/Objects-normal/arm64_32/EmacsModule.LinkFileList (in target 'EmacsModule' from project 'EmacsSwiftModule')
cd /Users/admin/builder/spi-builder-workspace
write-file /Users/admin/builder/spi-builder-workspace/.derivedData/Build/Intermediates.noindex/EmacsSwiftModule.build/Debug-watchos/EmacsModule-t.build/Objects-normal/arm64_32/EmacsModule.LinkFileList
WriteAuxiliaryFile /Users/admin/builder/spi-builder-workspace/.derivedData/Build/Intermediates.noindex/EmacsSwiftModule.build/Debug-watchos/EmacsModule-t.build/Objects-normal/arm64_32/e6072d4f65d7061329687fe24e3d63a7-common-args.resp (in target 'EmacsModule' from project 'EmacsSwiftModule')
cd /Users/admin/builder/spi-builder-workspace
write-file /Users/admin/builder/spi-builder-workspace/.derivedData/Build/Intermediates.noindex/EmacsSwiftModule.build/Debug-watchos/EmacsModule-t.build/Objects-normal/arm64_32/e6072d4f65d7061329687fe24e3d63a7-common-args.resp
-fobjc-arc -fmodules -gmodules '-fmodules-cache-path=/Users/admin/builder/spi-builder-workspace/.derivedData/ModuleCache.noindex' '-fmodule-name=EmacsModule' -fpascal-strings -O0 -DSWIFT_PACKAGE '-DDEBUG=1' '-DOBJC_OLD_DISPATCH_PROTOTYPES=1' -g -fprofile-instr-generate -fcoverage-mapping -I/Users/admin/builder/spi-builder-workspace/.derivedData/Build/Products/Debug-watchos/include -I/Users/admin/builder/spi-builder-workspace/Source/C/include -I/Users/admin/builder/spi-builder-workspace/.derivedData/Build/Intermediates.noindex/EmacsSwiftModule.build/Debug-watchos/EmacsModule-t.build/DerivedSources-normal/arm64_32 -I/Users/admin/builder/spi-builder-workspace/.derivedData/Build/Intermediates.noindex/EmacsSwiftModule.build/Debug-watchos/EmacsModule-t.build/DerivedSources/arm64_32 -I/Users/admin/builder/spi-builder-workspace/.derivedData/Build/Intermediates.noindex/EmacsSwiftModule.build/Debug-watchos/EmacsModule-t.build/DerivedSources -F/Users/admin/builder/spi-builder-workspace/.derivedData/Build/Products/Debug-watchos -iframework /Applications/Xcode-27.0.0-Release.Candidate.app/Contents/Developer/Platforms/WatchOS.platform/Developer/Library/Frameworks -iframework /Applications/Xcode-27.0.0-Release.Candidate.app/Contents/Developer/Platforms/WatchOS.platform/Developer/SDKs/WatchOS27.0.sdk/Developer/Library/Frameworks -DXcode
WriteAuxiliaryFile /Users/admin/builder/spi-builder-workspace/.derivedData/Build/Intermediates.noindex/EmacsSwiftModule.build/Debug-watchos/EmacsModule-t.build/EmacsModule.modulemap (in target 'EmacsModule' from project 'EmacsSwiftModule')
cd /Users/admin/builder/spi-builder-workspace
write-file /Users/admin/builder/spi-builder-workspace/.derivedData/Build/Intermediates.noindex/EmacsSwiftModule.build/Debug-watchos/EmacsModule-t.build/EmacsModule.modulemap
WriteAuxiliaryFile /Users/admin/builder/spi-builder-workspace/.derivedData/Build/Intermediates.noindex/EmacsSwiftModule.build/Debug-watchos/EmacsModule-t.build/Objects-normal/arm64/e6072d4f65d7061329687fe24e3d63a7-common-args.resp (in target 'EmacsModule' from project 'EmacsSwiftModule')
cd /Users/admin/builder/spi-builder-workspace
write-file /Users/admin/builder/spi-builder-workspace/.derivedData/Build/Intermediates.noindex/EmacsSwiftModule.build/Debug-watchos/EmacsModule-t.build/Objects-normal/arm64/e6072d4f65d7061329687fe24e3d63a7-common-args.resp
-fobjc-arc -fmodules -gmodules '-fmodules-cache-path=/Users/admin/builder/spi-builder-workspace/.derivedData/ModuleCache.noindex' '-fmodule-name=EmacsModule' -fpascal-strings -O0 -DSWIFT_PACKAGE '-DDEBUG=1' '-DOBJC_OLD_DISPATCH_PROTOTYPES=1' -g -fprofile-instr-generate -fcoverage-mapping -I/Users/admin/builder/spi-builder-workspace/.derivedData/Build/Products/Debug-watchos/include -I/Users/admin/builder/spi-builder-workspace/Source/C/include -I/Users/admin/builder/spi-builder-workspace/.derivedData/Build/Intermediates.noindex/EmacsSwiftModule.build/Debug-watchos/EmacsModule-t.build/DerivedSources-normal/arm64 -I/Users/admin/builder/spi-builder-workspace/.derivedData/Build/Intermediates.noindex/EmacsSwiftModule.build/Debug-watchos/EmacsModule-t.build/DerivedSources/arm64 -I/Users/admin/builder/spi-builder-workspace/.derivedData/Build/Intermediates.noindex/EmacsSwiftModule.build/Debug-watchos/EmacsModule-t.build/DerivedSources -F/Users/admin/builder/spi-builder-workspace/.derivedData/Build/Products/Debug-watchos -iframework /Applications/Xcode-27.0.0-Release.Candidate.app/Contents/Developer/Platforms/WatchOS.platform/Developer/Library/Frameworks -iframework /Applications/Xcode-27.0.0-Release.Candidate.app/Contents/Developer/Platforms/WatchOS.platform/Developer/SDKs/WatchOS27.0.sdk/Developer/Library/Frameworks -DXcode
WriteAuxiliaryFile /Users/admin/builder/spi-builder-workspace/.derivedData/Build/Intermediates.noindex/EmacsSwiftModule.build/Debug-watchos/EmacsModule-t.build/Objects-normal/arm64/EmacsModule.LinkFileList (in target 'EmacsModule' from project 'EmacsSwiftModule')
cd /Users/admin/builder/spi-builder-workspace
write-file /Users/admin/builder/spi-builder-workspace/.derivedData/Build/Intermediates.noindex/EmacsSwiftModule.build/Debug-watchos/EmacsModule-t.build/Objects-normal/arm64/EmacsModule.LinkFileList
WriteAuxiliaryFile /Users/admin/builder/spi-builder-workspace/.derivedData/Build/Intermediates.noindex/EmacsSwiftModule.build/Debug-watchos/EmacsModule-t.build/EmacsModule.DependencyStaticMetadataFileList (in target 'EmacsModule' from project 'EmacsSwiftModule')
cd /Users/admin/builder/spi-builder-workspace
write-file /Users/admin/builder/spi-builder-workspace/.derivedData/Build/Intermediates.noindex/EmacsSwiftModule.build/Debug-watchos/EmacsModule-t.build/EmacsModule.DependencyStaticMetadataFileList
WriteAuxiliaryFile /Users/admin/builder/spi-builder-workspace/.derivedData/Build/Intermediates.noindex/EmacsSwiftModule.build/Debug-watchos/EmacsModule-t.build/EmacsModule.DependencyMetadataFileList (in target 'EmacsModule' from project 'EmacsSwiftModule')
cd /Users/admin/builder/spi-builder-workspace
write-file /Users/admin/builder/spi-builder-workspace/.derivedData/Build/Intermediates.noindex/EmacsSwiftModule.build/Debug-watchos/EmacsModule-t.build/EmacsModule.DependencyMetadataFileList
Copy /Users/admin/builder/spi-builder-workspace/.derivedData/Build/Intermediates.noindex/GeneratedModuleMaps-watchos/EmacsSwiftModule.modulemap /Users/admin/builder/spi-builder-workspace/.derivedData/Build/Intermediates.noindex/EmacsSwiftModule.build/Debug-watchos/EmacsSwiftModule-t.build/EmacsSwiftModule.modulemap (in target 'EmacsSwiftModule' from project 'EmacsSwiftModule')
cd /Users/admin/builder/spi-builder-workspace
builtin-copy -exclude .DS_Store -exclude CVS -exclude .svn -exclude .git -exclude .hg -resolve-src-symlinks /Users/admin/builder/spi-builder-workspace/.derivedData/Build/Intermediates.noindex/EmacsSwiftModule.build/Debug-watchos/EmacsSwiftModule-t.build/EmacsSwiftModule.modulemap /Users/admin/builder/spi-builder-workspace/.derivedData/Build/Intermediates.noindex/GeneratedModuleMaps-watchos
MkDir /Users/admin/builder/spi-builder-workspace/.derivedData/Build/Products/Debug-watchos/PackageFrameworks/EmacsSwiftModuleDynamic.framework (in target 'EmacsSwiftModuleDynamic-product' from project 'EmacsSwiftModule')
cd /Users/admin/builder/spi-builder-workspace
/bin/mkdir -p /Users/admin/builder/spi-builder-workspace/.derivedData/Build/Products/Debug-watchos/PackageFrameworks/EmacsSwiftModuleDynamic.framework
Copy /Users/admin/builder/spi-builder-workspace/.derivedData/Build/Intermediates.noindex/GeneratedModuleMaps-watchos/EmacsModule.modulemap /Users/admin/builder/spi-builder-workspace/.derivedData/Build/Intermediates.noindex/EmacsSwiftModule.build/Debug-watchos/EmacsModule-t.build/EmacsModule.modulemap (in target 'EmacsModule' from project 'EmacsSwiftModule')
cd /Users/admin/builder/spi-builder-workspace
builtin-copy -exclude .DS_Store -exclude CVS -exclude .svn -exclude .git -exclude .hg -resolve-src-symlinks /Users/admin/builder/spi-builder-workspace/.derivedData/Build/Intermediates.noindex/EmacsSwiftModule.build/Debug-watchos/EmacsModule-t.build/EmacsModule.modulemap /Users/admin/builder/spi-builder-workspace/.derivedData/Build/Intermediates.noindex/GeneratedModuleMaps-watchos
SwiftDriver ModuleInitializerInjector normal arm64_32 com.apple.xcode.tools.swift.compiler (in target 'ModuleInitializerInjector-product' from project 'EmacsSwiftModule')
cd /Users/admin/builder/spi-builder-workspace/.swiftpm/xcode
builtin-SwiftDriver -- /Applications/Xcode-27.0.0-Release.Candidate.app/Contents/Developer/Toolchains/XcodeDefault.xctoolchain/usr/bin/swiftc -module-name ModuleInitializerInjector -Onone @/Users/admin/builder/spi-builder-workspace/.derivedData/Build/Intermediates.noindex/EmacsSwiftModule.build/Debug-watchos/ModuleInitializerInjector-p.build/Objects-normal/arm64_32/ModuleInitializerInjector.SwiftFileList -DSWIFT_PACKAGE -DDEBUG -DXcode -plugin-path /Applications/Xcode-27.0.0-Release.Candidate.app/Contents/Developer/Toolchains/XcodeDefault.xctoolchain/usr/lib/swift/host/plugins/testing -enable-experimental-feature DebugDescriptionMacro -sdk /Applications/Xcode-27.0.0-Release.Candidate.app/Contents/Developer/Platforms/WatchOS.platform/Developer/SDKs/WatchOS27.0.sdk -target arm64_32-apple-watchos9.0 -g -module-cache-path /Users/admin/builder/spi-builder-workspace/.derivedData/ModuleCache.noindex -Xfrontend -serialize-debugging-options -profile-coverage-mapping -profile-generate -enable-testing -index-store-path /Users/admin/builder/spi-builder-workspace/.derivedData/Index.noindex/DataStore -Xcc -D_LIBCPP_HARDENING_MODE\=_LIBCPP_HARDENING_MODE_DEBUG -swift-version 5 -I /Users/admin/builder/spi-builder-workspace/.derivedData/Build/Products/Debug-watchos -Isystem /Applications/Xcode-27.0.0-Release.Candidate.app/Contents/Developer/Platforms/WatchOS.platform/Developer/usr/lib -F /Users/admin/builder/spi-builder-workspace/.derivedData/Build/Products/Debug-watchos -F /Applications/Xcode-27.0.0-Release.Candidate.app/Contents/Developer/Platforms/WatchOS.platform/Developer/Library/Frameworks -F /Applications/Xcode-27.0.0-Release.Candidate.app/Contents/Developer/Platforms/WatchOS.platform/Developer/SDKs/WatchOS27.0.sdk/Developer/Library/Frameworks -parse-as-library -c -j10 -enable-batch-mode -incremental -Xcc -ivfsstatcache -Xcc /Users/admin/builder/spi-builder-workspace/.derivedData/SDKStatCaches.noindex/watchos27.0-24R360-e829b21a6f8c9b70876ba0858053c04477534ef55a1706bf4c1112bbb242f0a2.sdkstatcache -output-file-map /Users/admin/builder/spi-builder-workspace/.derivedData/Build/Intermediates.noindex/EmacsSwiftModule.build/Debug-watchos/ModuleInitializerInjector-p.build/Objects-normal/arm64_32/ModuleInitializerInjector-OutputFileMap.json -save-temps -no-color-diagnostics -explicit-module-build -module-cache-path /Users/admin/builder/spi-builder-workspace/.derivedData/Build/Intermediates.noindex/SwiftExplicitPrecompiledModules -clang-scanner-module-cache-path /Users/admin/builder/spi-builder-workspace/.derivedData/ModuleCache.noindex -sdk-module-cache-path /Users/admin/builder/spi-builder-workspace/.derivedData/SDKExplicitPrecompiledModules -emit-dependencies -emit-module -emit-module-path /Users/admin/builder/spi-builder-workspace/.derivedData/Build/Intermediates.noindex/EmacsSwiftModule.build/Debug-watchos/ModuleInitializerInjector-p.build/Objects-normal/arm64_32/ModuleInitializerInjector.swiftmodule -serialize-diagnostics -dependency-scan-serialize-diagnostics-path /Users/admin/builder/spi-builder-workspace/.derivedData/Build/Intermediates.noindex/EmacsSwiftModule.build/Debug-watchos/ModuleInitializerInjector-p.build/Objects-normal/arm64_32/ModuleInitializerInjector-dependency-scan.dia -validate-clang-modules-once -clang-build-session-file /Users/admin/builder/spi-builder-workspace/.derivedData/ModuleCache.noindex/Session.modulevalidation -Xcc -fmodules-prune-interval\=86400 -Xcc -fmodules-prune-after\=345600 -emit-const-values -const-gather-protocols-list /Users/admin/builder/spi-builder-workspace/.derivedData/Build/Intermediates.noindex/EmacsSwiftModule.build/Debug-watchos/ModuleInitializerInjector-p.build/Objects-normal/arm64_32/ModuleInitializerInjector_const_extract_protocols.json -Xcc -I/Users/admin/builder/spi-builder-workspace/.derivedData/Build/Products/Debug-watchos/include -Xcc -I/Users/admin/builder/spi-builder-workspace/.derivedData/Build/Intermediates.noindex/EmacsSwiftModule.build/Debug-watchos/ModuleInitializerInjector-p.build/DerivedSources-normal/arm64_32 -Xcc -I/Users/admin/builder/spi-builder-workspace/.derivedData/Build/Intermediates.noindex/EmacsSwiftModule.build/Debug-watchos/ModuleInitializerInjector-p.build/DerivedSources/arm64_32 -Xcc -I/Users/admin/builder/spi-builder-workspace/.derivedData/Build/Intermediates.noindex/EmacsSwiftModule.build/Debug-watchos/ModuleInitializerInjector-p.build/DerivedSources -Xcc -DSWIFT_PACKAGE -Xcc -DDEBUG\=1 -working-directory /Users/admin/builder/spi-builder-workspace/.swiftpm/xcode -experimental-emit-module-separately -disable-cmo
SwiftDriver EmacsSwiftModule normal arm64_32 com.apple.xcode.tools.swift.compiler (in target 'EmacsSwiftModule' from project 'EmacsSwiftModule')
cd /Users/admin/builder/spi-builder-workspace/.swiftpm/xcode
builtin-SwiftDriver -- /Applications/Xcode-27.0.0-Release.Candidate.app/Contents/Developer/Toolchains/XcodeDefault.xctoolchain/usr/bin/swiftc -parse-as-library -module-name EmacsSwiftModule -Onone @/Users/admin/builder/spi-builder-workspace/.derivedData/Build/Intermediates.noindex/EmacsSwiftModule.build/Debug-watchos/EmacsSwiftModule-t.build/Objects-normal/arm64_32/EmacsSwiftModule.SwiftFileList -DSWIFT_PACKAGE -DDEBUG -DSWIFT_MODULE_RESOURCE_BUNDLE_UNAVAILABLE -Xcc -fmodule-map-file\=/Users/admin/builder/spi-builder-workspace/.derivedData/Build/Intermediates.noindex/GeneratedModuleMaps-watchos/EmacsModule.modulemap -DXcode -plugin-path /Applications/Xcode-27.0.0-Release.Candidate.app/Contents/Developer/Toolchains/XcodeDefault.xctoolchain/usr/lib/swift/host/plugins/testing -enable-experimental-feature DebugDescriptionMacro -sdk /Applications/Xcode-27.0.0-Release.Candidate.app/Contents/Developer/Platforms/WatchOS.platform/Developer/SDKs/WatchOS27.0.sdk -target arm64_32-apple-watchos9.0 -g -module-cache-path /Users/admin/builder/spi-builder-workspace/.derivedData/ModuleCache.noindex -Xfrontend -serialize-debugging-options -profile-coverage-mapping -profile-generate -enable-testing -index-store-path /Users/admin/builder/spi-builder-workspace/.derivedData/Index.noindex/DataStore -Xcc -D_LIBCPP_HARDENING_MODE\=_LIBCPP_HARDENING_MODE_DEBUG -swift-version 5 -I /Users/admin/builder/spi-builder-workspace/.derivedData/Build/Products/Debug-watchos -Isystem /Applications/Xcode-27.0.0-Release.Candidate.app/Contents/Developer/Platforms/WatchOS.platform/Developer/usr/lib -F /Users/admin/builder/spi-builder-workspace/.derivedData/Build/Products/Debug-watchos/PackageFrameworks -F /Users/admin/builder/spi-builder-workspace/.derivedData/Build/Products/Debug-watchos -F /Applications/Xcode-27.0.0-Release.Candidate.app/Contents/Developer/Platforms/WatchOS.platform/Developer/Library/Frameworks -F /Applications/Xcode-27.0.0-Release.Candidate.app/Contents/Developer/Platforms/WatchOS.platform/Developer/SDKs/WatchOS27.0.sdk/Developer/Library/Frameworks -c -j10 -enable-batch-mode -incremental -Xcc -ivfsstatcache -Xcc /Users/admin/builder/spi-builder-workspace/.derivedData/SDKStatCaches.noindex/watchos27.0-24R360-e829b21a6f8c9b70876ba0858053c04477534ef55a1706bf4c1112bbb242f0a2.sdkstatcache -output-file-map /Users/admin/builder/spi-builder-workspace/.derivedData/Build/Intermediates.noindex/EmacsSwiftModule.build/Debug-watchos/EmacsSwiftModule-t.build/Objects-normal/arm64_32/EmacsSwiftModule-OutputFileMap.json -save-temps -no-color-diagnostics -explicit-module-build -module-cache-path /Users/admin/builder/spi-builder-workspace/.derivedData/Build/Intermediates.noindex/SwiftExplicitPrecompiledModules -clang-scanner-module-cache-path /Users/admin/builder/spi-builder-workspace/.derivedData/ModuleCache.noindex -sdk-module-cache-path /Users/admin/builder/spi-builder-workspace/.derivedData/SDKExplicitPrecompiledModules -emit-dependencies -emit-module -emit-module-path /Users/admin/builder/spi-builder-workspace/.derivedData/Build/Intermediates.noindex/EmacsSwiftModule.build/Debug-watchos/EmacsSwiftModule-t.build/Objects-normal/arm64_32/EmacsSwiftModule.swiftmodule -serialize-diagnostics -dependency-scan-serialize-diagnostics-path /Users/admin/builder/spi-builder-workspace/.derivedData/Build/Intermediates.noindex/EmacsSwiftModule.build/Debug-watchos/EmacsSwiftModule-t.build/Objects-normal/arm64_32/EmacsSwiftModule-dependency-scan.dia -validate-clang-modules-once -clang-build-session-file /Users/admin/builder/spi-builder-workspace/.derivedData/ModuleCache.noindex/Session.modulevalidation -Xcc -fmodules-prune-interval\=86400 -Xcc -fmodules-prune-after\=345600 -emit-const-values -const-gather-protocols-list /Users/admin/builder/spi-builder-workspace/.derivedData/Build/Intermediates.noindex/EmacsSwiftModule.build/Debug-watchos/EmacsSwiftModule-t.build/Objects-normal/arm64_32/EmacsSwiftModule_const_extract_protocols.json -Xcc -I/Users/admin/builder/spi-builder-workspace/Source/C/include -Xcc -I/Users/admin/builder/spi-builder-workspace/.derivedData/Build/Products/Debug-watchos/include -Xcc -I/Users/admin/builder/spi-builder-workspace/.derivedData/Build/Intermediates.noindex/EmacsSwiftModule.build/Debug-watchos/EmacsSwiftModule-t.build/DerivedSources-normal/arm64_32 -Xcc -I/Users/admin/builder/spi-builder-workspace/.derivedData/Build/Intermediates.noindex/EmacsSwiftModule.build/Debug-watchos/EmacsSwiftModule-t.build/DerivedSources/arm64_32 -Xcc -I/Users/admin/builder/spi-builder-workspace/.derivedData/Build/Intermediates.noindex/EmacsSwiftModule.build/Debug-watchos/EmacsSwiftModule-t.build/DerivedSources -Xcc -DSWIFT_PACKAGE -Xcc -DDEBUG\=1 -emit-objc-header -emit-objc-header-path /Users/admin/builder/spi-builder-workspace/.derivedData/Build/Intermediates.noindex/EmacsSwiftModule.build/Debug-watchos/EmacsSwiftModule-t.build/Objects-normal/arm64_32/EmacsSwiftModule-Swift.h -working-directory /Users/admin/builder/spi-builder-workspace/.swiftpm/xcode -experimental-emit-module-separately -disable-cmo
SwiftDriver EmacsSwiftModule normal arm64 com.apple.xcode.tools.swift.compiler (in target 'EmacsSwiftModule' from project 'EmacsSwiftModule')
cd /Users/admin/builder/spi-builder-workspace/.swiftpm/xcode
builtin-SwiftDriver -- /Applications/Xcode-27.0.0-Release.Candidate.app/Contents/Developer/Toolchains/XcodeDefault.xctoolchain/usr/bin/swiftc -parse-as-library -module-name EmacsSwiftModule -Onone @/Users/admin/builder/spi-builder-workspace/.derivedData/Build/Intermediates.noindex/EmacsSwiftModule.build/Debug-watchos/EmacsSwiftModule-t.build/Objects-normal/arm64/EmacsSwiftModule.SwiftFileList -DSWIFT_PACKAGE -DDEBUG -DSWIFT_MODULE_RESOURCE_BUNDLE_UNAVAILABLE -Xcc -fmodule-map-file\=/Users/admin/builder/spi-builder-workspace/.derivedData/Build/Intermediates.noindex/GeneratedModuleMaps-watchos/EmacsModule.modulemap -DXcode -plugin-path /Applications/Xcode-27.0.0-Release.Candidate.app/Contents/Developer/Toolchains/XcodeDefault.xctoolchain/usr/lib/swift/host/plugins/testing -enable-experimental-feature DebugDescriptionMacro -sdk /Applications/Xcode-27.0.0-Release.Candidate.app/Contents/Developer/Platforms/WatchOS.platform/Developer/SDKs/WatchOS27.0.sdk -target arm64-apple-watchos9.0 -g -module-cache-path /Users/admin/builder/spi-builder-workspace/.derivedData/ModuleCache.noindex -Xfrontend -serialize-debugging-options -profile-coverage-mapping -profile-generate -enable-testing -index-store-path /Users/admin/builder/spi-builder-workspace/.derivedData/Index.noindex/DataStore -Xcc -D_LIBCPP_HARDENING_MODE\=_LIBCPP_HARDENING_MODE_DEBUG -swift-version 5 -I /Users/admin/builder/spi-builder-workspace/.derivedData/Build/Products/Debug-watchos -Isystem /Applications/Xcode-27.0.0-Release.Candidate.app/Contents/Developer/Platforms/WatchOS.platform/Developer/usr/lib -F /Users/admin/builder/spi-builder-workspace/.derivedData/Build/Products/Debug-watchos/PackageFrameworks -F /Users/admin/builder/spi-builder-workspace/.derivedData/Build/Products/Debug-watchos -F /Applications/Xcode-27.0.0-Release.Candidate.app/Contents/Developer/Platforms/WatchOS.platform/Developer/Library/Frameworks -F /Applications/Xcode-27.0.0-Release.Candidate.app/Contents/Developer/Platforms/WatchOS.platform/Developer/SDKs/WatchOS27.0.sdk/Developer/Library/Frameworks -c -j10 -enable-batch-mode -incremental -Xcc -ivfsstatcache -Xcc /Users/admin/builder/spi-builder-workspace/.derivedData/SDKStatCaches.noindex/watchos27.0-24R360-e829b21a6f8c9b70876ba0858053c04477534ef55a1706bf4c1112bbb242f0a2.sdkstatcache -output-file-map /Users/admin/builder/spi-builder-workspace/.derivedData/Build/Intermediates.noindex/EmacsSwiftModule.build/Debug-watchos/EmacsSwiftModule-t.build/Objects-normal/arm64/EmacsSwiftModule-OutputFileMap.json -save-temps -no-color-diagnostics -explicit-module-build -module-cache-path /Users/admin/builder/spi-builder-workspace/.derivedData/Build/Intermediates.noindex/SwiftExplicitPrecompiledModules -clang-scanner-module-cache-path /Users/admin/builder/spi-builder-workspace/.derivedData/ModuleCache.noindex -sdk-module-cache-path /Users/admin/builder/spi-builder-workspace/.derivedData/SDKExplicitPrecompiledModules -emit-dependencies -emit-module -emit-module-path /Users/admin/builder/spi-builder-workspace/.derivedData/Build/Intermediates.noindex/EmacsSwiftModule.build/Debug-watchos/EmacsSwiftModule-t.build/Objects-normal/arm64/EmacsSwiftModule.swiftmodule -serialize-diagnostics -dependency-scan-serialize-diagnostics-path /Users/admin/builder/spi-builder-workspace/.derivedData/Build/Intermediates.noindex/EmacsSwiftModule.build/Debug-watchos/EmacsSwiftModule-t.build/Objects-normal/arm64/EmacsSwiftModule-dependency-scan.dia -validate-clang-modules-once -clang-build-session-file /Users/admin/builder/spi-builder-workspace/.derivedData/ModuleCache.noindex/Session.modulevalidation -Xcc -fmodules-prune-interval\=86400 -Xcc -fmodules-prune-after\=345600 -emit-const-values -const-gather-protocols-list /Users/admin/builder/spi-builder-workspace/.derivedData/Build/Intermediates.noindex/EmacsSwiftModule.build/Debug-watchos/EmacsSwiftModule-t.build/Objects-normal/arm64/EmacsSwiftModule_const_extract_protocols.json -Xcc -I/Users/admin/builder/spi-builder-workspace/Source/C/include -Xcc -I/Users/admin/builder/spi-builder-workspace/.derivedData/Build/Products/Debug-watchos/include -Xcc -I/Users/admin/builder/spi-builder-workspace/.derivedData/Build/Intermediates.noindex/EmacsSwiftModule.build/Debug-watchos/EmacsSwiftModule-t.build/DerivedSources-normal/arm64 -Xcc -I/Users/admin/builder/spi-builder-workspace/.derivedData/Build/Intermediates.noindex/EmacsSwiftModule.build/Debug-watchos/EmacsSwiftModule-t.build/DerivedSources/arm64 -Xcc -I/Users/admin/builder/spi-builder-workspace/.derivedData/Build/Intermediates.noindex/EmacsSwiftModule.build/Debug-watchos/EmacsSwiftModule-t.build/DerivedSources -Xcc -DSWIFT_PACKAGE -Xcc -DDEBUG\=1 -emit-objc-header -emit-objc-header-path /Users/admin/builder/spi-builder-workspace/.derivedData/Build/Intermediates.noindex/EmacsSwiftModule.build/Debug-watchos/EmacsSwiftModule-t.build/Objects-normal/arm64/EmacsSwiftModule-Swift.h -working-directory /Users/admin/builder/spi-builder-workspace/.swiftpm/xcode -experimental-emit-module-separately -disable-cmo
SwiftDriver ModuleInitializerInjector normal arm64 com.apple.xcode.tools.swift.compiler (in target 'ModuleInitializerInjector-product' from project 'EmacsSwiftModule')
cd /Users/admin/builder/spi-builder-workspace/.swiftpm/xcode
builtin-SwiftDriver -- /Applications/Xcode-27.0.0-Release.Candidate.app/Contents/Developer/Toolchains/XcodeDefault.xctoolchain/usr/bin/swiftc -module-name ModuleInitializerInjector -Onone @/Users/admin/builder/spi-builder-workspace/.derivedData/Build/Intermediates.noindex/EmacsSwiftModule.build/Debug-watchos/ModuleInitializerInjector-p.build/Objects-normal/arm64/ModuleInitializerInjector.SwiftFileList -DSWIFT_PACKAGE -DDEBUG -DXcode -plugin-path /Applications/Xcode-27.0.0-Release.Candidate.app/Contents/Developer/Toolchains/XcodeDefault.xctoolchain/usr/lib/swift/host/plugins/testing -enable-experimental-feature DebugDescriptionMacro -sdk /Applications/Xcode-27.0.0-Release.Candidate.app/Contents/Developer/Platforms/WatchOS.platform/Developer/SDKs/WatchOS27.0.sdk -target arm64-apple-watchos9.0 -g -module-cache-path /Users/admin/builder/spi-builder-workspace/.derivedData/ModuleCache.noindex -Xfrontend -serialize-debugging-options -profile-coverage-mapping -profile-generate -enable-testing -index-store-path /Users/admin/builder/spi-builder-workspace/.derivedData/Index.noindex/DataStore -Xcc -D_LIBCPP_HARDENING_MODE\=_LIBCPP_HARDENING_MODE_DEBUG -swift-version 5 -I /Users/admin/builder/spi-builder-workspace/.derivedData/Build/Products/Debug-watchos -Isystem /Applications/Xcode-27.0.0-Release.Candidate.app/Contents/Developer/Platforms/WatchOS.platform/Developer/usr/lib -F /Users/admin/builder/spi-builder-workspace/.derivedData/Build/Products/Debug-watchos -F /Applications/Xcode-27.0.0-Release.Candidate.app/Contents/Developer/Platforms/WatchOS.platform/Developer/Library/Frameworks -F /Applications/Xcode-27.0.0-Release.Candidate.app/Contents/Developer/Platforms/WatchOS.platform/Developer/SDKs/WatchOS27.0.sdk/Developer/Library/Frameworks -parse-as-library -c -j10 -enable-batch-mode -incremental -Xcc -ivfsstatcache -Xcc /Users/admin/builder/spi-builder-workspace/.derivedData/SDKStatCaches.noindex/watchos27.0-24R360-e829b21a6f8c9b70876ba0858053c04477534ef55a1706bf4c1112bbb242f0a2.sdkstatcache -output-file-map /Users/admin/builder/spi-builder-workspace/.derivedData/Build/Intermediates.noindex/EmacsSwiftModule.build/Debug-watchos/ModuleInitializerInjector-p.build/Objects-normal/arm64/ModuleInitializerInjector-OutputFileMap.json -save-temps -no-color-diagnostics -explicit-module-build -module-cache-path /Users/admin/builder/spi-builder-workspace/.derivedData/Build/Intermediates.noindex/SwiftExplicitPrecompiledModules -clang-scanner-module-cache-path /Users/admin/builder/spi-builder-workspace/.derivedData/ModuleCache.noindex -sdk-module-cache-path /Users/admin/builder/spi-builder-workspace/.derivedData/SDKExplicitPrecompiledModules -emit-dependencies -emit-module -emit-module-path /Users/admin/builder/spi-builder-workspace/.derivedData/Build/Intermediates.noindex/EmacsSwiftModule.build/Debug-watchos/ModuleInitializerInjector-p.build/Objects-normal/arm64/ModuleInitializerInjector.swiftmodule -serialize-diagnostics -dependency-scan-serialize-diagnostics-path /Users/admin/builder/spi-builder-workspace/.derivedData/Build/Intermediates.noindex/EmacsSwiftModule.build/Debug-watchos/ModuleInitializerInjector-p.build/Objects-normal/arm64/ModuleInitializerInjector-dependency-scan.dia -validate-clang-modules-once -clang-build-session-file /Users/admin/builder/spi-builder-workspace/.derivedData/ModuleCache.noindex/Session.modulevalidation -Xcc -fmodules-prune-interval\=86400 -Xcc -fmodules-prune-after\=345600 -emit-const-values -const-gather-protocols-list /Users/admin/builder/spi-builder-workspace/.derivedData/Build/Intermediates.noindex/EmacsSwiftModule.build/Debug-watchos/ModuleInitializerInjector-p.build/Objects-normal/arm64/ModuleInitializerInjector_const_extract_protocols.json -Xcc -I/Users/admin/builder/spi-builder-workspace/.derivedData/Build/Products/Debug-watchos/include -Xcc -I/Users/admin/builder/spi-builder-workspace/.derivedData/Build/Intermediates.noindex/EmacsSwiftModule.build/Debug-watchos/ModuleInitializerInjector-p.build/DerivedSources-normal/arm64 -Xcc -I/Users/admin/builder/spi-builder-workspace/.derivedData/Build/Intermediates.noindex/EmacsSwiftModule.build/Debug-watchos/ModuleInitializerInjector-p.build/DerivedSources/arm64 -Xcc -I/Users/admin/builder/spi-builder-workspace/.derivedData/Build/Intermediates.noindex/EmacsSwiftModule.build/Debug-watchos/ModuleInitializerInjector-p.build/DerivedSources -Xcc -DSWIFT_PACKAGE -Xcc -DDEBUG\=1 -working-directory /Users/admin/builder/spi-builder-workspace/.swiftpm/xcode -experimental-emit-module-separately -disable-cmo
ScanDependencies /Users/admin/builder/spi-builder-workspace/.derivedData/Build/Intermediates.noindex/EmacsSwiftModule.build/Debug-watchos/EmacsModule-t.build/Objects-normal/arm64/placeholder.o /Users/admin/builder/spi-builder-workspace/Source/C/placeholder.m normal arm64 objective-c com.apple.compilers.llvm.clang.1_0.compiler (in target 'EmacsModule' from project 'EmacsSwiftModule')
cd /Users/admin/builder/spi-builder-workspace/.swiftpm/xcode
Using response file: /Users/admin/builder/spi-builder-workspace/.derivedData/Build/Intermediates.noindex/EmacsSwiftModule.build/Debug-watchos/EmacsModule-t.build/Objects-normal/arm64/e6072d4f65d7061329687fe24e3d63a7-common-args.resp
builtin-ScanDependencies -o /Users/admin/builder/spi-builder-workspace/.derivedData/Build/Intermediates.noindex/EmacsSwiftModule.build/Debug-watchos/EmacsModule-t.build/Objects-normal/arm64/placeholder.o.scan -- /Applications/Xcode-27.0.0-Release.Candidate.app/Contents/Developer/Toolchains/XcodeDefault.xctoolchain/usr/bin/clang -x objective-c -ivfsstatcache /Users/admin/builder/spi-builder-workspace/.derivedData/SDKStatCaches.noindex/watchos27.0-24R360-e829b21a6f8c9b70876ba0858053c04477534ef55a1706bf4c1112bbb242f0a2.sdkstatcache -target arm64-apple-watchos9.0 -fmessage-length\=0 -fdiagnostics-show-note-include-stack -fmacro-backtrace-limit\=0 -fno-color-diagnostics -fmodules-prune-interval\=86400 -fmodules-prune-after\=345600 -fbuild-session-file\=/Users/admin/builder/spi-builder-workspace/.derivedData/ModuleCache.noindex/Session.modulevalidation -fmodules-validate-once-per-build-session -Wnon-modular-include-in-framework-module -Werror\=non-modular-include-in-framework-module -Wno-trigraphs -Wno-missing-field-initializers -Wno-missing-prototypes -Wno-return-type -Wno-implicit-atomic-properties -Wno-objc-interface-ivars -Wno-arc-repeated-use-of-weak -Wno-missing-braces -Wparentheses -Wswitch -Wno-unused-function -Wno-unused-label -Wno-unused-parameter -Wno-unused-variable -Wunused-value -Wno-empty-body -Wno-uninitialized -Wno-unknown-pragmas -Wno-shadow -Wno-four-char-constants -Wno-conversion -Wno-constant-conversion -Wno-int-conversion -Wno-bool-conversion -Wno-enum-conversion -Wno-float-conversion -Wno-non-literal-null-conversion -Wno-objc-literal-conversion -Wshorten-64-to-32 -Wpointer-sign -Wno-newline-eof -Wno-selector -Wno-strict-selector-match -Wno-undeclared-selector -Wno-deprecated-implementations -Wno-implicit-fallthrough -isysroot /Applications/Xcode-27.0.0-Release.Candidate.app/Contents/Developer/Platforms/WatchOS.platform/Developer/SDKs/WatchOS27.0.sdk -fstrict-aliasing -Wprotocol -Wdeprecated-declarations -Wno-sign-conversion -Wno-infinite-recursion -Wno-comma -Wno-block-capture-autoreleasing -Wno-strict-prototypes -Wno-semicolon-before-method-body -index-store-path /Users/admin/builder/spi-builder-workspace/.derivedData/Index.noindex/DataStore @/Users/admin/builder/spi-builder-workspace/.derivedData/Build/Intermediates.noindex/EmacsSwiftModule.build/Debug-watchos/EmacsModule-t.build/Objects-normal/arm64/e6072d4f65d7061329687fe24e3d63a7-common-args.resp -MMD -MT dependencies -MF /Users/admin/builder/spi-builder-workspace/.derivedData/Build/Intermediates.noindex/EmacsSwiftModule.build/Debug-watchos/EmacsModule-t.build/Objects-normal/arm64/placeholder.d --serialize-diagnostics /Users/admin/builder/spi-builder-workspace/.derivedData/Build/Intermediates.noindex/EmacsSwiftModule.build/Debug-watchos/EmacsModule-t.build/Objects-normal/arm64/placeholder.dia -c /Users/admin/builder/spi-builder-workspace/Source/C/placeholder.m -o /Users/admin/builder/spi-builder-workspace/.derivedData/Build/Intermediates.noindex/EmacsSwiftModule.build/Debug-watchos/EmacsModule-t.build/Objects-normal/arm64/placeholder.o -index-unit-output-path /EmacsSwiftModule.build/Debug-watchos/EmacsModule-t.build/Objects-normal/arm64/placeholder.o
ScanDependencies /Users/admin/builder/spi-builder-workspace/.derivedData/Build/Intermediates.noindex/EmacsSwiftModule.build/Debug-watchos/EmacsModule-t.build/Objects-normal/arm64_32/placeholder.o /Users/admin/builder/spi-builder-workspace/Source/C/placeholder.m normal arm64_32 objective-c com.apple.compilers.llvm.clang.1_0.compiler (in target 'EmacsModule' from project 'EmacsSwiftModule')
cd /Users/admin/builder/spi-builder-workspace/.swiftpm/xcode
Using response file: /Users/admin/builder/spi-builder-workspace/.derivedData/Build/Intermediates.noindex/EmacsSwiftModule.build/Debug-watchos/EmacsModule-t.build/Objects-normal/arm64_32/e6072d4f65d7061329687fe24e3d63a7-common-args.resp
builtin-ScanDependencies -o /Users/admin/builder/spi-builder-workspace/.derivedData/Build/Intermediates.noindex/EmacsSwiftModule.build/Debug-watchos/EmacsModule-t.build/Objects-normal/arm64_32/placeholder.o.scan -- /Applications/Xcode-27.0.0-Release.Candidate.app/Contents/Developer/Toolchains/XcodeDefault.xctoolchain/usr/bin/clang -x objective-c -ivfsstatcache /Users/admin/builder/spi-builder-workspace/.derivedData/SDKStatCaches.noindex/watchos27.0-24R360-e829b21a6f8c9b70876ba0858053c04477534ef55a1706bf4c1112bbb242f0a2.sdkstatcache -target arm64_32-apple-watchos9.0 -fmessage-length\=0 -fdiagnostics-show-note-include-stack -fmacro-backtrace-limit\=0 -fno-color-diagnostics -fmodules-prune-interval\=86400 -fmodules-prune-after\=345600 -fbuild-session-file\=/Users/admin/builder/spi-builder-workspace/.derivedData/ModuleCache.noindex/Session.modulevalidation -fmodules-validate-once-per-build-session -Wnon-modular-include-in-framework-module -Werror\=non-modular-include-in-framework-module -Wno-trigraphs -Wno-missing-field-initializers -Wno-missing-prototypes -Wno-return-type -Wno-implicit-atomic-properties -Wno-objc-interface-ivars -Wno-arc-repeated-use-of-weak -Wno-missing-braces -Wparentheses -Wswitch -Wno-unused-function -Wno-unused-label -Wno-unused-parameter -Wno-unused-variable -Wunused-value -Wno-empty-body -Wno-uninitialized -Wno-unknown-pragmas -Wno-shadow -Wno-four-char-constants -Wno-conversion -Wno-constant-conversion -Wno-int-conversion -Wno-bool-conversion -Wno-enum-conversion -Wno-float-conversion -Wno-non-literal-null-conversion -Wno-objc-literal-conversion -Wno-shorten-64-to-32 -Wpointer-sign -Wno-newline-eof -Wno-selector -Wno-strict-selector-match -Wno-undeclared-selector -Wno-deprecated-implementations -Wno-implicit-fallthrough -isysroot /Applications/Xcode-27.0.0-Release.Candidate.app/Contents/Developer/Platforms/WatchOS.platform/Developer/SDKs/WatchOS27.0.sdk -fstrict-aliasing -Wprotocol -Wdeprecated-declarations -Wno-sign-conversion -Wno-infinite-recursion -Wno-comma -Wno-block-capture-autoreleasing -Wno-strict-prototypes -Wno-semicolon-before-method-body -index-store-path /Users/admin/builder/spi-builder-workspace/.derivedData/Index.noindex/DataStore @/Users/admin/builder/spi-builder-workspace/.derivedData/Build/Intermediates.noindex/EmacsSwiftModule.build/Debug-watchos/EmacsModule-t.build/Objects-normal/arm64_32/e6072d4f65d7061329687fe24e3d63a7-common-args.resp -MMD -MT dependencies -MF /Users/admin/builder/spi-builder-workspace/.derivedData/Build/Intermediates.noindex/EmacsSwiftModule.build/Debug-watchos/EmacsModule-t.build/Objects-normal/arm64_32/placeholder.d --serialize-diagnostics /Users/admin/builder/spi-builder-workspace/.derivedData/Build/Intermediates.noindex/EmacsSwiftModule.build/Debug-watchos/EmacsModule-t.build/Objects-normal/arm64_32/placeholder.dia -c /Users/admin/builder/spi-builder-workspace/Source/C/placeholder.m -o /Users/admin/builder/spi-builder-workspace/.derivedData/Build/Intermediates.noindex/EmacsSwiftModule.build/Debug-watchos/EmacsModule-t.build/Objects-normal/arm64_32/placeholder.o -index-unit-output-path /EmacsSwiftModule.build/Debug-watchos/EmacsModule-t.build/Objects-normal/arm64_32/placeholder.o
PrecompileModule /Users/admin/builder/spi-builder-workspace/.derivedData/Build/Intermediates.noindex/ExplicitPrecompiledModules/_AvailabilityInternal-F2MS55NAO9CMZ3AVZNRYLS1D4.scan
cd /
builtin-precompileModule /Users/admin/builder/spi-builder-workspace/.derivedData/Build/Intermediates.noindex/ExplicitPrecompiledModules/_AvailabilityInternal-F2MS55NAO9CMZ3AVZNRYLS1D4.scan
PrecompileModule /Users/admin/builder/spi-builder-workspace/.derivedData/Build/Intermediates.noindex/ExplicitPrecompiledModules/_Builtin_float-CCWMVN9GZ6Z3P4COSWVDOODTI.scan
cd /
builtin-precompileModule /Users/admin/builder/spi-builder-workspace/.derivedData/Build/Intermediates.noindex/ExplicitPrecompiledModules/_Builtin_float-CCWMVN9GZ6Z3P4COSWVDOODTI.scan
PrecompileModule /Users/admin/builder/spi-builder-workspace/.derivedData/Build/Intermediates.noindex/ExplicitPrecompiledModules/_Builtin_stdarg-4MZ7X921MGI76KM9104X5ZTY5.scan
cd /
builtin-precompileModule /Users/admin/builder/spi-builder-workspace/.derivedData/Build/Intermediates.noindex/ExplicitPrecompiledModules/_Builtin_stdarg-4MZ7X921MGI76KM9104X5ZTY5.scan
PrecompileModule /Users/admin/builder/spi-builder-workspace/.derivedData/Build/Intermediates.noindex/ExplicitPrecompiledModules/ptrcheck-7H4W0FD4QB5LOSDAQ0JT6XPBR.scan
cd /
builtin-precompileModule /Users/admin/builder/spi-builder-workspace/.derivedData/Build/Intermediates.noindex/ExplicitPrecompiledModules/ptrcheck-7H4W0FD4QB5LOSDAQ0JT6XPBR.scan
PrecompileModule /Users/admin/builder/spi-builder-workspace/.derivedData/Build/Intermediates.noindex/ExplicitPrecompiledModules/_Builtin_stdbool-67QHX3B3E2KT005CTP2E5XFYO.scan
cd /
builtin-precompileModule /Users/admin/builder/spi-builder-workspace/.derivedData/Build/Intermediates.noindex/ExplicitPrecompiledModules/_Builtin_stdbool-67QHX3B3E2KT005CTP2E5XFYO.scan
PrecompileModule /Users/admin/builder/spi-builder-workspace/.derivedData/Build/Intermediates.noindex/ExplicitPrecompiledModules/_Builtin_stddef-CE13GU63Z8DK88QANQ3ZAC0YT.scan
cd /
builtin-precompileModule /Users/admin/builder/spi-builder-workspace/.derivedData/Build/Intermediates.noindex/ExplicitPrecompiledModules/_Builtin_stddef-CE13GU63Z8DK88QANQ3ZAC0YT.scan
PrecompileModule /Users/admin/builder/spi-builder-workspace/.derivedData/Build/Intermediates.noindex/ExplicitPrecompiledModules/_Builtin_stdbool-D649XUGWO01K5689JO4R7ZWD.scan
cd /
builtin-precompileModule /Users/admin/builder/spi-builder-workspace/.derivedData/Build/Intermediates.noindex/ExplicitPrecompiledModules/_Builtin_stdbool-D649XUGWO01K5689JO4R7ZWD.scan
PrecompileModule /Users/admin/builder/spi-builder-workspace/.derivedData/Build/Intermediates.noindex/ExplicitPrecompiledModules/ptrcheck-E2AUDIQM0FG3Y89VVI0OEFMSZ.scan
cd /
builtin-precompileModule /Users/admin/builder/spi-builder-workspace/.derivedData/Build/Intermediates.noindex/ExplicitPrecompiledModules/ptrcheck-E2AUDIQM0FG3Y89VVI0OEFMSZ.scan
PrecompileModule /Users/admin/builder/spi-builder-workspace/.derivedData/Build/Intermediates.noindex/ExplicitPrecompiledModules/_AvailabilityInternal-EK48HVPNFCFZC3TDC1FUBXWTV.scan
cd /
builtin-precompileModule /Users/admin/builder/spi-builder-workspace/.derivedData/Build/Intermediates.noindex/ExplicitPrecompiledModules/_AvailabilityInternal-EK48HVPNFCFZC3TDC1FUBXWTV.scan
PrecompileModule /Users/admin/builder/spi-builder-workspace/.derivedData/Build/Intermediates.noindex/ExplicitPrecompiledModules/_Builtin_stddef-2IDNA9GZ4JK5P9H4GYVGS6BEP.scan
cd /
builtin-precompileModule /Users/admin/builder/spi-builder-workspace/.derivedData/Build/Intermediates.noindex/ExplicitPrecompiledModules/_Builtin_stddef-2IDNA9GZ4JK5P9H4GYVGS6BEP.scan
PrecompileModule /Users/admin/builder/spi-builder-workspace/.derivedData/Build/Intermediates.noindex/ExplicitPrecompiledModules/_Builtin_float-EAKO7GUISI6YBLJJO1PQ14VQ2.scan
cd /
builtin-precompileModule /Users/admin/builder/spi-builder-workspace/.derivedData/Build/Intermediates.noindex/ExplicitPrecompiledModules/_Builtin_float-EAKO7GUISI6YBLJJO1PQ14VQ2.scan
PrecompileModule /Users/admin/builder/spi-builder-workspace/.derivedData/Build/Intermediates.noindex/ExplicitPrecompiledModules/_DarwinFoundation1-9F1DJW9DUJEH474GGMAR0HQJR.scan
cd /
builtin-precompileModule /Users/admin/builder/spi-builder-workspace/.derivedData/Build/Intermediates.noindex/ExplicitPrecompiledModules/_DarwinFoundation1-9F1DJW9DUJEH474GGMAR0HQJR.scan
PrecompileModule /Users/admin/builder/spi-builder-workspace/.derivedData/Build/Intermediates.noindex/ExplicitPrecompiledModules/_Builtin_stdarg-7LN4T8YDHGKLYACMKYEMO8O7M.scan
cd /
builtin-precompileModule /Users/admin/builder/spi-builder-workspace/.derivedData/Build/Intermediates.noindex/ExplicitPrecompiledModules/_Builtin_stdarg-7LN4T8YDHGKLYACMKYEMO8O7M.scan
PrecompileModule /Users/admin/builder/spi-builder-workspace/.derivedData/Build/Intermediates.noindex/ExplicitPrecompiledModules/_DarwinFoundation1-VNGNV7SK3PKYOZ8PDT5WOO09.scan
cd /
builtin-precompileModule /Users/admin/builder/spi-builder-workspace/.derivedData/Build/Intermediates.noindex/ExplicitPrecompiledModules/_DarwinFoundation1-VNGNV7SK3PKYOZ8PDT5WOO09.scan
PrecompileModule /Users/admin/builder/spi-builder-workspace/.derivedData/Build/Intermediates.noindex/ExplicitPrecompiledModules/_DarwinFoundation2-1DFY1MARP2HCJFOCU2QX2LFZO.scan
cd /
builtin-precompileModule /Users/admin/builder/spi-builder-workspace/.derivedData/Build/Intermediates.noindex/ExplicitPrecompiledModules/_DarwinFoundation2-1DFY1MARP2HCJFOCU2QX2LFZO.scan
PrecompileModule /Users/admin/builder/spi-builder-workspace/.derivedData/Build/Intermediates.noindex/ExplicitPrecompiledModules/_DarwinFoundation2-1QO5H0AUJRU6EO6RKE4VZX15M.scan
cd /
builtin-precompileModule /Users/admin/builder/spi-builder-workspace/.derivedData/Build/Intermediates.noindex/ExplicitPrecompiledModules/_DarwinFoundation2-1QO5H0AUJRU6EO6RKE4VZX15M.scan
PrecompileModule /Users/admin/builder/spi-builder-workspace/.derivedData/Build/Intermediates.noindex/ExplicitPrecompiledModules/_Builtin_stdint-DZPJEJB02GWTURAQ4236KD6KZ.scan
cd /
builtin-precompileModule /Users/admin/builder/spi-builder-workspace/.derivedData/Build/Intermediates.noindex/ExplicitPrecompiledModules/_Builtin_stdint-DZPJEJB02GWTURAQ4236KD6KZ.scan
PrecompileModule /Users/admin/builder/spi-builder-workspace/.derivedData/Build/Intermediates.noindex/ExplicitPrecompiledModules/_Builtin_stdint-2UI2OSKQ18WTPSXJMIJZB1B9I.scan
cd /
builtin-precompileModule /Users/admin/builder/spi-builder-workspace/.derivedData/Build/Intermediates.noindex/ExplicitPrecompiledModules/_Builtin_stdint-2UI2OSKQ18WTPSXJMIJZB1B9I.scan
CompileC /Users/admin/builder/spi-builder-workspace/.derivedData/Build/Intermediates.noindex/EmacsSwiftModule.build/Debug-watchos/EmacsModule-t.build/Objects-normal/arm64/placeholder.o /Users/admin/builder/spi-builder-workspace/Source/C/placeholder.m normal arm64 objective-c com.apple.compilers.llvm.clang.1_0.compiler (in target 'EmacsModule' from project 'EmacsSwiftModule')
cd /Users/admin/builder/spi-builder-workspace/.swiftpm/xcode
Using response file: /Users/admin/builder/spi-builder-workspace/.derivedData/Build/Intermediates.noindex/EmacsSwiftModule.build/Debug-watchos/EmacsModule-t.build/Objects-normal/arm64/e6072d4f65d7061329687fe24e3d63a7-common-args.resp
/Applications/Xcode-27.0.0-Release.Candidate.app/Contents/Developer/Toolchains/XcodeDefault.xctoolchain/usr/bin/clang -x objective-c -ivfsstatcache /Users/admin/builder/spi-builder-workspace/.derivedData/SDKStatCaches.noindex/watchos27.0-24R360-e829b21a6f8c9b70876ba0858053c04477534ef55a1706bf4c1112bbb242f0a2.sdkstatcache -target arm64-apple-watchos9.0 -fmessage-length\=0 -fdiagnostics-show-note-include-stack -fmacro-backtrace-limit\=0 -fno-color-diagnostics -fmodules-prune-interval\=86400 -fmodules-prune-after\=345600 -fbuild-session-file\=/Users/admin/builder/spi-builder-workspace/.derivedData/ModuleCache.noindex/Session.modulevalidation -fmodules-validate-once-per-build-session -Wnon-modular-include-in-framework-module -Werror\=non-modular-include-in-framework-module -Wno-trigraphs -Wno-missing-field-initializers -Wno-missing-prototypes -Wno-return-type -Wno-implicit-atomic-properties -Wno-objc-interface-ivars -Wno-arc-repeated-use-of-weak -Wno-missing-braces -Wparentheses -Wswitch -Wno-unused-function -Wno-unused-label -Wno-unused-parameter -Wno-unused-variable -Wunused-value -Wno-empty-body -Wno-uninitialized -Wno-unknown-pragmas -Wno-shadow -Wno-four-char-constants -Wno-conversion -Wno-constant-conversion -Wno-int-conversion -Wno-bool-conversion -Wno-enum-conversion -Wno-float-conversion -Wno-non-literal-null-conversion -Wno-objc-literal-conversion -Wshorten-64-to-32 -Wpointer-sign -Wno-newline-eof -Wno-selector -Wno-strict-selector-match -Wno-undeclared-selector -Wno-deprecated-implementations -Wno-implicit-fallthrough -isysroot /Applications/Xcode-27.0.0-Release.Candidate.app/Contents/Developer/Platforms/WatchOS.platform/Developer/SDKs/WatchOS27.0.sdk -fstrict-aliasing -Wprotocol -Wdeprecated-declarations -Wno-sign-conversion -Wno-infinite-recursion -Wno-comma -Wno-block-capture-autoreleasing -Wno-strict-prototypes -Wno-semicolon-before-method-body -index-store-path /Users/admin/builder/spi-builder-workspace/.derivedData/Index.noindex/DataStore @/Users/admin/builder/spi-builder-workspace/.derivedData/Build/Intermediates.noindex/EmacsSwiftModule.build/Debug-watchos/EmacsModule-t.build/Objects-normal/arm64/e6072d4f65d7061329687fe24e3d63a7-common-args.resp -MMD -MT dependencies -MF /Users/admin/builder/spi-builder-workspace/.derivedData/Build/Intermediates.noindex/EmacsSwiftModule.build/Debug-watchos/EmacsModule-t.build/Objects-normal/arm64/placeholder.d --serialize-diagnostics /Users/admin/builder/spi-builder-workspace/.derivedData/Build/Intermediates.noindex/EmacsSwiftModule.build/Debug-watchos/EmacsModule-t.build/Objects-normal/arm64/placeholder.dia -c /Users/admin/builder/spi-builder-workspace/Source/C/placeholder.m -o /Users/admin/builder/spi-builder-workspace/.derivedData/Build/Intermediates.noindex/EmacsSwiftModule.build/Debug-watchos/EmacsModule-t.build/Objects-normal/arm64/placeholder.o -index-unit-output-path /EmacsSwiftModule.build/Debug-watchos/EmacsModule-t.build/Objects-normal/arm64/placeholder.o
CompileC /Users/admin/builder/spi-builder-workspace/.derivedData/Build/Intermediates.noindex/EmacsSwiftModule.build/Debug-watchos/EmacsModule-t.build/Objects-normal/arm64_32/placeholder.o /Users/admin/builder/spi-builder-workspace/Source/C/placeholder.m normal arm64_32 objective-c com.apple.compilers.llvm.clang.1_0.compiler (in target 'EmacsModule' from project 'EmacsSwiftModule')
cd /Users/admin/builder/spi-builder-workspace/.swiftpm/xcode
Using response file: /Users/admin/builder/spi-builder-workspace/.derivedData/Build/Intermediates.noindex/EmacsSwiftModule.build/Debug-watchos/EmacsModule-t.build/Objects-normal/arm64_32/e6072d4f65d7061329687fe24e3d63a7-common-args.resp
/Applications/Xcode-27.0.0-Release.Candidate.app/Contents/Developer/Toolchains/XcodeDefault.xctoolchain/usr/bin/clang -x objective-c -ivfsstatcache /Users/admin/builder/spi-builder-workspace/.derivedData/SDKStatCaches.noindex/watchos27.0-24R360-e829b21a6f8c9b70876ba0858053c04477534ef55a1706bf4c1112bbb242f0a2.sdkstatcache -target arm64_32-apple-watchos9.0 -fmessage-length\=0 -fdiagnostics-show-note-include-stack -fmacro-backtrace-limit\=0 -fno-color-diagnostics -fmodules-prune-interval\=86400 -fmodules-prune-after\=345600 -fbuild-session-file\=/Users/admin/builder/spi-builder-workspace/.derivedData/ModuleCache.noindex/Session.modulevalidation -fmodules-validate-once-per-build-session -Wnon-modular-include-in-framework-module -Werror\=non-modular-include-in-framework-module -Wno-trigraphs -Wno-missing-field-initializers -Wno-missing-prototypes -Wno-return-type -Wno-implicit-atomic-properties -Wno-objc-interface-ivars -Wno-arc-repeated-use-of-weak -Wno-missing-braces -Wparentheses -Wswitch -Wno-unused-function -Wno-unused-label -Wno-unused-parameter -Wno-unused-variable -Wunused-value -Wno-empty-body -Wno-uninitialized -Wno-unknown-pragmas -Wno-shadow -Wno-four-char-constants -Wno-conversion -Wno-constant-conversion -Wno-int-conversion -Wno-bool-conversion -Wno-enum-conversion -Wno-float-conversion -Wno-non-literal-null-conversion -Wno-objc-literal-conversion -Wno-shorten-64-to-32 -Wpointer-sign -Wno-newline-eof -Wno-selector -Wno-strict-selector-match -Wno-undeclared-selector -Wno-deprecated-implementations -Wno-implicit-fallthrough -isysroot /Applications/Xcode-27.0.0-Release.Candidate.app/Contents/Developer/Platforms/WatchOS.platform/Developer/SDKs/WatchOS27.0.sdk -fstrict-aliasing -Wprotocol -Wdeprecated-declarations -Wno-sign-conversion -Wno-infinite-recursion -Wno-comma -Wno-block-capture-autoreleasing -Wno-strict-prototypes -Wno-semicolon-before-method-body -index-store-path /Users/admin/builder/spi-builder-workspace/.derivedData/Index.noindex/DataStore @/Users/admin/builder/spi-builder-workspace/.derivedData/Build/Intermediates.noindex/EmacsSwiftModule.build/Debug-watchos/EmacsModule-t.build/Objects-normal/arm64_32/e6072d4f65d7061329687fe24e3d63a7-common-args.resp -MMD -MT dependencies -MF /Users/admin/builder/spi-builder-workspace/.derivedData/Build/Intermediates.noindex/EmacsSwiftModule.build/Debug-watchos/EmacsModule-t.build/Objects-normal/arm64_32/placeholder.d --serialize-diagnostics /Users/admin/builder/spi-builder-workspace/.derivedData/Build/Intermediates.noindex/EmacsSwiftModule.build/Debug-watchos/EmacsModule-t.build/Objects-normal/arm64_32/placeholder.dia -c /Users/admin/builder/spi-builder-workspace/Source/C/placeholder.m -o /Users/admin/builder/spi-builder-workspace/.derivedData/Build/Intermediates.noindex/EmacsSwiftModule.build/Debug-watchos/EmacsModule-t.build/Objects-normal/arm64_32/placeholder.o -index-unit-output-path /EmacsSwiftModule.build/Debug-watchos/EmacsModule-t.build/Objects-normal/arm64_32/placeholder.o
Ld /Users/admin/builder/spi-builder-workspace/.derivedData/Build/Intermediates.noindex/EmacsSwiftModule.build/Debug-watchos/EmacsModule-t.build/Objects-normal/arm64/Binary/EmacsModule.o normal arm64 (in target 'EmacsModule' from project 'EmacsSwiftModule')
cd /Users/admin/builder/spi-builder-workspace
/Applications/Xcode-27.0.0-Release.Candidate.app/Contents/Developer/Toolchains/XcodeDefault.xctoolchain/usr/bin/clang -Xlinker -reproducible -target arm64-apple-watchos9.0 -r -isysroot /Applications/Xcode-27.0.0-Release.Candidate.app/Contents/Developer/Platforms/WatchOS.platform/Developer/SDKs/WatchOS27.0.sdk -O0 -Xlinker -no_warn_duplicate_libraries -F/Users/admin/builder/spi-builder-workspace/.derivedData/Build/Intermediates.noindex/EagerLinkingTBDs/Debug-watchos -F/Users/admin/builder/spi-builder-workspace/.derivedData/Build/Products/Debug-watchos -iframework /Applications/Xcode-27.0.0-Release.Candidate.app/Contents/Developer/Platforms/WatchOS.platform/Developer/Library/Frameworks -iframework /Applications/Xcode-27.0.0-Release.Candidate.app/Contents/Developer/Platforms/WatchOS.platform/Developer/SDKs/WatchOS27.0.sdk/Developer/Library/Frameworks -filelist /Users/admin/builder/spi-builder-workspace/.derivedData/Build/Intermediates.noindex/EmacsSwiftModule.build/Debug-watchos/EmacsModule-t.build/Objects-normal/arm64/EmacsModule.LinkFileList -nostdlib -Xlinker -object_path_lto -Xlinker /Users/admin/builder/spi-builder-workspace/.derivedData/Build/Intermediates.noindex/EmacsSwiftModule.build/Debug-watchos/EmacsModule-t.build/Objects-normal/arm64/EmacsModule_lto.o -Xlinker -no_deduplicate -Xlinker -debug_variant -Xlinker -dependency_info -Xlinker /Users/admin/builder/spi-builder-workspace/.derivedData/Build/Intermediates.noindex/EmacsSwiftModule.build/Debug-watchos/EmacsModule-t.build/Objects-normal/arm64/EmacsModule_dependency_info.dat -fobjc-arc -fobjc-link-runtime -o /Users/admin/builder/spi-builder-workspace/.derivedData/Build/Intermediates.noindex/EmacsSwiftModule.build/Debug-watchos/EmacsModule-t.build/Objects-normal/arm64/Binary/EmacsModule.o
Ld /Users/admin/builder/spi-builder-workspace/.derivedData/Build/Intermediates.noindex/EmacsSwiftModule.build/Debug-watchos/EmacsModule-t.build/Objects-normal/arm64_32/Binary/EmacsModule.o normal arm64_32 (in target 'EmacsModule' from project 'EmacsSwiftModule')
cd /Users/admin/builder/spi-builder-workspace
/Applications/Xcode-27.0.0-Release.Candidate.app/Contents/Developer/Toolchains/XcodeDefault.xctoolchain/usr/bin/clang -Xlinker -reproducible -target arm64_32-apple-watchos9.0 -r -isysroot /Applications/Xcode-27.0.0-Release.Candidate.app/Contents/Developer/Platforms/WatchOS.platform/Developer/SDKs/WatchOS27.0.sdk -O0 -Xlinker -no_warn_duplicate_libraries -F/Users/admin/builder/spi-builder-workspace/.derivedData/Build/Intermediates.noindex/EagerLinkingTBDs/Debug-watchos -F/Users/admin/builder/spi-builder-workspace/.derivedData/Build/Products/Debug-watchos -iframework /Applications/Xcode-27.0.0-Release.Candidate.app/Contents/Developer/Platforms/WatchOS.platform/Developer/Library/Frameworks -iframework /Applications/Xcode-27.0.0-Release.Candidate.app/Contents/Developer/Platforms/WatchOS.platform/Developer/SDKs/WatchOS27.0.sdk/Developer/Library/Frameworks -filelist /Users/admin/builder/spi-builder-workspace/.derivedData/Build/Intermediates.noindex/EmacsSwiftModule.build/Debug-watchos/EmacsModule-t.build/Objects-normal/arm64_32/EmacsModule.LinkFileList -nostdlib -Xlinker -object_path_lto -Xlinker /Users/admin/builder/spi-builder-workspace/.derivedData/Build/Intermediates.noindex/EmacsSwiftModule.build/Debug-watchos/EmacsModule-t.build/Objects-normal/arm64_32/EmacsModule_lto.o -Xlinker -no_deduplicate -Xlinker -debug_variant -Xlinker -dependency_info -Xlinker /Users/admin/builder/spi-builder-workspace/.derivedData/Build/Intermediates.noindex/EmacsSwiftModule.build/Debug-watchos/EmacsModule-t.build/Objects-normal/arm64_32/EmacsModule_dependency_info.dat -fobjc-arc -fobjc-link-runtime -o /Users/admin/builder/spi-builder-workspace/.derivedData/Build/Intermediates.noindex/EmacsSwiftModule.build/Debug-watchos/EmacsModule-t.build/Objects-normal/arm64_32/Binary/EmacsModule.o
SwiftExplicitDependencyGeneratePcm arm64_32 /Users/admin/builder/spi-builder-workspace/.derivedData/SDKExplicitPrecompiledModules/_AvailabilityInternal-244WAN3Z1QBT7PIA64EZEFY1R.pcm
SwiftExplicitDependencyGeneratePcm arm64_32 /Users/admin/builder/spi-builder-workspace/.derivedData/SDKExplicitPrecompiledModules/SwiftShims-9CQQGWTSNTN9EB5NSHDWUJICH.pcm
SwiftExplicitDependencyGeneratePcm arm64_32 /Users/admin/builder/spi-builder-workspace/.derivedData/SDKExplicitPrecompiledModules/ptrauth-BFXF358ME5AK535N5A9Z766WU.pcm
SwiftExplicitDependencyGeneratePcm arm64_32 /Users/admin/builder/spi-builder-workspace/.derivedData/SDKExplicitPrecompiledModules/_SwiftConcurrencyShims-6RTBPQ03V7BM9SPRK8SUE055H.pcm
SwiftExplicitDependencyGeneratePcm arm64_32 /Users/admin/builder/spi-builder-workspace/.derivedData/SDKExplicitPrecompiledModules/ptrcheck-7ELIH9BTIGVKX3UBITM9N72WD.pcm
SwiftExplicitDependencyGeneratePcm arm64_32 /Users/admin/builder/spi-builder-workspace/.derivedData/SDKExplicitPrecompiledModules/_Builtin_stddef-H44EFHQX6XSS5MZ7QP6YJZ76.pcm
SwiftExplicitDependencyGeneratePcm arm64_32 /Users/admin/builder/spi-builder-workspace/.derivedData/SDKExplicitPrecompiledModules/_Builtin_stdarg-D305JG44A2WPI6CJY37X3QJE8.pcm
SwiftExplicitDependencyGeneratePcm arm64_32 /Users/admin/builder/spi-builder-workspace/.derivedData/SDKExplicitPrecompiledModules/_Builtin_float-6KO8O3PEWRCA4WC6PPLOYO6WJ.pcm
SwiftExplicitDependencyGeneratePcm arm64_32 /Users/admin/builder/spi-builder-workspace/.derivedData/SDKExplicitPrecompiledModules/_Builtin_stdbool-A967K8W8YUYEC9SN52KJ7OO88.pcm
SwiftExplicitDependencyGeneratePcm arm64 /Users/admin/builder/spi-builder-workspace/.derivedData/SDKExplicitPrecompiledModules/_Builtin_float-C0CW5Q4HGBQYKE77TC42IAFB5.pcm
CreateUniversalBinary /Users/admin/builder/spi-builder-workspace/.derivedData/Build/Products/Debug-watchos/EmacsModule.o normal arm64\ arm64_32 (in target 'EmacsModule' from project 'EmacsSwiftModule')
cd /Users/admin/builder/spi-builder-workspace
/Applications/Xcode-27.0.0-Release.Candidate.app/Contents/Developer/Toolchains/XcodeDefault.xctoolchain/usr/bin/lipo -create /Users/admin/builder/spi-builder-workspace/.derivedData/Build/Intermediates.noindex/EmacsSwiftModule.build/Debug-watchos/EmacsModule-t.build/Objects-normal/arm64/Binary/EmacsModule.o /Users/admin/builder/spi-builder-workspace/.derivedData/Build/Intermediates.noindex/EmacsSwiftModule.build/Debug-watchos/EmacsModule-t.build/Objects-normal/arm64_32/Binary/EmacsModule.o -output /Users/admin/builder/spi-builder-workspace/.derivedData/Build/Products/Debug-watchos/EmacsModule.o
SwiftExplicitDependencyGeneratePcm arm64 /Users/admin/builder/spi-builder-workspace/.derivedData/SDKExplicitPrecompiledModules/SwiftShims-4MXFZPV6FEB0XBYXCGPWAMQGL.pcm
SwiftExplicitDependencyGeneratePcm arm64 /Users/admin/builder/spi-builder-workspace/.derivedData/SDKExplicitPrecompiledModules/ptrauth-3TZ9WJCGLYD25HQPWH4968ONX.pcm
SwiftExplicitDependencyGeneratePcm arm64 /Users/admin/builder/spi-builder-workspace/.derivedData/SDKExplicitPrecompiledModules/_Builtin_stddef-1FU30Y8SWFB7OUUHMJQH5J6FM.pcm
SwiftExplicitDependencyGeneratePcm arm64 /Users/admin/builder/spi-builder-workspace/.derivedData/SDKExplicitPrecompiledModules/_SwiftConcurrencyShims-659N52XSKR5F0QSB880BH2FJR.pcm
SwiftExplicitDependencyGeneratePcm arm64 /Users/admin/builder/spi-builder-workspace/.derivedData/SDKExplicitPrecompiledModules/ptrcheck-AIF0NDOYZ8ORBNHQAQR5NNB8M.pcm
SwiftExplicitDependencyGeneratePcm arm64 /Users/admin/builder/spi-builder-workspace/.derivedData/SDKExplicitPrecompiledModules/_Builtin_stdarg-A7UU8LE6MP85SM26YO7PBZNUQ.pcm
SwiftExplicitDependencyGeneratePcm arm64 /Users/admin/builder/spi-builder-workspace/.derivedData/SDKExplicitPrecompiledModules/_AvailabilityInternal-BUNV3UXM65NT37THI4W1AM0SF.pcm
SwiftExplicitDependencyGeneratePcm arm64_32 /Users/admin/builder/spi-builder-workspace/.derivedData/SDKExplicitPrecompiledModules/_DarwinFoundation1-2GWF9RFMPLQW4PDHS3NARVI3G.pcm
SwiftExplicitDependencyGeneratePcm arm64 /Users/admin/builder/spi-builder-workspace/.derivedData/SDKExplicitPrecompiledModules/_Builtin_stdbool-83J96QSOFE9VX04AAS6310UAE.pcm
SwiftExplicitDependencyGeneratePcm arm64 /Users/admin/builder/spi-builder-workspace/.derivedData/SDKExplicitPrecompiledModules/_DarwinFoundation1-7SPX3MD0HMP55E4OLNCPNDQ53.pcm
SwiftExplicitDependencyGeneratePcm arm64_32 /Users/admin/builder/spi-builder-workspace/.derivedData/SDKExplicitPrecompiledModules/_DarwinFoundation2-9MY8GOSYRO0M9MKNXF6D3MBNK.pcm
SwiftExplicitDependencyGeneratePcm arm64_32 /Users/admin/builder/spi-builder-workspace/.derivedData/SDKExplicitPrecompiledModules/_Builtin_limits-3VKBU2AFTD65PAJZ5CJ3LHFM2.pcm
SwiftExplicitDependencyGeneratePcm arm64 /Users/admin/builder/spi-builder-workspace/.derivedData/SDKExplicitPrecompiledModules/_DarwinFoundation2-D0XAPJU49S5E9XMKYOFGSTB1Q.pcm
SwiftExplicitDependencyGeneratePcm arm64 /Users/admin/builder/spi-builder-workspace/.derivedData/SDKExplicitPrecompiledModules/_Builtin_limits-9GWPA2B0H20DYUNYHYCWKABJG.pcm
SwiftExplicitDependencyGeneratePcm arm64_32 /Users/admin/builder/spi-builder-workspace/.derivedData/SDKExplicitPrecompiledModules/sys_types-8TLLMW08ZJWDGIIPKOYFGHHZW.pcm
SwiftExplicitDependencyGeneratePcm arm64_32 /Users/admin/builder/spi-builder-workspace/.derivedData/SDKExplicitPrecompiledModules/string_h-BFVLUQUSBZWYMLCU9QI7VZALW.pcm
SwiftExplicitDependencyGeneratePcm arm64_32 /Users/admin/builder/spi-builder-workspace/.derivedData/SDKExplicitPrecompiledModules/_Builtin_stdint-1HMXWI3V0V4TXHRWZOMZGZ80Y.pcm
SwiftExplicitDependencyGeneratePcm arm64 /Users/admin/builder/spi-builder-workspace/.derivedData/SDKExplicitPrecompiledModules/sys_types-2KXQLI78OUCDP779AE68GZJ2.pcm
SwiftExplicitDependencyGeneratePcm arm64 /Users/admin/builder/spi-builder-workspace/.derivedData/SDKExplicitPrecompiledModules/string_h-E6PRXK75PHIPCZFWOFCQ3QBMK.pcm
SwiftExplicitDependencyGeneratePcm arm64 /Users/admin/builder/spi-builder-workspace/.derivedData/SDKExplicitPrecompiledModules/_Builtin_stdint-8XMILLJZEGRN2XG7XZUXZ5RLX.pcm
SwiftExplicitDependencyGeneratePcm arm64_32 /Users/admin/builder/spi-builder-workspace/.derivedData/SDKExplicitPrecompiledModules/_DarwinFoundation3-3DUTYQDQSD9HUAAVY947NMWOI.pcm
SwiftExplicitDependencyGeneratePcm arm64_32 /Users/admin/builder/spi-builder-workspace/.derivedData/Build/Intermediates.noindex/SwiftExplicitPrecompiledModules/EmacsModule-3PBRO3VLBNXJDNW93VUEWWWF2.pcm
SwiftExplicitDependencyGeneratePcm arm64 /Users/admin/builder/spi-builder-workspace/.derivedData/SDKExplicitPrecompiledModules/_DarwinFoundation3-B97LRG0E9GON2NUE65TVG81HU.pcm
SwiftExplicitDependencyGeneratePcm arm64 /Users/admin/builder/spi-builder-workspace/.derivedData/Build/Intermediates.noindex/SwiftExplicitPrecompiledModules/EmacsModule-9I4XW9BZB2GAU8EH379948E4K.pcm
SwiftExplicitDependencyGeneratePcm arm64_32 /Users/admin/builder/spi-builder-workspace/.derivedData/SDKExplicitPrecompiledModules/_Builtin_inttypes-D2KPCR4PEX9AQA33NGLUT5SBR.pcm
SwiftExplicitDependencyGeneratePcm arm64_32 /Users/admin/builder/spi-builder-workspace/.derivedData/SDKExplicitPrecompiledModules/Darwin-3FVT1SKLN2ZQ5RVOABMTQBB34.pcm
SwiftExplicitDependencyGeneratePcm arm64 /Users/admin/builder/spi-builder-workspace/.derivedData/SDKExplicitPrecompiledModules/_Builtin_inttypes-3UQSCM7WNM9EK4HZML8TY5J3D.pcm
SwiftExplicitDependencyGeneratePcm arm64 /Users/admin/builder/spi-builder-workspace/.derivedData/SDKExplicitPrecompiledModules/Darwin-3984OXKFNSPE77NT743WK8SEX.pcm
SwiftExplicitDependencyGeneratePcm arm64_32 /Users/admin/builder/spi-builder-workspace/.derivedData/SDKExplicitPrecompiledModules/ObjectiveC-6IJNELR2E80E7LUKESVCP2KET.pcm
SwiftExplicitDependencyGeneratePcm arm64 /Users/admin/builder/spi-builder-workspace/.derivedData/SDKExplicitPrecompiledModules/ObjectiveC-72IVD3VS2RS8Q28D9PIMY0KQP.pcm
SwiftExplicitDependencyGeneratePcm arm64_32 /Users/admin/builder/spi-builder-workspace/.derivedData/SDKExplicitPrecompiledModules/os_object-5YWTC6L4756IWSTPGXS5NM0D0.pcm
SwiftExplicitDependencyGeneratePcm arm64 /Users/admin/builder/spi-builder-workspace/.derivedData/SDKExplicitPrecompiledModules/os_object-3SDKD7F87FTZ26OON37DRYT6O.pcm
SwiftExplicitDependencyGeneratePcm arm64_32 /Users/admin/builder/spi-builder-workspace/.derivedData/SDKExplicitPrecompiledModules/os_workgroup-5JHTPDMNBUNHLJI8LPHKQK1JK.pcm
SwiftExplicitDependencyGeneratePcm arm64 /Users/admin/builder/spi-builder-workspace/.derivedData/SDKExplicitPrecompiledModules/os_workgroup-89GG5G7YC2D0ZTK6AZXXQ20DH.pcm
SwiftExplicitDependencyGeneratePcm arm64_32 /Users/admin/builder/spi-builder-workspace/.derivedData/SDKExplicitPrecompiledModules/Dispatch-2P62F1T4XV63S4P99TUDTOK2Q.pcm
SwiftExplicitDependencyGeneratePcm arm64 /Users/admin/builder/spi-builder-workspace/.derivedData/SDKExplicitPrecompiledModules/Dispatch-1NLJOVAK60XP0DUB05XA59EIM.pcm
SwiftExplicitDependencyGeneratePcm arm64_32 /Users/admin/builder/spi-builder-workspace/.derivedData/SDKExplicitPrecompiledModules/XPC-81Y45QFY96XYYFCW2GT6FY8S4.pcm
SwiftExplicitDependencyGeneratePcm arm64_32 /Users/admin/builder/spi-builder-workspace/.derivedData/SDKExplicitPrecompiledModules/CoreFoundation-8E6Y4BA3EXYKUGJ24GT9LGV3N.pcm
SwiftExplicitDependencyGeneratePcm arm64 /Users/admin/builder/spi-builder-workspace/.derivedData/SDKExplicitPrecompiledModules/XPC-40DR0X1DHKGCV4J1IOLFS8MOU.pcm
SwiftExplicitDependencyGeneratePcm arm64 /Users/admin/builder/spi-builder-workspace/.derivedData/SDKExplicitPrecompiledModules/CoreFoundation-8T2L24YC5NU7WO6WQJWRY7W08.pcm
SwiftExplicitDependencyGeneratePcm arm64_32 /Users/admin/builder/spi-builder-workspace/.derivedData/SDKExplicitPrecompiledModules/Security-D7TOWF88VWF67TB9HAFP5UWB1.pcm
SwiftExplicitDependencyGeneratePcm arm64 /Users/admin/builder/spi-builder-workspace/.derivedData/SDKExplicitPrecompiledModules/Security-6RZ6YBRU8WCUHRFFRVUK5WKMM.pcm
SwiftExplicitDependencyGeneratePcm arm64_32 /Users/admin/builder/spi-builder-workspace/.derivedData/SDKExplicitPrecompiledModules/Foundation-BJ2VQGI3OGR34500MEQ1VKHPH.pcm
SwiftExplicitDependencyGeneratePcm arm64 /Users/admin/builder/spi-builder-workspace/.derivedData/SDKExplicitPrecompiledModules/Foundation-DLBKUSGXN8QHAT8W0OARR9S8A.pcm
SwiftCompile normal arm64_32 Compiling\ Value.swift /Users/admin/builder/spi-builder-workspace/Source/Swift/Value.swift (in target 'EmacsSwiftModule' from project 'EmacsSwiftModule')
SwiftCompile normal arm64_32 /Users/admin/builder/spi-builder-workspace/Source/Swift/Value.swift (in target 'EmacsSwiftModule' from project 'EmacsSwiftModule')
cd /Users/admin/builder/spi-builder-workspace/.swiftpm/xcode
builtin-SwiftPerFileCompile Value.swift
SwiftCompile normal arm64_32 Compiling\ Variadic+Utils.swift /Users/admin/builder/spi-builder-workspace/Source/Swift/Variadic+Utils.swift (in target 'EmacsSwiftModule' from project 'EmacsSwiftModule')
SwiftCompile normal arm64_32 /Users/admin/builder/spi-builder-workspace/Source/Swift/Variadic+Utils.swift (in target 'EmacsSwiftModule' from project 'EmacsSwiftModule')
cd /Users/admin/builder/spi-builder-workspace/.swiftpm/xcode
builtin-SwiftPerFileCompile Variadic+Utils.swift
SwiftCompile normal arm64_32 Compiling\ Raw.swift /Users/admin/builder/spi-builder-workspace/Source/Swift/Raw.swift (in target 'EmacsSwiftModule' from project 'EmacsSwiftModule')
SwiftCompile normal arm64_32 /Users/admin/builder/spi-builder-workspace/Source/Swift/Raw.swift (in target 'EmacsSwiftModule' from project 'EmacsSwiftModule')
cd /Users/admin/builder/spi-builder-workspace/.swiftpm/xcode
builtin-SwiftPerFileCompile Raw.swift
SwiftCompile normal arm64_32 Compiling\ Module.swift /Users/admin/builder/spi-builder-workspace/Source/Swift/Module.swift (in target 'EmacsSwiftModule' from project 'EmacsSwiftModule')
SwiftCompile normal arm64_32 /Users/admin/builder/spi-builder-workspace/Source/Swift/Module.swift (in target 'EmacsSwiftModule' from project 'EmacsSwiftModule')
cd /Users/admin/builder/spi-builder-workspace/.swiftpm/xcode
builtin-SwiftPerFileCompile Module.swift
SwiftCompile normal arm64_32 Compiling\ Lisp+Types.swift,\ Lock.swift /Users/admin/builder/spi-builder-workspace/Source/Swift/Lisp+Types.swift /Users/admin/builder/spi-builder-workspace/Source/Swift/Lock.swift (in target 'EmacsSwiftModule' from project 'EmacsSwiftModule')
SwiftCompile normal arm64_32 /Users/admin/builder/spi-builder-workspace/Source/Swift/Lisp+Types.swift (in target 'EmacsSwiftModule' from project 'EmacsSwiftModule')
cd /Users/admin/builder/spi-builder-workspace/.swiftpm/xcode
builtin-SwiftPerFileCompile Lisp+Types.swift
SwiftCompile normal arm64_32 /Users/admin/builder/spi-builder-workspace/Source/Swift/Lock.swift (in target 'EmacsSwiftModule' from project 'EmacsSwiftModule')
cd /Users/admin/builder/spi-builder-workspace/.swiftpm/xcode
builtin-SwiftPerFileCompile Lock.swift
SwiftCompile normal arm64_32 Compiling\ Environment.swift,\ Error.swift /Users/admin/builder/spi-builder-workspace/Source/Swift/Environment.swift /Users/admin/builder/spi-builder-workspace/Source/Swift/Error.swift (in target 'EmacsSwiftModule' from project 'EmacsSwiftModule')
SwiftCompile normal arm64_32 /Users/admin/builder/spi-builder-workspace/Source/Swift/Environment.swift (in target 'EmacsSwiftModule' from project 'EmacsSwiftModule')
cd /Users/admin/builder/spi-builder-workspace/.swiftpm/xcode
builtin-SwiftPerFileCompile Environment.swift
SwiftCompile normal arm64_32 /Users/admin/builder/spi-builder-workspace/Source/Swift/Error.swift (in target 'EmacsSwiftModule' from project 'EmacsSwiftModule')
cd /Users/admin/builder/spi-builder-workspace/.swiftpm/xcode
builtin-SwiftPerFileCompile Error.swift
SwiftEmitModule normal arm64_32 Emitting\ module\ for\ ModuleInitializerInjector (in target 'ModuleInitializerInjector-product' from project 'EmacsSwiftModule')
SwiftCompile normal arm64_32 (in target 'ModuleInitializerInjector-product' from project 'EmacsSwiftModule')
cd /Users/admin/builder/spi-builder-workspace/.swiftpm/xcode
SwiftCompile normal arm64_32 Compiling\ Channel.swift,\ Conversion.swift /Users/admin/builder/spi-builder-workspace/Source/Swift/Channel.swift /Users/admin/builder/spi-builder-workspace/Source/Swift/Conversion.swift (in target 'EmacsSwiftModule' from project 'EmacsSwiftModule')
/Users/admin/builder/spi-builder-workspace/Source/Swift/Conversion.swift:275:58: error: cannot convert value of type 'Int' to expected argument type 'intmax_t' (aka 'Int64')
273 |
274 | func make(_ from: Int) throws -> EmacsValue {
275 | try EmacsValue(from: check(pointee.make_integer(raw, from)))
| `- error: cannot convert value of type 'Int' to expected argument type 'intmax_t' (aka 'Int64')
276 | }
277 |
Failed frontend command:
/Applications/Xcode-27.0.0-Release.Candidate.app/Contents/Developer/Toolchains/XcodeDefault.xctoolchain/usr/bin/swift-frontend -frontend -c /Users/admin/builder/spi-builder-workspace/Source/Swift/Call.swift /Users/admin/builder/spi-builder-workspace/Source/Swift/Channel+Hooks+Boilerplate.swift /Users/admin/builder/spi-builder-workspace/Source/Swift/Channel+LispCallback+Boilerplate.swift /Users/admin/builder/spi-builder-workspace/Source/Swift/Channel+SwiftCallback+Boilerplate.swift -primary-file /Users/admin/builder/spi-builder-workspace/Source/Swift/Channel.swift -primary-file /Users/admin/builder/spi-builder-workspace/Source/Swift/Conversion.swift /Users/admin/builder/spi-builder-workspace/Source/Swift/Defun+Boilerplate.swift /Users/admin/builder/spi-builder-workspace/Source/Swift/Defun.swift /Users/admin/builder/spi-builder-workspace/Source/Swift/Environment.swift /Users/admin/builder/spi-builder-workspace/Source/Swift/Error.swift /Users/admin/builder/spi-builder-workspace/Source/Swift/Lisp+Types.swift /Users/admin/builder/spi-builder-workspace/Source/Swift/Lock.swift /Users/admin/builder/spi-builder-workspace/Source/Swift/Module.swift /Users/admin/builder/spi-builder-workspace/Source/Swift/Raw.swift /Users/admin/builder/spi-builder-workspace/Source/Swift/Value.swift /Users/admin/builder/spi-builder-workspace/Source/Swift/Variadic+Utils.swift -emit-dependencies-path /Users/admin/builder/spi-builder-workspace/.derivedData/Build/Intermediates.noindex/EmacsSwiftModule.build/Debug-watchos/EmacsSwiftModule-t.build/Objects-normal/arm64_32/Channel.d -emit-const-values-path /Users/admin/builder/spi-builder-workspace/.derivedData/Build/Intermediates.noindex/EmacsSwiftModule.build/Debug-watchos/EmacsSwiftModule-t.build/Objects-normal/arm64_32/Channel.swiftconstvalues -emit-reference-dependencies-path /Users/admin/builder/spi-builder-workspace/.derivedData/Build/Intermediates.noindex/EmacsSwiftModule.build/Debug-watchos/EmacsSwiftModule-t.build/Objects-normal/arm64_32/Channel.swiftdeps -serialize-diagnostics-path /Users/admin/builder/spi-builder-workspace/.derivedData/Build/Intermediates.noindex/EmacsSwiftModule.build/Debug-watchos/EmacsSwiftModule-t.build/Objects-normal/arm64_32/Channel.dia -emit-dependencies-path /Users/admin/builder/spi-builder-workspace/.derivedData/Build/Intermediates.noindex/EmacsSwiftModule.build/Debug-watchos/EmacsSwiftModule-t.build/Objects-normal/arm64_32/Conversion.d -emit-const-values-path /Users/admin/builder/spi-builder-workspace/.derivedData/Build/Intermediates.noindex/EmacsSwiftModule.build/Debug-watchos/EmacsSwiftModule-t.build/Objects-normal/arm64_32/Conversion.swiftconstvalues -emit-reference-dependencies-path /Users/admin/builder/spi-builder-workspace/.derivedData/Build/Intermediates.noindex/EmacsSwiftModule.build/Debug-watchos/EmacsSwiftModule-t.build/Objects-normal/arm64_32/Conversion.swiftdeps -serialize-diagnostics-path /Users/admin/builder/spi-builder-workspace/.derivedData/Build/Intermediates.noindex/EmacsSwiftModule.build/Debug-watchos/EmacsSwiftModule-t.build/Objects-normal/arm64_32/Conversion.dia -target arm64_32-apple-watchos9.0 -disable-cross-import-overlay-search -load-resolved-plugin /Applications/Xcode-27.0.0-Release.Candidate.app/Contents/Developer/Platforms/WatchOS.platform/Developer/usr/lib/swift/host/plugins/libFoundationMacros.dylib\#/Applications/Xcode-27.0.0-Release.Candidate.app/Contents/Developer/Platforms/WatchOS.platform/Developer/usr/bin/swift-plugin-server\#FoundationMacros -load-resolved-plugin /Applications/Xcode-27.0.0-Release.Candidate.app/Contents/Developer/Platforms/WatchOS.platform/Developer/usr/lib/swift/host/plugins/libObservationMacros.dylib\#/Applications/Xcode-27.0.0-Release.Candidate.app/Contents/Developer/Platforms/WatchOS.platform/Developer/usr/bin/swift-plugin-server\#ObservationMacros -load-resolved-plugin /Applications/Xcode-27.0.0-Release.Candidate.app/Contents/Developer/Platforms/WatchOS.platform/Developer/usr/lib/swift/host/plugins/libSwiftMacros.dylib\#/Applications/Xcode-27.0.0-Release.Candidate.app/Contents/Developer/Platforms/WatchOS.platform/Developer/usr/bin/swift-plugin-server\#SwiftMacros -disable-implicit-swift-modules -Xcc -fno-implicit-modules -Xcc -fno-implicit-module-maps -explicit-swift-module-map-file /Users/admin/builder/spi-builder-workspace/.derivedData/Build/Intermediates.noindex/EmacsSwiftModule.build/Debug-watchos/EmacsSwiftModule-t.build/Objects-normal/arm64_32/EmacsSwiftModule-dependencies-2.json -enable-objc-interop -sdk /Applications/Xcode-27.0.0-Release.Candidate.app/Contents/Developer/Platforms/WatchOS.platform/Developer/SDKs/WatchOS27.0.sdk -I /Users/admin/builder/spi-builder-workspace/.derivedData/Build/Products/Debug-watchos -Isystem /Applications/Xcode-27.0.0-Release.Candidate.app/Contents/Developer/Platforms/WatchOS.platform/Developer/usr/lib -F /Users/admin/builder/spi-builder-workspace/.derivedData/Build/Products/Debug-watchos/PackageFrameworks -F /Users/admin/builder/spi-builder-workspace/.derivedData/Build/Products/Debug-watchos -F /Applications/Xcode-27.0.0-Release.Candidate.app/Contents/Developer/Platforms/WatchOS.platform/Developer/Library/Frameworks -F /Applications/Xcode-27.0.0-Release.Candidate.app/Contents/Developer/Platforms/WatchOS.platform/Developer/SDKs/WatchOS27.0.sdk/Developer/Library/Frameworks -module-cache-path /Users/admin/builder/spi-builder-workspace/.derivedData/Build/Intermediates.noindex/SwiftExplicitPrecompiledModules -no-color-diagnostics -Xcc -fno-color-diagnostics -enable-testing -g -debug-info-format\=dwarf -dwarf-version\=4 -profile-generate -profile-coverage-mapping -swift-version 5 -Onone -D SWIFT_PACKAGE -D DEBUG -D SWIFT_MODULE_RESOURCE_BUNDLE_UNAVAILABLE -D Xcode -serialize-debugging-options -enable-experimental-feature DebugDescriptionMacro -empty-abi-descriptor -validate-clang-modules-once -clang-build-session-file /Users/admin/builder/spi-builder-workspace/.derivedData/ModuleCache.noindex/Session.modulevalidation -Xcc -working-directory -Xcc /Users/admin/builder/spi-builder-workspace/.swiftpm/xcode -enable-anonymous-context-mangled-names -file-compilation-dir /Users/admin/builder/spi-builder-workspace/.swiftpm/xcode -Xcc -fmodule-map-file\=/Users/admin/builder/spi-builder-workspace/.derivedData/Build/Intermediates.noindex/GeneratedModuleMaps-watchos/EmacsModule.modulemap -Xcc -D_LIBCPP_HARDENING_MODE\=_LIBCPP_HARDENING_MODE_DEBUG -Xcc -ivfsstatcache -Xcc /Users/admin/builder/spi-builder-workspace/.derivedData/SDKStatCaches.noindex/watchos27.0-24R360-e829b21a6f8c9b70876ba0858053c04477534ef55a1706bf4c1112bbb242f0a2.sdkstatcache -Xcc -fmodules-prune-interval\=86400 -Xcc -fmodules-prune-after\=345600 -Xcc -I/Users/admin/builder/spi-builder-workspace/Source/C/include -Xcc -I/Users/admin/builder/spi-builder-workspace/.derivedData/Build/Products/Debug-watchos/include -Xcc -I/Users/admin/builder/spi-builder-workspace/.derivedData/Build/Intermediates.noindex/EmacsSwiftModule.build/Debug-watchos/EmacsSwiftModule-t.build/DerivedSources-normal/arm64_32 -Xcc -I/Users/admin/builder/spi-builder-workspace/.derivedData/Build/Intermediates.noindex/EmacsSwiftModule.build/Debug-watchos/EmacsSwiftModule-t.build/DerivedSources/arm64_32 -Xcc -I/Users/admin/builder/spi-builder-workspace/.derivedData/Build/Intermediates.noindex/EmacsSwiftModule.build/Debug-watchos/EmacsSwiftModule-t.build/DerivedSources -Xcc -DSWIFT_PACKAGE -Xcc -DDEBUG\=1 -no-auto-bridging-header-chaining -module-name EmacsSwiftModule -const-gather-protocols-file /Users/admin/builder/spi-builder-workspace/.derivedData/Build/Intermediates.noindex/EmacsSwiftModule.build/Debug-watchos/EmacsSwiftModule-t.build/Objects-normal/arm64_32/EmacsSwiftModule_const_extract_protocols.json -disable-clang-spi -clang-target arm64_32-apple-watchos27.0 -target-sdk-version 27.0 -target-sdk-name watchos27.0 -in-process-plugin-server-path /Applications/Xcode-27.0.0-Release.Candidate.app/Contents/Developer/Toolchains/XcodeDefault.xctoolchain/usr/lib/swift/host/libSwiftInProcPluginServer.dylib -parse-as-library -o /Users/admin/builder/spi-builder-workspace/.derivedData/Build/Intermediates.noindex/EmacsSwiftModule.build/Debug-watchos/EmacsSwiftModule-t.build/Objects-normal/arm64_32/Channel.o -o /Users/admin/builder/spi-builder-workspace/.derivedData/Build/Intermediates.noindex/EmacsSwiftModule.build/Debug-watchos/EmacsSwiftModule-t.build/Objects-normal/arm64_32/Conversion.o -debug-module-path /Users/admin/builder/spi-builder-workspace/.derivedData/Build/Intermediates.noindex/EmacsSwiftModule.build/Debug-watchos/EmacsSwiftModule-t.build/Objects-normal/arm64_32/EmacsSwiftModule.swiftmodule -index-unit-output-path /EmacsSwiftModule.build/Debug-watchos/EmacsSwiftModule-t.build/Objects-normal/arm64_32/Channel.o -index-unit-output-path /EmacsSwiftModule.build/Debug-watchos/EmacsSwiftModule-t.build/Objects-normal/arm64_32/Conversion.o -index-store-path /Users/admin/builder/spi-builder-workspace/.derivedData/Index.noindex/DataStore -index-system-modules
SwiftCompile normal arm64_32 /Users/admin/builder/spi-builder-workspace/Source/Swift/Channel.swift (in target 'EmacsSwiftModule' from project 'EmacsSwiftModule')
cd /Users/admin/builder/spi-builder-workspace/.swiftpm/xcode
builtin-SwiftPerFileCompile Channel.swift
SwiftCompile normal arm64_32 /Users/admin/builder/spi-builder-workspace/Source/Swift/Conversion.swift (in target 'EmacsSwiftModule' from project 'EmacsSwiftModule')
cd /Users/admin/builder/spi-builder-workspace/.swiftpm/xcode
builtin-SwiftPerFileCompile Conversion.swift
SwiftCompile normal arm64_32 Compiling\ Channel+LispCallback+Boilerplate.swift,\ Channel+SwiftCallback+Boilerplate.swift /Users/admin/builder/spi-builder-workspace/Source/Swift/Channel+LispCallback+Boilerplate.swift /Users/admin/builder/spi-builder-workspace/Source/Swift/Channel+SwiftCallback+Boilerplate.swift (in target 'EmacsSwiftModule' from project 'EmacsSwiftModule')
SwiftCompile normal arm64_32 /Users/admin/builder/spi-builder-workspace/Source/Swift/Channel+LispCallback+Boilerplate.swift (in target 'EmacsSwiftModule' from project 'EmacsSwiftModule')
cd /Users/admin/builder/spi-builder-workspace/.swiftpm/xcode
builtin-SwiftPerFileCompile Channel+LispCallback+Boilerplate.swift
SwiftCompile normal arm64_32 /Users/admin/builder/spi-builder-workspace/Source/Swift/Channel+SwiftCallback+Boilerplate.swift (in target 'EmacsSwiftModule' from project 'EmacsSwiftModule')
cd /Users/admin/builder/spi-builder-workspace/.swiftpm/xcode
builtin-SwiftPerFileCompile Channel+SwiftCallback+Boilerplate.swift
SwiftEmitModule normal arm64_32 Emitting\ module\ for\ EmacsSwiftModule (in target 'EmacsSwiftModule' from project 'EmacsSwiftModule')
SwiftCompile normal arm64_32 (in target 'EmacsSwiftModule' from project 'EmacsSwiftModule')
cd /Users/admin/builder/spi-builder-workspace/.swiftpm/xcode
SwiftEmitModule normal arm64 Emitting\ module\ for\ ModuleInitializerInjector (in target 'ModuleInitializerInjector-product' from project 'EmacsSwiftModule')
SwiftCompile normal arm64 (in target 'ModuleInitializerInjector-product' from project 'EmacsSwiftModule')
cd /Users/admin/builder/spi-builder-workspace/.swiftpm/xcode
SwiftDriverJobDiscovery normal arm64_32 Emitting module for ModuleInitializerInjector (in target 'ModuleInitializerInjector-product' from project 'EmacsSwiftModule')
SwiftDriver\ Compilation\ Requirements ModuleInitializerInjector normal arm64_32 com.apple.xcode.tools.swift.compiler (in target 'ModuleInitializerInjector-product' from project 'EmacsSwiftModule')
cd /Users/admin/builder/spi-builder-workspace/.swiftpm/xcode
builtin-Swift-Compilation-Requirements -- /Applications/Xcode-27.0.0-Release.Candidate.app/Contents/Developer/Toolchains/XcodeDefault.xctoolchain/usr/bin/swiftc -module-name ModuleInitializerInjector -Onone @/Users/admin/builder/spi-builder-workspace/.derivedData/Build/Intermediates.noindex/EmacsSwiftModule.build/Debug-watchos/ModuleInitializerInjector-p.build/Objects-normal/arm64_32/ModuleInitializerInjector.SwiftFileList -DSWIFT_PACKAGE -DDEBUG -DXcode -plugin-path /Applications/Xcode-27.0.0-Release.Candidate.app/Contents/Developer/Toolchains/XcodeDefault.xctoolchain/usr/lib/swift/host/plugins/testing -enable-experimental-feature DebugDescriptionMacro -sdk /Applications/Xcode-27.0.0-Release.Candidate.app/Contents/Developer/Platforms/WatchOS.platform/Developer/SDKs/WatchOS27.0.sdk -target arm64_32-apple-watchos9.0 -g -module-cache-path /Users/admin/builder/spi-builder-workspace/.derivedData/ModuleCache.noindex -Xfrontend -serialize-debugging-options -profile-coverage-mapping -profile-generate -enable-testing -index-store-path /Users/admin/builder/spi-builder-workspace/.derivedData/Index.noindex/DataStore -Xcc -D_LIBCPP_HARDENING_MODE\=_LIBCPP_HARDENING_MODE_DEBUG -swift-version 5 -I /Users/admin/builder/spi-builder-workspace/.derivedData/Build/Products/Debug-watchos -Isystem /Applications/Xcode-27.0.0-Release.Candidate.app/Contents/Developer/Platforms/WatchOS.platform/Developer/usr/lib -F /Users/admin/builder/spi-builder-workspace/.derivedData/Build/Products/Debug-watchos -F /Applications/Xcode-27.0.0-Release.Candidate.app/Contents/Developer/Platforms/WatchOS.platform/Developer/Library/Frameworks -F /Applications/Xcode-27.0.0-Release.Candidate.app/Contents/Developer/Platforms/WatchOS.platform/Developer/SDKs/WatchOS27.0.sdk/Developer/Library/Frameworks -parse-as-library -c -j10 -enable-batch-mode -incremental -Xcc -ivfsstatcache -Xcc /Users/admin/builder/spi-builder-workspace/.derivedData/SDKStatCaches.noindex/watchos27.0-24R360-e829b21a6f8c9b70876ba0858053c04477534ef55a1706bf4c1112bbb242f0a2.sdkstatcache -output-file-map /Users/admin/builder/spi-builder-workspace/.derivedData/Build/Intermediates.noindex/EmacsSwiftModule.build/Debug-watchos/ModuleInitializerInjector-p.build/Objects-normal/arm64_32/ModuleInitializerInjector-OutputFileMap.json -save-temps -no-color-diagnostics -explicit-module-build -module-cache-path /Users/admin/builder/spi-builder-workspace/.derivedData/Build/Intermediates.noindex/SwiftExplicitPrecompiledModules -clang-scanner-module-cache-path /Users/admin/builder/spi-builder-workspace/.derivedData/ModuleCache.noindex -sdk-module-cache-path /Users/admin/builder/spi-builder-workspace/.derivedData/SDKExplicitPrecompiledModules -emit-dependencies -emit-module -emit-module-path /Users/admin/builder/spi-builder-workspace/.derivedData/Build/Intermediates.noindex/EmacsSwiftModule.build/Debug-watchos/ModuleInitializerInjector-p.build/Objects-normal/arm64_32/ModuleInitializerInjector.swiftmodule -serialize-diagnostics -dependency-scan-serialize-diagnostics-path /Users/admin/builder/spi-builder-workspace/.derivedData/Build/Intermediates.noindex/EmacsSwiftModule.build/Debug-watchos/ModuleInitializerInjector-p.build/Objects-normal/arm64_32/ModuleInitializerInjector-dependency-scan.dia -validate-clang-modules-once -clang-build-session-file /Users/admin/builder/spi-builder-workspace/.derivedData/ModuleCache.noindex/Session.modulevalidation -Xcc -fmodules-prune-interval\=86400 -Xcc -fmodules-prune-after\=345600 -emit-const-values -const-gather-protocols-list /Users/admin/builder/spi-builder-workspace/.derivedData/Build/Intermediates.noindex/EmacsSwiftModule.build/Debug-watchos/ModuleInitializerInjector-p.build/Objects-normal/arm64_32/ModuleInitializerInjector_const_extract_protocols.json -Xcc -I/Users/admin/builder/spi-builder-workspace/.derivedData/Build/Products/Debug-watchos/include -Xcc -I/Users/admin/builder/spi-builder-workspace/.derivedData/Build/Intermediates.noindex/EmacsSwiftModule.build/Debug-watchos/ModuleInitializerInjector-p.build/DerivedSources-normal/arm64_32 -Xcc -I/Users/admin/builder/spi-builder-workspace/.derivedData/Build/Intermediates.noindex/EmacsSwiftModule.build/Debug-watchos/ModuleInitializerInjector-p.build/DerivedSources/arm64_32 -Xcc -I/Users/admin/builder/spi-builder-workspace/.derivedData/Build/Intermediates.noindex/EmacsSwiftModule.build/Debug-watchos/ModuleInitializerInjector-p.build/DerivedSources -Xcc -DSWIFT_PACKAGE -Xcc -DDEBUG\=1 -working-directory /Users/admin/builder/spi-builder-workspace/.swiftpm/xcode -experimental-emit-module-separately -disable-cmo
SwiftDriverJobDiscovery normal arm64 Emitting module for ModuleInitializerInjector (in target 'ModuleInitializerInjector-product' from project 'EmacsSwiftModule')
SwiftDriver\ Compilation\ Requirements ModuleInitializerInjector normal arm64 com.apple.xcode.tools.swift.compiler (in target 'ModuleInitializerInjector-product' from project 'EmacsSwiftModule')
cd /Users/admin/builder/spi-builder-workspace/.swiftpm/xcode
builtin-Swift-Compilation-Requirements -- /Applications/Xcode-27.0.0-Release.Candidate.app/Contents/Developer/Toolchains/XcodeDefault.xctoolchain/usr/bin/swiftc -module-name ModuleInitializerInjector -Onone @/Users/admin/builder/spi-builder-workspace/.derivedData/Build/Intermediates.noindex/EmacsSwiftModule.build/Debug-watchos/ModuleInitializerInjector-p.build/Objects-normal/arm64/ModuleInitializerInjector.SwiftFileList -DSWIFT_PACKAGE -DDEBUG -DXcode -plugin-path /Applications/Xcode-27.0.0-Release.Candidate.app/Contents/Developer/Toolchains/XcodeDefault.xctoolchain/usr/lib/swift/host/plugins/testing -enable-experimental-feature DebugDescriptionMacro -sdk /Applications/Xcode-27.0.0-Release.Candidate.app/Contents/Developer/Platforms/WatchOS.platform/Developer/SDKs/WatchOS27.0.sdk -target arm64-apple-watchos9.0 -g -module-cache-path /Users/admin/builder/spi-builder-workspace/.derivedData/ModuleCache.noindex -Xfrontend -serialize-debugging-options -profile-coverage-mapping -profile-generate -enable-testing -index-store-path /Users/admin/builder/spi-builder-workspace/.derivedData/Index.noindex/DataStore -Xcc -D_LIBCPP_HARDENING_MODE\=_LIBCPP_HARDENING_MODE_DEBUG -swift-version 5 -I /Users/admin/builder/spi-builder-workspace/.derivedData/Build/Products/Debug-watchos -Isystem /Applications/Xcode-27.0.0-Release.Candidate.app/Contents/Developer/Platforms/WatchOS.platform/Developer/usr/lib -F /Users/admin/builder/spi-builder-workspace/.derivedData/Build/Products/Debug-watchos -F /Applications/Xcode-27.0.0-Release.Candidate.app/Contents/Developer/Platforms/WatchOS.platform/Developer/Library/Frameworks -F /Applications/Xcode-27.0.0-Release.Candidate.app/Contents/Developer/Platforms/WatchOS.platform/Developer/SDKs/WatchOS27.0.sdk/Developer/Library/Frameworks -parse-as-library -c -j10 -enable-batch-mode -incremental -Xcc -ivfsstatcache -Xcc /Users/admin/builder/spi-builder-workspace/.derivedData/SDKStatCaches.noindex/watchos27.0-24R360-e829b21a6f8c9b70876ba0858053c04477534ef55a1706bf4c1112bbb242f0a2.sdkstatcache -output-file-map /Users/admin/builder/spi-builder-workspace/.derivedData/Build/Intermediates.noindex/EmacsSwiftModule.build/Debug-watchos/ModuleInitializerInjector-p.build/Objects-normal/arm64/ModuleInitializerInjector-OutputFileMap.json -save-temps -no-color-diagnostics -explicit-module-build -module-cache-path /Users/admin/builder/spi-builder-workspace/.derivedData/Build/Intermediates.noindex/SwiftExplicitPrecompiledModules -clang-scanner-module-cache-path /Users/admin/builder/spi-builder-workspace/.derivedData/ModuleCache.noindex -sdk-module-cache-path /Users/admin/builder/spi-builder-workspace/.derivedData/SDKExplicitPrecompiledModules -emit-dependencies -emit-module -emit-module-path /Users/admin/builder/spi-builder-workspace/.derivedData/Build/Intermediates.noindex/EmacsSwiftModule.build/Debug-watchos/ModuleInitializerInjector-p.build/Objects-normal/arm64/ModuleInitializerInjector.swiftmodule -serialize-diagnostics -dependency-scan-serialize-diagnostics-path /Users/admin/builder/spi-builder-workspace/.derivedData/Build/Intermediates.noindex/EmacsSwiftModule.build/Debug-watchos/ModuleInitializerInjector-p.build/Objects-normal/arm64/ModuleInitializerInjector-dependency-scan.dia -validate-clang-modules-once -clang-build-session-file /Users/admin/builder/spi-builder-workspace/.derivedData/ModuleCache.noindex/Session.modulevalidation -Xcc -fmodules-prune-interval\=86400 -Xcc -fmodules-prune-after\=345600 -emit-const-values -const-gather-protocols-list /Users/admin/builder/spi-builder-workspace/.derivedData/Build/Intermediates.noindex/EmacsSwiftModule.build/Debug-watchos/ModuleInitializerInjector-p.build/Objects-normal/arm64/ModuleInitializerInjector_const_extract_protocols.json -Xcc -I/Users/admin/builder/spi-builder-workspace/.derivedData/Build/Products/Debug-watchos/include -Xcc -I/Users/admin/builder/spi-builder-workspace/.derivedData/Build/Intermediates.noindex/EmacsSwiftModule.build/Debug-watchos/ModuleInitializerInjector-p.build/DerivedSources-normal/arm64 -Xcc -I/Users/admin/builder/spi-builder-workspace/.derivedData/Build/Intermediates.noindex/EmacsSwiftModule.build/Debug-watchos/ModuleInitializerInjector-p.build/DerivedSources/arm64 -Xcc -I/Users/admin/builder/spi-builder-workspace/.derivedData/Build/Intermediates.noindex/EmacsSwiftModule.build/Debug-watchos/ModuleInitializerInjector-p.build/DerivedSources -Xcc -DSWIFT_PACKAGE -Xcc -DDEBUG\=1 -working-directory /Users/admin/builder/spi-builder-workspace/.swiftpm/xcode -experimental-emit-module-separately -disable-cmo
SwiftEmitModule normal arm64 Emitting\ module\ for\ EmacsSwiftModule (in target 'EmacsSwiftModule' from project 'EmacsSwiftModule')
SwiftCompile normal arm64 (in target 'EmacsSwiftModule' from project 'EmacsSwiftModule')
cd /Users/admin/builder/spi-builder-workspace/.swiftpm/xcode
SwiftDriverJobDiscovery normal arm64_32 Emitting module for EmacsSwiftModule (in target 'EmacsSwiftModule' from project 'EmacsSwiftModule')
SwiftCompile normal arm64 Compiling\ ModuleInitializerInjector.swift /Users/admin/builder/spi-builder-workspace/Plugins/ModuleInitializerInjector.swift (in target 'ModuleInitializerInjector-product' from project 'EmacsSwiftModule')
SwiftCompile normal arm64 /Users/admin/builder/spi-builder-workspace/Plugins/ModuleInitializerInjector.swift (in target 'ModuleInitializerInjector-product' from project 'EmacsSwiftModule')
cd /Users/admin/builder/spi-builder-workspace/.swiftpm/xcode
builtin-SwiftPerFileCompile ModuleInitializerInjector.swift
SwiftDriver\ Compilation\ Requirements EmacsSwiftModule normal arm64_32 com.apple.xcode.tools.swift.compiler (in target 'EmacsSwiftModule' from project 'EmacsSwiftModule')
cd /Users/admin/builder/spi-builder-workspace/.swiftpm/xcode
builtin-Swift-Compilation-Requirements -- /Applications/Xcode-27.0.0-Release.Candidate.app/Contents/Developer/Toolchains/XcodeDefault.xctoolchain/usr/bin/swiftc -parse-as-library -module-name EmacsSwiftModule -Onone @/Users/admin/builder/spi-builder-workspace/.derivedData/Build/Intermediates.noindex/EmacsSwiftModule.build/Debug-watchos/EmacsSwiftModule-t.build/Objects-normal/arm64_32/EmacsSwiftModule.SwiftFileList -DSWIFT_PACKAGE -DDEBUG -DSWIFT_MODULE_RESOURCE_BUNDLE_UNAVAILABLE -Xcc -fmodule-map-file\=/Users/admin/builder/spi-builder-workspace/.derivedData/Build/Intermediates.noindex/GeneratedModuleMaps-watchos/EmacsModule.modulemap -DXcode -plugin-path /Applications/Xcode-27.0.0-Release.Candidate.app/Contents/Developer/Toolchains/XcodeDefault.xctoolchain/usr/lib/swift/host/plugins/testing -enable-experimental-feature DebugDescriptionMacro -sdk /Applications/Xcode-27.0.0-Release.Candidate.app/Contents/Developer/Platforms/WatchOS.platform/Developer/SDKs/WatchOS27.0.sdk -target arm64_32-apple-watchos9.0 -g -module-cache-path /Users/admin/builder/spi-builder-workspace/.derivedData/ModuleCache.noindex -Xfrontend -serialize-debugging-options -profile-coverage-mapping -profile-generate -enable-testing -index-store-path /Users/admin/builder/spi-builder-workspace/.derivedData/Index.noindex/DataStore -Xcc -D_LIBCPP_HARDENING_MODE\=_LIBCPP_HARDENING_MODE_DEBUG -swift-version 5 -I /Users/admin/builder/spi-builder-workspace/.derivedData/Build/Products/Debug-watchos -Isystem /Applications/Xcode-27.0.0-Release.Candidate.app/Contents/Developer/Platforms/WatchOS.platform/Developer/usr/lib -F /Users/admin/builder/spi-builder-workspace/.derivedData/Build/Products/Debug-watchos/PackageFrameworks -F /Users/admin/builder/spi-builder-workspace/.derivedData/Build/Products/Debug-watchos -F /Applications/Xcode-27.0.0-Release.Candidate.app/Contents/Developer/Platforms/WatchOS.platform/Developer/Library/Frameworks -F /Applications/Xcode-27.0.0-Release.Candidate.app/Contents/Developer/Platforms/WatchOS.platform/Developer/SDKs/WatchOS27.0.sdk/Developer/Library/Frameworks -c -j10 -enable-batch-mode -incremental -Xcc -ivfsstatcache -Xcc /Users/admin/builder/spi-builder-workspace/.derivedData/SDKStatCaches.noindex/watchos27.0-24R360-e829b21a6f8c9b70876ba0858053c04477534ef55a1706bf4c1112bbb242f0a2.sdkstatcache -output-file-map /Users/admin/builder/spi-builder-workspace/.derivedData/Build/Intermediates.noindex/EmacsSwiftModule.build/Debug-watchos/EmacsSwiftModule-t.build/Objects-normal/arm64_32/EmacsSwiftModule-OutputFileMap.json -save-temps -no-color-diagnostics -explicit-module-build -module-cache-path /Users/admin/builder/spi-builder-workspace/.derivedData/Build/Intermediates.noindex/SwiftExplicitPrecompiledModules -clang-scanner-module-cache-path /Users/admin/builder/spi-builder-workspace/.derivedData/ModuleCache.noindex -sdk-module-cache-path /Users/admin/builder/spi-builder-workspace/.derivedData/SDKExplicitPrecompiledModules -emit-dependencies -emit-module -emit-module-path /Users/admin/builder/spi-builder-workspace/.derivedData/Build/Intermediates.noindex/EmacsSwiftModule.build/Debug-watchos/EmacsSwiftModule-t.build/Objects-normal/arm64_32/EmacsSwiftModule.swiftmodule -serialize-diagnostics -dependency-scan-serialize-diagnostics-path /Users/admin/builder/spi-builder-workspace/.derivedData/Build/Intermediates.noindex/EmacsSwiftModule.build/Debug-watchos/EmacsSwiftModule-t.build/Objects-normal/arm64_32/EmacsSwiftModule-dependency-scan.dia -validate-clang-modules-once -clang-build-session-file /Users/admin/builder/spi-builder-workspace/.derivedData/ModuleCache.noindex/Session.modulevalidation -Xcc -fmodules-prune-interval\=86400 -Xcc -fmodules-prune-after\=345600 -emit-const-values -const-gather-protocols-list /Users/admin/builder/spi-builder-workspace/.derivedData/Build/Intermediates.noindex/EmacsSwiftModule.build/Debug-watchos/EmacsSwiftModule-t.build/Objects-normal/arm64_32/EmacsSwiftModule_const_extract_protocols.json -Xcc -I/Users/admin/builder/spi-builder-workspace/Source/C/include -Xcc -I/Users/admin/builder/spi-builder-workspace/.derivedData/Build/Products/Debug-watchos/include -Xcc -I/Users/admin/builder/spi-builder-workspace/.derivedData/Build/Intermediates.noindex/EmacsSwiftModule.build/Debug-watchos/EmacsSwiftModule-t.build/DerivedSources-normal/arm64_32 -Xcc -I/Users/admin/builder/spi-builder-workspace/.derivedData/Build/Intermediates.noindex/EmacsSwiftModule.build/Debug-watchos/EmacsSwiftModule-t.build/DerivedSources/arm64_32 -Xcc -I/Users/admin/builder/spi-builder-workspace/.derivedData/Build/Intermediates.noindex/EmacsSwiftModule.build/Debug-watchos/EmacsSwiftModule-t.build/DerivedSources -Xcc -DSWIFT_PACKAGE -Xcc -DDEBUG\=1 -emit-objc-header -emit-objc-header-path /Users/admin/builder/spi-builder-workspace/.derivedData/Build/Intermediates.noindex/EmacsSwiftModule.build/Debug-watchos/EmacsSwiftModule-t.build/Objects-normal/arm64_32/EmacsSwiftModule-Swift.h -working-directory /Users/admin/builder/spi-builder-workspace/.swiftpm/xcode -experimental-emit-module-separately -disable-cmo
SwiftDriverJobDiscovery normal arm64 Emitting module for EmacsSwiftModule (in target 'EmacsSwiftModule' from project 'EmacsSwiftModule')
SwiftDriver\ Compilation\ Requirements EmacsSwiftModule normal arm64 com.apple.xcode.tools.swift.compiler (in target 'EmacsSwiftModule' from project 'EmacsSwiftModule')
cd /Users/admin/builder/spi-builder-workspace/.swiftpm/xcode
builtin-Swift-Compilation-Requirements -- /Applications/Xcode-27.0.0-Release.Candidate.app/Contents/Developer/Toolchains/XcodeDefault.xctoolchain/usr/bin/swiftc -parse-as-library -module-name EmacsSwiftModule -Onone @/Users/admin/builder/spi-builder-workspace/.derivedData/Build/Intermediates.noindex/EmacsSwiftModule.build/Debug-watchos/EmacsSwiftModule-t.build/Objects-normal/arm64/EmacsSwiftModule.SwiftFileList -DSWIFT_PACKAGE -DDEBUG -DSWIFT_MODULE_RESOURCE_BUNDLE_UNAVAILABLE -Xcc -fmodule-map-file\=/Users/admin/builder/spi-builder-workspace/.derivedData/Build/Intermediates.noindex/GeneratedModuleMaps-watchos/EmacsModule.modulemap -DXcode -plugin-path /Applications/Xcode-27.0.0-Release.Candidate.app/Contents/Developer/Toolchains/XcodeDefault.xctoolchain/usr/lib/swift/host/plugins/testing -enable-experimental-feature DebugDescriptionMacro -sdk /Applications/Xcode-27.0.0-Release.Candidate.app/Contents/Developer/Platforms/WatchOS.platform/Developer/SDKs/WatchOS27.0.sdk -target arm64-apple-watchos9.0 -g -module-cache-path /Users/admin/builder/spi-builder-workspace/.derivedData/ModuleCache.noindex -Xfrontend -serialize-debugging-options -profile-coverage-mapping -profile-generate -enable-testing -index-store-path /Users/admin/builder/spi-builder-workspace/.derivedData/Index.noindex/DataStore -Xcc -D_LIBCPP_HARDENING_MODE\=_LIBCPP_HARDENING_MODE_DEBUG -swift-version 5 -I /Users/admin/builder/spi-builder-workspace/.derivedData/Build/Products/Debug-watchos -Isystem /Applications/Xcode-27.0.0-Release.Candidate.app/Contents/Developer/Platforms/WatchOS.platform/Developer/usr/lib -F /Users/admin/builder/spi-builder-workspace/.derivedData/Build/Products/Debug-watchos/PackageFrameworks -F /Users/admin/builder/spi-builder-workspace/.derivedData/Build/Products/Debug-watchos -F /Applications/Xcode-27.0.0-Release.Candidate.app/Contents/Developer/Platforms/WatchOS.platform/Developer/Library/Frameworks -F /Applications/Xcode-27.0.0-Release.Candidate.app/Contents/Developer/Platforms/WatchOS.platform/Developer/SDKs/WatchOS27.0.sdk/Developer/Library/Frameworks -c -j10 -enable-batch-mode -incremental -Xcc -ivfsstatcache -Xcc /Users/admin/builder/spi-builder-workspace/.derivedData/SDKStatCaches.noindex/watchos27.0-24R360-e829b21a6f8c9b70876ba0858053c04477534ef55a1706bf4c1112bbb242f0a2.sdkstatcache -output-file-map /Users/admin/builder/spi-builder-workspace/.derivedData/Build/Intermediates.noindex/EmacsSwiftModule.build/Debug-watchos/EmacsSwiftModule-t.build/Objects-normal/arm64/EmacsSwiftModule-OutputFileMap.json -save-temps -no-color-diagnostics -explicit-module-build -module-cache-path /Users/admin/builder/spi-builder-workspace/.derivedData/Build/Intermediates.noindex/SwiftExplicitPrecompiledModules -clang-scanner-module-cache-path /Users/admin/builder/spi-builder-workspace/.derivedData/ModuleCache.noindex -sdk-module-cache-path /Users/admin/builder/spi-builder-workspace/.derivedData/SDKExplicitPrecompiledModules -emit-dependencies -emit-module -emit-module-path /Users/admin/builder/spi-builder-workspace/.derivedData/Build/Intermediates.noindex/EmacsSwiftModule.build/Debug-watchos/EmacsSwiftModule-t.build/Objects-normal/arm64/EmacsSwiftModule.swiftmodule -serialize-diagnostics -dependency-scan-serialize-diagnostics-path /Users/admin/builder/spi-builder-workspace/.derivedData/Build/Intermediates.noindex/EmacsSwiftModule.build/Debug-watchos/EmacsSwiftModule-t.build/Objects-normal/arm64/EmacsSwiftModule-dependency-scan.dia -validate-clang-modules-once -clang-build-session-file /Users/admin/builder/spi-builder-workspace/.derivedData/ModuleCache.noindex/Session.modulevalidation -Xcc -fmodules-prune-interval\=86400 -Xcc -fmodules-prune-after\=345600 -emit-const-values -const-gather-protocols-list /Users/admin/builder/spi-builder-workspace/.derivedData/Build/Intermediates.noindex/EmacsSwiftModule.build/Debug-watchos/EmacsSwiftModule-t.build/Objects-normal/arm64/EmacsSwiftModule_const_extract_protocols.json -Xcc -I/Users/admin/builder/spi-builder-workspace/Source/C/include -Xcc -I/Users/admin/builder/spi-builder-workspace/.derivedData/Build/Products/Debug-watchos/include -Xcc -I/Users/admin/builder/spi-builder-workspace/.derivedData/Build/Intermediates.noindex/EmacsSwiftModule.build/Debug-watchos/EmacsSwiftModule-t.build/DerivedSources-normal/arm64 -Xcc -I/Users/admin/builder/spi-builder-workspace/.derivedData/Build/Intermediates.noindex/EmacsSwiftModule.build/Debug-watchos/EmacsSwiftModule-t.build/DerivedSources/arm64 -Xcc -I/Users/admin/builder/spi-builder-workspace/.derivedData/Build/Intermediates.noindex/EmacsSwiftModule.build/Debug-watchos/EmacsSwiftModule-t.build/DerivedSources -Xcc -DSWIFT_PACKAGE -Xcc -DDEBUG\=1 -emit-objc-header -emit-objc-header-path /Users/admin/builder/spi-builder-workspace/.derivedData/Build/Intermediates.noindex/EmacsSwiftModule.build/Debug-watchos/EmacsSwiftModule-t.build/Objects-normal/arm64/EmacsSwiftModule-Swift.h -working-directory /Users/admin/builder/spi-builder-workspace/.swiftpm/xcode -experimental-emit-module-separately -disable-cmo
Copy /Users/admin/builder/spi-builder-workspace/.derivedData/Build/Products/Debug-watchos/EmacsSwiftModule.swiftmodule/arm64_32-apple-watchos.swiftmodule /Users/admin/builder/spi-builder-workspace/.derivedData/Build/Intermediates.noindex/EmacsSwiftModule.build/Debug-watchos/EmacsSwiftModule-t.build/Objects-normal/arm64_32/EmacsSwiftModule.swiftmodule (in target 'EmacsSwiftModule' from project 'EmacsSwiftModule')
cd /Users/admin/builder/spi-builder-workspace
builtin-copy -exclude .DS_Store -exclude CVS -exclude .svn -exclude .git -exclude .hg -resolve-src-symlinks -rename /Users/admin/builder/spi-builder-workspace/.derivedData/Build/Intermediates.noindex/EmacsSwiftModule.build/Debug-watchos/EmacsSwiftModule-t.build/Objects-normal/arm64_32/EmacsSwiftModule.swiftmodule /Users/admin/builder/spi-builder-workspace/.derivedData/Build/Products/Debug-watchos/EmacsSwiftModule.swiftmodule/arm64_32-apple-watchos.swiftmodule
SwiftMergeGeneratedHeaders /Users/admin/builder/spi-builder-workspace/.derivedData/Build/Intermediates.noindex/GeneratedModuleMaps-watchos/EmacsSwiftModule-Swift.h /Users/admin/builder/spi-builder-workspace/.derivedData/Build/Intermediates.noindex/EmacsSwiftModule.build/Debug-watchos/EmacsSwiftModule-t.build/Objects-normal/arm64/EmacsSwiftModule-Swift.h /Users/admin/builder/spi-builder-workspace/.derivedData/Build/Intermediates.noindex/EmacsSwiftModule.build/Debug-watchos/EmacsSwiftModule-t.build/Objects-normal/arm64_32/EmacsSwiftModule-Swift.h (in target 'EmacsSwiftModule' from project 'EmacsSwiftModule')
cd /Users/admin/builder/spi-builder-workspace
builtin-swiftHeaderTool -arch arm64 /Users/admin/builder/spi-builder-workspace/.derivedData/Build/Intermediates.noindex/EmacsSwiftModule.build/Debug-watchos/EmacsSwiftModule-t.build/Objects-normal/arm64/EmacsSwiftModule-Swift.h -arch arm64_32 /Users/admin/builder/spi-builder-workspace/.derivedData/Build/Intermediates.noindex/EmacsSwiftModule.build/Debug-watchos/EmacsSwiftModule-t.build/Objects-normal/arm64_32/EmacsSwiftModule-Swift.h -o /Users/admin/builder/spi-builder-workspace/.derivedData/Build/Intermediates.noindex/GeneratedModuleMaps-watchos/EmacsSwiftModule-Swift.h
Copy /Users/admin/builder/spi-builder-workspace/.derivedData/Build/Products/Debug-watchos/EmacsSwiftModule.swiftmodule/arm64_32-apple-watchos.swiftdoc /Users/admin/builder/spi-builder-workspace/.derivedData/Build/Intermediates.noindex/EmacsSwiftModule.build/Debug-watchos/EmacsSwiftModule-t.build/Objects-normal/arm64_32/EmacsSwiftModule.swiftdoc (in target 'EmacsSwiftModule' from project 'EmacsSwiftModule')
cd /Users/admin/builder/spi-builder-workspace
builtin-copy -exclude .DS_Store -exclude CVS -exclude .svn -exclude .git -exclude .hg -resolve-src-symlinks -rename /Users/admin/builder/spi-builder-workspace/.derivedData/Build/Intermediates.noindex/EmacsSwiftModule.build/Debug-watchos/EmacsSwiftModule-t.build/Objects-normal/arm64_32/EmacsSwiftModule.swiftdoc /Users/admin/builder/spi-builder-workspace/.derivedData/Build/Products/Debug-watchos/EmacsSwiftModule.swiftmodule/arm64_32-apple-watchos.swiftdoc
Copy /Users/admin/builder/spi-builder-workspace/.derivedData/Build/Products/Debug-watchos/EmacsSwiftModule.swiftmodule/arm64_32-apple-watchos.abi.json /Users/admin/builder/spi-builder-workspace/.derivedData/Build/Intermediates.noindex/EmacsSwiftModule.build/Debug-watchos/EmacsSwiftModule-t.build/Objects-normal/arm64_32/EmacsSwiftModule.abi.json (in target 'EmacsSwiftModule' from project 'EmacsSwiftModule')
cd /Users/admin/builder/spi-builder-workspace
builtin-copy -exclude .DS_Store -exclude CVS -exclude .svn -exclude .git -exclude .hg -resolve-src-symlinks -rename /Users/admin/builder/spi-builder-workspace/.derivedData/Build/Intermediates.noindex/EmacsSwiftModule.build/Debug-watchos/EmacsSwiftModule-t.build/Objects-normal/arm64_32/EmacsSwiftModule.abi.json /Users/admin/builder/spi-builder-workspace/.derivedData/Build/Products/Debug-watchos/EmacsSwiftModule.swiftmodule/arm64_32-apple-watchos.abi.json
Copy /Users/admin/builder/spi-builder-workspace/.derivedData/Build/Products/Debug-watchos/EmacsSwiftModule.swiftmodule/arm64-apple-watchos.swiftmodule /Users/admin/builder/spi-builder-workspace/.derivedData/Build/Intermediates.noindex/EmacsSwiftModule.build/Debug-watchos/EmacsSwiftModule-t.build/Objects-normal/arm64/EmacsSwiftModule.swiftmodule (in target 'EmacsSwiftModule' from project 'EmacsSwiftModule')
cd /Users/admin/builder/spi-builder-workspace
builtin-copy -exclude .DS_Store -exclude CVS -exclude .svn -exclude .git -exclude .hg -resolve-src-symlinks -rename /Users/admin/builder/spi-builder-workspace/.derivedData/Build/Intermediates.noindex/EmacsSwiftModule.build/Debug-watchos/EmacsSwiftModule-t.build/Objects-normal/arm64/EmacsSwiftModule.swiftmodule /Users/admin/builder/spi-builder-workspace/.derivedData/Build/Products/Debug-watchos/EmacsSwiftModule.swiftmodule/arm64-apple-watchos.swiftmodule
Copy /Users/admin/builder/spi-builder-workspace/.derivedData/Build/Products/Debug-watchos/EmacsSwiftModule.swiftmodule/arm64-apple-watchos.swiftdoc /Users/admin/builder/spi-builder-workspace/.derivedData/Build/Intermediates.noindex/EmacsSwiftModule.build/Debug-watchos/EmacsSwiftModule-t.build/Objects-normal/arm64/EmacsSwiftModule.swiftdoc (in target 'EmacsSwiftModule' from project 'EmacsSwiftModule')
cd /Users/admin/builder/spi-builder-workspace
builtin-copy -exclude .DS_Store -exclude CVS -exclude .svn -exclude .git -exclude .hg -resolve-src-symlinks -rename /Users/admin/builder/spi-builder-workspace/.derivedData/Build/Intermediates.noindex/EmacsSwiftModule.build/Debug-watchos/EmacsSwiftModule-t.build/Objects-normal/arm64/EmacsSwiftModule.swiftdoc /Users/admin/builder/spi-builder-workspace/.derivedData/Build/Products/Debug-watchos/EmacsSwiftModule.swiftmodule/arm64-apple-watchos.swiftdoc
Copy /Users/admin/builder/spi-builder-workspace/.derivedData/Build/Products/Debug-watchos/EmacsSwiftModule.swiftmodule/arm64-apple-watchos.abi.json /Users/admin/builder/spi-builder-workspace/.derivedData/Build/Intermediates.noindex/EmacsSwiftModule.build/Debug-watchos/EmacsSwiftModule-t.build/Objects-normal/arm64/EmacsSwiftModule.abi.json (in target 'EmacsSwiftModule' from project 'EmacsSwiftModule')
cd /Users/admin/builder/spi-builder-workspace
builtin-copy -exclude .DS_Store -exclude CVS -exclude .svn -exclude .git -exclude .hg -resolve-src-symlinks -rename /Users/admin/builder/spi-builder-workspace/.derivedData/Build/Intermediates.noindex/EmacsSwiftModule.build/Debug-watchos/EmacsSwiftModule-t.build/Objects-normal/arm64/EmacsSwiftModule.abi.json /Users/admin/builder/spi-builder-workspace/.derivedData/Build/Products/Debug-watchos/EmacsSwiftModule.swiftmodule/arm64-apple-watchos.abi.json
Copy /Users/admin/builder/spi-builder-workspace/.derivedData/Build/Products/Debug-watchos/EmacsSwiftModule.swiftmodule/Project/arm64_32-apple-watchos.swiftsourceinfo /Users/admin/builder/spi-builder-workspace/.derivedData/Build/Intermediates.noindex/EmacsSwiftModule.build/Debug-watchos/EmacsSwiftModule-t.build/Objects-normal/arm64_32/EmacsSwiftModule.swiftsourceinfo (in target 'EmacsSwiftModule' from project 'EmacsSwiftModule')
cd /Users/admin/builder/spi-builder-workspace
builtin-copy -exclude .DS_Store -exclude CVS -exclude .svn -exclude .git -exclude .hg -resolve-src-symlinks -rename /Users/admin/builder/spi-builder-workspace/.derivedData/Build/Intermediates.noindex/EmacsSwiftModule.build/Debug-watchos/EmacsSwiftModule-t.build/Objects-normal/arm64_32/EmacsSwiftModule.swiftsourceinfo /Users/admin/builder/spi-builder-workspace/.derivedData/Build/Products/Debug-watchos/EmacsSwiftModule.swiftmodule/Project/arm64_32-apple-watchos.swiftsourceinfo
Copy /Users/admin/builder/spi-builder-workspace/.derivedData/Build/Products/Debug-watchos/EmacsSwiftModule.swiftmodule/Project/arm64-apple-watchos.swiftsourceinfo /Users/admin/builder/spi-builder-workspace/.derivedData/Build/Intermediates.noindex/EmacsSwiftModule.build/Debug-watchos/EmacsSwiftModule-t.build/Objects-normal/arm64/EmacsSwiftModule.swiftsourceinfo (in target 'EmacsSwiftModule' from project 'EmacsSwiftModule')
cd /Users/admin/builder/spi-builder-workspace
builtin-copy -exclude .DS_Store -exclude CVS -exclude .svn -exclude .git -exclude .hg -resolve-src-symlinks -rename /Users/admin/builder/spi-builder-workspace/.derivedData/Build/Intermediates.noindex/EmacsSwiftModule.build/Debug-watchos/EmacsSwiftModule-t.build/Objects-normal/arm64/EmacsSwiftModule.swiftsourceinfo /Users/admin/builder/spi-builder-workspace/.derivedData/Build/Products/Debug-watchos/EmacsSwiftModule.swiftmodule/Project/arm64-apple-watchos.swiftsourceinfo
SwiftCompile normal arm64_32 Compiling\ ModuleInitializerInjector.swift /Users/admin/builder/spi-builder-workspace/Plugins/ModuleInitializerInjector.swift (in target 'ModuleInitializerInjector-product' from project 'EmacsSwiftModule')
SwiftCompile normal arm64_32 /Users/admin/builder/spi-builder-workspace/Plugins/ModuleInitializerInjector.swift (in target 'ModuleInitializerInjector-product' from project 'EmacsSwiftModule')
cd /Users/admin/builder/spi-builder-workspace/.swiftpm/xcode
builtin-SwiftPerFileCompile ModuleInitializerInjector.swift
SwiftCompile normal arm64 Compiling\ Value.swift /Users/admin/builder/spi-builder-workspace/Source/Swift/Value.swift (in target 'EmacsSwiftModule' from project 'EmacsSwiftModule')
SwiftCompile normal arm64 /Users/admin/builder/spi-builder-workspace/Source/Swift/Value.swift (in target 'EmacsSwiftModule' from project 'EmacsSwiftModule')
cd /Users/admin/builder/spi-builder-workspace/.swiftpm/xcode
builtin-SwiftPerFileCompile Value.swift
SwiftDriverJobDiscovery normal arm64_32 Compiling Module.swift (in target 'EmacsSwiftModule' from project 'EmacsSwiftModule')
SwiftCompile normal arm64 Compiling\ Channel+LispCallback+Boilerplate.swift,\ Channel+SwiftCallback+Boilerplate.swift /Users/admin/builder/spi-builder-workspace/Source/Swift/Channel+LispCallback+Boilerplate.swift /Users/admin/builder/spi-builder-workspace/Source/Swift/Channel+SwiftCallback+Boilerplate.swift (in target 'EmacsSwiftModule' from project 'EmacsSwiftModule')
SwiftCompile normal arm64 /Users/admin/builder/spi-builder-workspace/Source/Swift/Channel+LispCallback+Boilerplate.swift (in target 'EmacsSwiftModule' from project 'EmacsSwiftModule')
cd /Users/admin/builder/spi-builder-workspace/.swiftpm/xcode
builtin-SwiftPerFileCompile Channel+LispCallback+Boilerplate.swift
SwiftCompile normal arm64 /Users/admin/builder/spi-builder-workspace/Source/Swift/Channel+SwiftCallback+Boilerplate.swift (in target 'EmacsSwiftModule' from project 'EmacsSwiftModule')
cd /Users/admin/builder/spi-builder-workspace/.swiftpm/xcode
builtin-SwiftPerFileCompile Channel+SwiftCallback+Boilerplate.swift
SwiftDriverJobDiscovery normal arm64_32 Compiling Channel+LispCallback+Boilerplate.swift, Channel+SwiftCallback+Boilerplate.swift (in target 'EmacsSwiftModule' from project 'EmacsSwiftModule')
SwiftCompile normal arm64 Compiling\ Environment.swift,\ Error.swift /Users/admin/builder/spi-builder-workspace/Source/Swift/Environment.swift /Users/admin/builder/spi-builder-workspace/Source/Swift/Error.swift (in target 'EmacsSwiftModule' from project 'EmacsSwiftModule')
SwiftCompile normal arm64 /Users/admin/builder/spi-builder-workspace/Source/Swift/Environment.swift (in target 'EmacsSwiftModule' from project 'EmacsSwiftModule')
cd /Users/admin/builder/spi-builder-workspace/.swiftpm/xcode
builtin-SwiftPerFileCompile Environment.swift
SwiftCompile normal arm64 /Users/admin/builder/spi-builder-workspace/Source/Swift/Error.swift (in target 'EmacsSwiftModule' from project 'EmacsSwiftModule')
cd /Users/admin/builder/spi-builder-workspace/.swiftpm/xcode
builtin-SwiftPerFileCompile Error.swift
SwiftDriverJobDiscovery normal arm64_32 Compiling Variadic+Utils.swift (in target 'EmacsSwiftModule' from project 'EmacsSwiftModule')
SwiftCompile normal arm64_32 Compiling\ Call.swift,\ Channel+Hooks+Boilerplate.swift /Users/admin/builder/spi-builder-workspace/Source/Swift/Call.swift /Users/admin/builder/spi-builder-workspace/Source/Swift/Channel+Hooks+Boilerplate.swift (in target 'EmacsSwiftModule' from project 'EmacsSwiftModule')
SwiftCompile normal arm64_32 /Users/admin/builder/spi-builder-workspace/Source/Swift/Call.swift (in target 'EmacsSwiftModule' from project 'EmacsSwiftModule')
cd /Users/admin/builder/spi-builder-workspace/.swiftpm/xcode
builtin-SwiftPerFileCompile Call.swift
SwiftCompile normal arm64_32 /Users/admin/builder/spi-builder-workspace/Source/Swift/Channel+Hooks+Boilerplate.swift (in target 'EmacsSwiftModule' from project 'EmacsSwiftModule')
cd /Users/admin/builder/spi-builder-workspace/.swiftpm/xcode
builtin-SwiftPerFileCompile Channel+Hooks+Boilerplate.swift
SwiftDriverJobDiscovery normal arm64_32 Compiling Value.swift (in target 'EmacsSwiftModule' from project 'EmacsSwiftModule')
SwiftCompile normal arm64 Compiling\ Channel.swift,\ Conversion.swift /Users/admin/builder/spi-builder-workspace/Source/Swift/Channel.swift /Users/admin/builder/spi-builder-workspace/Source/Swift/Conversion.swift (in target 'EmacsSwiftModule' from project 'EmacsSwiftModule')
SwiftCompile normal arm64 /Users/admin/builder/spi-builder-workspace/Source/Swift/Channel.swift (in target 'EmacsSwiftModule' from project 'EmacsSwiftModule')
cd /Users/admin/builder/spi-builder-workspace/.swiftpm/xcode
builtin-SwiftPerFileCompile Channel.swift
SwiftCompile normal arm64 /Users/admin/builder/spi-builder-workspace/Source/Swift/Conversion.swift (in target 'EmacsSwiftModule' from project 'EmacsSwiftModule')
cd /Users/admin/builder/spi-builder-workspace/.swiftpm/xcode
builtin-SwiftPerFileCompile Conversion.swift
SwiftDriverJobDiscovery normal arm64_32 Compiling Raw.swift (in target 'EmacsSwiftModule' from project 'EmacsSwiftModule')
SwiftDriverJobDiscovery normal arm64_32 Compiling Call.swift, Channel+Hooks+Boilerplate.swift (in target 'EmacsSwiftModule' from project 'EmacsSwiftModule')
SwiftCompile normal arm64 Compiling\ Module.swift /Users/admin/builder/spi-builder-workspace/Source/Swift/Module.swift (in target 'EmacsSwiftModule' from project 'EmacsSwiftModule')
SwiftCompile normal arm64 /Users/admin/builder/spi-builder-workspace/Source/Swift/Module.swift (in target 'EmacsSwiftModule' from project 'EmacsSwiftModule')
cd /Users/admin/builder/spi-builder-workspace/.swiftpm/xcode
builtin-SwiftPerFileCompile Module.swift
SwiftDriverJobDiscovery normal arm64 Compiling Module.swift (in target 'EmacsSwiftModule' from project 'EmacsSwiftModule')
SwiftCompile normal arm64 Compiling\ Raw.swift /Users/admin/builder/spi-builder-workspace/Source/Swift/Raw.swift (in target 'EmacsSwiftModule' from project 'EmacsSwiftModule')
SwiftCompile normal arm64 /Users/admin/builder/spi-builder-workspace/Source/Swift/Raw.swift (in target 'EmacsSwiftModule' from project 'EmacsSwiftModule')
cd /Users/admin/builder/spi-builder-workspace/.swiftpm/xcode
builtin-SwiftPerFileCompile Raw.swift
SwiftCompile normal arm64 Compiling\ Lisp+Types.swift,\ Lock.swift /Users/admin/builder/spi-builder-workspace/Source/Swift/Lisp+Types.swift /Users/admin/builder/spi-builder-workspace/Source/Swift/Lock.swift (in target 'EmacsSwiftModule' from project 'EmacsSwiftModule')
SwiftCompile normal arm64 /Users/admin/builder/spi-builder-workspace/Source/Swift/Lisp+Types.swift (in target 'EmacsSwiftModule' from project 'EmacsSwiftModule')
cd /Users/admin/builder/spi-builder-workspace/.swiftpm/xcode
builtin-SwiftPerFileCompile Lisp+Types.swift
SwiftCompile normal arm64 /Users/admin/builder/spi-builder-workspace/Source/Swift/Lock.swift (in target 'EmacsSwiftModule' from project 'EmacsSwiftModule')
cd /Users/admin/builder/spi-builder-workspace/.swiftpm/xcode
builtin-SwiftPerFileCompile Lock.swift
SwiftDriverJobDiscovery normal arm64 Compiling Raw.swift (in target 'EmacsSwiftModule' from project 'EmacsSwiftModule')
SwiftCompile normal arm64 Compiling\ Variadic+Utils.swift /Users/admin/builder/spi-builder-workspace/Source/Swift/Variadic+Utils.swift (in target 'EmacsSwiftModule' from project 'EmacsSwiftModule')
SwiftCompile normal arm64 /Users/admin/builder/spi-builder-workspace/Source/Swift/Variadic+Utils.swift (in target 'EmacsSwiftModule' from project 'EmacsSwiftModule')
cd /Users/admin/builder/spi-builder-workspace/.swiftpm/xcode
builtin-SwiftPerFileCompile Variadic+Utils.swift
SwiftDriverJobDiscovery normal arm64 Compiling Value.swift (in target 'EmacsSwiftModule' from project 'EmacsSwiftModule')
SwiftCompile normal arm64 Compiling\ Defun+Boilerplate.swift,\ Defun.swift /Users/admin/builder/spi-builder-workspace/Source/Swift/Defun+Boilerplate.swift /Users/admin/builder/spi-builder-workspace/Source/Swift/Defun.swift (in target 'EmacsSwiftModule' from project 'EmacsSwiftModule')
SwiftCompile normal arm64 /Users/admin/builder/spi-builder-workspace/Source/Swift/Defun+Boilerplate.swift (in target 'EmacsSwiftModule' from project 'EmacsSwiftModule')
cd /Users/admin/builder/spi-builder-workspace/.swiftpm/xcode
builtin-SwiftPerFileCompile Defun+Boilerplate.swift
SwiftCompile normal arm64 /Users/admin/builder/spi-builder-workspace/Source/Swift/Defun.swift (in target 'EmacsSwiftModule' from project 'EmacsSwiftModule')
cd /Users/admin/builder/spi-builder-workspace/.swiftpm/xcode
builtin-SwiftPerFileCompile Defun.swift
SwiftDriverJobDiscovery normal arm64 Compiling Channel+LispCallback+Boilerplate.swift, Channel+SwiftCallback+Boilerplate.swift (in target 'EmacsSwiftModule' from project 'EmacsSwiftModule')
SwiftCompile normal arm64_32 Compiling\ Defun+Boilerplate.swift,\ Defun.swift /Users/admin/builder/spi-builder-workspace/Source/Swift/Defun+Boilerplate.swift /Users/admin/builder/spi-builder-workspace/Source/Swift/Defun.swift (in target 'EmacsSwiftModule' from project 'EmacsSwiftModule')
SwiftCompile normal arm64_32 /Users/admin/builder/spi-builder-workspace/Source/Swift/Defun+Boilerplate.swift (in target 'EmacsSwiftModule' from project 'EmacsSwiftModule')
cd /Users/admin/builder/spi-builder-workspace/.swiftpm/xcode
builtin-SwiftPerFileCompile Defun+Boilerplate.swift
SwiftCompile normal arm64_32 /Users/admin/builder/spi-builder-workspace/Source/Swift/Defun.swift (in target 'EmacsSwiftModule' from project 'EmacsSwiftModule')
cd /Users/admin/builder/spi-builder-workspace/.swiftpm/xcode
builtin-SwiftPerFileCompile Defun.swift
SwiftDriverJobDiscovery normal arm64 Compiling Variadic+Utils.swift (in target 'EmacsSwiftModule' from project 'EmacsSwiftModule')
SwiftCompile normal arm64 Compiling\ Call.swift,\ Channel+Hooks+Boilerplate.swift /Users/admin/builder/spi-builder-workspace/Source/Swift/Call.swift /Users/admin/builder/spi-builder-workspace/Source/Swift/Channel+Hooks+Boilerplate.swift (in target 'EmacsSwiftModule' from project 'EmacsSwiftModule')
SwiftCompile normal arm64 /Users/admin/builder/spi-builder-workspace/Source/Swift/Call.swift (in target 'EmacsSwiftModule' from project 'EmacsSwiftModule')
cd /Users/admin/builder/spi-builder-workspace/.swiftpm/xcode
builtin-SwiftPerFileCompile Call.swift
SwiftCompile normal arm64 /Users/admin/builder/spi-builder-workspace/Source/Swift/Channel+Hooks+Boilerplate.swift (in target 'EmacsSwiftModule' from project 'EmacsSwiftModule')
cd /Users/admin/builder/spi-builder-workspace/.swiftpm/xcode
builtin-SwiftPerFileCompile Channel+Hooks+Boilerplate.swift
SwiftDriverJobDiscovery normal arm64 Compiling Defun+Boilerplate.swift, Defun.swift (in target 'EmacsSwiftModule' from project 'EmacsSwiftModule')
SwiftDriverJobDiscovery normal arm64_32 Compiling Defun+Boilerplate.swift, Defun.swift (in target 'EmacsSwiftModule' from project 'EmacsSwiftModule')
SwiftDriverJobDiscovery normal arm64 Compiling Environment.swift, Error.swift (in target 'EmacsSwiftModule' from project 'EmacsSwiftModule')
SwiftDriverJobDiscovery normal arm64_32 Compiling Lisp+Types.swift, Lock.swift (in target 'EmacsSwiftModule' from project 'EmacsSwiftModule')
PruneExplicitPrecompiledModules /Users/admin/builder/spi-builder-workspace/.derivedData/Build/Intermediates.noindex/SwiftExplicitPrecompiledModules
PruneExplicitPrecompiledModules /Users/admin/builder/spi-builder-workspace/.derivedData/Build/Intermediates.noindex/ExplicitPrecompiledModules
PruneExplicitPrecompiledModules /Users/admin/builder/spi-builder-workspace/.derivedData/SDKExplicitPrecompiledModules
2026-09-19 20:01:50.828 xcodebuild[872:5462] [MT] IDERunDestination: Supported platforms for the buildables in the current scheme is empty.
** BUILD FAILED **
The following build commands failed:
SwiftCompile normal arm64_32 Compiling\ Channel.swift,\ Conversion.swift /Users/admin/builder/spi-builder-workspace/Source/Swift/Channel.swift /Users/admin/builder/spi-builder-workspace/Source/Swift/Conversion.swift (in target 'EmacsSwiftModule' from project 'EmacsSwiftModule')
SwiftCompile normal arm64_32 /Users/admin/builder/spi-builder-workspace/Source/Swift/Conversion.swift (in target 'EmacsSwiftModule' from project 'EmacsSwiftModule')
Building workspace EmacsSwiftModule with scheme EmacsSwiftModule-Package
(3 failures)
Command line invocation:
/Applications/Xcode-27.0.0-Release.Candidate.app/Contents/Developer/usr/bin/xcodebuild -IDEClonedSourcePackagesDirPathOverride=/Users/admin/builder/spi-builder-workspace/.dependencies -resolvePackageDependencies
Resolve Package Graph
Resolved source packages:
EmacsSwiftModule: /Users/admin/builder/spi-builder-workspace
SwiftDocCPlugin: https://github.com/apple/swift-docc-plugin @ 1.5.0
SymbolKit: https://github.com/swiftlang/swift-docc-symbolkit @ 1.0.0
resolved source packages: EmacsSwiftModule, SwiftDocCPlugin, SymbolKit
2026-09-19 20:02:11.536 xcodebuild[1124:6856] [MT] IDERunDestination: Supported platforms for the buildables in the current scheme is empty.
{
"dependencies" : [
{
"identity" : "swift-docc-plugin",
"requirement" : {
"range" : [
{
"lower_bound" : "1.0.0",
"upper_bound" : "2.0.0"
}
]
},
"type" : "sourceControl",
"url" : "https://github.com/apple/swift-docc-plugin"
}
],
"manifest_display_name" : "EmacsSwiftModule",
"name" : "EmacsSwiftModule",
"path" : "/Users/admin/builder/spi-builder-workspace",
"platforms" : [
{
"name" : "macos",
"version" : "10.15"
}
],
"products" : [
{
"name" : "EmacsSwiftModule",
"targets" : [
"EmacsSwiftModule"
],
"type" : {
"library" : [
"automatic"
]
}
},
{
"name" : "EmacsSwiftModuleDynamic",
"targets" : [
"EmacsSwiftModule"
],
"type" : {
"library" : [
"dynamic"
]
}
},
{
"name" : "ModuleFactoryPlugin",
"targets" : [
"ModuleFactoryPlugin"
],
"type" : {
"plugin" : null
}
},
{
"name" : "ModuleInitializerInjector",
"targets" : [
"ModuleInitializerInjector"
],
"type" : {
"executable" : null
}
}
],
"targets" : [
{
"c99name" : "ModuleInitializerInjector",
"module_type" : "SwiftTarget",
"name" : "ModuleInitializerInjector",
"path" : "Plugins",
"product_memberships" : [
"ModuleFactoryPlugin",
"ModuleInitializerInjector"
],
"sources" : [
"ModuleInitializerInjector.swift"
],
"type" : "executable"
},
{
"c99name" : "ModuleFactoryPlugin",
"module_type" : "PluginTarget",
"name" : "ModuleFactoryPlugin",
"path" : "Plugins/ModuleFactoryPlugin",
"plugin_capability" : {
"type" : "buildTool"
},
"product_memberships" : [
"ModuleFactoryPlugin"
],
"sources" : [
"ModuleFactoryPlugin.swift"
],
"target_dependencies" : [
"ModuleInitializerInjector"
],
"type" : "plugin"
},
{
"c99name" : "EmacsSwiftModuleTests",
"module_type" : "SwiftTarget",
"name" : "EmacsSwiftModuleTests",
"path" : "test",
"sources" : [
"Integration/IntegrationTests.swift",
"Unit/CallTests.swift",
"Unit/ChannelTests.swift",
"Unit/ConversionTests.swift",
"Unit/DefunTests.swift",
"Unit/ErrorTests.swift",
"Unit/LeaksTests.swift",
"Unit/LispTypesTests.swift",
"Unit/Mock/Swift/Builtins.swift",
"Unit/Mock/Swift/EmacsMock.swift",
"Unit/Mock/Swift/Storage.swift"
],
"target_dependencies" : [
"EmacsSwiftModule",
"EmacsEnvMock"
],
"type" : "test"
},
{
"c99name" : "EmacsSwiftModule",
"module_type" : "SwiftTarget",
"name" : "EmacsSwiftModule",
"path" : "Source/Swift",
"product_memberships" : [
"EmacsSwiftModule",
"EmacsSwiftModuleDynamic"
],
"sources" : [
"Call.swift",
"Channel+Hooks+Boilerplate.swift",
"Channel+LispCallback+Boilerplate.swift",
"Channel+SwiftCallback+Boilerplate.swift",
"Channel.swift",
"Conversion.swift",
"Defun+Boilerplate.swift",
"Defun.swift",
"Environment.swift",
"Error.swift",
"Lisp+Types.swift",
"Lock.swift",
"Module.swift",
"Raw.swift",
"Value.swift",
"Variadic+Utils.swift"
],
"target_dependencies" : [
"EmacsModule"
],
"type" : "library"
},
{
"c99name" : "EmacsModule",
"module_type" : "ClangTarget",
"name" : "EmacsModule",
"path" : "Source/C",
"product_memberships" : [
"EmacsSwiftModule",
"EmacsSwiftModuleDynamic"
],
"sources" : [
"placeholder.m"
],
"type" : "library"
},
{
"c99name" : "EmacsEnvMock",
"module_type" : "ClangTarget",
"name" : "EmacsEnvMock",
"path" : "test/Unit/Mock/C",
"sources" : [
"placeholder.m"
],
"target_dependencies" : [
"EmacsModule"
],
"type" : "library"
}
],
"tools_version" : "5.5"
}
{
"workspace" : {
"name" : "EmacsSwiftModule",
"schemes" : [
"EmacsSwiftModule",
"EmacsSwiftModule-Package",
"EmacsSwiftModuleDynamic",
"ModuleInitializerInjector"
]
}
}
2026-09-19 20:02:18.831 xcodebuild[1183:7247] [MT] IDERunDestination: Supported platforms for the buildables in the current scheme is empty.
Running build ...
env DEVELOPER_DIR=/Applications/Xcode-27.0.0-Release.Candidate.app xcrun xcodebuild -IDEClonedSourcePackagesDirPathOverride=$PWD/.dependencies -skipMacroValidation -skipPackagePluginValidation -derivedDataPath $PWD/.derivedData build -scheme EmacsSwiftModule-Package -destination generic/platform=watchOS
Command line invocation:
/Applications/Xcode-27.0.0-Release.Candidate.app/Contents/Developer/usr/bin/xcodebuild -IDEClonedSourcePackagesDirPathOverride=/Users/admin/builder/spi-builder-workspace/.dependencies -skipMacroValidation -skipPackagePluginValidation -derivedDataPath /Users/admin/builder/spi-builder-workspace/.derivedData build -scheme EmacsSwiftModule-Package -destination generic/platform=watchOS
Resolve Package Graph
Resolved source packages:
EmacsSwiftModule: /Users/admin/builder/spi-builder-workspace
SwiftDocCPlugin: https://github.com/apple/swift-docc-plugin @ 1.5.0
SymbolKit: https://github.com/swiftlang/swift-docc-symbolkit @ 1.0.0
ComputePackagePrebuildTargetDependencyGraph
Prepare packages
Compile plug-in “ModuleFactoryPlugin” in package “spi-builder-workspace”
[debug]: Compiling plugin to executable at /Users/admin/builder/spi-builder-workspace/.derivedData/Build/Products/PluginExecutables/ModuleFactoryPlugin
[debug]: Using compiler /Applications/Xcode-27.0.0-Release.Candidate.app/Contents/Developer/Toolchains/XcodeDefault.xctoolchain/usr/bin/swiftc
[debug]: Plugin compilation output directory '/Users/admin/builder/spi-builder-workspace/.derivedData/Build/Products/PluginExecutables'
[debug]: Computed hash of plugin compilation inputs: fb0e625fa553557d122ba613b704fce1fcec10103a8d0cf7fda7bb4a5a6efba3
Process build tool plug-in results
CreateBuildRequest
SendProjectDescription
CreateBuildOperation
ComputeTargetDependencyGraph
note: Building targets in dependency order
note: Target dependency graph (5 targets)
Target 'ModuleInitializerInjector-product' in project 'EmacsSwiftModule' (no dependencies)
Target 'EmacsSwiftModuleDynamic-product' in project 'EmacsSwiftModule'
➜ Explicit dependency on target 'EmacsSwiftModule' in project 'EmacsSwiftModule'
➜ Explicit dependency on target 'EmacsModule' in project 'EmacsSwiftModule'
Target 'EmacsSwiftModule-product' in project 'EmacsSwiftModule'
➜ Explicit dependency on target 'EmacsSwiftModule' in project 'EmacsSwiftModule'
➜ Explicit dependency on target 'EmacsModule' in project 'EmacsSwiftModule'
Target 'EmacsSwiftModule' in project 'EmacsSwiftModule'
➜ Explicit dependency on target 'EmacsModule' in project 'EmacsSwiftModule'
Target 'EmacsModule' in project 'EmacsSwiftModule' (no dependencies)
GatherProvisioningInputs
CreateBuildDescription
ClangStatCache /Applications/Xcode-27.0.0-Release.Candidate.app/Contents/Developer/Toolchains/XcodeDefault.xctoolchain/usr/bin/clang-stat-cache /Applications/Xcode-27.0.0-Release.Candidate.app/Contents/Developer/Platforms/WatchOS.platform/Developer/SDKs/WatchOS27.0.sdk /Users/admin/builder/spi-builder-workspace/.derivedData/SDKStatCaches.noindex/watchos27.0-24R360-e829b21a6f8c9b70876ba0858053c04477534ef55a1706bf4c1112bbb242f0a2.sdkstatcache
cd /Users/admin/builder/spi-builder-workspace/.swiftpm/xcode
/Applications/Xcode-27.0.0-Release.Candidate.app/Contents/Developer/Toolchains/XcodeDefault.xctoolchain/usr/bin/clang-stat-cache /Applications/Xcode-27.0.0-Release.Candidate.app/Contents/Developer/Platforms/WatchOS.platform/Developer/SDKs/WatchOS27.0.sdk -o /Users/admin/builder/spi-builder-workspace/.derivedData/SDKStatCaches.noindex/watchos27.0-24R360-e829b21a6f8c9b70876ba0858053c04477534ef55a1706bf4c1112bbb242f0a2.sdkstatcache
SwiftDriver ModuleInitializerInjector normal arm64_32 com.apple.xcode.tools.swift.compiler (in target 'ModuleInitializerInjector-product' from project 'EmacsSwiftModule')
cd /Users/admin/builder/spi-builder-workspace/.swiftpm/xcode
builtin-SwiftDriver -- /Applications/Xcode-27.0.0-Release.Candidate.app/Contents/Developer/Toolchains/XcodeDefault.xctoolchain/usr/bin/swiftc -module-name ModuleInitializerInjector -Onone @/Users/admin/builder/spi-builder-workspace/.derivedData/Build/Intermediates.noindex/EmacsSwiftModule.build/Debug-watchos/ModuleInitializerInjector-p.build/Objects-normal/arm64_32/ModuleInitializerInjector.SwiftFileList -DSWIFT_PACKAGE -DDEBUG -DXcode -plugin-path /Applications/Xcode-27.0.0-Release.Candidate.app/Contents/Developer/Toolchains/XcodeDefault.xctoolchain/usr/lib/swift/host/plugins/testing -enable-experimental-feature DebugDescriptionMacro -sdk /Applications/Xcode-27.0.0-Release.Candidate.app/Contents/Developer/Platforms/WatchOS.platform/Developer/SDKs/WatchOS27.0.sdk -target arm64_32-apple-watchos9.0 -g -module-cache-path /Users/admin/builder/spi-builder-workspace/.derivedData/ModuleCache.noindex -Xfrontend -serialize-debugging-options -profile-coverage-mapping -profile-generate -enable-testing -index-store-path /Users/admin/builder/spi-builder-workspace/.derivedData/Index.noindex/DataStore -Xcc -D_LIBCPP_HARDENING_MODE\=_LIBCPP_HARDENING_MODE_DEBUG -swift-version 5 -I /Users/admin/builder/spi-builder-workspace/.derivedData/Build/Products/Debug-watchos -Isystem /Applications/Xcode-27.0.0-Release.Candidate.app/Contents/Developer/Platforms/WatchOS.platform/Developer/usr/lib -F /Users/admin/builder/spi-builder-workspace/.derivedData/Build/Products/Debug-watchos -F /Applications/Xcode-27.0.0-Release.Candidate.app/Contents/Developer/Platforms/WatchOS.platform/Developer/Library/Frameworks -F /Applications/Xcode-27.0.0-Release.Candidate.app/Contents/Developer/Platforms/WatchOS.platform/Developer/SDKs/WatchOS27.0.sdk/Developer/Library/Frameworks -parse-as-library -c -j10 -enable-batch-mode -incremental -Xcc -ivfsstatcache -Xcc /Users/admin/builder/spi-builder-workspace/.derivedData/SDKStatCaches.noindex/watchos27.0-24R360-e829b21a6f8c9b70876ba0858053c04477534ef55a1706bf4c1112bbb242f0a2.sdkstatcache -output-file-map /Users/admin/builder/spi-builder-workspace/.derivedData/Build/Intermediates.noindex/EmacsSwiftModule.build/Debug-watchos/ModuleInitializerInjector-p.build/Objects-normal/arm64_32/ModuleInitializerInjector-OutputFileMap.json -save-temps -no-color-diagnostics -explicit-module-build -module-cache-path /Users/admin/builder/spi-builder-workspace/.derivedData/Build/Intermediates.noindex/SwiftExplicitPrecompiledModules -clang-scanner-module-cache-path /Users/admin/builder/spi-builder-workspace/.derivedData/ModuleCache.noindex -sdk-module-cache-path /Users/admin/builder/spi-builder-workspace/.derivedData/SDKExplicitPrecompiledModules -emit-dependencies -emit-module -emit-module-path /Users/admin/builder/spi-builder-workspace/.derivedData/Build/Intermediates.noindex/EmacsSwiftModule.build/Debug-watchos/ModuleInitializerInjector-p.build/Objects-normal/arm64_32/ModuleInitializerInjector.swiftmodule -serialize-diagnostics -dependency-scan-serialize-diagnostics-path /Users/admin/builder/spi-builder-workspace/.derivedData/Build/Intermediates.noindex/EmacsSwiftModule.build/Debug-watchos/ModuleInitializerInjector-p.build/Objects-normal/arm64_32/ModuleInitializerInjector-dependency-scan.dia -validate-clang-modules-once -clang-build-session-file /Users/admin/builder/spi-builder-workspace/.derivedData/ModuleCache.noindex/Session.modulevalidation -Xcc -fmodules-prune-interval\=86400 -Xcc -fmodules-prune-after\=345600 -emit-const-values -const-gather-protocols-list /Users/admin/builder/spi-builder-workspace/.derivedData/Build/Intermediates.noindex/EmacsSwiftModule.build/Debug-watchos/ModuleInitializerInjector-p.build/Objects-normal/arm64_32/ModuleInitializerInjector_const_extract_protocols.json -Xcc -I/Users/admin/builder/spi-builder-workspace/.derivedData/Build/Products/Debug-watchos/include -Xcc -I/Users/admin/builder/spi-builder-workspace/.derivedData/Build/Intermediates.noindex/EmacsSwiftModule.build/Debug-watchos/ModuleInitializerInjector-p.build/DerivedSources-normal/arm64_32 -Xcc -I/Users/admin/builder/spi-builder-workspace/.derivedData/Build/Intermediates.noindex/EmacsSwiftModule.build/Debug-watchos/ModuleInitializerInjector-p.build/DerivedSources/arm64_32 -Xcc -I/Users/admin/builder/spi-builder-workspace/.derivedData/Build/Intermediates.noindex/EmacsSwiftModule.build/Debug-watchos/ModuleInitializerInjector-p.build/DerivedSources -Xcc -DSWIFT_PACKAGE -Xcc -DDEBUG\=1 -working-directory /Users/admin/builder/spi-builder-workspace/.swiftpm/xcode -experimental-emit-module-separately -disable-cmo
SwiftDriver ModuleInitializerInjector normal arm64 com.apple.xcode.tools.swift.compiler (in target 'ModuleInitializerInjector-product' from project 'EmacsSwiftModule')
cd /Users/admin/builder/spi-builder-workspace/.swiftpm/xcode
builtin-SwiftDriver -- /Applications/Xcode-27.0.0-Release.Candidate.app/Contents/Developer/Toolchains/XcodeDefault.xctoolchain/usr/bin/swiftc -module-name ModuleInitializerInjector -Onone @/Users/admin/builder/spi-builder-workspace/.derivedData/Build/Intermediates.noindex/EmacsSwiftModule.build/Debug-watchos/ModuleInitializerInjector-p.build/Objects-normal/arm64/ModuleInitializerInjector.SwiftFileList -DSWIFT_PACKAGE -DDEBUG -DXcode -plugin-path /Applications/Xcode-27.0.0-Release.Candidate.app/Contents/Developer/Toolchains/XcodeDefault.xctoolchain/usr/lib/swift/host/plugins/testing -enable-experimental-feature DebugDescriptionMacro -sdk /Applications/Xcode-27.0.0-Release.Candidate.app/Contents/Developer/Platforms/WatchOS.platform/Developer/SDKs/WatchOS27.0.sdk -target arm64-apple-watchos9.0 -g -module-cache-path /Users/admin/builder/spi-builder-workspace/.derivedData/ModuleCache.noindex -Xfrontend -serialize-debugging-options -profile-coverage-mapping -profile-generate -enable-testing -index-store-path /Users/admin/builder/spi-builder-workspace/.derivedData/Index.noindex/DataStore -Xcc -D_LIBCPP_HARDENING_MODE\=_LIBCPP_HARDENING_MODE_DEBUG -swift-version 5 -I /Users/admin/builder/spi-builder-workspace/.derivedData/Build/Products/Debug-watchos -Isystem /Applications/Xcode-27.0.0-Release.Candidate.app/Contents/Developer/Platforms/WatchOS.platform/Developer/usr/lib -F /Users/admin/builder/spi-builder-workspace/.derivedData/Build/Products/Debug-watchos -F /Applications/Xcode-27.0.0-Release.Candidate.app/Contents/Developer/Platforms/WatchOS.platform/Developer/Library/Frameworks -F /Applications/Xcode-27.0.0-Release.Candidate.app/Contents/Developer/Platforms/WatchOS.platform/Developer/SDKs/WatchOS27.0.sdk/Developer/Library/Frameworks -parse-as-library -c -j10 -enable-batch-mode -incremental -Xcc -ivfsstatcache -Xcc /Users/admin/builder/spi-builder-workspace/.derivedData/SDKStatCaches.noindex/watchos27.0-24R360-e829b21a6f8c9b70876ba0858053c04477534ef55a1706bf4c1112bbb242f0a2.sdkstatcache -output-file-map /Users/admin/builder/spi-builder-workspace/.derivedData/Build/Intermediates.noindex/EmacsSwiftModule.build/Debug-watchos/ModuleInitializerInjector-p.build/Objects-normal/arm64/ModuleInitializerInjector-OutputFileMap.json -save-temps -no-color-diagnostics -explicit-module-build -module-cache-path /Users/admin/builder/spi-builder-workspace/.derivedData/Build/Intermediates.noindex/SwiftExplicitPrecompiledModules -clang-scanner-module-cache-path /Users/admin/builder/spi-builder-workspace/.derivedData/ModuleCache.noindex -sdk-module-cache-path /Users/admin/builder/spi-builder-workspace/.derivedData/SDKExplicitPrecompiledModules -emit-dependencies -emit-module -emit-module-path /Users/admin/builder/spi-builder-workspace/.derivedData/Build/Intermediates.noindex/EmacsSwiftModule.build/Debug-watchos/ModuleInitializerInjector-p.build/Objects-normal/arm64/ModuleInitializerInjector.swiftmodule -serialize-diagnostics -dependency-scan-serialize-diagnostics-path /Users/admin/builder/spi-builder-workspace/.derivedData/Build/Intermediates.noindex/EmacsSwiftModule.build/Debug-watchos/ModuleInitializerInjector-p.build/Objects-normal/arm64/ModuleInitializerInjector-dependency-scan.dia -validate-clang-modules-once -clang-build-session-file /Users/admin/builder/spi-builder-workspace/.derivedData/ModuleCache.noindex/Session.modulevalidation -Xcc -fmodules-prune-interval\=86400 -Xcc -fmodules-prune-after\=345600 -emit-const-values -const-gather-protocols-list /Users/admin/builder/spi-builder-workspace/.derivedData/Build/Intermediates.noindex/EmacsSwiftModule.build/Debug-watchos/ModuleInitializerInjector-p.build/Objects-normal/arm64/ModuleInitializerInjector_const_extract_protocols.json -Xcc -I/Users/admin/builder/spi-builder-workspace/.derivedData/Build/Products/Debug-watchos/include -Xcc -I/Users/admin/builder/spi-builder-workspace/.derivedData/Build/Intermediates.noindex/EmacsSwiftModule.build/Debug-watchos/ModuleInitializerInjector-p.build/DerivedSources-normal/arm64 -Xcc -I/Users/admin/builder/spi-builder-workspace/.derivedData/Build/Intermediates.noindex/EmacsSwiftModule.build/Debug-watchos/ModuleInitializerInjector-p.build/DerivedSources/arm64 -Xcc -I/Users/admin/builder/spi-builder-workspace/.derivedData/Build/Intermediates.noindex/EmacsSwiftModule.build/Debug-watchos/ModuleInitializerInjector-p.build/DerivedSources -Xcc -DSWIFT_PACKAGE -Xcc -DDEBUG\=1 -working-directory /Users/admin/builder/spi-builder-workspace/.swiftpm/xcode -experimental-emit-module-separately -disable-cmo
SwiftDriver EmacsSwiftModule normal arm64_32 com.apple.xcode.tools.swift.compiler (in target 'EmacsSwiftModule' from project 'EmacsSwiftModule')
cd /Users/admin/builder/spi-builder-workspace/.swiftpm/xcode
builtin-SwiftDriver -- /Applications/Xcode-27.0.0-Release.Candidate.app/Contents/Developer/Toolchains/XcodeDefault.xctoolchain/usr/bin/swiftc -parse-as-library -module-name EmacsSwiftModule -Onone @/Users/admin/builder/spi-builder-workspace/.derivedData/Build/Intermediates.noindex/EmacsSwiftModule.build/Debug-watchos/EmacsSwiftModule-t.build/Objects-normal/arm64_32/EmacsSwiftModule.SwiftFileList -DSWIFT_PACKAGE -DDEBUG -DSWIFT_MODULE_RESOURCE_BUNDLE_UNAVAILABLE -Xcc -fmodule-map-file\=/Users/admin/builder/spi-builder-workspace/.derivedData/Build/Intermediates.noindex/GeneratedModuleMaps-watchos/EmacsModule.modulemap -DXcode -plugin-path /Applications/Xcode-27.0.0-Release.Candidate.app/Contents/Developer/Toolchains/XcodeDefault.xctoolchain/usr/lib/swift/host/plugins/testing -enable-experimental-feature DebugDescriptionMacro -sdk /Applications/Xcode-27.0.0-Release.Candidate.app/Contents/Developer/Platforms/WatchOS.platform/Developer/SDKs/WatchOS27.0.sdk -target arm64_32-apple-watchos9.0 -g -module-cache-path /Users/admin/builder/spi-builder-workspace/.derivedData/ModuleCache.noindex -Xfrontend -serialize-debugging-options -profile-coverage-mapping -profile-generate -enable-testing -index-store-path /Users/admin/builder/spi-builder-workspace/.derivedData/Index.noindex/DataStore -Xcc -D_LIBCPP_HARDENING_MODE\=_LIBCPP_HARDENING_MODE_DEBUG -swift-version 5 -I /Users/admin/builder/spi-builder-workspace/.derivedData/Build/Products/Debug-watchos -Isystem /Applications/Xcode-27.0.0-Release.Candidate.app/Contents/Developer/Platforms/WatchOS.platform/Developer/usr/lib -F /Users/admin/builder/spi-builder-workspace/.derivedData/Build/Products/Debug-watchos/PackageFrameworks -F /Users/admin/builder/spi-builder-workspace/.derivedData/Build/Products/Debug-watchos -F /Applications/Xcode-27.0.0-Release.Candidate.app/Contents/Developer/Platforms/WatchOS.platform/Developer/Library/Frameworks -F /Applications/Xcode-27.0.0-Release.Candidate.app/Contents/Developer/Platforms/WatchOS.platform/Developer/SDKs/WatchOS27.0.sdk/Developer/Library/Frameworks -c -j10 -enable-batch-mode -incremental -Xcc -ivfsstatcache -Xcc /Users/admin/builder/spi-builder-workspace/.derivedData/SDKStatCaches.noindex/watchos27.0-24R360-e829b21a6f8c9b70876ba0858053c04477534ef55a1706bf4c1112bbb242f0a2.sdkstatcache -output-file-map /Users/admin/builder/spi-builder-workspace/.derivedData/Build/Intermediates.noindex/EmacsSwiftModule.build/Debug-watchos/EmacsSwiftModule-t.build/Objects-normal/arm64_32/EmacsSwiftModule-OutputFileMap.json -save-temps -no-color-diagnostics -explicit-module-build -module-cache-path /Users/admin/builder/spi-builder-workspace/.derivedData/Build/Intermediates.noindex/SwiftExplicitPrecompiledModules -clang-scanner-module-cache-path /Users/admin/builder/spi-builder-workspace/.derivedData/ModuleCache.noindex -sdk-module-cache-path /Users/admin/builder/spi-builder-workspace/.derivedData/SDKExplicitPrecompiledModules -emit-dependencies -emit-module -emit-module-path /Users/admin/builder/spi-builder-workspace/.derivedData/Build/Intermediates.noindex/EmacsSwiftModule.build/Debug-watchos/EmacsSwiftModule-t.build/Objects-normal/arm64_32/EmacsSwiftModule.swiftmodule -serialize-diagnostics -dependency-scan-serialize-diagnostics-path /Users/admin/builder/spi-builder-workspace/.derivedData/Build/Intermediates.noindex/EmacsSwiftModule.build/Debug-watchos/EmacsSwiftModule-t.build/Objects-normal/arm64_32/EmacsSwiftModule-dependency-scan.dia -validate-clang-modules-once -clang-build-session-file /Users/admin/builder/spi-builder-workspace/.derivedData/ModuleCache.noindex/Session.modulevalidation -Xcc -fmodules-prune-interval\=86400 -Xcc -fmodules-prune-after\=345600 -emit-const-values -const-gather-protocols-list /Users/admin/builder/spi-builder-workspace/.derivedData/Build/Intermediates.noindex/EmacsSwiftModule.build/Debug-watchos/EmacsSwiftModule-t.build/Objects-normal/arm64_32/EmacsSwiftModule_const_extract_protocols.json -Xcc -I/Users/admin/builder/spi-builder-workspace/Source/C/include -Xcc -I/Users/admin/builder/spi-builder-workspace/.derivedData/Build/Products/Debug-watchos/include -Xcc -I/Users/admin/builder/spi-builder-workspace/.derivedData/Build/Intermediates.noindex/EmacsSwiftModule.build/Debug-watchos/EmacsSwiftModule-t.build/DerivedSources-normal/arm64_32 -Xcc -I/Users/admin/builder/spi-builder-workspace/.derivedData/Build/Intermediates.noindex/EmacsSwiftModule.build/Debug-watchos/EmacsSwiftModule-t.build/DerivedSources/arm64_32 -Xcc -I/Users/admin/builder/spi-builder-workspace/.derivedData/Build/Intermediates.noindex/EmacsSwiftModule.build/Debug-watchos/EmacsSwiftModule-t.build/DerivedSources -Xcc -DSWIFT_PACKAGE -Xcc -DDEBUG\=1 -emit-objc-header -emit-objc-header-path /Users/admin/builder/spi-builder-workspace/.derivedData/Build/Intermediates.noindex/EmacsSwiftModule.build/Debug-watchos/EmacsSwiftModule-t.build/Objects-normal/arm64_32/EmacsSwiftModule-Swift.h -working-directory /Users/admin/builder/spi-builder-workspace/.swiftpm/xcode -experimental-emit-module-separately -disable-cmo
SwiftDriver EmacsSwiftModule normal arm64 com.apple.xcode.tools.swift.compiler (in target 'EmacsSwiftModule' from project 'EmacsSwiftModule')
cd /Users/admin/builder/spi-builder-workspace/.swiftpm/xcode
builtin-SwiftDriver -- /Applications/Xcode-27.0.0-Release.Candidate.app/Contents/Developer/Toolchains/XcodeDefault.xctoolchain/usr/bin/swiftc -parse-as-library -module-name EmacsSwiftModule -Onone @/Users/admin/builder/spi-builder-workspace/.derivedData/Build/Intermediates.noindex/EmacsSwiftModule.build/Debug-watchos/EmacsSwiftModule-t.build/Objects-normal/arm64/EmacsSwiftModule.SwiftFileList -DSWIFT_PACKAGE -DDEBUG -DSWIFT_MODULE_RESOURCE_BUNDLE_UNAVAILABLE -Xcc -fmodule-map-file\=/Users/admin/builder/spi-builder-workspace/.derivedData/Build/Intermediates.noindex/GeneratedModuleMaps-watchos/EmacsModule.modulemap -DXcode -plugin-path /Applications/Xcode-27.0.0-Release.Candidate.app/Contents/Developer/Toolchains/XcodeDefault.xctoolchain/usr/lib/swift/host/plugins/testing -enable-experimental-feature DebugDescriptionMacro -sdk /Applications/Xcode-27.0.0-Release.Candidate.app/Contents/Developer/Platforms/WatchOS.platform/Developer/SDKs/WatchOS27.0.sdk -target arm64-apple-watchos9.0 -g -module-cache-path /Users/admin/builder/spi-builder-workspace/.derivedData/ModuleCache.noindex -Xfrontend -serialize-debugging-options -profile-coverage-mapping -profile-generate -enable-testing -index-store-path /Users/admin/builder/spi-builder-workspace/.derivedData/Index.noindex/DataStore -Xcc -D_LIBCPP_HARDENING_MODE\=_LIBCPP_HARDENING_MODE_DEBUG -swift-version 5 -I /Users/admin/builder/spi-builder-workspace/.derivedData/Build/Products/Debug-watchos -Isystem /Applications/Xcode-27.0.0-Release.Candidate.app/Contents/Developer/Platforms/WatchOS.platform/Developer/usr/lib -F /Users/admin/builder/spi-builder-workspace/.derivedData/Build/Products/Debug-watchos/PackageFrameworks -F /Users/admin/builder/spi-builder-workspace/.derivedData/Build/Products/Debug-watchos -F /Applications/Xcode-27.0.0-Release.Candidate.app/Contents/Developer/Platforms/WatchOS.platform/Developer/Library/Frameworks -F /Applications/Xcode-27.0.0-Release.Candidate.app/Contents/Developer/Platforms/WatchOS.platform/Developer/SDKs/WatchOS27.0.sdk/Developer/Library/Frameworks -c -j10 -enable-batch-mode -incremental -Xcc -ivfsstatcache -Xcc /Users/admin/builder/spi-builder-workspace/.derivedData/SDKStatCaches.noindex/watchos27.0-24R360-e829b21a6f8c9b70876ba0858053c04477534ef55a1706bf4c1112bbb242f0a2.sdkstatcache -output-file-map /Users/admin/builder/spi-builder-workspace/.derivedData/Build/Intermediates.noindex/EmacsSwiftModule.build/Debug-watchos/EmacsSwiftModule-t.build/Objects-normal/arm64/EmacsSwiftModule-OutputFileMap.json -save-temps -no-color-diagnostics -explicit-module-build -module-cache-path /Users/admin/builder/spi-builder-workspace/.derivedData/Build/Intermediates.noindex/SwiftExplicitPrecompiledModules -clang-scanner-module-cache-path /Users/admin/builder/spi-builder-workspace/.derivedData/ModuleCache.noindex -sdk-module-cache-path /Users/admin/builder/spi-builder-workspace/.derivedData/SDKExplicitPrecompiledModules -emit-dependencies -emit-module -emit-module-path /Users/admin/builder/spi-builder-workspace/.derivedData/Build/Intermediates.noindex/EmacsSwiftModule.build/Debug-watchos/EmacsSwiftModule-t.build/Objects-normal/arm64/EmacsSwiftModule.swiftmodule -serialize-diagnostics -dependency-scan-serialize-diagnostics-path /Users/admin/builder/spi-builder-workspace/.derivedData/Build/Intermediates.noindex/EmacsSwiftModule.build/Debug-watchos/EmacsSwiftModule-t.build/Objects-normal/arm64/EmacsSwiftModule-dependency-scan.dia -validate-clang-modules-once -clang-build-session-file /Users/admin/builder/spi-builder-workspace/.derivedData/ModuleCache.noindex/Session.modulevalidation -Xcc -fmodules-prune-interval\=86400 -Xcc -fmodules-prune-after\=345600 -emit-const-values -const-gather-protocols-list /Users/admin/builder/spi-builder-workspace/.derivedData/Build/Intermediates.noindex/EmacsSwiftModule.build/Debug-watchos/EmacsSwiftModule-t.build/Objects-normal/arm64/EmacsSwiftModule_const_extract_protocols.json -Xcc -I/Users/admin/builder/spi-builder-workspace/Source/C/include -Xcc -I/Users/admin/builder/spi-builder-workspace/.derivedData/Build/Products/Debug-watchos/include -Xcc -I/Users/admin/builder/spi-builder-workspace/.derivedData/Build/Intermediates.noindex/EmacsSwiftModule.build/Debug-watchos/EmacsSwiftModule-t.build/DerivedSources-normal/arm64 -Xcc -I/Users/admin/builder/spi-builder-workspace/.derivedData/Build/Intermediates.noindex/EmacsSwiftModule.build/Debug-watchos/EmacsSwiftModule-t.build/DerivedSources/arm64 -Xcc -I/Users/admin/builder/spi-builder-workspace/.derivedData/Build/Intermediates.noindex/EmacsSwiftModule.build/Debug-watchos/EmacsSwiftModule-t.build/DerivedSources -Xcc -DSWIFT_PACKAGE -Xcc -DDEBUG\=1 -emit-objc-header -emit-objc-header-path /Users/admin/builder/spi-builder-workspace/.derivedData/Build/Intermediates.noindex/EmacsSwiftModule.build/Debug-watchos/EmacsSwiftModule-t.build/Objects-normal/arm64/EmacsSwiftModule-Swift.h -working-directory /Users/admin/builder/spi-builder-workspace/.swiftpm/xcode -experimental-emit-module-separately -disable-cmo
SwiftCompile normal arm64_32 Compiling\ Conversion.swift /Users/admin/builder/spi-builder-workspace/Source/Swift/Conversion.swift (in target 'EmacsSwiftModule' from project 'EmacsSwiftModule')
SwiftCompile normal arm64_32 /Users/admin/builder/spi-builder-workspace/Source/Swift/Conversion.swift (in target 'EmacsSwiftModule' from project 'EmacsSwiftModule')
cd /Users/admin/builder/spi-builder-workspace/.swiftpm/xcode
builtin-SwiftPerFileCompile Conversion.swift
/Users/admin/builder/spi-builder-workspace/Source/Swift/Conversion.swift:275:58: error: cannot convert value of type 'Int' to expected argument type 'intmax_t' (aka 'Int64')
273 |
274 | func make(_ from: Int) throws -> EmacsValue {
275 | try EmacsValue(from: check(pointee.make_integer(raw, from)))
| `- error: cannot convert value of type 'Int' to expected argument type 'intmax_t' (aka 'Int64')
276 | }
277 |
Failed frontend command:
/Applications/Xcode-27.0.0-Release.Candidate.app/Contents/Developer/Toolchains/XcodeDefault.xctoolchain/usr/bin/swift-frontend -frontend -c /Users/admin/builder/spi-builder-workspace/Source/Swift/Call.swift /Users/admin/builder/spi-builder-workspace/Source/Swift/Channel+Hooks+Boilerplate.swift /Users/admin/builder/spi-builder-workspace/Source/Swift/Channel+LispCallback+Boilerplate.swift /Users/admin/builder/spi-builder-workspace/Source/Swift/Channel+SwiftCallback+Boilerplate.swift /Users/admin/builder/spi-builder-workspace/Source/Swift/Channel.swift -primary-file /Users/admin/builder/spi-builder-workspace/Source/Swift/Conversion.swift /Users/admin/builder/spi-builder-workspace/Source/Swift/Defun+Boilerplate.swift /Users/admin/builder/spi-builder-workspace/Source/Swift/Defun.swift /Users/admin/builder/spi-builder-workspace/Source/Swift/Environment.swift /Users/admin/builder/spi-builder-workspace/Source/Swift/Error.swift /Users/admin/builder/spi-builder-workspace/Source/Swift/Lisp+Types.swift /Users/admin/builder/spi-builder-workspace/Source/Swift/Lock.swift /Users/admin/builder/spi-builder-workspace/Source/Swift/Module.swift /Users/admin/builder/spi-builder-workspace/Source/Swift/Raw.swift /Users/admin/builder/spi-builder-workspace/Source/Swift/Value.swift /Users/admin/builder/spi-builder-workspace/Source/Swift/Variadic+Utils.swift -emit-dependencies-path /Users/admin/builder/spi-builder-workspace/.derivedData/Build/Intermediates.noindex/EmacsSwiftModule.build/Debug-watchos/EmacsSwiftModule-t.build/Objects-normal/arm64_32/Conversion.d -emit-const-values-path /Users/admin/builder/spi-builder-workspace/.derivedData/Build/Intermediates.noindex/EmacsSwiftModule.build/Debug-watchos/EmacsSwiftModule-t.build/Objects-normal/arm64_32/Conversion.swiftconstvalues -emit-reference-dependencies-path /Users/admin/builder/spi-builder-workspace/.derivedData/Build/Intermediates.noindex/EmacsSwiftModule.build/Debug-watchos/EmacsSwiftModule-t.build/Objects-normal/arm64_32/Conversion.swiftdeps -serialize-diagnostics-path /Users/admin/builder/spi-builder-workspace/.derivedData/Build/Intermediates.noindex/EmacsSwiftModule.build/Debug-watchos/EmacsSwiftModule-t.build/Objects-normal/arm64_32/Conversion.dia -target arm64_32-apple-watchos9.0 -disable-cross-import-overlay-search -load-resolved-plugin /Applications/Xcode-27.0.0-Release.Candidate.app/Contents/Developer/Platforms/WatchOS.platform/Developer/usr/lib/swift/host/plugins/libFoundationMacros.dylib\#/Applications/Xcode-27.0.0-Release.Candidate.app/Contents/Developer/Platforms/WatchOS.platform/Developer/usr/bin/swift-plugin-server\#FoundationMacros -load-resolved-plugin /Applications/Xcode-27.0.0-Release.Candidate.app/Contents/Developer/Platforms/WatchOS.platform/Developer/usr/lib/swift/host/plugins/libObservationMacros.dylib\#/Applications/Xcode-27.0.0-Release.Candidate.app/Contents/Developer/Platforms/WatchOS.platform/Developer/usr/bin/swift-plugin-server\#ObservationMacros -load-resolved-plugin /Applications/Xcode-27.0.0-Release.Candidate.app/Contents/Developer/Platforms/WatchOS.platform/Developer/usr/lib/swift/host/plugins/libSwiftMacros.dylib\#/Applications/Xcode-27.0.0-Release.Candidate.app/Contents/Developer/Platforms/WatchOS.platform/Developer/usr/bin/swift-plugin-server\#SwiftMacros -disable-implicit-swift-modules -Xcc -fno-implicit-modules -Xcc -fno-implicit-module-maps -explicit-swift-module-map-file /Users/admin/builder/spi-builder-workspace/.derivedData/Build/Intermediates.noindex/EmacsSwiftModule.build/Debug-watchos/EmacsSwiftModule-t.build/Objects-normal/arm64_32/EmacsSwiftModule-dependencies-1.json -enable-objc-interop -sdk /Applications/Xcode-27.0.0-Release.Candidate.app/Contents/Developer/Platforms/WatchOS.platform/Developer/SDKs/WatchOS27.0.sdk -I /Users/admin/builder/spi-builder-workspace/.derivedData/Build/Products/Debug-watchos -Isystem /Applications/Xcode-27.0.0-Release.Candidate.app/Contents/Developer/Platforms/WatchOS.platform/Developer/usr/lib -F /Users/admin/builder/spi-builder-workspace/.derivedData/Build/Products/Debug-watchos/PackageFrameworks -F /Users/admin/builder/spi-builder-workspace/.derivedData/Build/Products/Debug-watchos -F /Applications/Xcode-27.0.0-Release.Candidate.app/Contents/Developer/Platforms/WatchOS.platform/Developer/Library/Frameworks -F /Applications/Xcode-27.0.0-Release.Candidate.app/Contents/Developer/Platforms/WatchOS.platform/Developer/SDKs/WatchOS27.0.sdk/Developer/Library/Frameworks -module-cache-path /Users/admin/builder/spi-builder-workspace/.derivedData/Build/Intermediates.noindex/SwiftExplicitPrecompiledModules -no-color-diagnostics -Xcc -fno-color-diagnostics -enable-testing -g -debug-info-format\=dwarf -dwarf-version\=4 -profile-generate -profile-coverage-mapping -swift-version 5 -Onone -D SWIFT_PACKAGE -D DEBUG -D SWIFT_MODULE_RESOURCE_BUNDLE_UNAVAILABLE -D Xcode -serialize-debugging-options -enable-experimental-feature DebugDescriptionMacro -empty-abi-descriptor -validate-clang-modules-once -clang-build-session-file /Users/admin/builder/spi-builder-workspace/.derivedData/ModuleCache.noindex/Session.modulevalidation -Xcc -working-directory -Xcc /Users/admin/builder/spi-builder-workspace/.swiftpm/xcode -enable-anonymous-context-mangled-names -file-compilation-dir /Users/admin/builder/spi-builder-workspace/.swiftpm/xcode -Xcc -fmodule-map-file\=/Users/admin/builder/spi-builder-workspace/.derivedData/Build/Intermediates.noindex/GeneratedModuleMaps-watchos/EmacsModule.modulemap -Xcc -D_LIBCPP_HARDENING_MODE\=_LIBCPP_HARDENING_MODE_DEBUG -Xcc -ivfsstatcache -Xcc /Users/admin/builder/spi-builder-workspace/.derivedData/SDKStatCaches.noindex/watchos27.0-24R360-e829b21a6f8c9b70876ba0858053c04477534ef55a1706bf4c1112bbb242f0a2.sdkstatcache -Xcc -fmodules-prune-interval\=86400 -Xcc -fmodules-prune-after\=345600 -Xcc -I/Users/admin/builder/spi-builder-workspace/Source/C/include -Xcc -I/Users/admin/builder/spi-builder-workspace/.derivedData/Build/Products/Debug-watchos/include -Xcc -I/Users/admin/builder/spi-builder-workspace/.derivedData/Build/Intermediates.noindex/EmacsSwiftModule.build/Debug-watchos/EmacsSwiftModule-t.build/DerivedSources-normal/arm64_32 -Xcc -I/Users/admin/builder/spi-builder-workspace/.derivedData/Build/Intermediates.noindex/EmacsSwiftModule.build/Debug-watchos/EmacsSwiftModule-t.build/DerivedSources/arm64_32 -Xcc -I/Users/admin/builder/spi-builder-workspace/.derivedData/Build/Intermediates.noindex/EmacsSwiftModule.build/Debug-watchos/EmacsSwiftModule-t.build/DerivedSources -Xcc -DSWIFT_PACKAGE -Xcc -DDEBUG\=1 -no-auto-bridging-header-chaining -module-name EmacsSwiftModule -const-gather-protocols-file /Users/admin/builder/spi-builder-workspace/.derivedData/Build/Intermediates.noindex/EmacsSwiftModule.build/Debug-watchos/EmacsSwiftModule-t.build/Objects-normal/arm64_32/EmacsSwiftModule_const_extract_protocols.json -disable-clang-spi -clang-target arm64_32-apple-watchos27.0 -target-sdk-version 27.0 -target-sdk-name watchos27.0 -in-process-plugin-server-path /Applications/Xcode-27.0.0-Release.Candidate.app/Contents/Developer/Toolchains/XcodeDefault.xctoolchain/usr/lib/swift/host/libSwiftInProcPluginServer.dylib -parse-as-library -o /Users/admin/builder/spi-builder-workspace/.derivedData/Build/Intermediates.noindex/EmacsSwiftModule.build/Debug-watchos/EmacsSwiftModule-t.build/Objects-normal/arm64_32/Conversion.o -debug-module-path /Users/admin/builder/spi-builder-workspace/.derivedData/Build/Intermediates.noindex/EmacsSwiftModule.build/Debug-watchos/EmacsSwiftModule-t.build/Objects-normal/arm64_32/EmacsSwiftModule.swiftmodule -index-unit-output-path /EmacsSwiftModule.build/Debug-watchos/EmacsSwiftModule-t.build/Objects-normal/arm64_32/Conversion.o -index-store-path /Users/admin/builder/spi-builder-workspace/.derivedData/Index.noindex/DataStore -index-system-modules
SwiftCompile normal arm64_32 Compiling\ Channel.swift /Users/admin/builder/spi-builder-workspace/Source/Swift/Channel.swift (in target 'EmacsSwiftModule' from project 'EmacsSwiftModule')
SwiftCompile normal arm64_32 /Users/admin/builder/spi-builder-workspace/Source/Swift/Channel.swift (in target 'EmacsSwiftModule' from project 'EmacsSwiftModule')
cd /Users/admin/builder/spi-builder-workspace/.swiftpm/xcode
builtin-SwiftPerFileCompile Channel.swift
SwiftEmitModule normal arm64_32 Emitting\ module\ for\ EmacsSwiftModule (in target 'EmacsSwiftModule' from project 'EmacsSwiftModule')
SwiftCompile normal arm64_32 (in target 'EmacsSwiftModule' from project 'EmacsSwiftModule')
cd /Users/admin/builder/spi-builder-workspace/.swiftpm/xcode
SwiftEmitModule normal arm64_32 Emitting\ module\ for\ ModuleInitializerInjector (in target 'ModuleInitializerInjector-product' from project 'EmacsSwiftModule')
SwiftCompile normal arm64_32 (in target 'ModuleInitializerInjector-product' from project 'EmacsSwiftModule')
cd /Users/admin/builder/spi-builder-workspace/.swiftpm/xcode
SwiftCompile normal arm64_32 Compiling\ ModuleInitializerInjector.swift /Users/admin/builder/spi-builder-workspace/Plugins/ModuleInitializerInjector.swift (in target 'ModuleInitializerInjector-product' from project 'EmacsSwiftModule')
SwiftCompile normal arm64_32 /Users/admin/builder/spi-builder-workspace/Plugins/ModuleInitializerInjector.swift (in target 'ModuleInitializerInjector-product' from project 'EmacsSwiftModule')
cd /Users/admin/builder/spi-builder-workspace/.swiftpm/xcode
builtin-SwiftPerFileCompile ModuleInitializerInjector.swift
SwiftCompile normal arm64_32 Compiling\ Environment.swift /Users/admin/builder/spi-builder-workspace/Source/Swift/Environment.swift (in target 'EmacsSwiftModule' from project 'EmacsSwiftModule')
SwiftCompile normal arm64_32 /Users/admin/builder/spi-builder-workspace/Source/Swift/Environment.swift (in target 'EmacsSwiftModule' from project 'EmacsSwiftModule')
cd /Users/admin/builder/spi-builder-workspace/.swiftpm/xcode
builtin-SwiftPerFileCompile Environment.swift
SwiftCompile normal arm64_32 Compiling\ Error.swift /Users/admin/builder/spi-builder-workspace/Source/Swift/Error.swift (in target 'EmacsSwiftModule' from project 'EmacsSwiftModule')
SwiftCompile normal arm64_32 /Users/admin/builder/spi-builder-workspace/Source/Swift/Error.swift (in target 'EmacsSwiftModule' from project 'EmacsSwiftModule')
cd /Users/admin/builder/spi-builder-workspace/.swiftpm/xcode
builtin-SwiftPerFileCompile Error.swift
SwiftEmitModule normal arm64 Emitting\ module\ for\ ModuleInitializerInjector (in target 'ModuleInitializerInjector-product' from project 'EmacsSwiftModule')
SwiftCompile normal arm64 (in target 'ModuleInitializerInjector-product' from project 'EmacsSwiftModule')
cd /Users/admin/builder/spi-builder-workspace/.swiftpm/xcode
SwiftEmitModule normal arm64 Emitting\ module\ for\ EmacsSwiftModule (in target 'EmacsSwiftModule' from project 'EmacsSwiftModule')
SwiftCompile normal arm64 (in target 'EmacsSwiftModule' from project 'EmacsSwiftModule')
cd /Users/admin/builder/spi-builder-workspace/.swiftpm/xcode
SwiftCompile normal arm64 Compiling\ ModuleInitializerInjector.swift /Users/admin/builder/spi-builder-workspace/Plugins/ModuleInitializerInjector.swift (in target 'ModuleInitializerInjector-product' from project 'EmacsSwiftModule')
SwiftCompile normal arm64 /Users/admin/builder/spi-builder-workspace/Plugins/ModuleInitializerInjector.swift (in target 'ModuleInitializerInjector-product' from project 'EmacsSwiftModule')
cd /Users/admin/builder/spi-builder-workspace/.swiftpm/xcode
builtin-SwiftPerFileCompile ModuleInitializerInjector.swift
SwiftCompile normal arm64 Compiling\ Lisp+Types.swift /Users/admin/builder/spi-builder-workspace/Source/Swift/Lisp+Types.swift (in target 'EmacsSwiftModule' from project 'EmacsSwiftModule')
SwiftCompile normal arm64 /Users/admin/builder/spi-builder-workspace/Source/Swift/Lisp+Types.swift (in target 'EmacsSwiftModule' from project 'EmacsSwiftModule')
cd /Users/admin/builder/spi-builder-workspace/.swiftpm/xcode
builtin-SwiftPerFileCompile Lisp+Types.swift
SwiftCompile normal arm64 Compiling\ Channel.swift /Users/admin/builder/spi-builder-workspace/Source/Swift/Channel.swift (in target 'EmacsSwiftModule' from project 'EmacsSwiftModule')
SwiftCompile normal arm64 /Users/admin/builder/spi-builder-workspace/Source/Swift/Channel.swift (in target 'EmacsSwiftModule' from project 'EmacsSwiftModule')
cd /Users/admin/builder/spi-builder-workspace/.swiftpm/xcode
builtin-SwiftPerFileCompile Channel.swift
SwiftCompile normal arm64 Compiling\ Call.swift /Users/admin/builder/spi-builder-workspace/Source/Swift/Call.swift (in target 'EmacsSwiftModule' from project 'EmacsSwiftModule')
SwiftCompile normal arm64 /Users/admin/builder/spi-builder-workspace/Source/Swift/Call.swift (in target 'EmacsSwiftModule' from project 'EmacsSwiftModule')
cd /Users/admin/builder/spi-builder-workspace/.swiftpm/xcode
builtin-SwiftPerFileCompile Call.swift
SwiftDriverJobDiscovery normal arm64_32 Compiling ModuleInitializerInjector.swift (in target 'ModuleInitializerInjector-product' from project 'EmacsSwiftModule')
SwiftDriver\ Compilation ModuleInitializerInjector normal arm64_32 com.apple.xcode.tools.swift.compiler (in target 'ModuleInitializerInjector-product' from project 'EmacsSwiftModule')
cd /Users/admin/builder/spi-builder-workspace/.swiftpm/xcode
builtin-Swift-Compilation -- /Applications/Xcode-27.0.0-Release.Candidate.app/Contents/Developer/Toolchains/XcodeDefault.xctoolchain/usr/bin/swiftc -module-name ModuleInitializerInjector -Onone @/Users/admin/builder/spi-builder-workspace/.derivedData/Build/Intermediates.noindex/EmacsSwiftModule.build/Debug-watchos/ModuleInitializerInjector-p.build/Objects-normal/arm64_32/ModuleInitializerInjector.SwiftFileList -DSWIFT_PACKAGE -DDEBUG -DXcode -plugin-path /Applications/Xcode-27.0.0-Release.Candidate.app/Contents/Developer/Toolchains/XcodeDefault.xctoolchain/usr/lib/swift/host/plugins/testing -enable-experimental-feature DebugDescriptionMacro -sdk /Applications/Xcode-27.0.0-Release.Candidate.app/Contents/Developer/Platforms/WatchOS.platform/Developer/SDKs/WatchOS27.0.sdk -target arm64_32-apple-watchos9.0 -g -module-cache-path /Users/admin/builder/spi-builder-workspace/.derivedData/ModuleCache.noindex -Xfrontend -serialize-debugging-options -profile-coverage-mapping -profile-generate -enable-testing -index-store-path /Users/admin/builder/spi-builder-workspace/.derivedData/Index.noindex/DataStore -Xcc -D_LIBCPP_HARDENING_MODE\=_LIBCPP_HARDENING_MODE_DEBUG -swift-version 5 -I /Users/admin/builder/spi-builder-workspace/.derivedData/Build/Products/Debug-watchos -Isystem /Applications/Xcode-27.0.0-Release.Candidate.app/Contents/Developer/Platforms/WatchOS.platform/Developer/usr/lib -F /Users/admin/builder/spi-builder-workspace/.derivedData/Build/Products/Debug-watchos -F /Applications/Xcode-27.0.0-Release.Candidate.app/Contents/Developer/Platforms/WatchOS.platform/Developer/Library/Frameworks -F /Applications/Xcode-27.0.0-Release.Candidate.app/Contents/Developer/Platforms/WatchOS.platform/Developer/SDKs/WatchOS27.0.sdk/Developer/Library/Frameworks -parse-as-library -c -j10 -enable-batch-mode -incremental -Xcc -ivfsstatcache -Xcc /Users/admin/builder/spi-builder-workspace/.derivedData/SDKStatCaches.noindex/watchos27.0-24R360-e829b21a6f8c9b70876ba0858053c04477534ef55a1706bf4c1112bbb242f0a2.sdkstatcache -output-file-map /Users/admin/builder/spi-builder-workspace/.derivedData/Build/Intermediates.noindex/EmacsSwiftModule.build/Debug-watchos/ModuleInitializerInjector-p.build/Objects-normal/arm64_32/ModuleInitializerInjector-OutputFileMap.json -save-temps -no-color-diagnostics -explicit-module-build -module-cache-path /Users/admin/builder/spi-builder-workspace/.derivedData/Build/Intermediates.noindex/SwiftExplicitPrecompiledModules -clang-scanner-module-cache-path /Users/admin/builder/spi-builder-workspace/.derivedData/ModuleCache.noindex -sdk-module-cache-path /Users/admin/builder/spi-builder-workspace/.derivedData/SDKExplicitPrecompiledModules -emit-dependencies -emit-module -emit-module-path /Users/admin/builder/spi-builder-workspace/.derivedData/Build/Intermediates.noindex/EmacsSwiftModule.build/Debug-watchos/ModuleInitializerInjector-p.build/Objects-normal/arm64_32/ModuleInitializerInjector.swiftmodule -serialize-diagnostics -dependency-scan-serialize-diagnostics-path /Users/admin/builder/spi-builder-workspace/.derivedData/Build/Intermediates.noindex/EmacsSwiftModule.build/Debug-watchos/ModuleInitializerInjector-p.build/Objects-normal/arm64_32/ModuleInitializerInjector-dependency-scan.dia -validate-clang-modules-once -clang-build-session-file /Users/admin/builder/spi-builder-workspace/.derivedData/ModuleCache.noindex/Session.modulevalidation -Xcc -fmodules-prune-interval\=86400 -Xcc -fmodules-prune-after\=345600 -emit-const-values -const-gather-protocols-list /Users/admin/builder/spi-builder-workspace/.derivedData/Build/Intermediates.noindex/EmacsSwiftModule.build/Debug-watchos/ModuleInitializerInjector-p.build/Objects-normal/arm64_32/ModuleInitializerInjector_const_extract_protocols.json -Xcc -I/Users/admin/builder/spi-builder-workspace/.derivedData/Build/Products/Debug-watchos/include -Xcc -I/Users/admin/builder/spi-builder-workspace/.derivedData/Build/Intermediates.noindex/EmacsSwiftModule.build/Debug-watchos/ModuleInitializerInjector-p.build/DerivedSources-normal/arm64_32 -Xcc -I/Users/admin/builder/spi-builder-workspace/.derivedData/Build/Intermediates.noindex/EmacsSwiftModule.build/Debug-watchos/ModuleInitializerInjector-p.build/DerivedSources/arm64_32 -Xcc -I/Users/admin/builder/spi-builder-workspace/.derivedData/Build/Intermediates.noindex/EmacsSwiftModule.build/Debug-watchos/ModuleInitializerInjector-p.build/DerivedSources -Xcc -DSWIFT_PACKAGE -Xcc -DDEBUG\=1 -working-directory /Users/admin/builder/spi-builder-workspace/.swiftpm/xcode -experimental-emit-module-separately -disable-cmo
SwiftDriverJobDiscovery normal arm64 Compiling ModuleInitializerInjector.swift (in target 'ModuleInitializerInjector-product' from project 'EmacsSwiftModule')
SwiftDriver\ Compilation ModuleInitializerInjector normal arm64 com.apple.xcode.tools.swift.compiler (in target 'ModuleInitializerInjector-product' from project 'EmacsSwiftModule')
cd /Users/admin/builder/spi-builder-workspace/.swiftpm/xcode
builtin-Swift-Compilation -- /Applications/Xcode-27.0.0-Release.Candidate.app/Contents/Developer/Toolchains/XcodeDefault.xctoolchain/usr/bin/swiftc -module-name ModuleInitializerInjector -Onone @/Users/admin/builder/spi-builder-workspace/.derivedData/Build/Intermediates.noindex/EmacsSwiftModule.build/Debug-watchos/ModuleInitializerInjector-p.build/Objects-normal/arm64/ModuleInitializerInjector.SwiftFileList -DSWIFT_PACKAGE -DDEBUG -DXcode -plugin-path /Applications/Xcode-27.0.0-Release.Candidate.app/Contents/Developer/Toolchains/XcodeDefault.xctoolchain/usr/lib/swift/host/plugins/testing -enable-experimental-feature DebugDescriptionMacro -sdk /Applications/Xcode-27.0.0-Release.Candidate.app/Contents/Developer/Platforms/WatchOS.platform/Developer/SDKs/WatchOS27.0.sdk -target arm64-apple-watchos9.0 -g -module-cache-path /Users/admin/builder/spi-builder-workspace/.derivedData/ModuleCache.noindex -Xfrontend -serialize-debugging-options -profile-coverage-mapping -profile-generate -enable-testing -index-store-path /Users/admin/builder/spi-builder-workspace/.derivedData/Index.noindex/DataStore -Xcc -D_LIBCPP_HARDENING_MODE\=_LIBCPP_HARDENING_MODE_DEBUG -swift-version 5 -I /Users/admin/builder/spi-builder-workspace/.derivedData/Build/Products/Debug-watchos -Isystem /Applications/Xcode-27.0.0-Release.Candidate.app/Contents/Developer/Platforms/WatchOS.platform/Developer/usr/lib -F /Users/admin/builder/spi-builder-workspace/.derivedData/Build/Products/Debug-watchos -F /Applications/Xcode-27.0.0-Release.Candidate.app/Contents/Developer/Platforms/WatchOS.platform/Developer/Library/Frameworks -F /Applications/Xcode-27.0.0-Release.Candidate.app/Contents/Developer/Platforms/WatchOS.platform/Developer/SDKs/WatchOS27.0.sdk/Developer/Library/Frameworks -parse-as-library -c -j10 -enable-batch-mode -incremental -Xcc -ivfsstatcache -Xcc /Users/admin/builder/spi-builder-workspace/.derivedData/SDKStatCaches.noindex/watchos27.0-24R360-e829b21a6f8c9b70876ba0858053c04477534ef55a1706bf4c1112bbb242f0a2.sdkstatcache -output-file-map /Users/admin/builder/spi-builder-workspace/.derivedData/Build/Intermediates.noindex/EmacsSwiftModule.build/Debug-watchos/ModuleInitializerInjector-p.build/Objects-normal/arm64/ModuleInitializerInjector-OutputFileMap.json -save-temps -no-color-diagnostics -explicit-module-build -module-cache-path /Users/admin/builder/spi-builder-workspace/.derivedData/Build/Intermediates.noindex/SwiftExplicitPrecompiledModules -clang-scanner-module-cache-path /Users/admin/builder/spi-builder-workspace/.derivedData/ModuleCache.noindex -sdk-module-cache-path /Users/admin/builder/spi-builder-workspace/.derivedData/SDKExplicitPrecompiledModules -emit-dependencies -emit-module -emit-module-path /Users/admin/builder/spi-builder-workspace/.derivedData/Build/Intermediates.noindex/EmacsSwiftModule.build/Debug-watchos/ModuleInitializerInjector-p.build/Objects-normal/arm64/ModuleInitializerInjector.swiftmodule -serialize-diagnostics -dependency-scan-serialize-diagnostics-path /Users/admin/builder/spi-builder-workspace/.derivedData/Build/Intermediates.noindex/EmacsSwiftModule.build/Debug-watchos/ModuleInitializerInjector-p.build/Objects-normal/arm64/ModuleInitializerInjector-dependency-scan.dia -validate-clang-modules-once -clang-build-session-file /Users/admin/builder/spi-builder-workspace/.derivedData/ModuleCache.noindex/Session.modulevalidation -Xcc -fmodules-prune-interval\=86400 -Xcc -fmodules-prune-after\=345600 -emit-const-values -const-gather-protocols-list /Users/admin/builder/spi-builder-workspace/.derivedData/Build/Intermediates.noindex/EmacsSwiftModule.build/Debug-watchos/ModuleInitializerInjector-p.build/Objects-normal/arm64/ModuleInitializerInjector_const_extract_protocols.json -Xcc -I/Users/admin/builder/spi-builder-workspace/.derivedData/Build/Products/Debug-watchos/include -Xcc -I/Users/admin/builder/spi-builder-workspace/.derivedData/Build/Intermediates.noindex/EmacsSwiftModule.build/Debug-watchos/ModuleInitializerInjector-p.build/DerivedSources-normal/arm64 -Xcc -I/Users/admin/builder/spi-builder-workspace/.derivedData/Build/Intermediates.noindex/EmacsSwiftModule.build/Debug-watchos/ModuleInitializerInjector-p.build/DerivedSources/arm64 -Xcc -I/Users/admin/builder/spi-builder-workspace/.derivedData/Build/Intermediates.noindex/EmacsSwiftModule.build/Debug-watchos/ModuleInitializerInjector-p.build/DerivedSources -Xcc -DSWIFT_PACKAGE -Xcc -DDEBUG\=1 -working-directory /Users/admin/builder/spi-builder-workspace/.swiftpm/xcode -experimental-emit-module-separately -disable-cmo
Ld /Users/admin/builder/spi-builder-workspace/.derivedData/Build/Intermediates.noindex/EmacsSwiftModule.build/Debug-watchos/ModuleInitializerInjector-p.build/Objects-normal/arm64_32/Binary/ModuleInitializerInjector normal arm64_32 (in target 'ModuleInitializerInjector-product' from project 'EmacsSwiftModule')
cd /Users/admin/builder/spi-builder-workspace
/Applications/Xcode-27.0.0-Release.Candidate.app/Contents/Developer/Toolchains/XcodeDefault.xctoolchain/usr/bin/swiftc -Xlinker -reproducible -target arm64_32-apple-watchos9.0 -emit-executable -sdk /Applications/Xcode-27.0.0-Release.Candidate.app/Contents/Developer/Platforms/WatchOS.platform/Developer/SDKs/WatchOS27.0.sdk -Xlinker -no_warn_duplicate_libraries -L/Users/admin/builder/spi-builder-workspace/.derivedData/Build/Intermediates.noindex/EagerLinkingTBDs/Debug-watchos -L/Users/admin/builder/spi-builder-workspace/.derivedData/Build/Products/Debug-watchos -L/Applications/Xcode-27.0.0-Release.Candidate.app/Contents/Developer/Platforms/WatchOS.platform/Developer/usr/lib -F/Users/admin/builder/spi-builder-workspace/.derivedData/Build/Intermediates.noindex/EagerLinkingTBDs/Debug-watchos -F/Users/admin/builder/spi-builder-workspace/.derivedData/Build/Products/Debug-watchos -Fsystem /Applications/Xcode-27.0.0-Release.Candidate.app/Contents/Developer/Platforms/WatchOS.platform/Developer/Library/Frameworks -Fsystem /Applications/Xcode-27.0.0-Release.Candidate.app/Contents/Developer/Platforms/WatchOS.platform/Developer/SDKs/WatchOS27.0.sdk/Developer/Library/Frameworks @/Users/admin/builder/spi-builder-workspace/.derivedData/Build/Intermediates.noindex/EmacsSwiftModule.build/Debug-watchos/ModuleInitializerInjector-p.build/Objects-normal/arm64_32/ModuleInitializerInjector.LinkFileList -Xlinker -rpath -Xlinker /usr/lib/swift -Xlinker -rpath -Xlinker @executable_path/../lib -Xlinker -dead_strip -Xlinker -object_path_lto -Xlinker /Users/admin/builder/spi-builder-workspace/.derivedData/Build/Intermediates.noindex/EmacsSwiftModule.build/Debug-watchos/ModuleInitializerInjector-p.build/Objects-normal/arm64_32/ModuleInitializerInjector_lto.o -Xclang-linker -rdynamic -Xlinker -no_deduplicate -Xlinker -debug_variant -Xlinker -dependency_info -Xlinker /Users/admin/builder/spi-builder-workspace/.derivedData/Build/Intermediates.noindex/EmacsSwiftModule.build/Debug-watchos/ModuleInitializerInjector-p.build/Objects-normal/arm64_32/ModuleInitializerInjector_dependency_info.dat -link-objc-runtime -profile-generate -L/Applications/Xcode-27.0.0-Release.Candidate.app/Contents/Developer/Toolchains/XcodeDefault.xctoolchain/usr/lib/swift/watchos -L/usr/lib/swift -Xlinker -add_ast_path -Xlinker /Users/admin/builder/spi-builder-workspace/.derivedData/Build/Intermediates.noindex/EmacsSwiftModule.build/Debug-watchos/ModuleInitializerInjector-p.build/Objects-normal/arm64_32/ModuleInitializerInjector.swiftmodule -o /Users/admin/builder/spi-builder-workspace/.derivedData/Build/Intermediates.noindex/EmacsSwiftModule.build/Debug-watchos/ModuleInitializerInjector-p.build/Objects-normal/arm64_32/Binary/ModuleInitializerInjector -no-stdlib-rpath
Ld /Users/admin/builder/spi-builder-workspace/.derivedData/Build/Intermediates.noindex/EmacsSwiftModule.build/Debug-watchos/ModuleInitializerInjector-p.build/Objects-normal/arm64/Binary/ModuleInitializerInjector normal arm64 (in target 'ModuleInitializerInjector-product' from project 'EmacsSwiftModule')
cd /Users/admin/builder/spi-builder-workspace
/Applications/Xcode-27.0.0-Release.Candidate.app/Contents/Developer/Toolchains/XcodeDefault.xctoolchain/usr/bin/swiftc -Xlinker -reproducible -target arm64-apple-watchos9.0 -emit-executable -sdk /Applications/Xcode-27.0.0-Release.Candidate.app/Contents/Developer/Platforms/WatchOS.platform/Developer/SDKs/WatchOS27.0.sdk -Xlinker -no_warn_duplicate_libraries -L/Users/admin/builder/spi-builder-workspace/.derivedData/Build/Intermediates.noindex/EagerLinkingTBDs/Debug-watchos -L/Users/admin/builder/spi-builder-workspace/.derivedData/Build/Products/Debug-watchos -L/Applications/Xcode-27.0.0-Release.Candidate.app/Contents/Developer/Platforms/WatchOS.platform/Developer/usr/lib -F/Users/admin/builder/spi-builder-workspace/.derivedData/Build/Intermediates.noindex/EagerLinkingTBDs/Debug-watchos -F/Users/admin/builder/spi-builder-workspace/.derivedData/Build/Products/Debug-watchos -Fsystem /Applications/Xcode-27.0.0-Release.Candidate.app/Contents/Developer/Platforms/WatchOS.platform/Developer/Library/Frameworks -Fsystem /Applications/Xcode-27.0.0-Release.Candidate.app/Contents/Developer/Platforms/WatchOS.platform/Developer/SDKs/WatchOS27.0.sdk/Developer/Library/Frameworks @/Users/admin/builder/spi-builder-workspace/.derivedData/Build/Intermediates.noindex/EmacsSwiftModule.build/Debug-watchos/ModuleInitializerInjector-p.build/Objects-normal/arm64/ModuleInitializerInjector.LinkFileList -Xlinker -rpath -Xlinker /usr/lib/swift -Xlinker -rpath -Xlinker @executable_path/../lib -Xlinker -dead_strip -Xlinker -object_path_lto -Xlinker /Users/admin/builder/spi-builder-workspace/.derivedData/Build/Intermediates.noindex/EmacsSwiftModule.build/Debug-watchos/ModuleInitializerInjector-p.build/Objects-normal/arm64/ModuleInitializerInjector_lto.o -Xclang-linker -rdynamic -Xlinker -no_deduplicate -Xlinker -debug_variant -Xlinker -dependency_info -Xlinker /Users/admin/builder/spi-builder-workspace/.derivedData/Build/Intermediates.noindex/EmacsSwiftModule.build/Debug-watchos/ModuleInitializerInjector-p.build/Objects-normal/arm64/ModuleInitializerInjector_dependency_info.dat -link-objc-runtime -profile-generate -L/Applications/Xcode-27.0.0-Release.Candidate.app/Contents/Developer/Toolchains/XcodeDefault.xctoolchain/usr/lib/swift/watchos -L/usr/lib/swift -Xlinker -add_ast_path -Xlinker /Users/admin/builder/spi-builder-workspace/.derivedData/Build/Intermediates.noindex/EmacsSwiftModule.build/Debug-watchos/ModuleInitializerInjector-p.build/Objects-normal/arm64/ModuleInitializerInjector.swiftmodule -o /Users/admin/builder/spi-builder-workspace/.derivedData/Build/Intermediates.noindex/EmacsSwiftModule.build/Debug-watchos/ModuleInitializerInjector-p.build/Objects-normal/arm64/Binary/ModuleInitializerInjector -no-stdlib-rpath
SwiftDriverJobDiscovery normal arm64_32 Compiling Error.swift (in target 'EmacsSwiftModule' from project 'EmacsSwiftModule')
SwiftCompile normal arm64_32 Compiling\ Channel+Hooks+Boilerplate.swift /Users/admin/builder/spi-builder-workspace/Source/Swift/Channel+Hooks+Boilerplate.swift (in target 'EmacsSwiftModule' from project 'EmacsSwiftModule')
SwiftCompile normal arm64_32 /Users/admin/builder/spi-builder-workspace/Source/Swift/Channel+Hooks+Boilerplate.swift (in target 'EmacsSwiftModule' from project 'EmacsSwiftModule')
cd /Users/admin/builder/spi-builder-workspace/.swiftpm/xcode
builtin-SwiftPerFileCompile Channel+Hooks+Boilerplate.swift
PruneExplicitPrecompiledModules /Users/admin/builder/spi-builder-workspace/.derivedData/Build/Intermediates.noindex/SwiftExplicitPrecompiledModules
PruneExplicitPrecompiledModules /Users/admin/builder/spi-builder-workspace/.derivedData/SDKExplicitPrecompiledModules
PruneExplicitPrecompiledModules /Users/admin/builder/spi-builder-workspace/.derivedData/Build/Intermediates.noindex/ExplicitPrecompiledModules
2026-09-19 20:02:25.853 xcodebuild[1235:7601] [MT] IDERunDestination: Supported platforms for the buildables in the current scheme is empty.
** BUILD FAILED **
The following build commands failed:
SwiftCompile normal arm64_32 /Users/admin/builder/spi-builder-workspace/Source/Swift/Conversion.swift (in target 'EmacsSwiftModule' from project 'EmacsSwiftModule')
SwiftCompile normal arm64_32 Compiling\ Conversion.swift /Users/admin/builder/spi-builder-workspace/Source/Swift/Conversion.swift (in target 'EmacsSwiftModule' from project 'EmacsSwiftModule')
Building workspace EmacsSwiftModule with scheme EmacsSwiftModule-Package
(3 failures)
BUILD FAILURE 6.4 watchOS