Build Information
Failed to build IterableSDK, reference master (d97e76), with Swift 6.1 for Wasm on 14 Aug 2026 09:33:54 UTC.
Build Command
bash -c docker run --pull=always --rm -v "checkouts-54344845-0":/host -w "$PWD" -e JAVA_HOME="/root/.sdkman/candidates/java/current" -e SPI_BUILD="1" -e SPI_PROCESSING="1" registry.gitlab.com/saguaro1/spi-images:wasm-6.1-latest swift build --swift-sdk wasm32-unknown-wasi 2>&1Build Log
========================================
RunAll
========================================
Builder version: 5.0.1
Interrupt handler set up.
========================================
Checkout
========================================
Clone URL: https://github.com/Iterable/iterable-swift-sdk.git
Reference: master
Initialized empty Git repository in /host/spi-builder-workspace/.git/
hint: Using 'master' as the name for the initial branch. This default branch name
hint: is subject to change. To configure the initial branch name to use in all
hint: of your new repositories, which will suppress this warning, call:
hint:
hint: git config --global init.defaultBranch <name>
hint:
hint: Names commonly chosen instead of 'master' are 'main', 'trunk' and
hint: 'development'. The just-created branch can be renamed via this command:
hint:
hint: git branch -m <name>
From https://github.com/Iterable/iterable-swift-sdk
* branch master -> FETCH_HEAD
* [new branch] master -> origin/master
HEAD is now at d97e76e SDK-672: Prepare for Release 6.7.5 (#1089)
Cloned https://github.com/Iterable/iterable-swift-sdk.git
Revision (git rev-parse @):
d97e76e52b03dbe1a747d72e91ec54694528e9e5
SUCCESS checkout https://github.com/Iterable/iterable-swift-sdk.git at master
========================================
Build
========================================
Selected platform: wasm
Swift version: 6.1
Building package at path: $PWD
https://github.com/Iterable/iterable-swift-sdk.git
https://github.com/Iterable/iterable-swift-sdk.git
WARNING: environment variable SUPPRESS_SWIFT_6_FLAGS is not set
Running build ...
bash -c docker run --pull=always --rm -v "checkouts-54344845-0":/host -w "$PWD" -e JAVA_HOME="/root/.sdkman/candidates/java/current" -e SPI_BUILD="1" -e SPI_PROCESSING="1" registry.gitlab.com/saguaro1/spi-images:wasm-6.1-latest swift build --swift-sdk wasm32-unknown-wasi -Xswiftc -Xfrontend -Xswiftc -stats-output-dir -Xswiftc -Xfrontend -Xswiftc .stats -Xswiftc -strict-concurrency=complete -Xswiftc -enable-upcoming-feature -Xswiftc StrictConcurrency -Xswiftc -enable-upcoming-feature -Xswiftc DisableOutwardActorInference -Xswiftc -enable-upcoming-feature -Xswiftc GlobalActorIsolatedTypesUsability -Xswiftc -enable-upcoming-feature -Xswiftc InferSendableFromCaptures 2>&1
wasm-6.1-latest: Pulling from saguaro1/spi-images
Digest: sha256:290f441d1f5b7bf0dbbe61e8b7514208804cdcb507d57b3c762463ad036298f7
Status: Image is up to date for registry.gitlab.com/saguaro1/spi-images:wasm-6.1-latest
Building for debugging...
[0/9] Write sources
[1/9] Copying anoncriteria_response.json
[1/9] Copying SampleInboxCell.xib
[2/9] Copying PrivacyInfo.xcprivacy
[3/9] Copying IterableEmbeddedView.xib
[4/9] Write sources
[6/9] Copying IterableDataModel.xcdatamodeld
[6/9] Copying Assets.xcassets
[8/9] Write swift-version-24593BA9C3E375BF.txt
error: emit-module command failed with exit code 1 (use -v to see invocation)
[10/127] Emitting module IterableSDK
/host/spi-builder-workspace/swift-sdk/Core/Models/CommerceItem.swift:5:8: error: no such module 'UIKit'
3 | //
4 |
5 | import UIKit
| `- error: no such module 'UIKit'
6 |
7 | /// `CommerceItem` represents a product
error: emit-module command failed with exit code 1 (use -v to see invocation)
[11/142] Emitting module IterableAppExtensions
/host/spi-builder-workspace/notification-extension/ITBNotificationServiceExtension.swift:5:8: error: no such module 'UserNotifications'
3 | //
4 |
5 | import UserNotifications
| `- error: no such module 'UserNotifications'
6 |
7 | public protocol ITBNotificationServiceExtensionDelegate {
[12/142] Compiling IterableAppExtensions TestFile.swift
/host/spi-builder-workspace/notification-extension/ITBNotificationServiceExtension.swift:5:8: error: no such module 'UserNotifications'
3 | //
4 |
5 | import UserNotifications
| `- error: no such module 'UserNotifications'
6 |
7 | public protocol ITBNotificationServiceExtensionDelegate {
[13/142] Compiling IterableAppExtensions NotificationContentParser.swift
/host/spi-builder-workspace/notification-extension/ITBNotificationServiceExtension.swift:5:8: error: no such module 'UserNotifications'
3 | //
4 |
5 | import UserNotifications
| `- error: no such module 'UserNotifications'
6 |
7 | public protocol ITBNotificationServiceExtensionDelegate {
[14/142] Compiling IterableAppExtensions NotificationExtensionConstants.swift
/host/spi-builder-workspace/notification-extension/ITBNotificationServiceExtension.swift:5:8: error: no such module 'UserNotifications'
3 | //
4 |
5 | import UserNotifications
| `- error: no such module 'UserNotifications'
6 |
7 | public protocol ITBNotificationServiceExtensionDelegate {
[15/142] Compiling IterableAppExtensions ITBNotificationServiceExtension.swift
/host/spi-builder-workspace/notification-extension/ITBNotificationServiceExtension.swift:5:8: error: no such module 'UserNotifications'
3 | //
4 |
5 | import UserNotifications
| `- error: no such module 'UserNotifications'
6 |
7 | public protocol ITBNotificationServiceExtensionDelegate {
[16/142] Compiling IterableSDK InAppPersistence.swift
/host/spi-builder-workspace/swift-sdk/Core/Models/CommerceItem.swift:5:8: error: no such module 'UIKit'
3 | //
4 |
5 | import UIKit
| `- error: no such module 'UIKit'
6 |
7 | /// `CommerceItem` represents a product
[17/142] Compiling IterableSDK InAppPresenter.swift
/host/spi-builder-workspace/swift-sdk/Core/Models/CommerceItem.swift:5:8: error: no such module 'UIKit'
3 | //
4 |
5 | import UIKit
| `- error: no such module 'UIKit'
6 |
7 | /// `CommerceItem` represents a product
[18/142] Compiling IterableSDK IterableTokenGenerator.swift
/host/spi-builder-workspace/swift-sdk/Core/Models/CommerceItem.swift:5:8: error: no such module 'UIKit'
3 | //
4 |
5 | import UIKit
| `- error: no such module 'UIKit'
6 |
7 | /// `CommerceItem` represents a product
[19/142] Compiling IterableSDK IterableAPI.swift
/host/spi-builder-workspace/swift-sdk/Core/Models/CommerceItem.swift:5:8: error: no such module 'UIKit'
3 | //
4 |
5 | import UIKit
| `- error: no such module 'UIKit'
6 |
7 | /// `CommerceItem` represents a product
[20/142] Compiling IterableSDK IterableAppIntegration.swift
/host/spi-builder-workspace/swift-sdk/Core/Models/CommerceItem.swift:5:8: error: no such module 'UIKit'
3 | //
4 |
5 | import UIKit
| `- error: no such module 'UIKit'
6 |
7 | /// `CommerceItem` represents a product
[21/142] Compiling IterableSDK IterableConfig.swift
/host/spi-builder-workspace/swift-sdk/Core/Models/CommerceItem.swift:5:8: error: no such module 'UIKit'
3 | //
4 |
5 | import UIKit
| `- error: no such module 'UIKit'
6 |
7 | /// `CommerceItem` represents a product
[22/142] Compiling IterableSDK IterableLogging.swift
/host/spi-builder-workspace/swift-sdk/Core/Models/CommerceItem.swift:5:8: error: no such module 'UIKit'
3 | //
4 |
5 | import UIKit
| `- error: no such module 'UIKit'
6 |
7 | /// `CommerceItem` represents a product
[23/142] Compiling IterableSDK IterableMessaging.swift
/host/spi-builder-workspace/swift-sdk/Core/Models/CommerceItem.swift:5:8: error: no such module 'UIKit'
3 | //
4 |
5 | import UIKit
| `- error: no such module 'UIKit'
6 |
7 | /// `CommerceItem` represents a product
[24/142] Compiling IterableSDK InboxViewRepresentable.swift
/host/spi-builder-workspace/swift-sdk/Core/Models/CommerceItem.swift:5:8: error: no such module 'UIKit'
3 | //
4 |
5 | import UIKit
| `- error: no such module 'UIKit'
6 |
7 | /// `CommerceItem` represents a product
[25/142] Compiling IterableSDK IterableInboxView.swift
/host/spi-builder-workspace/swift-sdk/Core/Models/CommerceItem.swift:5:8: error: no such module 'UIKit'
3 | //
4 |
5 | import UIKit
| `- error: no such module 'UIKit'
6 |
7 | /// `CommerceItem` represents a product
[26/142] Compiling IterableSDK IterableEmbeddedView.swift
/host/spi-builder-workspace/swift-sdk/Core/Models/CommerceItem.swift:5:8: error: no such module 'UIKit'
3 | //
4 |
5 | import UIKit
| `- error: no such module 'UIKit'
6 |
7 | /// `CommerceItem` represents a product
[27/142] Compiling IterableSDK IterableInboxCell.swift
/host/spi-builder-workspace/swift-sdk/Core/Models/CommerceItem.swift:5:8: error: no such module 'UIKit'
3 | //
4 |
5 | import UIKit
| `- error: no such module 'UIKit'
6 |
7 | /// `CommerceItem` represents a product
[28/142] Compiling IterableSDK IterableInboxNavigationViewController.swift
/host/spi-builder-workspace/swift-sdk/Core/Models/CommerceItem.swift:5:8: error: no such module 'UIKit'
3 | //
4 |
5 | import UIKit
| `- error: no such module 'UIKit'
6 |
7 | /// `CommerceItem` represents a product
[29/142] Compiling IterableSDK IterableInboxViewController.swift
/host/spi-builder-workspace/swift-sdk/Core/Models/CommerceItem.swift:5:8: error: no such module 'UIKit'
3 | //
4 |
5 | import UIKit
| `- error: no such module 'UIKit'
6 |
7 | /// `CommerceItem` represents a product
[30/142] Compiling IterableSDK resource_bundle_accessor.swift
/host/spi-builder-workspace/swift-sdk/Core/Models/CommerceItem.swift:5:8: error: no such module 'UIKit'
3 | //
4 |
5 | import UIKit
| `- error: no such module 'UIKit'
6 |
7 | /// `CommerceItem` represents a product
Running build ...
bash -c docker run --pull=always --rm -v "checkouts-54344845-0":/host -w "$PWD" -e JAVA_HOME="/root/.sdkman/candidates/java/current" -e SPI_BUILD="1" -e SPI_PROCESSING="1" registry.gitlab.com/saguaro1/spi-images:wasm-6.1-latest swift build --swift-sdk wasm32-unknown-wasi 2>&1
wasm-6.1-latest: Pulling from saguaro1/spi-images
Digest: sha256:290f441d1f5b7bf0dbbe61e8b7514208804cdcb507d57b3c762463ad036298f7
Status: Image is up to date for registry.gitlab.com/saguaro1/spi-images:wasm-6.1-latest
[0/1] Planning build
Building for debugging...
[0/1] Write swift-version-24593BA9C3E375BF.txt
[2/119] Compiling IterableAppExtensions TestFile.swift
/host/spi-builder-workspace/notification-extension/ITBNotificationServiceExtension.swift:5:8: error: no such module 'UserNotifications'
3 | //
4 |
5 | import UserNotifications
| `- error: no such module 'UserNotifications'
6 |
7 | public protocol ITBNotificationServiceExtensionDelegate {
[3/119] Compiling IterableAppExtensions NotificationExtensionConstants.swift
/host/spi-builder-workspace/notification-extension/ITBNotificationServiceExtension.swift:5:8: error: no such module 'UserNotifications'
3 | //
4 |
5 | import UserNotifications
| `- error: no such module 'UserNotifications'
6 |
7 | public protocol ITBNotificationServiceExtensionDelegate {
[4/119] Compiling IterableAppExtensions ITBNotificationServiceExtension.swift
/host/spi-builder-workspace/notification-extension/ITBNotificationServiceExtension.swift:5:8: error: no such module 'UserNotifications'
3 | //
4 |
5 | import UserNotifications
| `- error: no such module 'UserNotifications'
6 |
7 | public protocol ITBNotificationServiceExtensionDelegate {
[5/119] Compiling IterableAppExtensions NotificationContentParser.swift
/host/spi-builder-workspace/notification-extension/ITBNotificationServiceExtension.swift:5:8: error: no such module 'UserNotifications'
3 | //
4 |
5 | import UserNotifications
| `- error: no such module 'UserNotifications'
6 |
7 | public protocol ITBNotificationServiceExtensionDelegate {
error: emit-module command failed with exit code 1 (use -v to see invocation)
[6/119] Emitting module IterableAppExtensions
/host/spi-builder-workspace/notification-extension/ITBNotificationServiceExtension.swift:5:8: error: no such module 'UserNotifications'
3 | //
4 |
5 | import UserNotifications
| `- error: no such module 'UserNotifications'
6 |
7 | public protocol ITBNotificationServiceExtensionDelegate {
BUILD FAILURE 6.1 wasm